From: dpdklab@iol.unh.edu
To: Test Report <test-report@dpdk.org>
Cc: dpdklab@iol.unh.edu, Yuying Zhang <yuying.zhang@intel.com>
Subject: |FAILURE| pw105886-105887 [PATCH] [v1, 2/2] net/ice: support drop any and steer all to queue
Date: Mon, 17 Jan 2022 04:46:29 +0000 (UTC) [thread overview]
Message-ID: <20220117044629.A3763602B7@dpdk-ubuntu.dpdklab.iol.unh.edu> (raw)
[-- Attachment #1: Type: text/plain, Size: 4015 bytes --]
Test-Label: iol-aarch64-compile-testing
Test-Status: FAILURE
http://dpdk.org/patch/105887
_Testing issues_
Submitter: Yuying Zhang <yuying.zhang@intel.com>
Date: Monday, January 17 2022 10:53:19
DPDK git baseline: Repo:dpdk
Branch: master
CommitID:6f716880ee53ac1e50c9c75dc749886e3257bb8f
105886-105887 --> testing fail
Test environment and result as below:
+----------------------------------------+--------------------+
| Environment | dpdk_meson_compile |
+========================================+====================+
| Ubuntu 20.04 ARM Clang Native | PASS |
+----------------------------------------+--------------------+
| Ubuntu 20.04 ARM GCC Native | FAIL |
+----------------------------------------+--------------------+
| Ubuntu 20.04 ARM GCC Cross Compile | FAIL |
+----------------------------------------+--------------------+
| Ubuntu 20.04 aarch32 GCC Cross Compile | FAIL |
+----------------------------------------+--------------------+
| Ubuntu 20.04 ARM Clang Cross Compile | PASS |
+----------------------------------------+--------------------+
| Ubuntu 20.04 ARM SVE | PASS |
+----------------------------------------+--------------------+
==== 20 line log output for Ubuntu 20.04 aarch32 GCC Cross Compile (dpdk_meson_compile): ====
| ^~~~~~~~
cc1: all warnings being treated as errors
[1228/2227] Compiling C object 'drivers/a715181@@tmp_rte_net_ionic@sta/net_ionic_ionic_ethdev.c.o'.
[1229/2227] Compiling C object 'drivers/a715181@@tmp_rte_net_i40e@sta/net_i40e_i40e_ethdev.c.o'.
[1230/2227] Compiling C object 'drivers/a715181@@tmp_rte_net_ice@sta/net_ice_ice_switch_filter.c.o'.
[1231/2227] Compiling C object 'drivers/net/igc/base/94439f5@@igc_base@sta/igc_phy.c.o'.
[1232/2227] Compiling C object 'drivers/a715181@@tmp_rte_net_ixgbe@sta/net_ixgbe_ixgbe_82599_bypass.c.o'.
[1233/2227] Compiling C object 'drivers/a715181@@tmp_rte_net_igc@sta/net_igc_igc_ethdev.c.o'.
[1234/2227] Compiling C object 'drivers/net/ixgbe/base/a7935d9@@ixgbe_base@sta/ixgbe_dcb_82598.c.o'.
[1235/2227] Compiling C object 'drivers/net/ixgbe/base/a7935d9@@ixgbe_base@sta/ixgbe_82598.c.o'.
[1236/2227] Compiling C object 'drivers/net/ixgbe/base/a7935d9@@ixgbe_base@sta/ixgbe_dcb_82599.c.o'.
[1237/2227] Compiling C object 'drivers/net/ixgbe/base/a7935d9@@ixgbe_base@sta/ixgbe_api.c.o'.
[1238/2227] Compiling C object 'drivers/net/ixgbe/base/a7935d9@@ixgbe_base@sta/ixgbe_dcb.c.o'.
[1239/2227] Compiling C object 'drivers/a715181@@tmp_rte_net_ionic@sta/net_ionic_ionic_lif.c.o'.
[1240/2227] Compiling C object 'drivers/net/ixgbe/base/a7935d9@@ixgbe_base@sta/ixgbe_82599.c.o'.
[1241/2227] Compiling C object 'drivers/a715181@@tmp_rte_net_igc@sta/net_igc_igc_txrx.c.o'.
[1242/2227] Compiling C object 'drivers/a715181@@tmp_rte_net_ionic@sta/net_ionic_ionic_rxtx.c.o'.
[1243/2227] Compiling C object 'drivers/a715181@@tmp_rte_net_ice@sta/net_ice_ice_rxtx.c.o'.
[1244/2227] Compiling C object 'drivers/net/ixgbe/base/a7935d9@@ixgbe_base@sta/ixgbe_common.c.o'.
ninja: build stopped: subcommand failed.
==== End log output ====
Ubuntu 20.04 ARM Clang Native
Kernel: 5.4.0-53-generic
Compiler: clang 10.0.0-4ubuntu1
Ubuntu 20.04 ARM GCC Native
Kernel: 5.4.0-53-generic
Compiler: gcc 9.3
Ubuntu 20.04 ARM GCC Cross Compile
Kernel: 5.4.0-72-generic
Compiler: aarch64-linux-gnu-gcc (Ubuntu 9.3.0-17ubuntu1~20.04) 9.3.0
Ubuntu 20.04 aarch32 GCC Cross Compile
Kernel: 5.4.0-72-generic
Compiler: gcc 9.3.0
Ubuntu 20.04 ARM Clang Cross Compile
Kernel: 5.4.0-72-generic
Compiler: clang version 10.0.0-4ubuntu1
Ubuntu 20.04 ARM SVE
Kernel: 5.4.0-80-generic
Compiler: gcc 10.3.0 (Ubuntu 10.3.0-1ubuntu1~20.04)
To view detailed results, visit:
https://lab.dpdk.org/results/dashboard/patchsets/20680/
UNH-IOL DPDK Community Lab
To manage your email subscriptions, visit:
https://lab.dpdk.org/results/dashboard/preferences/subscriptions/
next reply other threads:[~2022-01-17 4:46 UTC|newest]
Thread overview: 3+ messages / expand[flat|nested] mbox.gz Atom feed top
2022-01-17 4:46 dpdklab [this message]
-- strict thread matches above, loose matches on Subject: below --
2022-01-17 4:12 dpdklab
2022-01-17 4:04 dpdklab
Reply instructions:
You may reply publicly to this message via plain-text email
using any one of the following methods:
* Save the following mbox file, import it into your mail client,
and reply-to-all from there: mbox
Avoid top-posting and favor interleaved quoting:
https://en.wikipedia.org/wiki/Posting_style#Interleaved_style
* Reply using the --to, --cc, and --in-reply-to
switches of git-send-email(1):
git send-email \
--in-reply-to=20220117044629.A3763602B7@dpdk-ubuntu.dpdklab.iol.unh.edu \
--to=dpdklab@iol.unh.edu \
--cc=test-report@dpdk.org \
--cc=yuying.zhang@intel.com \
/path/to/YOUR_REPLY
https://kernel.org/pub/software/scm/git/docs/git-send-email.html
* If your mail client supports setting the In-Reply-To header
via mailto: links, try the mailto: link
Be sure your reply has a Subject: header at the top and a blank line
before the message body.
This is a public inbox, see mirroring instructions
for how to clone and mirror all data and code used for this inbox;
as well as URLs for NNTP newsgroup(s).