* |WARNING| pw106125-106132 [PATCH] [v2, 8/8] net/cnxk: add CN10K template Tx functions to build
@ 2022-01-21 5:30 dpdklab
0 siblings, 0 replies; only message in thread
From: dpdklab @ 2022-01-21 5:30 UTC (permalink / raw)
To: Test Report; +Cc: dpdk-test-reports, Pavan Nikhilesh Bhagavatula
[-- Attachment #1: Type: text/plain, Size: 4335 bytes --]
Test-Label: iol-abi-testing
Test-Status: WARNING
http://dpdk.org/patch/106132
_Testing issues_
Submitter: Pavan Nikhilesh Bhagavatula <pbhagavatula@marvell.com>
Date: Thursday, January 20 2022 14:51:33
DPDK git baseline: Repo:dpdk
Branch: master
CommitID:62c21c38a26e654bba09be147ea2d61c2e699a13
106125-106132 --> testing fail
Test environment and result as below:
+-----------------------------+----------+
| Environment | abi_test |
+=============================+==========+
| FreeBSD 13 | PASS |
+-----------------------------+----------+
| Ubuntu 20.04 ARM GCC Native | PASS |
+-----------------------------+----------+
| Arch Linux | PASS |
+-----------------------------+----------+
| CentOS Stream 8 | FAIL |
+-----------------------------+----------+
| CentOS 8 | FAIL |
+-----------------------------+----------+
| Ubuntu 20.04 | FAIL |
+-----------------------------+----------+
| Ubuntu 18.04 | PASS |
+-----------------------------+----------+
| RHEL 7 | PASS |
+-----------------------------+----------+
| RHEL8 | FAIL |
+-----------------------------+----------+
| Fedora 32 | PASS |
+-----------------------------+----------+
| Fedora 34 clang | PASS |
+-----------------------------+----------+
| openSUSE Leap 15 | PASS |
+-----------------------------+----------+
| Fedora 34 | PASS |
+-----------------------------+----------+
| Fedora 33 | PASS |
+-----------------------------+----------+
| Fedora 31 | PASS |
+-----------------------------+----------+
==== 20 line log output for RHEL8 (abi_test): ====
[3464/3512] Linking target examples/dpdk-bbdev_app.
[3465/3512] Linking target examples/dpdk-helloworld.
[3466/3512] Linking target examples/dpdk-flow_classify.
[3467/3512] Linking target examples/dpdk-cmdline.
[3468/3512] Linking target examples/dpdk-flow_filtering.
[3469/3512] Linking target examples/dpdk-ip_pipeline.
[3470/3512] Linking target examples/dpdk-fips_validation.
[3471/3512] Linking target examples/dpdk-distributor.
[3472/3512] Linking target examples/dpdk-eventdev_pipeline.
[3473/3512] Linking target examples/dpdk-kni.
[3474/3512] Linking target examples/dpdk-ipv4_multicast.
[3475/3512] Linking target examples/dpdk-ipsec-secgw.
[3476/3512] Linking target examples/dpdk-ip_reassembly.
[3477/3512] Linking target examples/dpdk-l2fwd-crypto.
[3478/3512] Linking target examples/dpdk-l2fwd.
ninja: build stopped: subcommand failed.
==== Creating reference DPDK ABI
Error: install directory 'build_install' does not exist.
==== Checking ABI
Error: directory to check 'build_install' does not exist.
==== End log output ====
FreeBSD 13
Kernel: 13.0
Compiler: clang 11.0.1
Ubuntu 20.04 ARM GCC Native
Kernel: 5.4.0-53-generic
Compiler: gcc 9.3
Arch Linux
Kernel: 5.4.0-73-generic
Compiler: gcc 11.1.0
CentOS Stream 8
Kernel: 4.18.0-240.10.1.el8_3.x86_64
Compiler: gcc 8.4.1 20200928
CentOS 8
Kernel: 4.18.0-240.10.1.el8_3.x86_64
Compiler: gcc 8.3.1 20191121 (Red Hat 8.3.1-5)
Ubuntu 20.04
Kernel: 4.18.0-240.10.1.el8_3.x86_64
Compiler: gcc 9.3.0-17ubuntu1~20.04
Ubuntu 18.04
Kernel: 4.18.0-240.10.1.el8_3.x86_64
Compiler: gcc 7.5.0-3ubuntu1~18.04
RHEL 7
Kernel: 4.18.0-240.10.1.el8_3.x86_64
Compiler: gcc 4.8.5 20150623 (Red Hat 4.8.5-44)
RHEL8
Kernel: 4.18.0-240.10.1.el8_3.x86_64
Compiler: gcc 8.3.1 20191121 (Red Hat 8.3.1-5)
Fedora 32
Kernel: 4.18.0-240.10.1.el8_3.x86_64
Compiler: gcc 10.2.1
Fedora 34 clang
Kernel: 5.4.0-72-generic
Compiler: clang 12.0.0 (Fedora 12.0.0-0.3.rc1.fc34)
openSUSE Leap 15
Kernel: 4.18.0-240.10.1.el8_3.x86_64
Compiler: gcc 7.5.0
Fedora 34
Kernel: 5.4.0-72-generic
Compiler: gcc 11.1.1 20210428 (Red Hat 11.1.1-1)
Fedora 33
Kernel: 5.4.0-72-generic
Compiler: gcc 10.3.1 20210422 (Red Hat 10.3.1-1)
Fedora 31
Kernel: 4.18.0-240.10.1.el8_3.x86_64
Compiler: gcc 9.3.1
To view detailed results, visit:
https://lab.dpdk.org/results/dashboard/patchsets/20747/
UNH-IOL DPDK Community Lab
To manage your email subscriptions, visit:
https://lab.dpdk.org/results/dashboard/preferences/subscriptions/
^ permalink raw reply [flat|nested] only message in thread
only message in thread, other threads:[~2022-01-21 5:30 UTC | newest]
Thread overview: (only message) (download: mbox.gz / follow: Atom feed)
-- links below jump to the message on this page --
2022-01-21 5:30 |WARNING| pw106125-106132 [PATCH] [v2, 8/8] net/cnxk: add CN10K template Tx functions to build dpdklab
This is a public inbox, see mirroring instructions
for how to clone and mirror all data and code used for this inbox;
as well as URLs for NNTP newsgroup(s).