* |WARNING| pw106495 [PATCH v2] sched: Cleanup qos scheduler defines from rte_config
[not found] <20220125102105.1719667-1-megha.ajmera@intel.com>
@ 2022-01-25 10:21 ` checkpatch
2022-01-25 11:59 ` |SUCCESS| " 0-day Robot
1 sibling, 0 replies; 3+ messages in thread
From: checkpatch @ 2022-01-25 10:21 UTC (permalink / raw)
To: test-report; +Cc: Megha Ajmera
Test-Label: checkpatch
Test-Status: WARNING
http://dpdk.org/patch/106495
_coding style issues_
Must be a reply to the first patch (--in-reply-to).
^ permalink raw reply [flat|nested] 3+ messages in thread
* |SUCCESS| pw106495 [PATCH v2] sched: Cleanup qos scheduler defines from rte_config
[not found] <20220125102105.1719667-1-megha.ajmera@intel.com>
2022-01-25 10:21 ` |WARNING| pw106495 [PATCH v2] sched: Cleanup qos scheduler defines from rte_config checkpatch
@ 2022-01-25 11:59 ` 0-day Robot
1 sibling, 0 replies; 3+ messages in thread
From: 0-day Robot @ 2022-01-25 11:59 UTC (permalink / raw)
To: test-report; +Cc: robot
From: robot@bytheb.org
Test-Label: github-robot: build
Test-Status: SUCCESS
http://patchwork.dpdk.org/patch/106495/
_github build: passed_
Build URL: https://github.com/ovsrobot/dpdk/actions/runs/1744937970
^ permalink raw reply [flat|nested] 3+ messages in thread
* |WARNING| pw106495 [PATCH] [v2] sched: Cleanup qos scheduler defines from rte_config
@ 2022-01-27 7:32 dpdklab
0 siblings, 0 replies; 3+ messages in thread
From: dpdklab @ 2022-01-27 7:32 UTC (permalink / raw)
To: Test Report; +Cc: dpdklab, David Marchand, Thomas Monjalon, Megha Ajmera
[-- Attachment #1: Type: text/plain, Size: 3348 bytes --]
Test-Label: iol-abi-testing
Test-Status: WARNING
http://dpdk.org/patch/106495
_Testing issues_
Submitter: Megha Ajmera <megha.ajmera@intel.com>
Date: Tuesday, January 25 2022 10:21:05
DPDK git baseline: Repo:dpdk
Branch: master
CommitID:8a5a91401dc23ddab1ddea3667a17a615a25077f
106495 --> testing fail
Test environment and result as below:
+-----------------------------+----------+
| Environment | abi_test |
+=============================+==========+
| FreeBSD 13 | FAIL |
+-----------------------------+----------+
| Ubuntu 20.04 ARM GCC Native | PASS |
+-----------------------------+----------+
| Ubuntu 18.04 | PASS |
+-----------------------------+----------+
| Fedora 32 | PASS |
+-----------------------------+----------+
| Arch Linux | PASS |
+-----------------------------+----------+
| RHEL 7 | PASS |
+-----------------------------+----------+
| CentOS Stream 8 | PASS |
+-----------------------------+----------+
| openSUSE Leap 15 | PASS |
+-----------------------------+----------+
| RHEL8 | PASS |
+-----------------------------+----------+
| Fedora 34 clang | PASS |
+-----------------------------+----------+
| Fedora 34 | PASS |
+-----------------------------+----------+
| Ubuntu 20.04 | PASS |
+-----------------------------+----------+
| Fedora 31 | PASS |
+-----------------------------+----------+
| CentOS 8 | PASS |
+-----------------------------+----------+
| Fedora 33 | PASS |
+-----------------------------+----------+
==== 20 line log output for FreeBSD 13 (abi_test): ====
==== Extracting DPDK
==== Building DPDK directory
==== End log output ====
FreeBSD 13
Kernel: 13.0
Compiler: clang 11.0.1
Ubuntu 20.04 ARM GCC Native
Kernel: 5.4.0-53-generic
Compiler: gcc 9.3
Ubuntu 18.04
Kernel: 4.18.0-240.10.1.el8_3.x86_64
Compiler: gcc 7.5.0-3ubuntu1~18.04
Fedora 32
Kernel: 4.18.0-240.10.1.el8_3.x86_64
Compiler: gcc 10.2.1
Arch Linux
Kernel: 5.4.0-73-generic
Compiler: gcc 11.1.0
RHEL 7
Kernel: 4.18.0-240.10.1.el8_3.x86_64
Compiler: gcc 4.8.5 20150623 (Red Hat 4.8.5-44)
CentOS Stream 8
Kernel: 4.18.0-240.10.1.el8_3.x86_64
Compiler: gcc 8.4.1 20200928
openSUSE Leap 15
Kernel: 4.18.0-240.10.1.el8_3.x86_64
Compiler: gcc 7.5.0
RHEL8
Kernel: 4.18.0-240.10.1.el8_3.x86_64
Compiler: gcc 8.3.1 20191121 (Red Hat 8.3.1-5)
Fedora 34 clang
Kernel: 5.4.0-72-generic
Compiler: clang 12.0.0 (Fedora 12.0.0-0.3.rc1.fc34)
Fedora 34
Kernel: 5.4.0-72-generic
Compiler: gcc 11.1.1 20210428 (Red Hat 11.1.1-1)
Ubuntu 20.04
Kernel: 4.18.0-240.10.1.el8_3.x86_64
Compiler: gcc 9.3.0-17ubuntu1~20.04
Fedora 31
Kernel: 4.18.0-240.10.1.el8_3.x86_64
Compiler: gcc 9.3.1
CentOS 8
Kernel: 4.18.0-240.10.1.el8_3.x86_64
Compiler: gcc 8.3.1 20191121 (Red Hat 8.3.1-5)
Fedora 33
Kernel: 5.4.0-72-generic
Compiler: gcc 10.3.1 20210422 (Red Hat 10.3.1-1)
To view detailed results, visit:
https://lab.dpdk.org/results/dashboard/patchsets/20807/
UNH-IOL DPDK Community Lab
To manage your email subscriptions, visit:
https://lab.dpdk.org/results/dashboard/preferences/subscriptions/
^ permalink raw reply [flat|nested] 3+ messages in thread
end of thread, other threads:[~2022-01-27 7:32 UTC | newest]
Thread overview: 3+ messages (download: mbox.gz / follow: Atom feed)
-- links below jump to the message on this page --
[not found] <20220125102105.1719667-1-megha.ajmera@intel.com>
2022-01-25 10:21 ` |WARNING| pw106495 [PATCH v2] sched: Cleanup qos scheduler defines from rte_config checkpatch
2022-01-25 11:59 ` |SUCCESS| " 0-day Robot
2022-01-27 7:32 |WARNING| pw106495 [PATCH] [v2] " dpdklab
This is a public inbox, see mirroring instructions
for how to clone and mirror all data and code used for this inbox;
as well as URLs for NNTP newsgroup(s).