* |FAILURE| pw106608-106612 [PATCH] [5/5] examples/fips_validation: add json to gcm test
@ 2022-01-27 15:41 dpdklab
0 siblings, 0 replies; 2+ messages in thread
From: dpdklab @ 2022-01-27 15:41 UTC (permalink / raw)
To: Test Report
Cc: dpdk-test-reports, David Marchand, Thomas Monjalon, Brandon Lo
[-- Attachment #1: Type: text/plain, Size: 5478 bytes --]
Test-Label: iol-x86_64-compile-testing
Test-Status: FAILURE
http://dpdk.org/patch/106612
_Testing issues_
Submitter: Brandon Lo <blo@iol.unh.edu>
Date: Thursday, January 27 2022 14:51:42
DPDK git baseline: Repo:dpdk
Branch: master
CommitID:5f6bc8a4edc50ba74eb28f974b6ebacdb799a5db
106608-106612 --> testing fail
Test environment and result as below:
+---------------------+--------------------+----------------------+
| Environment | dpdk_meson_compile | dpdk_mingw64_compile |
+=====================+====================+======================+
| Windows Server 2019 | PASS | PASS |
+---------------------+--------------------+----------------------+
| FreeBSD 13 | FAIL | SKIPPED |
+---------------------+--------------------+----------------------+
| openSUSE Leap 15 | PASS | SKIPPED |
+---------------------+--------------------+----------------------+
| CentOS Stream 8 | PASS | SKIPPED |
+---------------------+--------------------+----------------------+
| Fedora 32 | PASS | SKIPPED |
+---------------------+--------------------+----------------------+
| CentOS 8 | PASS | SKIPPED |
+---------------------+--------------------+----------------------+
| Fedora 31 | PASS | SKIPPED |
+---------------------+--------------------+----------------------+
| Arch Linux | PASS | SKIPPED |
+---------------------+--------------------+----------------------+
| Ubuntu 20.04 | PASS | SKIPPED |
+---------------------+--------------------+----------------------+
| RHEL8 | PASS | SKIPPED |
+---------------------+--------------------+----------------------+
| Fedora 34 clang | PASS | SKIPPED |
+---------------------+--------------------+----------------------+
| Fedora 33 | PASS | SKIPPED |
+---------------------+--------------------+----------------------+
| Fedora 34 | PASS | SKIPPED |
+---------------------+--------------------+----------------------+
| Alpine | PASS | SKIPPED |
+---------------------+--------------------+----------------------+
| Ubuntu 18.04 | PASS | SKIPPED |
+---------------------+--------------------+----------------------+
| RHEL 7 | PASS | SKIPPED |
+---------------------+--------------------+----------------------+
==== 20 line log output for FreeBSD 13 (dpdk_meson_compile): ====
^
../lib/bpf/bpf_convert.c:540:15: error: use of undeclared identifier 'ERR'
RTE_BPF_LOG(ERR, "%s: cannot get eBPF length\n", __func__);
^
../lib/bpf/bpf_convert.c:545:2: error: implicit declaration of function 'RTE_BPF_LOG' is invalid in C99 [-Werror,-Wimplicit-function-declaration]
RTE_BPF_LOG(DEBUG, "%s: prog len cBPF=%u -> eBPF=%u\n",
^
../lib/bpf/bpf_convert.c:545:14: error: use of undeclared identifier 'DEBUG'
RTE_BPF_LOG(DEBUG, "%s: prog len cBPF=%u -> eBPF=%u\n",
^
../lib/bpf/bpf_convert.c:561:15: error: use of undeclared identifier 'ERR'
RTE_BPF_LOG(ERR, "%s: cannot convert cBPF to eBPF\n", __func__);
^
13 errors generated.
[222/1820] Linking target lib/librte_net.so.22.1.
[223/1820] Compiling C object 'lib/76b5a35@@rte_pipeline@sta/pipeline_rte_port_in_action.c.o'.
[224/1820] Compiling C object 'lib/76b5a35@@rte_pipeline@sta/pipeline_rte_pipeline.c.o'.
[225/1820] Compiling C object 'lib/76b5a35@@rte_pipeline@sta/pipeline_rte_swx_pipeline.c.o'.
[226/1820] Compiling C object 'lib/76b5a35@@rte_pipeline@sta/pipeline_rte_table_action.c.o'.
ninja: build stopped: subcommand failed.
==== End log output ====
Windows Server 2019
Kernel: 10.0
Compiler: clang 9.0 and gcc 8.1.0 (MinGW)
FreeBSD 13
Kernel: 13.0
Compiler: clang 11.0.1
openSUSE Leap 15
Kernel: 4.18.0-240.10.1.el8_3.x86_64
Compiler: gcc 7.5.0
CentOS Stream 8
Kernel: 4.18.0-240.10.1.el8_3.x86_64
Compiler: gcc 8.4.1 20200928
Fedora 32
Kernel: 4.18.0-240.10.1.el8_3.x86_64
Compiler: gcc 10.2.1
CentOS 8
Kernel: 4.18.0-240.10.1.el8_3.x86_64
Compiler: gcc 8.3.1 20191121 (Red Hat 8.3.1-5)
Fedora 31
Kernel: 4.18.0-240.10.1.el8_3.x86_64
Compiler: gcc 9.3.1
Arch Linux
Kernel: 5.4.0-73-generic
Compiler: gcc 11.1.0
Ubuntu 20.04
Kernel: 4.18.0-240.10.1.el8_3.x86_64
Compiler: gcc 9.3.0-17ubuntu1~20.04
RHEL8
Kernel: 4.18.0-240.10.1.el8_3.x86_64
Compiler: gcc 8.3.1 20191121 (Red Hat 8.3.1-5)
Fedora 34 clang
Kernel: 5.4.0-72-generic
Compiler: clang 12.0.0 (Fedora 12.0.0-0.3.rc1.fc34)
Fedora 33
Kernel: 5.4.0-72-generic
Compiler: gcc 10.3.1 20210422 (Red Hat 10.3.1-1)
Fedora 34
Kernel: 5.4.0-72-generic
Compiler: gcc 11.1.1 20210428 (Red Hat 11.1.1-1)
Alpine
Kernel: 5.4.0-73-generic
Compiler: gcc (Alpine 10.3.1_git20210424) 10.3.1 20210424
Ubuntu 18.04
Kernel: 4.18.0-240.10.1.el8_3.x86_64
Compiler: gcc 7.5.0-3ubuntu1~18.04
RHEL 7
Kernel: 4.18.0-240.10.1.el8_3.x86_64
Compiler: gcc 4.8.5 20150623 (Red Hat 4.8.5-44)
To view detailed results, visit:
https://lab.dpdk.org/results/dashboard/patchsets/20843/
UNH-IOL DPDK Community Lab
To manage your email subscriptions, visit:
https://lab.dpdk.org/results/dashboard/preferences/subscriptions/
^ permalink raw reply [flat|nested] 2+ messages in thread
* |FAILURE| pw106608-106612 [PATCH] [5/5] examples/fips_validation: add json to gcm test
@ 2022-01-27 15:45 dpdklab
0 siblings, 0 replies; 2+ messages in thread
From: dpdklab @ 2022-01-27 15:45 UTC (permalink / raw)
To: Test Report; +Cc: dpdklab, David Marchand, Thomas Monjalon, Brandon Lo
[-- Attachment #1: Type: text/plain, Size: 4032 bytes --]
Test-Label: iol-aarch64-compile-testing
Test-Status: FAILURE
http://dpdk.org/patch/106612
_Testing issues_
Submitter: Brandon Lo <blo@iol.unh.edu>
Date: Thursday, January 27 2022 14:51:42
DPDK git baseline: Repo:dpdk
Branch: master
CommitID:5f6bc8a4edc50ba74eb28f974b6ebacdb799a5db
106608-106612 --> testing fail
Test environment and result as below:
+----------------------------------------+--------------------+
| Environment | dpdk_meson_compile |
+========================================+====================+
| Ubuntu 20.04 ARM GCC Native | PASS |
+----------------------------------------+--------------------+
| Ubuntu 20.04 ARM Clang Native | PASS |
+----------------------------------------+--------------------+
| Ubuntu 20.04 aarch32 GCC Cross Compile | FAIL |
+----------------------------------------+--------------------+
| Ubuntu 20.04 ARM GCC Cross Compile | FAIL |
+----------------------------------------+--------------------+
| Ubuntu 20.04 ARM Clang Cross Compile | PASS |
+----------------------------------------+--------------------+
| Ubuntu 20.04 ARM SVE | PASS |
+----------------------------------------+--------------------+
==== 20 line log output for Ubuntu 20.04 ARM GCC Cross Compile (dpdk_meson_compile): ====
| ^~~~~~~~
cc1: all warnings being treated as errors
[2576/2728] Compiling C object 'examples/c590b3c@@dpdk-ip_pipeline@exe/ip_pipeline_kni.c.o'.
[2577/2728] Compiling C object 'examples/c590b3c@@dpdk-ip_fragmentation@exe/ip_fragmentation_main.c.o'.
[2578/2728] Compiling C object 'examples/c590b3c@@dpdk-ip_pipeline@exe/ip_pipeline_link.c.o'.
[2579/2728] Compiling C object 'examples/c590b3c@@dpdk-ip_pipeline@exe/ip_pipeline_tap.c.o'.
[2580/2728] Compiling C object 'examples/c590b3c@@dpdk-ip_pipeline@exe/ip_pipeline_main.c.o'.
[2581/2728] Compiling C object 'examples/c590b3c@@dpdk-ip_pipeline@exe/ip_pipeline_parser.c.o'.
[2582/2728] Compiling C object 'examples/c590b3c@@dpdk-ip_pipeline@exe/ip_pipeline_pipeline.c.o'.
[2583/2728] Compiling C object 'examples/c590b3c@@dpdk-ip_pipeline@exe/ip_pipeline_thread.c.o'.
[2584/2728] Compiling C object 'examples/c590b3c@@dpdk-ip_pipeline@exe/ip_pipeline_cli.c.o'.
[2585/2728] Compiling C object 'app/test/3062f5d@@dpdk-test@exe/test_trace_perf.c.o'.
[2586/2728] Compiling C object 'drivers/a715181@@tmp_rte_event_cnxk@sta/event_cnxk_cn10k_worker_deq.c.o'.
[2587/2728] Compiling C object 'app/test/3062f5d@@dpdk-test@exe/test_ring.c.o'.
[2588/2728] Compiling C object 'drivers/a715181@@tmp_rte_event_cnxk@sta/event_cnxk_cn10k_worker_deq_ca.c.o'.
[2589/2728] Compiling C object 'drivers/a715181@@tmp_rte_event_cnxk@sta/event_cnxk_cn10k_worker_deq_tmo.c.o'.
[2590/2728] Compiling C object 'drivers/a715181@@tmp_rte_net_cnxk@sta/net_cnxk_cn10k_tx_vec_mseg.c.o'.
[2591/2728] Compiling C object 'drivers/a715181@@tmp_rte_event_cnxk@sta/event_cnxk_cn10k_worker_tx_enq.c.o'.
[2592/2728] Compiling C object 'drivers/a715181@@tmp_rte_event_cnxk@sta/event_cnxk_cn10k_worker_tx_enq_seg.c.o'.
ninja: build stopped: subcommand failed.
==== End log output ====
Ubuntu 20.04 ARM GCC Native
Kernel: 5.4.0-53-generic
Compiler: gcc 9.3
Ubuntu 20.04 ARM Clang Native
Kernel: 5.4.0-53-generic
Compiler: clang 10.0.0-4ubuntu1
Ubuntu 20.04 aarch32 GCC Cross Compile
Kernel: 5.4.0-72-generic
Compiler: gcc 9.3.0
Ubuntu 20.04 ARM GCC Cross Compile
Kernel: 5.4.0-72-generic
Compiler: aarch64-linux-gnu-gcc (Ubuntu 9.3.0-17ubuntu1~20.04) 9.3.0
Ubuntu 20.04 ARM Clang Cross Compile
Kernel: 5.4.0-72-generic
Compiler: clang version 10.0.0-4ubuntu1
Ubuntu 20.04 ARM SVE
Kernel: 5.4.0-80-generic
Compiler: gcc 10.3.0 (Ubuntu 10.3.0-1ubuntu1~20.04)
To view detailed results, visit:
https://lab.dpdk.org/results/dashboard/patchsets/20843/
UNH-IOL DPDK Community Lab
To manage your email subscriptions, visit:
https://lab.dpdk.org/results/dashboard/preferences/subscriptions/
^ permalink raw reply [flat|nested] 2+ messages in thread
end of thread, other threads:[~2022-01-27 15:45 UTC | newest]
Thread overview: 2+ messages (download: mbox.gz / follow: Atom feed)
-- links below jump to the message on this page --
2022-01-27 15:41 |FAILURE| pw106608-106612 [PATCH] [5/5] examples/fips_validation: add json to gcm test dpdklab
2022-01-27 15:45 dpdklab
This is a public inbox, see mirroring instructions
for how to clone and mirror all data and code used for this inbox;
as well as URLs for NNTP newsgroup(s).