* |WARNING| pw106560-106564 [PATCH] [v1, 4/4] net/mlx5: support matching optional fields of GRE
@ 2022-01-28 3:13 dpdklab
0 siblings, 0 replies; only message in thread
From: dpdklab @ 2022-01-28 3:13 UTC (permalink / raw)
To: Test Report; +Cc: dpdklab, David Marchand, Thomas Monjalon, Sean Zhang
[-- Attachment #1: Type: text/plain, Size: 4338 bytes --]
Test-Label: iol-abi-testing
Test-Status: WARNING
http://dpdk.org/patch/106564
_Testing issues_
Submitter: Sean Zhang <xiazhang@nvidia.com>
Date: Wednesday, January 26 2022 08:44:04
DPDK git baseline: Repo:dpdk
Branch: master
CommitID:8a5a91401dc23ddab1ddea3667a17a615a25077f
106560-106564 --> testing fail
Test environment and result as below:
+-----------------------------+----------+
| Environment | abi_test |
+=============================+==========+
| FreeBSD 13 | FAIL |
+-----------------------------+----------+
| Ubuntu 20.04 ARM GCC Native | PASS |
+-----------------------------+----------+
| Ubuntu 18.04 | PASS |
+-----------------------------+----------+
| RHEL 7 | PASS |
+-----------------------------+----------+
| CentOS 8 | PASS |
+-----------------------------+----------+
| Fedora 34 | PASS |
+-----------------------------+----------+
| Fedora 31 | PASS |
+-----------------------------+----------+
| CentOS Stream 8 | PASS |
+-----------------------------+----------+
| RHEL8 | PASS |
+-----------------------------+----------+
| Fedora 34 clang | PASS |
+-----------------------------+----------+
| Fedora 32 | PASS |
+-----------------------------+----------+
| Ubuntu 20.04 | PASS |
+-----------------------------+----------+
| openSUSE Leap 15 | PASS |
+-----------------------------+----------+
| Arch Linux | PASS |
+-----------------------------+----------+
| Fedora 33 | PASS |
+-----------------------------+----------+
==== 20 line log output for FreeBSD 13 (abi_test): ====
^
../lib/bpf/bpf_convert.c:540:15: error: use of undeclared identifier 'ERR'
RTE_BPF_LOG(ERR, "%s: cannot get eBPF length\n", __func__);
^
../lib/bpf/bpf_convert.c:545:2: warning: implicit declaration of function 'RTE_BPF_LOG' is invalid in C99 [-Wimplicit-function-declaration]
RTE_BPF_LOG(DEBUG, "%s: prog len cBPF=%u -> eBPF=%u\n",
^
../lib/bpf/bpf_convert.c:545:14: error: use of undeclared identifier 'DEBUG'
RTE_BPF_LOG(DEBUG, "%s: prog len cBPF=%u -> eBPF=%u\n",
^
../lib/bpf/bpf_convert.c:561:15: error: use of undeclared identifier 'ERR'
RTE_BPF_LOG(ERR, "%s: cannot convert cBPF to eBPF\n", __func__);
^
6 warnings and 7 errors generated.
[242/1950] Generating rte_distributor_def with a custom command.
[243/1950] Linking static target lib/librte_distributor.a.
[244/1950] Linking target lib/librte_metrics.so.22.1.
[245/1950] Generating rte_distributor_mingw with a custom command.
[246/1950] Generating symbol file 'lib/76b5a35@@rte_cryptodev@sha/librte_cryptodev.so.22.1.symbols'.
ninja: build stopped: subcommand failed.
==== End log output ====
FreeBSD 13
Kernel: 13.0
Compiler: clang 11.0.1
Ubuntu 20.04 ARM GCC Native
Kernel: 5.4.0-53-generic
Compiler: gcc 9.3
Ubuntu 18.04
Kernel: 4.18.0-240.10.1.el8_3.x86_64
Compiler: gcc 7.5.0-3ubuntu1~18.04
RHEL 7
Kernel: 4.18.0-240.10.1.el8_3.x86_64
Compiler: gcc 4.8.5 20150623 (Red Hat 4.8.5-44)
CentOS 8
Kernel: 4.18.0-240.10.1.el8_3.x86_64
Compiler: gcc 8.3.1 20191121 (Red Hat 8.3.1-5)
Fedora 34
Kernel: 5.4.0-72-generic
Compiler: gcc 11.1.1 20210428 (Red Hat 11.1.1-1)
Fedora 31
Kernel: 4.18.0-240.10.1.el8_3.x86_64
Compiler: gcc 9.3.1
CentOS Stream 8
Kernel: 4.18.0-240.10.1.el8_3.x86_64
Compiler: gcc 8.4.1 20200928
RHEL8
Kernel: 4.18.0-240.10.1.el8_3.x86_64
Compiler: gcc 8.3.1 20191121 (Red Hat 8.3.1-5)
Fedora 34 clang
Kernel: 5.4.0-72-generic
Compiler: clang 12.0.0 (Fedora 12.0.0-0.3.rc1.fc34)
Fedora 32
Kernel: 4.18.0-240.10.1.el8_3.x86_64
Compiler: gcc 10.2.1
Ubuntu 20.04
Kernel: 4.18.0-240.10.1.el8_3.x86_64
Compiler: gcc 9.3.0-17ubuntu1~20.04
openSUSE Leap 15
Kernel: 4.18.0-240.10.1.el8_3.x86_64
Compiler: gcc 7.5.0
Arch Linux
Kernel: 5.4.0-73-generic
Compiler: gcc 11.1.0
Fedora 33
Kernel: 5.4.0-72-generic
Compiler: gcc 10.3.1 20210422 (Red Hat 10.3.1-1)
To view detailed results, visit:
https://lab.dpdk.org/results/dashboard/patchsets/20826/
UNH-IOL DPDK Community Lab
To manage your email subscriptions, visit:
https://lab.dpdk.org/results/dashboard/preferences/subscriptions/
^ permalink raw reply [flat|nested] only message in thread
only message in thread, other threads:[~2022-01-28 3:13 UTC | newest]
Thread overview: (only message) (download: mbox.gz / follow: Atom feed)
-- links below jump to the message on this page --
2022-01-28 3:13 |WARNING| pw106560-106564 [PATCH] [v1, 4/4] net/mlx5: support matching optional fields of GRE dpdklab
This is a public inbox, see mirroring instructions
for how to clone and mirror all data and code used for this inbox;
as well as URLs for NNTP newsgroup(s).