From: dpdklab@iol.unh.edu
To: Test Report <test-report@dpdk.org>
Cc: dpdklab@iol.unh.edu, Xueming Li <xuemingl@nvidia.com>,
Christian Ehrhardt <christian.ehrhardt@canonical.com>,
Kevin Traynor <ktraynor@redhat.com>,
Luca Boccassi <bluca@debian.org>
Subject: |WARNING| [GIT MASTER] 45f04d88ae8fa6217812abdaa623d66b05fc7b6a
Date: Fri, 28 Jan 2022 05:38:08 +0000 (UTC) [thread overview]
Message-ID: <20220128053808.4B827601B5@dpdk-ubuntu.dpdklab.iol.unh.edu> (raw)
[-- Attachment #1: Type: text/plain, Size: 4118 bytes --]
_Testing issues_
Branch: tags/v21.11
45f04d88ae8fa6217812abdaa623d66b05fc7b6a --> testing fail
Test environment and result as below:
+-----------------------------+----------+
| Environment | abi_test |
+=============================+==========+
| FreeBSD 13 | FAIL |
+-----------------------------+----------+
| Ubuntu 20.04 ARM GCC Native | PASS |
+-----------------------------+----------+
| RHEL 7 | PASS |
+-----------------------------+----------+
| Arch Linux | PASS |
+-----------------------------+----------+
| RHEL8 | PASS |
+-----------------------------+----------+
| CentOS 8 | PASS |
+-----------------------------+----------+
| Ubuntu 18.04 | PASS |
+-----------------------------+----------+
| openSUSE Leap 15 | PASS |
+-----------------------------+----------+
| Fedora 32 | PASS |
+-----------------------------+----------+
| Fedora 34 clang | PASS |
+-----------------------------+----------+
| CentOS Stream 8 | PASS |
+-----------------------------+----------+
| Fedora 34 | PASS |
+-----------------------------+----------+
| Fedora 31 | PASS |
+-----------------------------+----------+
| Fedora 33 | PASS |
+-----------------------------+----------+
| Ubuntu 20.04 | PASS |
+-----------------------------+----------+
==== 20 line log output for FreeBSD 13 (abi_test): ====
^
../lib/bpf/bpf_convert.c:540:15: error: use of undeclared identifier 'ERR'
RTE_BPF_LOG(ERR, "%s: cannot get eBPF length\n", __func__);
^
../lib/bpf/bpf_convert.c:545:2: warning: implicit declaration of function 'RTE_BPF_LOG' is invalid in C99 [-Wimplicit-function-declaration]
RTE_BPF_LOG(DEBUG, "%s: prog len cBPF=%u -> eBPF=%u\n",
^
../lib/bpf/bpf_convert.c:545:14: error: use of undeclared identifier 'DEBUG'
RTE_BPF_LOG(DEBUG, "%s: prog len cBPF=%u -> eBPF=%u\n",
^
../lib/bpf/bpf_convert.c:561:15: error: use of undeclared identifier 'ERR'
RTE_BPF_LOG(ERR, "%s: cannot convert cBPF to eBPF\n", __func__);
^
6 warnings and 7 errors generated.
[245/1969] Generating symbol file 'lib/76b5a35@@rte_cryptodev@sha/librte_cryptodev.so.22.0.symbols'.
[246/1969] Linking target lib/librte_metrics.so.22.0.
[247/1969] Generating rte_efd_def with a custom command.
[248/1969] Linking target lib/librte_distributor.so.22.0.
[249/1969] Compiling C object 'lib/76b5a35@@rte_efd@sta/efd_rte_efd.c.o'.
ninja: build stopped: subcommand failed.
==== End log output ====
FreeBSD 13
Kernel: 13.0
Compiler: clang 11.0.1
Ubuntu 20.04 ARM GCC Native
Kernel: 5.4.0-53-generic
Compiler: gcc 9.3
RHEL 7
Kernel: 4.18.0-240.10.1.el8_3.x86_64
Compiler: gcc 4.8.5 20150623 (Red Hat 4.8.5-44)
Arch Linux
Kernel: 5.4.0-73-generic
Compiler: gcc 11.1.0
RHEL8
Kernel: 4.18.0-240.10.1.el8_3.x86_64
Compiler: gcc 8.3.1 20191121 (Red Hat 8.3.1-5)
CentOS 8
Kernel: 4.18.0-240.10.1.el8_3.x86_64
Compiler: gcc 8.3.1 20191121 (Red Hat 8.3.1-5)
Ubuntu 18.04
Kernel: 4.18.0-240.10.1.el8_3.x86_64
Compiler: gcc 7.5.0-3ubuntu1~18.04
openSUSE Leap 15
Kernel: 4.18.0-240.10.1.el8_3.x86_64
Compiler: gcc 7.5.0
Fedora 32
Kernel: 4.18.0-240.10.1.el8_3.x86_64
Compiler: gcc 10.2.1
Fedora 34 clang
Kernel: 5.4.0-72-generic
Compiler: clang 12.0.0 (Fedora 12.0.0-0.3.rc1.fc34)
CentOS Stream 8
Kernel: 4.18.0-240.10.1.el8_3.x86_64
Compiler: gcc 8.4.1 20200928
Fedora 34
Kernel: 5.4.0-72-generic
Compiler: gcc 11.1.1 20210428 (Red Hat 11.1.1-1)
Fedora 31
Kernel: 4.18.0-240.10.1.el8_3.x86_64
Compiler: gcc 9.3.1
Fedora 33
Kernel: 5.4.0-72-generic
Compiler: gcc 10.3.1 20210422 (Red Hat 10.3.1-1)
Ubuntu 20.04
Kernel: 4.18.0-240.10.1.el8_3.x86_64
Compiler: gcc 9.3.0-17ubuntu1~20.04
To view detailed results, visit:
https://lab.dpdk.org/results/dashboard/tarballs/18452/
UNH-IOL DPDK Community Lab
To manage your email subscriptions, visit:
https://lab.dpdk.org/results/dashboard/preferences/subscriptions/
next reply other threads:[~2022-01-28 5:38 UTC|newest]
Thread overview: 5+ messages / expand[flat|nested] mbox.gz Atom feed top
2022-01-28 5:38 dpdklab [this message]
-- strict thread matches above, loose matches on Subject: below --
2022-01-27 19:59 dpdklab
2022-01-27 0:29 dpdklab
2022-01-21 14:24 dpdklab
2022-01-20 22:32 dpdklab
Reply instructions:
You may reply publicly to this message via plain-text email
using any one of the following methods:
* Save the following mbox file, import it into your mail client,
and reply-to-all from there: mbox
Avoid top-posting and favor interleaved quoting:
https://en.wikipedia.org/wiki/Posting_style#Interleaved_style
* Reply using the --to, --cc, and --in-reply-to
switches of git-send-email(1):
git send-email \
--in-reply-to=20220128053808.4B827601B5@dpdk-ubuntu.dpdklab.iol.unh.edu \
--to=dpdklab@iol.unh.edu \
--cc=bluca@debian.org \
--cc=christian.ehrhardt@canonical.com \
--cc=ktraynor@redhat.com \
--cc=test-report@dpdk.org \
--cc=xuemingl@nvidia.com \
/path/to/YOUR_REPLY
https://kernel.org/pub/software/scm/git/docs/git-send-email.html
* If your mail client supports setting the In-Reply-To header
via mailto: links, try the mailto: link
Be sure your reply has a Subject: header at the top and a blank line
before the message body.
This is a public inbox, see mirroring instructions
for how to clone and mirror all data and code used for this inbox;
as well as URLs for NNTP newsgroup(s).