* |SUCCESS| pw108584 [PATCH] vhost: fix external message handlers
[not found] <20220307181101.10394-1-david.marchand@redhat.com>
@ 2022-03-07 18:12 ` checkpatch
2022-03-07 19:59 ` |FAILURE| " 0-day Robot
1 sibling, 0 replies; 9+ messages in thread
From: checkpatch @ 2022-03-07 18:12 UTC (permalink / raw)
To: test-report
Test-Label: checkpatch
Test-Status: SUCCESS
http://dpdk.org/patch/108584
_coding style OK_
^ permalink raw reply [flat|nested] 9+ messages in thread
* |FAILURE| pw108584 [PATCH] vhost: fix external message handlers
[not found] <20220307181101.10394-1-david.marchand@redhat.com>
2022-03-07 18:12 ` |SUCCESS| pw108584 [PATCH] vhost: fix external message handlers checkpatch
@ 2022-03-07 19:59 ` 0-day Robot
1 sibling, 0 replies; 9+ messages in thread
From: 0-day Robot @ 2022-03-07 19:59 UTC (permalink / raw)
To: test-report; +Cc: david.marchand, robot
From: robot@bytheb.org
Test-Label: github-robot: build
Test-Status: FAILURE
http://patchwork.dpdk.org/patch/108584/
_github build: failed_
Build URL: https://github.com/ovsrobot/dpdk/actions/runs/1947206263
Build Logs:
-----------------------Summary of failed steps-----------------------
"ubuntu-18.04-clang-static" failed at step Build and test
"ubuntu-18.04-clang-shared-doc+tests" failed at step Build and test
----------------------End summary of failed steps--------------------
-------------------------------BEGIN LOGS----------------------------
####################################################################################
#### [Begin job log] "ubuntu-18.04-clang-static" at step Build and test
####################################################################################
[436/4419] Compiling C object 'lib/76b5a35@@rte_vhost@sta/vhost_socket.c.o'.
FAILED: lib/76b5a35@@rte_vhost@sta/vhost_socket.c.o
ccache clang -Ilib/76b5a35@@rte_vhost@sta -Ilib -I../lib -Ilib/vhost -I../lib/vhost -I. -I../ -Iconfig -I../config -Ilib/eal/include -I../lib/eal/include -Ilib/eal/linux/include -I../lib/eal/linux/include -Ilib/eal/x86/include -I../lib/eal/x86/include -Ilib/eal/common -I../lib/eal/common -Ilib/eal -I../lib/eal -Ilib/kvargs -I../lib/kvargs -Ilib/telemetry/../metrics -I../lib/telemetry/../metrics -Ilib/telemetry -I../lib/telemetry -Ilib/ethdev -I../lib/ethdev -Ilib/net -I../lib/net -Ilib/mbuf -I../lib/mbuf -Ilib/mempool -I../lib/mempool -Ilib/ring -I../lib/ring -Ilib/meter -I../lib/meter -Ilib/cryptodev -I../lib/cryptodev -Ilib/rcu -I../lib/rcu -Ilib/hash -I../lib/hash -Ilib/pci -I../lib/pci -Ilib/dmadev -I../lib/dmadev -Xclang -fcolor-diagnostics -pipe -D_FILE_OFFSET_BITS=64 -Wall -Winvalid-pch -Wextra -Werror -O2 -g -include rte_config.h -Wcast-qual -Wdeprecated -Wformat -Wformat-nonliteral -Wformat-security -Wmissing-declarations -Wmissing-prototypes -Wnested-externs -Wold-style-definition -Wpointer-arith -Wsign-compare -Wstrict-prototypes -Wundef -Wwrite-strings -Wno-address-of-packed-member -Wno-missing-field-initializers -D_GNU_SOURCE -fPIC -march=corei7 -DALLOW_EXPERIMENTAL_API -DALLOW_INTERNAL_API -DVHOST_CLANG_UNROLL_PRAGMA -fno-strict-aliasing -DRTE_LOG_DEFAULT_LOGTYPE=lib.vhost -MD -MQ 'lib/76b5a35@@rte_vhost@sta/vhost_socket.c.o' -MF 'lib/76b5a35@@rte_vhost@sta/vhost_socket.c.o.d' -o 'lib/76b5a35@@rte_vhost@sta/vhost_socket.c.o' -c ../lib/vhost/socket.c
In file included from ../lib/vhost/socket.c:22:
../lib/vhost/vhost_user.h:158:1: error: attribute '__packed__' is ignored, place it after "struct" to apply attribute to type declaration [-Werror,-Wignored-attributes]
__rte_packed struct vhu_msg_context {
^
../lib/eal/include/rte_common.h:86:37: note: expanded from macro '__rte_packed'
#define __rte_packed __attribute__((__packed__))
^
1 error generated.
[437/4419] Generating symbol file 'lib/76b5a35@@rte_stack@sha/librte_stack.so.22.1.symbols'.
[438/4419] Compiling C object 'lib/76b5a35@@rte_vhost@sta/vhost_vhost.c.o'.
FAILED: lib/76b5a35@@rte_vhost@sta/vhost_vhost.c.o
ccache clang -Ilib/76b5a35@@rte_vhost@sta -Ilib -I../lib -Ilib/vhost -I../lib/vhost -I. -I../ -Iconfig -I../config -Ilib/eal/include -I../lib/eal/include -Ilib/eal/linux/include -I../lib/eal/linux/include -Ilib/eal/x86/include -I../lib/eal/x86/include -Ilib/eal/common -I../lib/eal/common -Ilib/eal -I../lib/eal -Ilib/kvargs -I../lib/kvargs -Ilib/telemetry/../metrics -I../lib/telemetry/../metrics -Ilib/telemetry -I../lib/telemetry -Ilib/ethdev -I../lib/ethdev -Ilib/net -I../lib/net -Ilib/mbuf -I../lib/mbuf -Ilib/mempool -I../lib/mempool -Ilib/ring -I../lib/ring -Ilib/meter -I../lib/meter -Ilib/cryptodev -I../lib/cryptodev -Ilib/rcu -I../lib/rcu -Ilib/hash -I../lib/hash -Ilib/pci -I../lib/pci -Ilib/dmadev -I../lib/dmadev -Xclang -fcolor-diagnostics -pipe -D_FILE_OFFSET_BITS=64 -Wall -Winvalid-pch -Wextra -Werror -O2 -g -include rte_config.h -Wcast-qual -Wdeprecated -Wformat -Wformat-nonliteral -Wformat-security -Wmissing-declarations -Wmissing-prototypes -Wnested-externs -Wold-style-definition -Wpointer-arith -Wsign-compare -Wstrict-prototypes -Wundef -Wwrite-strings -Wno-address-of-packed-member -Wno-missing-field-initializers -D_GNU_SOURCE -fPIC -march=corei7 -DALLOW_EXPERIMENTAL_API -DALLOW_INTERNAL_API -DVHOST_CLANG_UNROLL_PRAGMA -fno-strict-aliasing -DRTE_LOG_DEFAULT_LOGTYPE=lib.vhost -MD -MQ 'lib/76b5a35@@rte_vhost@sta/vhost_vhost.c.o' -MF 'lib/76b5a35@@rte_vhost@sta/vhost_vhost.c.o.d' -o 'lib/76b5a35@@rte_vhost@sta/vhost_vhost.c.o' -c ../lib/vhost/vhost.c
In file included from ../lib/vhost/vhost.c:22:
../lib/vhost/vhost_user.h:158:1: error: attribute '__packed__' is ignored, place it after "struct" to apply attribute to type declaration [-Werror,-Wignored-attributes]
__rte_packed struct vhu_msg_context {
^
../lib/eal/include/rte_common.h:86:37: note: expanded from macro '__rte_packed'
#define __rte_packed __attribute__((__packed__))
^
1 error generated.
ninja: build stopped: subcommand failed.
##[error]Process completed with exit code 1.
####################################################################################
#### [End job log] "ubuntu-18.04-clang-static" at step Build and test
####################################################################################
####################################################################################
#### [Begin job log] "ubuntu-18.04-clang-shared-doc+tests" at step Build and test
####################################################################################
1 error generated.
[438/4599] Compiling C object 'lib/76b5a35@@rte_vhost@sta/vhost_vhost.c.o'.
FAILED: lib/76b5a35@@rte_vhost@sta/vhost_vhost.c.o
ccache clang -Ilib/76b5a35@@rte_vhost@sta -Ilib -I../lib -Ilib/vhost -I../lib/vhost -I. -I../ -Iconfig -I../config -Ilib/eal/include -I../lib/eal/include -Ilib/eal/linux/include -I../lib/eal/linux/include -Ilib/eal/x86/include -I../lib/eal/x86/include -Ilib/eal/common -I../lib/eal/common -Ilib/eal -I../lib/eal -Ilib/kvargs -I../lib/kvargs -Ilib/telemetry/../metrics -I../lib/telemetry/../metrics -Ilib/telemetry -I../lib/telemetry -Ilib/ethdev -I../lib/ethdev -Ilib/net -I../lib/net -Ilib/mbuf -I../lib/mbuf -Ilib/mempool -I../lib/mempool -Ilib/ring -I../lib/ring -Ilib/meter -I../lib/meter -Ilib/cryptodev -I../lib/cryptodev -Ilib/rcu -I../lib/rcu -Ilib/hash -I../lib/hash -Ilib/pci -I../lib/pci -Ilib/dmadev -I../lib/dmadev -Xclang -fcolor-diagnostics -pipe -D_FILE_OFFSET_BITS=64 -Wall -Winvalid-pch -Wextra -Werror -O2 -g -include rte_config.h -Wcast-qual -Wdeprecated -Wformat -Wformat-nonliteral -Wformat-security -Wmissing-declarations -Wmissing-prototypes -Wnested-externs -Wold-style-definition -Wpointer-arith -Wsign-compare -Wstrict-prototypes -Wundef -Wwrite-strings -Wno-address-of-packed-member -Wno-missing-field-initializers -D_GNU_SOURCE -fPIC -march=corei7 -DALLOW_EXPERIMENTAL_API -DALLOW_INTERNAL_API -DVHOST_CLANG_UNROLL_PRAGMA -fno-strict-aliasing -DRTE_LOG_DEFAULT_LOGTYPE=lib.vhost -MD -MQ 'lib/76b5a35@@rte_vhost@sta/vhost_vhost.c.o' -MF 'lib/76b5a35@@rte_vhost@sta/vhost_vhost.c.o.d' -o 'lib/76b5a35@@rte_vhost@sta/vhost_vhost.c.o' -c ../lib/vhost/vhost.c
In file included from ../lib/vhost/vhost.c:22:
../lib/vhost/vhost_user.h:158:1: error: attribute '__packed__' is ignored, place it after "struct" to apply attribute to type declaration [-Werror,-Wignored-attributes]
__rte_packed struct vhu_msg_context {
^
../lib/eal/include/rte_common.h:86:37: note: expanded from macro '__rte_packed'
#define __rte_packed __attribute__((__packed__))
^
1 error generated.
[439/4599] Compiling C object 'lib/76b5a35@@rte_vhost@sta/vhost_vhost_crypto.c.o'.
FAILED: lib/76b5a35@@rte_vhost@sta/vhost_vhost_crypto.c.o
ccache clang -Ilib/76b5a35@@rte_vhost@sta -Ilib -I../lib -Ilib/vhost -I../lib/vhost -I. -I../ -Iconfig -I../config -Ilib/eal/include -I../lib/eal/include -Ilib/eal/linux/include -I../lib/eal/linux/include -Ilib/eal/x86/include -I../lib/eal/x86/include -Ilib/eal/common -I../lib/eal/common -Ilib/eal -I../lib/eal -Ilib/kvargs -I../lib/kvargs -Ilib/telemetry/../metrics -I../lib/telemetry/../metrics -Ilib/telemetry -I../lib/telemetry -Ilib/ethdev -I../lib/ethdev -Ilib/net -I../lib/net -Ilib/mbuf -I../lib/mbuf -Ilib/mempool -I../lib/mempool -Ilib/ring -I../lib/ring -Ilib/meter -I../lib/meter -Ilib/cryptodev -I../lib/cryptodev -Ilib/rcu -I../lib/rcu -Ilib/hash -I../lib/hash -Ilib/pci -I../lib/pci -Ilib/dmadev -I../lib/dmadev -Xclang -fcolor-diagnostics -pipe -D_FILE_OFFSET_BITS=64 -Wall -Winvalid-pch -Wextra -Werror -O2 -g -include rte_config.h -Wcast-qual -Wdeprecated -Wformat -Wformat-nonliteral -Wformat-security -Wmissing-declarations -Wmissing-prototypes -Wnested-externs -Wold-style-definition -Wpointer-arith -Wsign-compare -Wstrict-prototypes -Wundef -Wwrite-strings -Wno-address-of-packed-member -Wno-missing-field-initializers -D_GNU_SOURCE -fPIC -march=corei7 -DALLOW_EXPERIMENTAL_API -DALLOW_INTERNAL_API -DVHOST_CLANG_UNROLL_PRAGMA -fno-strict-aliasing -DRTE_LOG_DEFAULT_LOGTYPE=lib.vhost -MD -MQ 'lib/76b5a35@@rte_vhost@sta/vhost_vhost_crypto.c.o' -MF 'lib/76b5a35@@rte_vhost@sta/vhost_vhost_crypto.c.o.d' -o 'lib/76b5a35@@rte_vhost@sta/vhost_vhost_crypto.c.o' -c ../lib/vhost/vhost_crypto.c
In file included from ../lib/vhost/vhost_crypto.c:12:
../lib/vhost/vhost_user.h:158:1: error: attribute '__packed__' is ignored, place it after "struct" to apply attribute to type declaration [-Werror,-Wignored-attributes]
__rte_packed struct vhu_msg_context {
^
../lib/eal/include/rte_common.h:86:37: note: expanded from macro '__rte_packed'
#define __rte_packed __attribute__((__packed__))
^
1 error generated.
ninja: build stopped: subcommand failed.
##[error]Process completed with exit code 1.
####################################################################################
#### [End job log] "ubuntu-18.04-clang-shared-doc+tests" at step Build and test
####################################################################################
--------------------------------END LOGS-----------------------------
^ permalink raw reply [flat|nested] 9+ messages in thread
* |SUCCESS| pw108584 [PATCH] vhost: fix external message handlers
@ 2022-03-09 19:24 dpdklab
0 siblings, 0 replies; 9+ messages in thread
From: dpdklab @ 2022-03-09 19:24 UTC (permalink / raw)
To: Test Report; +Cc: dpdklab, David Marchand, Thomas Monjalon
[-- Attachment #1: Type: text/plain, Size: 3081 bytes --]
Test-Label: iol-abi-testing
Test-Status: SUCCESS
http://dpdk.org/patch/108584
_Testing PASS_
Submitter: David Marchand <david.marchand@redhat.com>
Date: Monday, March 07 2022 18:11:01
DPDK git baseline: Repo:dpdk
Branch: master
CommitID:2479a1e9a8886c93ba4c8a7aa2a35a04302f1aae
108584 --> testing pass
Test environment and result as below:
+-----------------------------+----------+
| Environment | abi_test |
+=============================+==========+
| Ubuntu 20.04 ARM GCC Native | PASS |
+-----------------------------+----------+
| openSUSE Leap 15 | PASS |
+-----------------------------+----------+
| Ubuntu 18.04 | PASS |
+-----------------------------+----------+
| CentOS Stream 8 | PASS |
+-----------------------------+----------+
| Ubuntu 20.04 | PASS |
+-----------------------------+----------+
| Fedora 34 clang | PASS |
+-----------------------------+----------+
| CentOS 8 | PASS |
+-----------------------------+----------+
| RHEL 7 | PASS |
+-----------------------------+----------+
| Fedora 31 | PASS |
+-----------------------------+----------+
| Fedora 32 | PASS |
+-----------------------------+----------+
| Arch Linux | PASS |
+-----------------------------+----------+
| Fedora 34 | PASS |
+-----------------------------+----------+
| Fedora 33 | PASS |
+-----------------------------+----------+
| RHEL8 | PASS |
+-----------------------------+----------+
Ubuntu 20.04 ARM GCC Native
Kernel: 5.4.0-53-generic
Compiler: gcc 9.3
openSUSE Leap 15
Kernel: 4.18.0-240.10.1.el8_3.x86_64
Compiler: gcc 7.5.0
Ubuntu 18.04
Kernel: 4.18.0-240.10.1.el8_3.x86_64
Compiler: gcc 7.5.0-3ubuntu1~18.04
CentOS Stream 8
Kernel: 4.18.0-240.10.1.el8_3.x86_64
Compiler: gcc 8.4.1 20200928
Ubuntu 20.04
Kernel: 4.18.0-240.10.1.el8_3.x86_64
Compiler: gcc 9.3.0-17ubuntu1~20.04
Fedora 34 clang
Kernel: 5.4.0-72-generic
Compiler: clang 12.0.0 (Fedora 12.0.0-0.3.rc1.fc34)
CentOS 8
Kernel: 4.18.0-240.10.1.el8_3.x86_64
Compiler: gcc 8.3.1 20191121 (Red Hat 8.3.1-5)
RHEL 7
Kernel: 4.18.0-240.10.1.el8_3.x86_64
Compiler: gcc 4.8.5 20150623 (Red Hat 4.8.5-44)
Fedora 31
Kernel: 4.18.0-240.10.1.el8_3.x86_64
Compiler: gcc 9.3.1
Fedora 32
Kernel: 4.18.0-240.10.1.el8_3.x86_64
Compiler: gcc 10.2.1
Arch Linux
Kernel: 5.4.0-73-generic
Compiler: gcc 11.1.0
Fedora 34
Kernel: 5.4.0-72-generic
Compiler: gcc 11.1.1 20210428 (Red Hat 11.1.1-1)
Fedora 33
Kernel: 5.4.0-72-generic
Compiler: gcc 10.3.1 20210422 (Red Hat 10.3.1-1)
RHEL8
Kernel: 4.18.0-240.10.1.el8_3.x86_64
Compiler: gcc 8.3.1 20191121 (Red Hat 8.3.1-5)
To view detailed results, visit:
https://lab.dpdk.org/results/dashboard/patchsets/21423/
UNH-IOL DPDK Community Lab
To manage your email subscriptions, visit:
https://lab.dpdk.org/results/dashboard/preferences/subscriptions/
^ permalink raw reply [flat|nested] 9+ messages in thread
* |SUCCESS| pw108584 [PATCH] vhost: fix external message handlers
@ 2022-03-09 19:01 dpdklab
0 siblings, 0 replies; 9+ messages in thread
From: dpdklab @ 2022-03-09 19:01 UTC (permalink / raw)
To: Test Report; +Cc: dpdk-test-reports, David Marchand, Thomas Monjalon
[-- Attachment #1: Type: text/plain, Size: 1175 bytes --]
Test-Label: iol-intel-Functional
Test-Status: SUCCESS
http://dpdk.org/patch/108584
_Functional Testing PASS_
Submitter: David Marchand <david.marchand@redhat.com>
Date: Monday, March 07 2022 18:11:01
DPDK git baseline: Repo:dpdk
Branch: master
CommitID:2479a1e9a8886c93ba4c8a7aa2a35a04302f1aae
108584 --> functional testing pass
Test environment and result as below:
Ubuntu 20.04 ARM
Kernel: 4.15.0-132-generic
Compiler: gcc 7.5
NIC: Arm Intel Corporation Ethernet Converged Network Adapter XL710-QDA2 40000 Mbps
Target: x86_64-native-linuxapp-gcc
Fail/Total: 0/2
Ubuntu 20.04
Kernel: 4.15.0-generic
Compiler: gcc 7.4
NIC: Intel Corporation Ethernet Converged Network Adapter 82599ES 10000 Mbps
Target: x86_64-native-linuxapp-gcc
Fail/Total: 0/2
Ubuntu 20.04
Kernel: 4.15.0-generic
Compiler: gcc 7.4
NIC: Intel Corporation Ethernet Converged Network Adapter XL710-QDA2 40000 Mbps
Target: x86_64-native-linuxapp-gcc
Fail/Total: 0/2
To view detailed results, visit:
https://lab.dpdk.org/results/dashboard/patchsets/21423/
UNH-IOL DPDK Community Lab
To manage your email subscriptions, visit:
https://lab.dpdk.org/results/dashboard/preferences/subscriptions/
^ permalink raw reply [flat|nested] 9+ messages in thread
* |SUCCESS| pw108584 [PATCH] vhost: fix external message handlers
@ 2022-03-09 18:55 dpdklab
0 siblings, 0 replies; 9+ messages in thread
From: dpdklab @ 2022-03-09 18:55 UTC (permalink / raw)
To: Test Report; +Cc: dpdk-test-reports, David Marchand, Thomas Monjalon
[-- Attachment #1: Type: text/plain, Size: 3305 bytes --]
Test-Label: iol-intel-Performance
Test-Status: SUCCESS
http://dpdk.org/patch/108584
_Performance Testing PASS_
Submitter: David Marchand <david.marchand@redhat.com>
Date: Monday, March 07 2022 18:11:01
DPDK git baseline: Repo:dpdk
Branch: master
CommitID:2479a1e9a8886c93ba4c8a7aa2a35a04302f1aae
108584 --> performance testing pass
Test environment and result as below:
Ubuntu 20.04
Kernel: 4.15.0-generic
Compiler: gcc 7.4
NIC: Intel Corporation Ethernet Converged Network Adapter 82599ES 10000 Mbps
Target: x86_64-native-linuxapp-gcc
Fail/Total: 0/6
Detail performance results:
+----------+-------------+---------+------------+------------------------------+
| num_cpus | num_threads | txd/rxd | frame_size | throughput difference from |
| | | | | expected |
+==========+=============+=========+============+==============================+
| 1 | 2 | 128 | 64 | 0.2% |
+----------+-------------+---------+------------+------------------------------+
| 1 | 2 | 512 | 64 | 0.1% |
+----------+-------------+---------+------------+------------------------------+
| 1 | 2 | 2048 | 64 | 0.7% |
+----------+-------------+---------+------------+------------------------------+
| 1 | 1 | 128 | 64 | -0.1% |
+----------+-------------+---------+------------+------------------------------+
| 1 | 1 | 512 | 64 | 0.1% |
+----------+-------------+---------+------------+------------------------------+
| 1 | 1 | 2048 | 64 | -0.6% |
+----------+-------------+---------+------------+------------------------------+
Ubuntu 20.04
Kernel: 4.15.0-generic
Compiler: gcc 7.4
NIC: Intel Corporation Ethernet Converged Network Adapter XL710-QDA2 40000 Mbps
Target: x86_64-native-linuxapp-gcc
Fail/Total: 0/4
Detail performance results:
+----------+-------------+---------+------------+------------------------------+
| num_cpus | num_threads | txd/rxd | frame_size | throughput difference from |
| | | | | expected |
+==========+=============+=========+============+==============================+
| 1 | 2 | 512 | 64 | 1.5% |
+----------+-------------+---------+------------+------------------------------+
| 1 | 2 | 2048 | 64 | 0.3% |
+----------+-------------+---------+------------+------------------------------+
| 1 | 1 | 512 | 64 | -0.5% |
+----------+-------------+---------+------------+------------------------------+
| 1 | 1 | 2048 | 64 | 0.0% |
+----------+-------------+---------+------------+------------------------------+
To view detailed results, visit:
https://lab.dpdk.org/results/dashboard/patchsets/21423/
UNH-IOL DPDK Community Lab
To manage your email subscriptions, visit:
https://lab.dpdk.org/results/dashboard/preferences/subscriptions/
^ permalink raw reply [flat|nested] 9+ messages in thread
* |SUCCESS| pw108584 [PATCH] vhost: fix external message handlers
@ 2022-03-08 1:55 dpdklab
0 siblings, 0 replies; 9+ messages in thread
From: dpdklab @ 2022-03-08 1:55 UTC (permalink / raw)
To: Test Report; +Cc: dpdk-test-reports, David Marchand, Thomas Monjalon
[-- Attachment #1: Type: text/plain, Size: 988 bytes --]
Test-Label: iol-intel-Functional
Test-Status: SUCCESS
http://dpdk.org/patch/108584
_Functional Testing PASS_
Submitter: David Marchand <david.marchand@redhat.com>
Date: Monday, March 07 2022 18:11:01
DPDK git baseline: Repo:dpdk
Branch: master
CommitID:2479a1e9a8886c93ba4c8a7aa2a35a04302f1aae
108584 --> functional testing pass
Test environment and result as below:
Ubuntu 20.04 ARM
Kernel: 4.15.0-132-generic
Compiler: gcc 7.5
NIC: Arm Intel Corporation Ethernet Converged Network Adapter XL710-QDA2 40000 Mbps
Target: x86_64-native-linuxapp-gcc
Fail/Total: 0/2
Ubuntu 20.04
Kernel: 4.15.0-generic
Compiler: gcc 7.4
NIC: Intel Corporation Ethernet Converged Network Adapter 82599ES 10000 Mbps
Target: x86_64-native-linuxapp-gcc
Fail/Total: 0/2
To view detailed results, visit:
https://lab.dpdk.org/results/dashboard/patchsets/21423/
UNH-IOL DPDK Community Lab
To manage your email subscriptions, visit:
https://lab.dpdk.org/results/dashboard/preferences/subscriptions/
^ permalink raw reply [flat|nested] 9+ messages in thread
* |SUCCESS| pw108584 [PATCH] vhost: fix external message handlers
@ 2022-03-08 1:48 dpdklab
0 siblings, 0 replies; 9+ messages in thread
From: dpdklab @ 2022-03-08 1:48 UTC (permalink / raw)
To: Test Report; +Cc: dpdk-test-reports, David Marchand, Thomas Monjalon
[-- Attachment #1: Type: text/plain, Size: 2117 bytes --]
Test-Label: iol-intel-Performance
Test-Status: SUCCESS
http://dpdk.org/patch/108584
_Performance Testing PASS_
Submitter: David Marchand <david.marchand@redhat.com>
Date: Monday, March 07 2022 18:11:01
DPDK git baseline: Repo:dpdk
Branch: master
CommitID:2479a1e9a8886c93ba4c8a7aa2a35a04302f1aae
108584 --> performance testing pass
Test environment and result as below:
Ubuntu 20.04
Kernel: 4.15.0-generic
Compiler: gcc 7.4
NIC: Intel Corporation Ethernet Converged Network Adapter 82599ES 10000 Mbps
Target: x86_64-native-linuxapp-gcc
Fail/Total: 0/6
Detail performance results:
+----------+-------------+---------+------------+------------------------------+
| num_cpus | num_threads | txd/rxd | frame_size | throughput difference from |
| | | | | expected |
+==========+=============+=========+============+==============================+
| 1 | 2 | 128 | 64 | 0.2% |
+----------+-------------+---------+------------+------------------------------+
| 1 | 2 | 512 | 64 | 0.1% |
+----------+-------------+---------+------------+------------------------------+
| 1 | 2 | 2048 | 64 | 0.7% |
+----------+-------------+---------+------------+------------------------------+
| 1 | 1 | 128 | 64 | -0.1% |
+----------+-------------+---------+------------+------------------------------+
| 1 | 1 | 512 | 64 | 0.1% |
+----------+-------------+---------+------------+------------------------------+
| 1 | 1 | 2048 | 64 | -0.6% |
+----------+-------------+---------+------------+------------------------------+
To view detailed results, visit:
https://lab.dpdk.org/results/dashboard/patchsets/21423/
UNH-IOL DPDK Community Lab
To manage your email subscriptions, visit:
https://lab.dpdk.org/results/dashboard/preferences/subscriptions/
^ permalink raw reply [flat|nested] 9+ messages in thread
* |SUCCESS| pw108584 [PATCH] vhost: fix external message handlers
@ 2022-03-08 0:25 dpdklab
0 siblings, 0 replies; 9+ messages in thread
From: dpdklab @ 2022-03-08 0:25 UTC (permalink / raw)
To: Ali Alnubani, Test Report
Cc: dpdk-test-reports, David Marchand, Thomas Monjalon
[-- Attachment #1: Type: text/plain, Size: 2080 bytes --]
Test-Label: iol-mellanox-Performance
Test-Status: SUCCESS
http://dpdk.org/patch/108584
_Performance Testing PASS_
Submitter: David Marchand <david.marchand@redhat.com>
Date: Monday, March 07 2022 18:11:01
DPDK git baseline: Repo:dpdk
Branch: master
CommitID:2479a1e9a8886c93ba4c8a7aa2a35a04302f1aae
108584 --> performance testing pass
Test environment and result as below:
Ubuntu 20.04
Kernel: 4.15.0-generic
Compiler: gcc 7.4
NIC: Mellanox ConnectX-5 100000 Mbps
Target: x86_64-native-linuxapp-gcc
Fail/Total: 0/6
Detail performance results:
+------------+---------+----------+-------------+------------------------------+
| frame_size | txd/rxd | num_cpus | num_threads | throughput difference from |
| | | | | expected |
+============+=========+==========+=============+==============================+
| 64 | 256 | 1 | 1 | -0.0% |
+------------+---------+----------+-------------+------------------------------+
| 128 | 256 | 1 | 1 | 0.2% |
+------------+---------+----------+-------------+------------------------------+
| 1024 | 256 | 1 | 1 | -0.1% |
+------------+---------+----------+-------------+------------------------------+
| 256 | 256 | 1 | 1 | 0.1% |
+------------+---------+----------+-------------+------------------------------+
| 1518 | 256 | 1 | 1 | -0.0% |
+------------+---------+----------+-------------+------------------------------+
| 512 | 256 | 1 | 1 | 0.4% |
+------------+---------+----------+-------------+------------------------------+
To view detailed results, visit:
https://lab.dpdk.org/results/dashboard/patchsets/21423/
UNH-IOL DPDK Community Lab
To manage your email subscriptions, visit:
https://lab.dpdk.org/results/dashboard/preferences/subscriptions/
^ permalink raw reply [flat|nested] 9+ messages in thread
* |SUCCESS| pw108584 [PATCH] vhost: fix external message handlers
@ 2022-03-07 23:49 dpdklab
0 siblings, 0 replies; 9+ messages in thread
From: dpdklab @ 2022-03-07 23:49 UTC (permalink / raw)
To: Test Report; +Cc: dpdk-test-reports, David Marchand, Thomas Monjalon
[-- Attachment #1: Type: text/plain, Size: 804 bytes --]
Test-Label: iol-intel-Functional
Test-Status: SUCCESS
http://dpdk.org/patch/108584
_Functional Testing PASS_
Submitter: David Marchand <david.marchand@redhat.com>
Date: Monday, March 07 2022 18:11:01
DPDK git baseline: Repo:dpdk
Branch: master
CommitID:2479a1e9a8886c93ba4c8a7aa2a35a04302f1aae
108584 --> functional testing pass
Test environment and result as below:
Ubuntu 20.04 ARM
Kernel: 4.15.0-132-generic
Compiler: gcc 7.5
NIC: Arm Intel Corporation Ethernet Converged Network Adapter XL710-QDA2 40000 Mbps
Target: x86_64-native-linuxapp-gcc
Fail/Total: 0/2
To view detailed results, visit:
https://lab.dpdk.org/results/dashboard/patchsets/21423/
UNH-IOL DPDK Community Lab
To manage your email subscriptions, visit:
https://lab.dpdk.org/results/dashboard/preferences/subscriptions/
^ permalink raw reply [flat|nested] 9+ messages in thread
end of thread, other threads:[~2022-03-09 19:24 UTC | newest]
Thread overview: 9+ messages (download: mbox.gz / follow: Atom feed)
-- links below jump to the message on this page --
[not found] <20220307181101.10394-1-david.marchand@redhat.com>
2022-03-07 18:12 ` |SUCCESS| pw108584 [PATCH] vhost: fix external message handlers checkpatch
2022-03-07 19:59 ` |FAILURE| " 0-day Robot
2022-03-07 23:49 |SUCCESS| " dpdklab
2022-03-08 0:25 dpdklab
2022-03-08 1:48 dpdklab
2022-03-08 1:55 dpdklab
2022-03-09 18:55 dpdklab
2022-03-09 19:01 dpdklab
2022-03-09 19:24 dpdklab
This is a public inbox, see mirroring instructions
for how to clone and mirror all data and code used for this inbox;
as well as URLs for NNTP newsgroup(s).