* |WARNING| pw110020 [PATCH] [v2] kni: check abi version between kmod and lib
@ 2022-04-22 0:40 dpdklab
0 siblings, 0 replies; 2+ messages in thread
From: dpdklab @ 2022-04-22 0:40 UTC (permalink / raw)
To: Test Report; +Cc: dpdk-test-reports, David Marchand, Thomas Monjalon, youcai
[-- Attachment #1: Type: text/plain, Size: 5295 bytes --]
Test-Label: iol-x86_64-compile-testing
Test-Status: WARNING
http://dpdk.org/patch/110020
_Testing issues_
Submitter: youcai <omegacoleman@gmail.com>
Date: Thursday, April 21 2022 16:34:45
DPDK git baseline: Repo:dpdk
Branch: master
CommitID:76076342ec8ef108a155938d46a88bb493fae60e
110020 --> testing fail
Test environment and result as below:
+---------------------+--------------------+----------------------+
| Environment | dpdk_meson_compile | dpdk_mingw64_compile |
+=====================+====================+======================+
| FreeBSD 13 | PASS | SKIPPED |
+---------------------+--------------------+----------------------+
| Windows Server 2019 | PASS | FAIL |
+---------------------+--------------------+----------------------+
| openSUSE Leap 15 | PASS | SKIPPED |
+---------------------+--------------------+----------------------+
| Fedora 31 | PASS | SKIPPED |
+---------------------+--------------------+----------------------+
| Ubuntu 20.04 | PASS | SKIPPED |
+---------------------+--------------------+----------------------+
| RHEL 7 | PASS | SKIPPED |
+---------------------+--------------------+----------------------+
| Arch Linux | PASS | SKIPPED |
+---------------------+--------------------+----------------------+
| Fedora 34 | PASS | SKIPPED |
+---------------------+--------------------+----------------------+
| CentOS Stream 8 | PASS | SKIPPED |
+---------------------+--------------------+----------------------+
| RHEL8 | PASS | SKIPPED |
+---------------------+--------------------+----------------------+
| Fedora 32 | PASS | SKIPPED |
+---------------------+--------------------+----------------------+
| Fedora 33 | PASS | SKIPPED |
+---------------------+--------------------+----------------------+
| Ubuntu 18.04 | PASS | SKIPPED |
+---------------------+--------------------+----------------------+
| Fedora 34 clang | PASS | SKIPPED |
+---------------------+--------------------+----------------------+
| Alpine | PASS | SKIPPED |
+---------------------+--------------------+----------------------+
==== 20 line log output for Windows Server 2019 (dpdk_mingw64_compile): ====
Source dir: C:\Users\builder\jenkins\workspace\Windows-Compile-DPDK-Mingw64\dpdk
Build dir: C:\Users\builder\jenkins\workspace\Windows-Compile-DPDK-Mingw64\dpdk\build
Build type: native build
Program more found: YES (C:\Windows\system32\more.COM)
Project name: DPDK
Project version: 22.07.0-rc0
C compiler for the host machine: gcc (gcc 8.1.0 "gcc (x86_64-posix-seh-rev0, Built by MinGW-W64 project) 8.1.0")
C linker for the host machine: gcc ld.bfd 2.30
Host machine cpu family: x86_64
Host machine cpu: x86_64
Message: ## Building in Developer Mode ##
Program pkg-config pkgconf found: NO
Program check-symbols.sh found: YES (sh C:\Users\builder\jenkins\workspace\Windows-Compile-DPDK-Mingw64\dpdk\buildtools\check-symbols.sh)
Program options-ibverbs-static.sh found: YES (sh C:\Users\builder\jenkins\workspace\Windows-Compile-DPDK-Mingw64\dpdk\buildtools\options-ibverbs-static.sh)
Program objdump found: YES (C:\mingw64\mingw64\bin\objdump.EXE)
Program python3 found: YES (c:\python38\python.exe)
Program more found: YES (C:\Windows\system32\more.COM)
Checking for size of "void *" : 8
Checking for size of "void *" : 8
Library m found: YES
==== End log output ====
FreeBSD 13
Kernel: 13.0
Compiler: clang 11.0.1
Windows Server 2019
Kernel: 10.0
Compiler: clang 14.0 and gcc 8.1.0 (MinGW)
openSUSE Leap 15
Kernel: 4.18.0-240.10.1.el8_3.x86_64
Compiler: gcc 7.5.0
Fedora 31
Kernel: 4.18.0-240.10.1.el8_3.x86_64
Compiler: gcc 9.3.1
Ubuntu 20.04
Kernel: 4.18.0-240.10.1.el8_3.x86_64
Compiler: gcc 9.3.0-17ubuntu1~20.04
RHEL 7
Kernel: 4.18.0-240.10.1.el8_3.x86_64
Compiler: gcc 4.8.5 20150623 (Red Hat 4.8.5-44)
Arch Linux
Kernel: 5.4.0-73-generic
Compiler: gcc 11.1.0
Fedora 34
Kernel: 5.4.0-72-generic
Compiler: gcc 11.1.1 20210428 (Red Hat 11.1.1-1)
CentOS Stream 8
Kernel: 4.18.0-240.10.1.el8_3.x86_64
Compiler: gcc 8.4.1 20200928
RHEL8
Kernel: 4.18.0-240.10.1.el8_3.x86_64
Compiler: gcc 8.3.1 20191121 (Red Hat 8.3.1-5)
Fedora 32
Kernel: 4.18.0-240.10.1.el8_3.x86_64
Compiler: gcc 10.2.1
Fedora 33
Kernel: 5.4.0-72-generic
Compiler: gcc 10.3.1 20210422 (Red Hat 10.3.1-1)
Ubuntu 18.04
Kernel: 4.18.0-240.10.1.el8_3.x86_64
Compiler: gcc 7.5.0-3ubuntu1~18.04
Fedora 34 clang
Kernel: 5.4.0-72-generic
Compiler: clang 12.0.0 (Fedora 12.0.0-0.3.rc1.fc34)
Alpine
Kernel: 5.4.0-73-generic
Compiler: gcc (Alpine 10.3.1_git20210424) 10.3.1 20210424
To view detailed results, visit:
https://lab.dpdk.org/results/dashboard/patchsets/21870/
UNH-IOL DPDK Community Lab
To manage your email subscriptions, visit:
https://lab.dpdk.org/results/dashboard/preferences/subscriptions/
^ permalink raw reply [flat|nested] 2+ messages in thread
[parent not found: <20220421163445.3139491-1-omegacoleman@gmail.com>]
* |WARNING| pw110020 [PATCH v2] kni: check abi version between kmod and lib
[not found] <20220421163445.3139491-1-omegacoleman@gmail.com>
@ 2022-04-21 16:36 ` checkpatch
0 siblings, 0 replies; 2+ messages in thread
From: checkpatch @ 2022-04-21 16:36 UTC (permalink / raw)
To: test-report; +Cc: youcai
Test-Label: checkpatch
Test-Status: WARNING
http://dpdk.org/patch/110020
_coding style issues_
ERROR:OPEN_BRACE: open brace '{' following function definitions go on the next line
#129: FILE: kernel/linux/kni/kni_misc.c:240:
+static int kni_check_abi_version_magic(uint16_t abi_version_magic) {
WARNING:LONG_LINE: line length of 102 exceeds 100 columns
#268: FILE: lib/kni/rte_kni.c:126:
+ "need %" PRIu16 " got %" PRIu16 "
", ABI_VERSION_MAJOR, abi_version);
WARNING:LEADING_SPACE: please, no spaces at the start of a line
#279: FILE: lib/kni/rte_kni.c:272:
+ dev_info.abi_version_magic = RTE_KNI_ABI_VERSION_MAGIC;$
WARNING:LEADING_SPACE: please, no spaces at the start of a line
#287: FILE: lib/kni/rte_kni.c:427:
+ dev_info.abi_version_magic = RTE_KNI_ABI_VERSION_MAGIC;$
total: 1 errors, 3 warnings, 183 lines checked
^ permalink raw reply [flat|nested] 2+ messages in thread
end of thread, other threads:[~2022-04-22 0:40 UTC | newest]
Thread overview: 2+ messages (download: mbox.gz / follow: Atom feed)
-- links below jump to the message on this page --
2022-04-22 0:40 |WARNING| pw110020 [PATCH] [v2] kni: check abi version between kmod and lib dpdklab
[not found] <20220421163445.3139491-1-omegacoleman@gmail.com>
2022-04-21 16:36 ` |WARNING| pw110020 [PATCH v2] " checkpatch
This is a public inbox, see mirroring instructions
for how to clone and mirror all data and code used for this inbox;
as well as URLs for NNTP newsgroup(s).