From: dpdklab@iol.unh.edu
To: Test Report <test-report@dpdk.org>
Cc: dpdklab@iol.unh.edu,
Andrew Rybchenko <andrew.rybchenko@oktetlabs.ru>,
Ferruh Yigit <ferruh.yigit@xilinx.com>
Subject: |FAILURE| [GIT MASTER] 48f39d3b02b75519a97dcdee77075cff17323f1e
Date: Thu, 12 May 2022 02:43:12 +0000 (UTC) [thread overview]
Message-ID: <20220512024312.29208600B3@dpdk-ubuntu.dpdklab.iol.unh.edu> (raw)
[-- Attachment #1: Type: text/plain, Size: 3459 bytes --]
_Testing issues_
Branch: dpdk-next-net
48f39d3b02b75519a97dcdee77075cff17323f1e --> testing fail
Test environment and result as below:
+------------------+----------------+
| Environment | dpdk_unit_test |
+==================+================+
| Fedora 34 | PASS |
+------------------+----------------+
| RHEL 7 | PASS |
+------------------+----------------+
| CentOS Stream 8 | PASS |
+------------------+----------------+
| Ubuntu 18.04 | PASS |
+------------------+----------------+
| openSUSE Leap 15 | PASS |
+------------------+----------------+
| Fedora 31 | PASS |
+------------------+----------------+
| Arch Linux | FAIL |
+------------------+----------------+
| Ubuntu 20.04 | PASS |
+------------------+----------------+
| Fedora 34 clang | PASS |
+------------------+----------------+
| RHEL8 | PASS |
+------------------+----------------+
| Fedora 33 | PASS |
+------------------+----------------+
| Fedora 32 | PASS |
+------------------+----------------+
==== 20 line log output for Arch Linux (dpdk_unit_test): ====
89/99 DPDK:fast-tests / metrics_autotest OK 0.17 s
90/99 DPDK:fast-tests / telemetry_json_autotest OK 0.99 s
91/99 DPDK:fast-tests / telemetry_data_autotest OK 0.32 s
92/99 DPDK:fast-tests / table_autotest OK 22.70 s
93/99 DPDK:fast-tests / ring_pmd_autotest OK 0.35 s
94/99 DPDK:fast-tests / event_eth_tx_adapter_autotest OK 1.40 s
95/99 DPDK:fast-tests / bitratestats_autotest OK 0.26 s
96/99 DPDK:fast-tests / latencystats_autotest OK 0.17 s
97/99 DPDK:fast-tests / pdump_autotest OK 5.47 s
98/99 DPDK:fast-tests / vdev_autotest OK 0.27 s
99/99 DPDK:fast-tests / compressdev_autotest SKIP 0.40 s
Ok: 92
Expected Fail: 0
Fail: 1
Unexpected Pass: 0
Skipped: 6
Timeout: 0
Full log written to /home-local/jenkins-local/jenkins-agent/workspace/Generic-Unit-Test-DPDK@3/dpdk/build/meson-logs/testlog.txt
==== End log output ====
Fedora 34
Kernel: 5.4.0-72-generic
Compiler: gcc 11.1.1 20210428 (Red Hat 11.1.1-1)
RHEL 7
Kernel: 4.18.0-240.10.1.el8_3.x86_64
Compiler: gcc 4.8.5 20150623 (Red Hat 4.8.5-44)
CentOS Stream 8
Kernel: 4.18.0-240.10.1.el8_3.x86_64
Compiler: gcc 8.4.1 20200928
Ubuntu 18.04
Kernel: 4.18.0-240.10.1.el8_3.x86_64
Compiler: gcc 7.5.0-3ubuntu1~18.04
openSUSE Leap 15
Kernel: 4.18.0-240.10.1.el8_3.x86_64
Compiler: gcc 7.5.0
Fedora 31
Kernel: 4.18.0-240.10.1.el8_3.x86_64
Compiler: gcc 9.3.1
Arch Linux
Kernel: 5.4.0-73-generic
Compiler: gcc 11.1.0
Ubuntu 20.04
Kernel: 4.18.0-240.10.1.el8_3.x86_64
Compiler: gcc 9.3.0-17ubuntu1~20.04
Fedora 34 clang
Kernel: 5.4.0-72-generic
Compiler: clang 12.0.0 (Fedora 12.0.0-0.3.rc1.fc34)
RHEL8
Kernel: 4.18.0-240.10.1.el8_3.x86_64
Compiler: gcc 8.3.1 20191121 (Red Hat 8.3.1-5)
Fedora 33
Kernel: 5.4.0-72-generic
Compiler: gcc 10.3.1 20210422 (Red Hat 10.3.1-1)
Fedora 32
Kernel: 4.18.0-240.10.1.el8_3.x86_64
Compiler: gcc 10.2.1
To view detailed results, visit:
https://lab.dpdk.org/results/dashboard/tarballs/19778/
UNH-IOL DPDK Community Lab
To manage your email subscriptions, visit:
https://lab.dpdk.org/results/dashboard/preferences/subscriptions/
reply other threads:[~2022-05-12 2:43 UTC|newest]
Thread overview: [no followups] expand[flat|nested] mbox.gz Atom feed
Reply instructions:
You may reply publicly to this message via plain-text email
using any one of the following methods:
* Save the following mbox file, import it into your mail client,
and reply-to-all from there: mbox
Avoid top-posting and favor interleaved quoting:
https://en.wikipedia.org/wiki/Posting_style#Interleaved_style
* Reply using the --to, --cc, and --in-reply-to
switches of git-send-email(1):
git send-email \
--in-reply-to=20220512024312.29208600B3@dpdk-ubuntu.dpdklab.iol.unh.edu \
--to=dpdklab@iol.unh.edu \
--cc=andrew.rybchenko@oktetlabs.ru \
--cc=ferruh.yigit@xilinx.com \
--cc=test-report@dpdk.org \
/path/to/YOUR_REPLY
https://kernel.org/pub/software/scm/git/docs/git-send-email.html
* If your mail client supports setting the In-Reply-To header
via mailto: links, try the mailto: link
Be sure your reply has a Subject: header at the top and a blank line
before the message body.
This is a public inbox, see mirroring instructions
for how to clone and mirror all data and code used for this inbox;
as well as URLs for NNTP newsgroup(s).