* |FAILURE| pw111031 [PATCH] sched: enable CMAN at runtime
@ 2022-05-12 9:11 dpdklab
0 siblings, 0 replies; 2+ messages in thread
From: dpdklab @ 2022-05-12 9:11 UTC (permalink / raw)
To: Test Report
Cc: dpdk-test-reports, David Marchand, Thomas Monjalon, Marcin Danilewicz
[-- Attachment #1: Type: text/plain, Size: 5237 bytes --]
Test-Label: iol-x86_64-compile-testing
Test-Status: FAILURE
http://dpdk.org/patch/111031
_Testing issues_
Submitter: Marcin Danilewicz <marcinx.danilewicz@intel.com>
Date: Wednesday, May 11 2022 13:53:04
DPDK git baseline: Repo:dpdk
Branch: master
CommitID:36db4a1ad46448a2610133b021677ce6a0e0534e
111031 --> testing fail
Test environment and result as below:
+---------------------+--------------------+----------------------+
| Environment | dpdk_meson_compile | dpdk_mingw64_compile |
+=====================+====================+======================+
| Windows Server 2019 | FAIL | PASS |
+---------------------+--------------------+----------------------+
| FreeBSD 13 | PASS | SKIPPED |
+---------------------+--------------------+----------------------+
| CentOS Stream 8 | PASS | SKIPPED |
+---------------------+--------------------+----------------------+
| Arch Linux | PASS | SKIPPED |
+---------------------+--------------------+----------------------+
| Fedora 31 | PASS | SKIPPED |
+---------------------+--------------------+----------------------+
| Ubuntu 18.04 | PASS | SKIPPED |
+---------------------+--------------------+----------------------+
| Alpine | PASS | SKIPPED |
+---------------------+--------------------+----------------------+
| RHEL 7 | PASS | SKIPPED |
+---------------------+--------------------+----------------------+
| Fedora 34 | PASS | SKIPPED |
+---------------------+--------------------+----------------------+
| openSUSE Leap 15 | PASS | SKIPPED |
+---------------------+--------------------+----------------------+
| Fedora 34 clang | PASS | SKIPPED |
+---------------------+--------------------+----------------------+
| Fedora 33 | PASS | SKIPPED |
+---------------------+--------------------+----------------------+
| Fedora 32 | PASS | SKIPPED |
+---------------------+--------------------+----------------------+
| RHEL8 | PASS | SKIPPED |
+---------------------+--------------------+----------------------+
| Ubuntu 20.04 | PASS | SKIPPED |
+---------------------+--------------------+----------------------+
==== 20 line log output for Windows Server 2019 (dpdk_meson_compile): ====
The Meson build system
Version: 0.57.0
Source dir: C:\Users\builder\jenkins\workspace\Windows-Compile-DPDK-Meson\dpdk
Build dir: C:\Users\builder\jenkins\workspace\Windows-Compile-DPDK-Meson\dpdk\build
Build type: native build
Program more found: YES (C:\Windows\system32\more.COM)
Project name: DPDK
Project version: 22.07.0-rc0
C compiler for the host machine: clang (clang 14.0.0 "clang version 14.0.0")
C linker for the host machine: clang link 14.29.30141.0
Host machine cpu family: x86_64
Host machine cpu: x86_64
Message: ## Building in Developer Mode ##
Program pkg-config pkgconf found: NO
Program check-symbols.sh found: YES (sh C:\Users\builder\jenkins\workspace\Windows-Compile-DPDK-Meson\dpdk\buildtools\check-symbols.sh)
Program options-ibverbs-static.sh found: YES (sh C:\Users\builder\jenkins\workspace\Windows-Compile-DPDK-Meson\dpdk\buildtools\options-ibverbs-static.sh)
Program llvm-objdump found: YES (C:\Program Files\LLVM\bin\llvm-objdump.EXE)
Program python3 found: YES (c:\python38\python.exe)
Program more found: YES (C:\Windows\system32\more.COM)
==== End log output ====
Windows Server 2019
Kernel: 10.0
Compiler: clang 14.0 and gcc 8.1.0 (MinGW)
FreeBSD 13
Kernel: 13.0
Compiler: clang 11.0.1
CentOS Stream 8
Kernel: 4.18.0-240.10.1.el8_3.x86_64
Compiler: gcc 8.4.1 20200928
Arch Linux
Kernel: 5.4.0-73-generic
Compiler: gcc 11.1.0
Fedora 31
Kernel: 4.18.0-240.10.1.el8_3.x86_64
Compiler: gcc 9.3.1
Ubuntu 18.04
Kernel: 4.18.0-240.10.1.el8_3.x86_64
Compiler: gcc 7.5.0-3ubuntu1~18.04
Alpine
Kernel: 5.4.0-73-generic
Compiler: gcc (Alpine 10.3.1_git20210424) 10.3.1 20210424
RHEL 7
Kernel: 4.18.0-240.10.1.el8_3.x86_64
Compiler: gcc 4.8.5 20150623 (Red Hat 4.8.5-44)
Fedora 34
Kernel: 5.4.0-72-generic
Compiler: gcc 11.1.1 20210428 (Red Hat 11.1.1-1)
openSUSE Leap 15
Kernel: 4.18.0-240.10.1.el8_3.x86_64
Compiler: gcc 7.5.0
Fedora 34 clang
Kernel: 5.4.0-72-generic
Compiler: clang 12.0.0 (Fedora 12.0.0-0.3.rc1.fc34)
Fedora 33
Kernel: 5.4.0-72-generic
Compiler: gcc 10.3.1 20210422 (Red Hat 10.3.1-1)
Fedora 32
Kernel: 4.18.0-240.10.1.el8_3.x86_64
Compiler: gcc 10.2.1
RHEL8
Kernel: 4.18.0-240.10.1.el8_3.x86_64
Compiler: gcc 8.3.1 20191121 (Red Hat 8.3.1-5)
Ubuntu 20.04
Kernel: 4.18.0-240.10.1.el8_3.x86_64
Compiler: gcc 9.3.0-17ubuntu1~20.04
To view detailed results, visit:
https://lab.dpdk.org/results/dashboard/patchsets/22081/
UNH-IOL DPDK Community Lab
To manage your email subscriptions, visit:
https://lab.dpdk.org/results/dashboard/preferences/subscriptions/
^ permalink raw reply [flat|nested] 2+ messages in thread
* |FAILURE| pw111031 [PATCH] sched: enable CMAN at runtime
[not found] <20220511135304.258809-1-marcinx.danilewicz@intel.com>
@ 2022-05-11 15:20 ` 0-day Robot
0 siblings, 0 replies; 2+ messages in thread
From: 0-day Robot @ 2022-05-11 15:20 UTC (permalink / raw)
To: test-report; +Cc: marcinx.danilewicz, robot
From: robot@bytheb.org
Test-Label: github-robot: build
Test-Status: FAILURE
http://patchwork.dpdk.org/patch/111031/
_github build: failed_
Build URL: https://github.com/ovsrobot/dpdk/actions/runs/2307534891
Build Logs:
-----------------------Summary of failed steps-----------------------
"ubuntu-20.04-gcc-shared-abi+doc+tests" failed at step Build and test
----------------------End summary of failed steps--------------------
-------------------------------BEGIN LOGS----------------------------
####################################################################################
#### [Begin job log] "ubuntu-20.04-gcc-shared-abi+doc+tests" at step Build and test
####################################################################################
type size hasn't changed
1 data member change:
type of 'rte_sched_cman_params* rte_sched_subport_params::cman_params' changed:
in pointed to type 'struct rte_sched_cman_params' at rte_sched.h:166:1:
type size hasn't changed
1 data member change:
type of 'rte_sched_cman_mode rte_sched_cman_params::cman_mode' changed:
type size hasn't changed
1 enumerator insertion:
'rte_sched_cman_mode::RTE_SCHED_CMAN_NONE' value '0'
2 enumerator changes:
'rte_sched_cman_mode::RTE_SCHED_CMAN_RED' from value '0' to '1' at rte_sched.h:128:1
'rte_sched_cman_mode::RTE_SCHED_CMAN_PIE' from value '1' to '2' at rte_sched.h:128:1
Error: ABI issue reported for 'abidiff --suppr devtools/libabigail.abignore --no-added-syms --headers-dir1 reference/usr/local/include --headers-dir2 install/usr/local/include reference/dump/librte_sched.dump install/dump/librte_sched.dump'
ABIDIFF_ABI_CHANGE, this change requires a review (abidiff flagged this as a potential issue).
Functions changes summary: 0 Removed, 0 Changed (2 filtered out), 0 Added functions
Variables changes summary: 0 Removed, 0 Changed (2 filtered out), 0 Added variables
Functions changes summary: 0 Removed, 0 Changed, 0 Added function
Variables changes summary: 0 Removed, 0 Changed (1 filtered out), 0 Added variable
##[error]Process completed with exit code 1.
####################################################################################
#### [End job log] "ubuntu-20.04-gcc-shared-abi+doc+tests" at step Build and test
####################################################################################
--------------------------------END LOGS-----------------------------
^ permalink raw reply [flat|nested] 2+ messages in thread
end of thread, other threads:[~2022-05-12 9:11 UTC | newest]
Thread overview: 2+ messages (download: mbox.gz / follow: Atom feed)
-- links below jump to the message on this page --
2022-05-12 9:11 |FAILURE| pw111031 [PATCH] sched: enable CMAN at runtime dpdklab
[not found] <20220511135304.258809-1-marcinx.danilewicz@intel.com>
2022-05-11 15:20 ` 0-day Robot
This is a public inbox, see mirroring instructions
for how to clone and mirror all data and code used for this inbox;
as well as URLs for NNTP newsgroup(s).