automatic DPDK test reports
 help / color / mirror / Atom feed
From: dpdklab@iol.unh.edu
To: Test Report <test-report@dpdk.org>
Cc: dpdklab@iol.unh.edu, David Marchand <david.marchand@redhat.com>,
	Thomas Monjalon <thomas@monjalon.net>,
	Ke Zhang <ke1x.zhang@intel.com>
Subject: |FAILURE| pw111045 [PATCH] [v5] fix mbuf release function point corrupt in multi-process
Date: Thu, 12 May 2022 15:31:12 +0000 (UTC)
Message-ID: <20220512153112.52FB8600B3@dpdk-ubuntu.dpdklab.iol.unh.edu> (raw)

[-- Attachment #1: Type: text/plain, Size: 8557 bytes --]

Test-Label: iol-aarch64-unit-testing
Test-Status: FAILURE
http://dpdk.org/patch/111045

_Testing issues_

Submitter: Ke Zhang <ke1x.zhang@intel.com>
Date: Thursday, May 12 2022 07:44:43 
DPDK git baseline: Repo:dpdk
  Branch: master
  CommitID:c0c305ee9e0e7c9feca6412266a778f330d20c19

111045 --> testing fail

Test environment and result as below:

+-------------------------------+----------------+--------------+
|          Environment          | dpdk_unit_test | lpm_autotest |
+===============================+================+==============+
| Ubuntu 20.04 ARM GCC Native   | FAIL           | SKIPPED      |
+-------------------------------+----------------+--------------+
| Ubuntu 20.04 ARM Clang Native | FAIL           | SKIPPED      |
+-------------------------------+----------------+--------------+
| Ubuntu 20.04 ARM SVE          | SKIPPED        | PASS         |
+-------------------------------+----------------+--------------+

==== 20 line log output for Ubuntu 20.04 ARM Clang Native (dpdk_unit_test): ====
/usr/bin/ld: drivers/librte_net_iavf.a(net_iavf_iavf_rxtx.c.o):(.data.rel.ro+0x8): undefined reference to `iavf_rx_queue_release_mbufs_sse'
/usr/bin/ld: drivers/librte_net_iavf.a(net_iavf_iavf_rxtx.c.o):(.data.rel.ro+0x18): undefined reference to `iavf_tx_queue_release_mbufs_sse'
/usr/bin/ld: drivers/librte_net_iavf.a(net_iavf_iavf_rxtx.c.o):(.data.rel.ro+0x20): undefined reference to `iavf_tx_queue_release_mbufs_avx512'
clang: error: linker command failed with exit code 1 (use -v to see invocation)
[3316/3486] Linking target app/dpdk-test-regex
FAILED: app/dpdk-test-regex
clang  -o app/dpdk-test-regex app/dpdk-test-regex.p/test-regex_main.c.o -Wl,--as-needed -Wl,--no-undefined -Wl,-O1 -Wl,--whole-archive -Wl,--start-group lib/librte_node.a lib/librte_graph.a lib/librte_flow_classify.a lib/librte_pipeline.a lib/librte_table.a lib/librte_pdump.a lib/librte_port.a lib/librte_fib.a lib/librte_ipsec.a lib/librte_vhost.a lib/librte_stack.a lib/librte_security.a lib/librte_sched.a lib/librte_reorder.a lib/librte_rib.a lib/librte_dmadev.a lib/librte_regexdev.a lib/librte_rawdev.a lib/librte_power.a lib/librte_pcapng.a lib/librte_member.a lib/librte_lpm.a lib/librte_latencystats.a lib/librte_kni.a lib/librte_jobstats.a lib/librte_ip_frag.a lib/librte_gso.a lib/librte_gro.a lib/librte_gpudev.a lib/librte_eventdev.a lib/librte_efd.a lib/librte_distributor.a lib/librte_cryptodev.a lib/librte_compressdev.a lib/librte_cfgfile.a lib/librte_bpf.a lib/librte_bitratestats.a lib/librte_bbdev.a lib/librte_acl.a lib/librte_timer.a lib/librte_hash.a lib/librte_metrics.a lib/librte_cmdline.a lib/librte_pci.a lib/librte_ethdev.a lib/librte_meter.a lib/librte_net.a lib/librte_mbuf.a lib/librte_mempool.a lib/librte_rcu.a lib/librte_ring.a lib/librte_eal.a lib/librte_telemetry.a lib/librte_kvargs.a drivers/librte_common_cpt.a drivers/librte_common_dpaax.a drivers/librte_common_iavf.a drivers/librte_common_octeontx.a drivers/librte_bus_auxiliary.a drivers/librte_bus_dpaa.a drivers/librte_bus_fslmc.a drivers/librte_bus_ifpga.a drivers/librte_bus_pci.a drivers/librte_bus_vdev.a drivers/librte_bus_vmbus.a drivers/librte_common_cnxk.a drivers/librte_common_mlx5.a drivers/librte_common_qat.a drivers/librte_common_sfc_efx.a drivers/librte_mempool_bucket.a drivers/librte_mempool_cnxk.a drivers/librte_mempool_dpaa.a drivers/librte_mempool_dpaa2.a drivers/librte_mempool_octeontx.a drivers/librte_mempool_ring.a drivers/librte_mempool_stack.a drivers/librte_dma_cnxk.a drivers/librte_dma_dpaa.a drivers/librte_dma_hisilicon.a drivers/librte_dma_skeleton.a drivers/librte_net_af_packet.a drivers/librte_net_ark.a drivers/librte_net_atlantic.a drivers/librte_net_avp.a drivers/librte_net_axgbe.a drivers/librte_net_bnx2x.a drivers/librte_net_bnxt.a drivers/librte_net_bond.a drivers/librte_net_cnxk.a drivers/librte_net_cxgbe.a drivers/librte_net_dpaa.a drivers/librte_net_dpaa2.a drivers/librte_net_e1000.a drivers/librte_net_ena.a drivers/librte_net_enetc.a drivers/librte_net_enetfec.a drivers/librte_net_enic.a drivers/librte_net_failsafe.a drivers/librte_net_fm10k.a drivers/librte_net_hinic.a drivers/librte_net_hns3.a drivers/librte_net_i40e.a drivers/librte_net_iavf.a drivers/librte_net_ice.a drivers/librte_net_igc.a drivers/librte_net_ionic.a drivers/librte_net_ipn3ke.a drivers/librte_net_ixgbe.a drivers/librte_net_kni.a drivers/librte_net_liquidio.a drivers/librte_net_memif.a drivers/librte_net_mlx5.a drivers/librte_net_netvsc.a drivers/librte_net_nfp.a drivers/librte_net_ngbe.a drivers/librte_net_null.a drivers/librte_net_octeontx.a drivers/librte_net_octeontx_ep.a drivers/librte_net_pcap.a drivers/librte_net_pfe.a drivers/librte_net_qede.a drivers/librte_net_ring.a drivers/librte_net_sfc.a drivers/librte_net_softnic.a drivers/librte_net_tap.a drivers/librte_net_thunderx.a drivers/librte_net_txgbe.a drivers/librte_net_vdev_netvsc.a drivers/librte_net_vhost.a drivers/librte_net_virtio.a drivers/librte_net_vmxnet3.a drivers/librte_raw_cnxk_bphy.a drivers/librte_raw_cnxk_gpio.a drivers/librte_raw_dpaa2_cmdif.a drivers/librte_raw_dpaa2_qdma.a drivers/librte_raw_ifpga.a drivers/librte_raw_ntb.a drivers/librte_raw_skeleton.a drivers/librte_crypto_bcmfs.a drivers/librte_crypto_caam_jr.a drivers/librte_crypto_ccp.a drivers/librte_crypto_cnxk.a drivers/librte_crypto_dpaa_sec.a drivers/librte_crypto_dpaa2_sec.a drivers/librte_crypto_mlx5.a drivers/librte_crypto_nitrox.a drivers/librte_crypto_null.a drivers/librte_crypto_octeontx.a drivers/librte_crypto_openssl.a drivers/librte_crypto_scheduler.a drivers/librte_crypto_virtio.a drivers/librte_compress_mlx5.a drivers/librte_compress_octeontx.a drivers/librte_compress_zlib.a drivers/librte_regex_mlx5.a drivers/librte_regex_cn9k.a drivers/librte_vdpa_ifc.a drivers/librte_vdpa_mlx5.a drivers/librte_vdpa_sfc.a drivers/librte_event_cnxk.a drivers/librte_event_dpaa.a drivers/librte_event_dpaa2.a drivers/librte_event_dsw.a drivers/librte_event_opdl.a drivers/librte_event_skeleton.a drivers/librte_event_sw.a drivers/librte_event_octeontx.a drivers/librte_baseband_acc100.a drivers/librte_baseband_fpga_5gnr_fec.a drivers/librte_baseband_fpga_lte_fec.a drivers/librte_baseband_la12xx.a drivers/librte_baseband_null.a drivers/librte_baseband_turbo_sw.a -Wl,--no-whole-archive -Wl,--no-as-needed -pthread -lm -ldl -lnuma -lfdt -larchive -Wl,-rpath,XXXXXXXXXXXXXXXXXXXXXXXXXXXXXXXXXXXXXXXXXXXXXXX -Wl,--export-dynamic /usr/lib/aarch64-linux-gnu/libpcap.so /usr/lib/aarch64-linux-gnu/libelf.so /usr/lib/aarch64-linux-gnu/libjansson.so /usr/lib/aarch64-linux-gnu/libmlx5.so /usr/lib/aarch64-linux-gnu/libibverbs.so /usr/lib/aarch64-linux-gnu/libcrypto.so /usr/lib/aarch64-linux-gnu/libz.so -lrt -Wl,--end-group
/usr/bin/ld: drivers/librte_net_iavf.a(net_iavf_iavf_rxtx.c.o):(.data.rel.ro+0x8): undefined reference to `iavf_rx_queue_release_mbufs_sse'
/usr/bin/ld: drivers/librte_net_iavf.a(net_iavf_iavf_rxtx.c.o):(.data.rel.ro+0x18): undefined reference to `iavf_tx_queue_release_mbufs_sse'
/usr/bin/ld: drivers/librte_net_iavf.a(net_iavf_iavf_rxtx.c.o):(.data.rel.ro+0x20): undefined reference to `iavf_tx_queue_release_mbufs_avx512'
clang: error: linker command failed with exit code 1 (use -v to see invocation)
[3317/3486] Generating symbol file lib/librte_bbdev.so.22.2.p/librte_bbdev.so.22.2.symbols
[3318/3486] Generating symbol file lib/librte_regexdev.so.22.2.p/librte_regexdev.so.22.2.symbols
[3319/3486] Generating symbol file lib/librte_compressdev.so.22.2.p/librte_compressdev.so.22.2.symbols
[3320/3486] Generating symbol file lib/librte_reorder.so.22.2.p/librte_reorder.so.22.2.symbols
[3321/3486] Generating symbol file lib/librte_net.so.22.2.p/librte_net.so.22.2.symbols
[3322/3486] Generating symbol file drivers/librte_mempool_octeontx.so.22.2.p/librte_mempool_octeontx.so.22.2.symbols
[3323/3486] Generating symbol file lib/librte_sched.so.22.2.p/librte_sched.so.22.2.symbols
[3324/3486] Generating symbol file lib/librte_cryptodev.so.22.2.p/librte_cryptodev.so.22.2.symbols
ninja: build stopped: subcommand failed.
==== End log output ====

Ubuntu 20.04 ARM GCC Native
	Kernel: 5.4.0-53-generic
	Compiler: gcc 9.3

Ubuntu 20.04 ARM Clang Native
	Kernel: 5.4.0-53-generic
	Compiler: clang 10.0.0-4ubuntu1

Ubuntu 20.04 ARM SVE
	Kernel: 5.4.0-80-generic
	Compiler: gcc 10.3.0 (Ubuntu 10.3.0-1ubuntu1~20.04)

To view detailed results, visit:
https://lab.dpdk.org/results/dashboard/patchsets/22093/

UNH-IOL DPDK Community Lab

To manage your email subscriptions, visit: 
https://lab.dpdk.org/results/dashboard/preferences/subscriptions/

             reply	other threads:[~2022-05-12 15:31 UTC|newest]

Thread overview: 5+ messages / expand[flat|nested]  mbox.gz  Atom feed  top
2022-05-12 15:31 dpdklab [this message]
  -- strict thread matches above, loose matches on Subject: below --
2022-05-13  1:10 dpdklab
2022-05-12 15:53 dpdklab
2022-05-12 14:46 dpdklab
     [not found] <20220512074443.183631-1-ke1x.zhang@intel.com>
2022-05-12  9:21 ` |FAILURE| pw111045 [PATCH v5] " 0-day Robot

Reply instructions:

You may reply publicly to this message via plain-text email
using any one of the following methods:

* Save the following mbox file, import it into your mail client,
  and reply-to-all from there: mbox

  Avoid top-posting and favor interleaved quoting:
  https://en.wikipedia.org/wiki/Posting_style#Interleaved_style

* Reply using the --to, --cc, and --in-reply-to
  switches of git-send-email(1):

  git send-email \
    --in-reply-to=20220512153112.52FB8600B3@dpdk-ubuntu.dpdklab.iol.unh.edu \
    --to=dpdklab@iol.unh.edu \
    --cc=david.marchand@redhat.com \
    --cc=ke1x.zhang@intel.com \
    --cc=test-report@dpdk.org \
    --cc=thomas@monjalon.net \
    /path/to/YOUR_REPLY

  https://kernel.org/pub/software/scm/git/docs/git-send-email.html

* If your mail client supports setting the In-Reply-To header
  via mailto: links, try the mailto: link

automatic DPDK test reports

This inbox may be cloned and mirrored by anyone:

	git clone --mirror http://inbox.dpdk.org/test-report/0 test-report/git/0.git

	# If you have public-inbox 1.1+ installed, you may
	# initialize and index your mirror using the following commands:
	public-inbox-init -V2 test-report test-report/ http://inbox.dpdk.org/test-report \
		test-report@dpdk.org
	public-inbox-index test-report

Example config snippet for mirrors.
Newsgroup available over NNTP:
	nntp://inbox.dpdk.org/inbox.dpdk.test-report


AGPL code for this site: git clone https://public-inbox.org/public-inbox.git