automatic DPDK test reports
 help / color / mirror / Atom feed
* |FAILURE| pw111037 [PATCH] [v3] app/testpmd: perform SW IP checksum for GRO/GSO packets
@ 2022-05-12 18:20 dpdklab
  0 siblings, 0 replies; only message in thread
From: dpdklab @ 2022-05-12 18:20 UTC (permalink / raw)
  To: Test Report; +Cc: dpdk-test-reports, David Marchand, Thomas Monjalon, Wenwu Ma

[-- Attachment #1: Type: text/plain, Size: 5218 bytes --]

Test-Label: iol-x86_64-compile-testing
Test-Status: FAILURE
http://dpdk.org/patch/111037

_Testing issues_

Submitter: Wenwu Ma <wenwux.ma@intel.com>
Date: Thursday, May 12 2022 01:07:56 
DPDK git baseline: Repo:dpdk
  Branch: master
  CommitID:c0c305ee9e0e7c9feca6412266a778f330d20c19

111037 --> testing fail

Test environment and result as below:

+---------------------+--------------------+----------------------+
|     Environment     | dpdk_meson_compile | dpdk_mingw64_compile |
+=====================+====================+======================+
| Windows Server 2019 | FAIL               | PASS                 |
+---------------------+--------------------+----------------------+
| FreeBSD 13          | PASS               | SKIPPED              |
+---------------------+--------------------+----------------------+
| Arch Linux          | PASS               | SKIPPED              |
+---------------------+--------------------+----------------------+
| Alpine              | PASS               | SKIPPED              |
+---------------------+--------------------+----------------------+
| Ubuntu 18.04        | PASS               | SKIPPED              |
+---------------------+--------------------+----------------------+
| Fedora 31           | PASS               | SKIPPED              |
+---------------------+--------------------+----------------------+
| RHEL8               | PASS               | SKIPPED              |
+---------------------+--------------------+----------------------+
| Fedora 34           | PASS               | SKIPPED              |
+---------------------+--------------------+----------------------+
| CentOS Stream 8     | PASS               | SKIPPED              |
+---------------------+--------------------+----------------------+
| Fedora 32           | PASS               | SKIPPED              |
+---------------------+--------------------+----------------------+
| RHEL 7              | PASS               | SKIPPED              |
+---------------------+--------------------+----------------------+
| Ubuntu 20.04        | PASS               | SKIPPED              |
+---------------------+--------------------+----------------------+
| Fedora 33           | PASS               | SKIPPED              |
+---------------------+--------------------+----------------------+
| openSUSE Leap 15    | PASS               | SKIPPED              |
+---------------------+--------------------+----------------------+
| Fedora 34 clang     | PASS               | SKIPPED              |
+---------------------+--------------------+----------------------+

==== 20 line log output for Windows Server 2019 (dpdk_meson_compile): ====
The Meson build system
Version: 0.57.0
Source dir: C:\Users\builder\jenkins\workspace\Windows-Compile-DPDK-Meson\dpdk
Build dir: C:\Users\builder\jenkins\workspace\Windows-Compile-DPDK-Meson\dpdk\build
Build type: native build
Program more found: YES (C:\Windows\system32\more.COM)
Project name: DPDK
Project version: 22.07.0-rc0
C compiler for the host machine: clang (clang 14.0.0 "clang version 14.0.0")
C linker for the host machine: clang link 14.29.30141.0
Host machine cpu family: x86_64
Host machine cpu: x86_64
Message: ## Building in Developer Mode ##
Program pkg-config pkgconf found: NO
Program check-symbols.sh found: YES (sh C:\Users\builder\jenkins\workspace\Windows-Compile-DPDK-Meson\dpdk\buildtools\check-symbols.sh)
Program options-ibverbs-static.sh found: YES (sh C:\Users\builder\jenkins\workspace\Windows-Compile-DPDK-Meson\dpdk\buildtools\options-ibverbs-static.sh)
Program llvm-objdump found: YES (C:\Program Files\LLVM\bin\llvm-objdump.EXE)
Program python3 found: YES (c:\python38\python.exe)
Program more found: YES (C:\Windows\system32\more.COM)
==== End log output ====

Windows Server 2019
	Kernel: 10.0
	Compiler: clang 14.0 and gcc 8.1.0 (MinGW)

FreeBSD 13
	Kernel: 13.0
	Compiler: clang 11.0.1

Arch Linux
	Kernel: 5.4.0-73-generic
	Compiler: gcc 11.1.0

Alpine
	Kernel: 5.4.0-73-generic
	Compiler: gcc (Alpine 10.3.1_git20210424) 10.3.1 20210424

Ubuntu 18.04
	Kernel: 4.18.0-240.10.1.el8_3.x86_64
	Compiler: gcc 7.5.0-3ubuntu1~18.04

Fedora 31
	Kernel: 4.18.0-240.10.1.el8_3.x86_64
	Compiler: gcc 9.3.1

RHEL8
	Kernel: 4.18.0-240.10.1.el8_3.x86_64
	Compiler: gcc 8.3.1 20191121 (Red Hat 8.3.1-5)

Fedora 34
	Kernel: 5.4.0-72-generic
	Compiler: gcc 11.1.1 20210428 (Red Hat 11.1.1-1)

CentOS Stream 8
	Kernel: 4.18.0-240.10.1.el8_3.x86_64
	Compiler: gcc 8.4.1 20200928

Fedora 32
	Kernel: 4.18.0-240.10.1.el8_3.x86_64
	Compiler: gcc 10.2.1

RHEL 7
	Kernel: 4.18.0-240.10.1.el8_3.x86_64
	Compiler: gcc 4.8.5 20150623 (Red Hat 4.8.5-44)

Ubuntu 20.04
	Kernel: 4.18.0-240.10.1.el8_3.x86_64
	Compiler: gcc 9.3.0-17ubuntu1~20.04

Fedora 33
	Kernel: 5.4.0-72-generic
	Compiler: gcc 10.3.1 20210422 (Red Hat 10.3.1-1)

openSUSE Leap 15
	Kernel: 4.18.0-240.10.1.el8_3.x86_64
	Compiler: gcc 7.5.0

Fedora 34 clang
	Kernel: 5.4.0-72-generic
	Compiler: clang 12.0.0 (Fedora 12.0.0-0.3.rc1.fc34)

To view detailed results, visit:
https://lab.dpdk.org/results/dashboard/patchsets/22087/

UNH-IOL DPDK Community Lab

To manage your email subscriptions, visit: 
https://lab.dpdk.org/results/dashboard/preferences/subscriptions/

^ permalink raw reply	[flat|nested] only message in thread

only message in thread, other threads:[~2022-05-12 18:20 UTC | newest]

Thread overview: (only message) (download: mbox.gz / follow: Atom feed)
-- links below jump to the message on this page --
2022-05-12 18:20 |FAILURE| pw111037 [PATCH] [v3] app/testpmd: perform SW IP checksum for GRO/GSO packets dpdklab

automatic DPDK test reports

This inbox may be cloned and mirrored by anyone:

	git clone --mirror http://inbox.dpdk.org/test-report/0 test-report/git/0.git

	# If you have public-inbox 1.1+ installed, you may
	# initialize and index your mirror using the following commands:
	public-inbox-init -V2 test-report test-report/ http://inbox.dpdk.org/test-report \
		test-report@dpdk.org
	public-inbox-index test-report

Example config snippet for mirrors.
Newsgroup available over NNTP:
	nntp://inbox.dpdk.org/inbox.dpdk.test-report


AGPL code for this site: git clone https://public-inbox.org/public-inbox.git