automatic DPDK test reports
 help / color / mirror / Atom feed
* |WARNING| pw111045 [PATCH] [v5] fix mbuf release function point corrupt in multi-process
@ 2022-05-12 20:26 dpdklab
  0 siblings, 0 replies; only message in thread
From: dpdklab @ 2022-05-12 20:26 UTC (permalink / raw)
  To: Test Report; +Cc: dpdk-test-reports, David Marchand, Thomas Monjalon, Ke Zhang

[-- Attachment #1: Type: text/plain, Size: 5687 bytes --]

Test-Label: iol-abi-testing
Test-Status: WARNING
http://dpdk.org/patch/111045

_Testing issues_

Submitter: Ke Zhang <ke1x.zhang@intel.com>
Date: Thursday, May 12 2022 07:44:43 
DPDK git baseline: Repo:dpdk
  Branch: master
  CommitID:c0c305ee9e0e7c9feca6412266a778f330d20c19

111045 --> testing fail

Test environment and result as below:

+------------------+----------+
|   Environment    | abi_test |
+==================+==========+
| RHEL 7           | FAIL     |
+------------------+----------+
| Ubuntu 18.04     | PASS     |
+------------------+----------+
| CentOS Stream 8  | PASS     |
+------------------+----------+
| Ubuntu 20.04     | PASS     |
+------------------+----------+
| Arch Linux       | PASS     |
+------------------+----------+
| openSUSE Leap 15 | PASS     |
+------------------+----------+
| RHEL8            | PASS     |
+------------------+----------+
| Fedora 34 clang  | PASS     |
+------------------+----------+
| Fedora 33        | PASS     |
+------------------+----------+
| Fedora 34        | PASS     |
+------------------+----------+
| Fedora 32        | PASS     |
+------------------+----------+
| Fedora 31        | PASS     |
+------------------+----------+

==== 20 line log output for RHEL 7 (abi_test): ====
[1624/3504] Compiling C object 'drivers/a715181@@tmp_rte_net_iavf@sta/net_iavf_iavf_rxtx_vec_sse.c.o'.
[1625/3504] Compiling C object 'drivers/a715181@@tmp_rte_net_iavf@sta/net_iavf_iavf_rxtx_vec_avx2.c.o'.
[1626/3504] Generating rte_net_iavf_mingw with a custom command.
[1627/3504] Linking static target drivers/libtmp_rte_net_iavf.a.
[1628/3504] Generating rte_net_iavf.pmd.c with a custom command.
[1629/3504] Compiling C object 'drivers/a715181@@rte_net_iavf@sta/meson-generated_.._rte_net_iavf.pmd.c.o'.
[1630/3504] Compiling C object 'drivers/a715181@@rte_net_iavf@sha/meson-generated_.._rte_net_iavf.pmd.c.o'.
[1631/3504] Generating rte_net_iavf_def with a custom command.
[1632/3504] Compiling C object 'drivers/net/ice/base/39545a2@@ice_base@sta/ice_common.c.o'.
[1633/3504] Linking static target drivers/librte_net_iavf.a.
[1634/3504] Compiling C object 'drivers/net/ice/base/39545a2@@ice_base@sta/ice_controlq.c.o'.
[1635/3504] Compiling C object 'drivers/net/ice/base/39545a2@@ice_base@sta/ice_sched.c.o'.
[1636/3504] Linking target drivers/librte_net_iavf.so.22.2.
FAILED: drivers/librte_net_iavf.so.22.2
ccache cc  -o drivers/librte_net_iavf.so.22.2 'drivers/a715181@@rte_net_iavf@sha/meson-generated_.._rte_net_iavf.pmd.c.o' 'drivers/a715181@@tmp_rte_net_iavf@sta/net_iavf_iavf_ethdev.c.o' 'drivers/a715181@@tmp_rte_net_iavf@sta/net_iavf_iavf_rxtx.c.o' 'drivers/a715181@@tmp_rte_net_iavf@sta/net_iavf_iavf_vchnl.c.o' 'drivers/a715181@@tmp_rte_net_iavf@sta/net_iavf_iavf_generic_flow.c.o' 'drivers/a715181@@tmp_rte_net_iavf@sta/net_iavf_iavf_fdir.c.o' 'drivers/a715181@@tmp_rte_net_iavf@sta/net_iavf_iavf_hash.c.o' 'drivers/a715181@@tmp_rte_net_iavf@sta/net_iavf_iavf_tm.c.o' 'drivers/a715181@@tmp_rte_net_iavf@sta/net_iavf_iavf_ipsec_crypto.c.o' 'drivers/a715181@@tmp_rte_net_iavf@sta/net_iavf_iavf_rxtx_vec_sse.c.o' 'drivers/a715181@@tmp_rte_net_iavf@sta/net_iavf_iavf_rxtx_vec_avx2.c.o' -Wl,--no-undefined -Wl,--as-needed -shared -fPIC -Wl,--start-group -Wl,-soname,librte_net_iavf.so.22 -Wl,--no-as-needed -pthread -lm -ldl -lnuma lib/librte_ethdev.so.22.2 lib/librte_eal.so.22.2 lib/librte_kvargs.so.22.2 lib/librte_telemetry.so.22.2 lib/librte_net.so.22.2 lib/librte_mbuf.so.22.2 lib/librte_mempool.so.22.2 lib/librte_ring.so.22.2 lib/librte_meter.so.22.2 drivers/librte_bus_pci.so.22.2 lib/librte_pci.so.22.2 drivers/librte_bus_vdev.so.22.2 drivers/librte_common_iavf.so.22.2 lib/librte_security.so.22.2 lib/librte_cryptodev.so.22.2 lib/librte_rcu.so.22.2 -Wl,--end-group -Wl,--version-script=/home-local/jenkins-local/jenkins-agent/workspace/Generic-DPDK-Compile-ABI/dpdk/drivers/net/iavf/version.map '-Wl,-rpath,$ORIGIN/../lib:$ORIGIN/' -Wl,-rpath-link,/home-local/jenkins-local/jenkins-agent/workspace/Generic-DPDK-Compile-ABI/dpdk/build/lib:/home-local/jenkins-local/jenkins-agent/workspace/Generic-DPDK-Compile-ABI/dpdk/build/drivers
drivers/a715181@@tmp_rte_net_iavf@sta/net_iavf_iavf_rxtx.c.o:(.data.rel.ro+0x10): undefined reference to `iavf_tx_queue_release_mbufs_avx512'
collect2: error: ld returned 1 exit status
ninja: build stopped: subcommand failed.
==== Creating reference DPDK ABI
Error: install directory 'build_install' does not exist.
==== End log output ====

RHEL 7
	Kernel: 4.18.0-240.10.1.el8_3.x86_64
	Compiler: gcc 4.8.5 20150623 (Red Hat 4.8.5-44)

Ubuntu 18.04
	Kernel: 4.18.0-240.10.1.el8_3.x86_64
	Compiler: gcc 7.5.0-3ubuntu1~18.04

CentOS Stream 8
	Kernel: 4.18.0-240.10.1.el8_3.x86_64
	Compiler: gcc 8.4.1 20200928

Ubuntu 20.04
	Kernel: 4.18.0-240.10.1.el8_3.x86_64
	Compiler: gcc 9.3.0-17ubuntu1~20.04

Arch Linux
	Kernel: 5.4.0-73-generic
	Compiler: gcc 11.1.0

openSUSE Leap 15
	Kernel: 4.18.0-240.10.1.el8_3.x86_64
	Compiler: gcc 7.5.0

RHEL8
	Kernel: 4.18.0-240.10.1.el8_3.x86_64
	Compiler: gcc 8.3.1 20191121 (Red Hat 8.3.1-5)

Fedora 34 clang
	Kernel: 5.4.0-72-generic
	Compiler: clang 12.0.0 (Fedora 12.0.0-0.3.rc1.fc34)

Fedora 33
	Kernel: 5.4.0-72-generic
	Compiler: gcc 10.3.1 20210422 (Red Hat 10.3.1-1)

Fedora 34
	Kernel: 5.4.0-72-generic
	Compiler: gcc 11.1.1 20210428 (Red Hat 11.1.1-1)

Fedora 32
	Kernel: 4.18.0-240.10.1.el8_3.x86_64
	Compiler: gcc 10.2.1

Fedora 31
	Kernel: 4.18.0-240.10.1.el8_3.x86_64
	Compiler: gcc 9.3.1

To view detailed results, visit:
https://lab.dpdk.org/results/dashboard/patchsets/22093/

UNH-IOL DPDK Community Lab

To manage your email subscriptions, visit: 
https://lab.dpdk.org/results/dashboard/preferences/subscriptions/

^ permalink raw reply	[flat|nested] only message in thread

only message in thread, other threads:[~2022-05-12 20:26 UTC | newest]

Thread overview: (only message) (download: mbox.gz / follow: Atom feed)
-- links below jump to the message on this page --
2022-05-12 20:26 |WARNING| pw111045 [PATCH] [v5] fix mbuf release function point corrupt in multi-process dpdklab

automatic DPDK test reports

This inbox may be cloned and mirrored by anyone:

	git clone --mirror http://inbox.dpdk.org/test-report/0 test-report/git/0.git

	# If you have public-inbox 1.1+ installed, you may
	# initialize and index your mirror using the following commands:
	public-inbox-init -V2 test-report test-report/ http://inbox.dpdk.org/test-report \
		test-report@dpdk.org
	public-inbox-index test-report

Example config snippet for mirrors.
Newsgroup available over NNTP:
	nntp://inbox.dpdk.org/inbox.dpdk.test-report


AGPL code for this site: git clone https://public-inbox.org/public-inbox.git