automatic DPDK test reports
 help / color / mirror / Atom feed
* |SUCCESS| pw111135 [PATCH v2] eal: allow worker lcore stacks to be allocated from hugepage memory
       [not found] <20220513175822.69905-1-donw@xsightlabs.com>
@ 2022-05-13 17:59 ` checkpatch
  2022-05-13 19:39 ` |FAILURE| " 0-day Robot
  1 sibling, 0 replies; 3+ messages in thread
From: checkpatch @ 2022-05-13 17:59 UTC (permalink / raw)
  To: test-report

Test-Label: checkpatch
Test-Status: SUCCESS
http://dpdk.org/patch/111135

_coding style OK_



^ permalink raw reply	[flat|nested] 3+ messages in thread

* |FAILURE| pw111135 [PATCH v2] eal: allow worker lcore stacks to be allocated from hugepage memory
       [not found] <20220513175822.69905-1-donw@xsightlabs.com>
  2022-05-13 17:59 ` |SUCCESS| pw111135 [PATCH v2] eal: allow worker lcore stacks to be allocated from hugepage memory checkpatch
@ 2022-05-13 19:39 ` 0-day Robot
  1 sibling, 0 replies; 3+ messages in thread
From: 0-day Robot @ 2022-05-13 19:39 UTC (permalink / raw)
  To: test-report; +Cc: donw, robot

From: robot@bytheb.org

Test-Label: github-robot: build
Test-Status: FAILURE
http://patchwork.dpdk.org/patch/111135/

_github build: failed_
Build URL: https://github.com/ovsrobot/dpdk/actions/runs/2321135079
Build Logs:
-----------------------Summary of failed steps-----------------------
"ubuntu-20.04-gcc-static-mingw" failed at step Build and test
----------------------End summary of failed steps--------------------

-------------------------------BEGIN LOGS----------------------------
####################################################################################
#### [Begin job log] "ubuntu-20.04-gcc-static-mingw" at step Build and test
####################################################################################
[19/1285] Compiling C object 'lib/76b5a35@@rte_eal@sta/eal_common_eal_common_dev.c.obj'.
[20/1285] Compiling C object 'lib/76b5a35@@rte_eal@sta/eal_common_eal_common_errno.c.obj'.
[21/1285] Compiling C object 'lib/76b5a35@@rte_eal@sta/eal_common_eal_common_devargs.c.obj'.
[22/1285] Compiling C object 'lib/76b5a35@@rte_eal@sta/eal_common_eal_common_hexdump.c.obj'.
[23/1285] Compiling C object 'lib/76b5a35@@rte_eal@sta/eal_common_eal_common_interrupts.c.obj'.
[24/1285] Compiling C object 'lib/76b5a35@@rte_eal@sta/eal_common_eal_common_launch.c.obj'.
[25/1285] Compiling C object 'lib/76b5a35@@rte_eal@sta/eal_common_eal_common_fbarray.c.obj'.
[26/1285] Compiling C object 'lib/76b5a35@@rte_eal@sta/eal_common_eal_common_lcore.c.obj'.
[27/1285] Compiling C object 'lib/76b5a35@@rte_eal@sta/eal_common_eal_common_mcfg.c.obj'.
[28/1285] Compiling C object 'lib/76b5a35@@rte_eal@sta/eal_common_eal_common_log.c.obj'.
[29/1285] Compiling C object 'lib/76b5a35@@rte_eal@sta/eal_common_eal_common_memalloc.c.obj'.
[30/1285] Compiling C object 'lib/76b5a35@@rte_eal@sta/eal_common_eal_common_memzone.c.obj'.
[31/1285] Compiling C object 'lib/76b5a35@@rte_eal@sta/eal_common_eal_common_memory.c.obj'.
[32/1285] Compiling C object 'lib/76b5a35@@rte_eal@sta/eal_common_eal_common_string_fns.c.obj'.
[33/1285] Compiling C object 'lib/76b5a35@@rte_eal@sta/eal_common_eal_common_options.c.obj'.
FAILED: lib/76b5a35@@rte_eal@sta/eal_common_eal_common_options.c.obj 
x86_64-w64-mingw32-gcc -Ilib/76b5a35@@rte_eal@sta -Ilib -I../lib -I. -I../ -Iconfig -I../config -Ilib/eal/include -I../lib/eal/include -Ilib/eal/windows/include -I../lib/eal/windows/include -Ilib/eal/x86/include -I../lib/eal/x86/include -Ilib/eal/common -I../lib/eal/common -Ilib/eal -I../lib/eal -Ilib/kvargs -I../lib/kvargs -fdiagnostics-color=always -pipe -Wall -Winvalid-pch -Wextra -Werror -O2 -g -include rte_config.h -Wcast-qual -Wdeprecated -Wformat -Wformat-nonliteral -Wformat-security -Wmissing-declarations -Wmissing-prototypes -Wnested-externs -Wold-style-definition -Wpointer-arith -Wsign-compare -Wstrict-prototypes -Wundef -Wwrite-strings -Wno-address-of-packed-member -Wno-packed-not-aligned -Wno-missing-field-initializers -D_GNU_SOURCE -D_WIN32_WINNT=0x0A00 -D__USE_MINGW_ANSI_STDIO -march=native -DALLOW_EXPERIMENTAL_API -DALLOW_INTERNAL_API -Wno-format-truncation '-DABI_VERSION="22.2"' -DRTE_LOG_DEFAULT_LOGTYPE=lib.eal  -MD -MQ 'lib/76b5a35@@rte_eal@sta/eal_common_eal_common_options.c.obj' -MF 'lib/76b5a35@@rte_eal@sta/eal_common_eal_common_options.c.obj.d' -o 'lib/76b5a35@@rte_eal@sta/eal_common_eal_common_options.c.obj' -c ../lib/eal/common/eal_common_options.c
../lib/eal/common/eal_common_options.c:1623:1: error: ‘eal_parse_huge_worker_stack’ defined but not used [-Werror=unused-function]
 1623 | eal_parse_huge_worker_stack(const char *arg, size_t *huge_worker_stack_size)
      | ^~~~~~~~~~~~~~~~~~~~~~~~~~~
cc1: all warnings being treated as errors
[34/1285] Compiling C object 'lib/76b5a35@@rte_eal@sta/eal_common_eal_common_tailqs.c.obj'.
[35/1285] Compiling C object 'lib/76b5a35@@rte_eal@sta/eal_common_eal_common_thread.c.obj'.
ninja: build stopped: subcommand failed.
##[error]Process completed with exit code 1.
####################################################################################
#### [End job log] "ubuntu-20.04-gcc-static-mingw" at step Build and test
####################################################################################
--------------------------------END LOGS-----------------------------

^ permalink raw reply	[flat|nested] 3+ messages in thread

* |FAILURE| pw111135 [PATCH] [v2] eal: allow worker lcore stacks to be allocated from hugepage memory
@ 2022-05-13 20:40 dpdklab
  0 siblings, 0 replies; 3+ messages in thread
From: dpdklab @ 2022-05-13 20:40 UTC (permalink / raw)
  To: Test Report
  Cc: dpdk-test-reports, David Marchand, Thomas Monjalon, Don Wallwork

[-- Attachment #1: Type: text/plain, Size: 5294 bytes --]

Test-Label: iol-x86_64-compile-testing
Test-Status: FAILURE
http://dpdk.org/patch/111135

_Testing issues_

Submitter: Don Wallwork <donw@xsightlabs.com>
Date: Friday, May 13 2022 17:58:22 
DPDK git baseline: Repo:dpdk
  Branch: master
  CommitID:c0c305ee9e0e7c9feca6412266a778f330d20c19

111135 --> testing fail

Test environment and result as below:

+---------------------+--------------------+----------------------+
|     Environment     | dpdk_meson_compile | dpdk_mingw64_compile |
+=====================+====================+======================+
| Windows Server 2019 | FAIL               | FAIL                 |
+---------------------+--------------------+----------------------+
| FreeBSD 13          | PASS               | SKIPPED              |
+---------------------+--------------------+----------------------+
| Ubuntu 18.04        | PASS               | SKIPPED              |
+---------------------+--------------------+----------------------+
| Fedora 32           | PASS               | SKIPPED              |
+---------------------+--------------------+----------------------+
| CentOS Stream 8     | PASS               | SKIPPED              |
+---------------------+--------------------+----------------------+
| RHEL8               | PASS               | SKIPPED              |
+---------------------+--------------------+----------------------+
| Fedora 31           | PASS               | SKIPPED              |
+---------------------+--------------------+----------------------+
| Arch Linux          | PASS               | SKIPPED              |
+---------------------+--------------------+----------------------+
| Alpine              | PASS               | SKIPPED              |
+---------------------+--------------------+----------------------+
| RHEL 7              | PASS               | SKIPPED              |
+---------------------+--------------------+----------------------+
| openSUSE Leap 15    | PASS               | SKIPPED              |
+---------------------+--------------------+----------------------+
| Fedora 34           | PASS               | SKIPPED              |
+---------------------+--------------------+----------------------+
| Ubuntu 20.04        | PASS               | SKIPPED              |
+---------------------+--------------------+----------------------+
| Fedora 34 clang     | PASS               | SKIPPED              |
+---------------------+--------------------+----------------------+
| Fedora 33           | PASS               | SKIPPED              |
+---------------------+--------------------+----------------------+

==== 20 line log output for Windows Server 2019 (dpdk_mingw64_compile): ====
Source dir: C:\Users\builder\jenkins\workspace\Windows-Compile-DPDK-Mingw64\dpdk
Build dir: C:\Users\builder\jenkins\workspace\Windows-Compile-DPDK-Mingw64\dpdk\build
Build type: native build
Program more found: YES (C:\Windows\system32\more.COM)
Project name: DPDK
Project version: 22.07.0-rc0
C compiler for the host machine: gcc (gcc 8.1.0 "gcc (x86_64-posix-seh-rev0, Built by MinGW-W64 project) 8.1.0")
C linker for the host machine: gcc ld.bfd 2.30
Host machine cpu family: x86_64
Host machine cpu: x86_64
Message: ## Building in Developer Mode ##
Program pkg-config pkgconf found: NO
Program check-symbols.sh found: YES (sh C:\Users\builder\jenkins\workspace\Windows-Compile-DPDK-Mingw64\dpdk\buildtools\check-symbols.sh)
Program options-ibverbs-static.sh found: YES (sh C:\Users\builder\jenkins\workspace\Windows-Compile-DPDK-Mingw64\dpdk\buildtools\options-ibverbs-static.sh)
Program objdump found: YES (C:\mingw64\mingw64\bin\objdump.EXE)
Program python3 found: YES (c:\python38\python.exe)
Program more found: YES (C:\Windows\system32\more.COM)
Checking for size of "void *" : 8
Checking for size of "void *" : 8
Library m found: YES
==== End log output ====

Windows Server 2019
	Kernel: 10.0
	Compiler: clang 14.0 and gcc 8.1.0 (MinGW)

FreeBSD 13
	Kernel: 13.0
	Compiler: clang 11.0.1

Ubuntu 18.04
	Kernel: 4.18.0-240.10.1.el8_3.x86_64
	Compiler: gcc 7.5.0-3ubuntu1~18.04

Fedora 32
	Kernel: 4.18.0-240.10.1.el8_3.x86_64
	Compiler: gcc 10.2.1

CentOS Stream 8
	Kernel: 4.18.0-240.10.1.el8_3.x86_64
	Compiler: gcc 8.4.1 20200928

RHEL8
	Kernel: 4.18.0-240.10.1.el8_3.x86_64
	Compiler: gcc 8.3.1 20191121 (Red Hat 8.3.1-5)

Fedora 31
	Kernel: 4.18.0-240.10.1.el8_3.x86_64
	Compiler: gcc 9.3.1

Arch Linux
	Kernel: 5.4.0-73-generic
	Compiler: gcc 11.1.0

Alpine
	Kernel: 5.4.0-73-generic
	Compiler: gcc (Alpine 10.3.1_git20210424) 10.3.1 20210424

RHEL 7
	Kernel: 4.18.0-240.10.1.el8_3.x86_64
	Compiler: gcc 4.8.5 20150623 (Red Hat 4.8.5-44)

openSUSE Leap 15
	Kernel: 4.18.0-240.10.1.el8_3.x86_64
	Compiler: gcc 7.5.0

Fedora 34
	Kernel: 5.4.0-72-generic
	Compiler: gcc 11.1.1 20210428 (Red Hat 11.1.1-1)

Ubuntu 20.04
	Kernel: 4.18.0-240.10.1.el8_3.x86_64
	Compiler: gcc 9.3.0-17ubuntu1~20.04

Fedora 34 clang
	Kernel: 5.4.0-72-generic
	Compiler: clang 12.0.0 (Fedora 12.0.0-0.3.rc1.fc34)

Fedora 33
	Kernel: 5.4.0-72-generic
	Compiler: gcc 10.3.1 20210422 (Red Hat 10.3.1-1)

To view detailed results, visit:
https://lab.dpdk.org/results/dashboard/patchsets/22110/

UNH-IOL DPDK Community Lab

To manage your email subscriptions, visit: 
https://lab.dpdk.org/results/dashboard/preferences/subscriptions/

^ permalink raw reply	[flat|nested] 3+ messages in thread

end of thread, other threads:[~2022-05-13 20:40 UTC | newest]

Thread overview: 3+ messages (download: mbox.gz / follow: Atom feed)
-- links below jump to the message on this page --
     [not found] <20220513175822.69905-1-donw@xsightlabs.com>
2022-05-13 17:59 ` |SUCCESS| pw111135 [PATCH v2] eal: allow worker lcore stacks to be allocated from hugepage memory checkpatch
2022-05-13 19:39 ` |FAILURE| " 0-day Robot
2022-05-13 20:40 |FAILURE| pw111135 [PATCH] [v2] " dpdklab

automatic DPDK test reports

This inbox may be cloned and mirrored by anyone:

	git clone --mirror http://inbox.dpdk.org/test-report/0 test-report/git/0.git

	# If you have public-inbox 1.1+ installed, you may
	# initialize and index your mirror using the following commands:
	public-inbox-init -V2 test-report test-report/ http://inbox.dpdk.org/test-report \
		test-report@dpdk.org
	public-inbox-index test-report

Example config snippet for mirrors.
Newsgroup available over NNTP:
	nntp://inbox.dpdk.org/inbox.dpdk.test-report


AGPL code for this site: git clone https://public-inbox.org/public-inbox.git