From: dpdklab@iol.unh.edu
To: Test Report <test-report@dpdk.org>
Cc: dpdklab@iol.unh.edu, David Marchand <david.marchand@redhat.com>,
Thomas Monjalon <thomas@monjalon.net>,
Xiaoming Jiang <jiangxiaoming@outlook.com>
Subject: |FAILURE| pw112600 [PATCH] bus/vmbus: add support allow/block scan mode
Date: Thu, 9 Jun 2022 21:33:50 +0000 (UTC) [thread overview]
Message-ID: <20220609213350.4B569600AD@dpdk-ubuntu.dpdklab.iol.unh.edu> (raw)
[-- Attachment #1: Type: text/plain, Size: 5152 bytes --]
Test-Label: iol-aarch64-compile-testing
Test-Status: FAILURE
http://dpdk.org/patch/112600
_Testing issues_
Submitter: Xiaoming Jiang <jiangxiaoming@outlook.com>
Date: Thursday, June 09 2022 07:55:13
DPDK git baseline: Repo:dpdk
Branch: master
CommitID:1ab4156e7d57858fca1db448ac7a0792e1d527b6
112600 --> testing fail
Test environment and result as below:
+----------------------------------------+--------------------+
| Environment | dpdk_meson_compile |
+========================================+====================+
| Ubuntu 20.04 ARM GCC Native | FAIL |
+----------------------------------------+--------------------+
| Ubuntu 20.04 ARM Clang Native | FAIL |
+----------------------------------------+--------------------+
| Ubuntu 20.04 ARM GCC Cross Compile | FAIL |
+----------------------------------------+--------------------+
| Ubuntu 20.04 ARM Clang Cross Compile | FAIL |
+----------------------------------------+--------------------+
| Ubuntu 20.04 aarch32 GCC Cross Compile | FAIL |
+----------------------------------------+--------------------+
| Ubuntu 20.04 ARM SVE | PASS |
+----------------------------------------+--------------------+
==== 20 line log output for Ubuntu 20.04 aarch32 GCC Cross Compile (dpdk_meson_compile): ====
[666/2242] Generating rte_bus_vdev_def with a custom command.
[667/2242] Generating rte_bus_vdev_mingw with a custom command.
[668/2242] Compiling C object 'drivers/a715181@@rte_bus_vdev@sha/meson-generated_.._rte_bus_vdev.pmd.c.o'.
[669/2242] Linking target drivers/librte_bus_vdev.so.22.2.
[670/2242] Generating symbol file 'drivers/a715181@@rte_bus_vdev@sha/librte_bus_vdev.so.22.2.symbols'.
[671/2242] Compiling C object 'drivers/a715181@@tmp_rte_bus_vmbus@sta/bus_vmbus_vmbus_bufring.c.o'.
[672/2242] Compiling C object 'drivers/a715181@@tmp_rte_bus_vmbus@sta/bus_vmbus_vmbus_channel.c.o'.
[673/2242] Compiling C object 'drivers/a715181@@tmp_rte_bus_vmbus@sta/bus_vmbus_vmbus_common.c.o'.
FAILED: drivers/a715181@@tmp_rte_bus_vmbus@sta/bus_vmbus_vmbus_common.c.o
arm-linux-gnueabihf-gcc -Idrivers/a715181@@tmp_rte_bus_vmbus@sta -Idrivers -I../drivers -Idrivers/bus/vmbus -I../drivers/bus/vmbus -I../drivers/bus/vmbus/linux -I. -I../ -Iconfig -I../config -Ilib/eal/include -I../lib/eal/include -Ilib/eal/linux/include -I../lib/eal/linux/include -Ilib/eal/arm/include -I../lib/eal/arm/include -Ilib/eal/common -I../lib/eal/common -Ilib/eal -I../lib/eal -Ilib/kvargs -I../lib/kvargs -Ilib/telemetry/../metrics -I../lib/telemetry/../metrics -Ilib/telemetry -I../lib/telemetry -fdiagnostics-color=always -pipe -D_FILE_OFFSET_BITS=64 -Wall -Winvalid-pch -Wextra -Werror -O3 -include rte_config.h -Wcast-qual -Wdeprecated -Wformat -Wformat-nonliteral -Wformat-security -Wmissing-declarations -Wmissing-prototypes -Wnested-externs -Wold-style-definition -Wpointer-arith -Wsign-compare -Wstrict-prototypes -Wundef -Wwrite-strings -Wno-address-of-packed-member -Wno-packed-not-aligned -Wno-missing-field-initializers -Wno-pointer-to-int-cast -D_GNU_SOURCE -fPIC -march=armv8-a -mfpu=neon -DALLOW_EXPERIMENTAL_API -DALLOW_INTERNAL_API -Wno-format-truncation -DRTE_LOG_DEFAULT_LOGTYPE=bus.vmbus -MD -MQ 'drivers/a715181@@tmp_rte_bus_vmbus@sta/bus_vmbus_vmbus_common.c.o' -MF 'drivers/a715181@@tmp_rte_bus_vmbus@sta/bus_vmbus_vmbus_common.c.o.d' -o 'drivers/a715181@@tmp_rte_bus_vmbus@sta/bus_vmbus_vmbus_common.c.o' -c ../drivers/bus/vmbus/vmbus_common.c
../drivers/bus/vmbus/vmbus_common.c: In function 'rte_vmbus_ignore_device':
../drivers/bus/vmbus/vmbus_common.c:174:53: error: passing argument 1 of 'vmbus_devargs_lookup' discards 'const' qualifier from pointer target type [-Werror=discarded-qualifiers]
174 | struct rte_devargs *devargs = vmbus_devargs_lookup(dev);
| ^~~
In file included from ../drivers/bus/vmbus/vmbus_common.c:24:
../drivers/bus/vmbus/private.h:82:1: note: expected 'struct rte_vmbus_device *' but argument is of type 'const struct rte_vmbus_device *'
82 | vmbus_devargs_lookup(struct rte_vmbus_device *dev);
| ^~~~~~~~~~~~~~~~~~~~
cc1: all warnings being treated as errors
ninja: build stopped: subcommand failed.
==== End log output ====
Ubuntu 20.04 ARM GCC Native
Kernel: 5.4.0-53-generic
Compiler: gcc 9.3
Ubuntu 20.04 ARM Clang Native
Kernel: 5.4.0-53-generic
Compiler: clang 10.0.0-4ubuntu1
Ubuntu 20.04 ARM GCC Cross Compile
Kernel: 5.4.0-72-generic
Compiler: aarch64-linux-gnu-gcc (Ubuntu 9.3.0-17ubuntu1~20.04) 9.3.0
Ubuntu 20.04 ARM Clang Cross Compile
Kernel: 5.4.0-72-generic
Compiler: clang version 10.0.0-4ubuntu1
Ubuntu 20.04 aarch32 GCC Cross Compile
Kernel: 5.4.0-72-generic
Compiler: gcc 9.3.0
Ubuntu 20.04 ARM SVE
Kernel: 5.4.0-80-generic
Compiler: gcc 10.3.0 (Ubuntu 10.3.0-1ubuntu1~20.04)
To view detailed results, visit:
https://lab.dpdk.org/results/dashboard/patchsets/22523/
UNH-IOL DPDK Community Lab
To manage your email subscriptions, visit:
https://lab.dpdk.org/results/dashboard/preferences/subscriptions/
next reply other threads:[~2022-06-09 21:33 UTC|newest]
Thread overview: 4+ messages / expand[flat|nested] mbox.gz Atom feed top
2022-06-09 21:33 dpdklab [this message]
-- strict thread matches above, loose matches on Subject: below --
2022-06-10 0:14 dpdklab
2022-06-09 17:37 dpdklab
[not found] <ME3P282MB411198F5A03DD6EF3EC96A11A5A79@ME3P282MB4111.AUSP282.PROD.OUTLOOK.COM>
2022-06-09 8:39 ` 0-day Robot
Reply instructions:
You may reply publicly to this message via plain-text email
using any one of the following methods:
* Save the following mbox file, import it into your mail client,
and reply-to-all from there: mbox
Avoid top-posting and favor interleaved quoting:
https://en.wikipedia.org/wiki/Posting_style#Interleaved_style
* Reply using the --to, --cc, and --in-reply-to
switches of git-send-email(1):
git send-email \
--in-reply-to=20220609213350.4B569600AD@dpdk-ubuntu.dpdklab.iol.unh.edu \
--to=dpdklab@iol.unh.edu \
--cc=david.marchand@redhat.com \
--cc=jiangxiaoming@outlook.com \
--cc=test-report@dpdk.org \
--cc=thomas@monjalon.net \
/path/to/YOUR_REPLY
https://kernel.org/pub/software/scm/git/docs/git-send-email.html
* If your mail client supports setting the In-Reply-To header
via mailto: links, try the mailto: link
Be sure your reply has a Subject: header at the top and a blank line
before the message body.
This is a public inbox, see mirroring instructions
for how to clone and mirror all data and code used for this inbox;
as well as URLs for NNTP newsgroup(s).