From: dpdklab@iol.unh.edu
To: Test Report <test-report@dpdk.org>
Cc: dpdk-test-reports@iol.unh.edu,
David Marchand <david.marchand@redhat.com>,
Thomas Monjalon <thomas@monjalon.net>,
Xiaoming Jiang <jiangxiaoming@outlook.com>
Subject: |FAILURE| pw112600 [PATCH] bus/vmbus: add support allow/block scan mode
Date: Fri, 10 Jun 2022 00:14:43 +0000 (UTC) [thread overview]
Message-ID: <20220610001443.70EC6600AD@dpdk-ubuntu.dpdklab.iol.unh.edu> (raw)
[-- Attachment #1: Type: text/plain, Size: 5767 bytes --]
Test-Label: iol-x86_64-unit-testing
Test-Status: FAILURE
http://dpdk.org/patch/112600
_Testing issues_
Submitter: Xiaoming Jiang <jiangxiaoming@outlook.com>
Date: Thursday, June 09 2022 07:55:13
DPDK git baseline: Repo:dpdk
Branch: master
CommitID:1ab4156e7d57858fca1db448ac7a0792e1d527b6
112600 --> testing fail
Test environment and result as below:
+---------------------+----------------+
| Environment | dpdk_unit_test |
+=====================+================+
| Arch Linux | FAIL |
+---------------------+----------------+
| openSUSE Leap 15 | FAIL |
+---------------------+----------------+
| Fedora 32 | FAIL |
+---------------------+----------------+
| CentOS Stream 8 | FAIL |
+---------------------+----------------+
| Fedora 31 | FAIL |
+---------------------+----------------+
| Ubuntu 18.04 | FAIL |
+---------------------+----------------+
| Fedora 34 | FAIL |
+---------------------+----------------+
| RHEL 7 | FAIL |
+---------------------+----------------+
| RHEL8 | FAIL |
+---------------------+----------------+
| Fedora 33 | FAIL |
+---------------------+----------------+
| Fedora 34 clang | FAIL |
+---------------------+----------------+
| Ubuntu 20.04 | FAIL |
+---------------------+----------------+
| Windows Server 2019 | PASS |
+---------------------+----------------+
==== 20 line log output for Ubuntu 20.04 (dpdk_unit_test): ====
[674/3352] Linking static target drivers/libtmp_rte_bus_vdev.a.
[675/3352] Compiling C object 'drivers/a715181@@tmp_rte_bus_vmbus@sta/bus_vmbus_vmbus_channel.c.o'.
[676/3352] Generating rte_bus_pci.pmd.c with a custom command.
[677/3352] Compiling C object 'drivers/a715181@@rte_bus_pci@sta/meson-generated_.._rte_bus_pci.pmd.c.o'.
[678/3352] Compiling C object 'drivers/a715181@@tmp_rte_bus_vmbus@sta/bus_vmbus_vmbus_common.c.o'.
FAILED: drivers/a715181@@tmp_rte_bus_vmbus@sta/bus_vmbus_vmbus_common.c.o
ccache cc -Idrivers/a715181@@tmp_rte_bus_vmbus@sta -Idrivers -I../drivers -Idrivers/bus/vmbus -I../drivers/bus/vmbus -I../drivers/bus/vmbus/linux -I. -I../ -Iconfig -I../config -Ilib/eal/include -I../lib/eal/include -Ilib/eal/linux/include -I../lib/eal/linux/include -Ilib/eal/x86/include -I../lib/eal/x86/include -Ilib/eal/common -I../lib/eal/common -Ilib/eal -I../lib/eal -Ilib/kvargs -I../lib/kvargs -Ilib/telemetry/../metrics -I../lib/telemetry/../metrics -Ilib/telemetry -I../lib/telemetry -fdiagnostics-color=always -pipe -D_FILE_OFFSET_BITS=64 -Wall -Winvalid-pch -Wextra -Werror -O3 -include rte_config.h -Wcast-qual -Wdeprecated -Wformat -Wformat-nonliteral -Wformat-security -Wmissing-declarations -Wmissing-prototypes -Wnested-externs -Wold-style-definition -Wpointer-arith -Wsign-compare -Wstrict-prototypes -Wundef -Wwrite-strings -Wno-address-of-packed-member -Wno-packed-not-aligned -Wno-missing-field-initializers -D_GNU_SOURCE -fPIC -march=native -DALLOW_EXPERIMENTAL_API -DALLOW_INTERNAL_API -Wno-format-truncation -DRTE_LOG_DEFAULT_LOGTYPE=bus.vmbus -MD -MQ 'drivers/a715181@@tmp_rte_bus_vmbus@sta/bus_vmbus_vmbus_common.c.o' -MF 'drivers/a715181@@tmp_rte_bus_vmbus@sta/bus_vmbus_vmbus_common.c.o.d' -o 'drivers/a715181@@tmp_rte_bus_vmbus@sta/bus_vmbus_vmbus_common.c.o' -c ../drivers/bus/vmbus/vmbus_common.c
../drivers/bus/vmbus/vmbus_common.c: In function ‘rte_vmbus_ignore_device’:
../drivers/bus/vmbus/vmbus_common.c:174:53: error: passing argument 1 of ‘vmbus_devargs_lookup’ discards ‘const’ qualifier from pointer target type [-Werror=discarded-qualifiers]
174 | struct rte_devargs *devargs = vmbus_devargs_lookup(dev);
| ^~~
In file included from ../drivers/bus/vmbus/vmbus_common.c:24:
../drivers/bus/vmbus/private.h:82:1: note: expected ‘struct rte_vmbus_device *’ but argument is of type ‘const struct rte_vmbus_device *’
82 | vmbus_devargs_lookup(struct rte_vmbus_device *dev);
| ^~~~~~~~~~~~~~~~~~~~
cc1: all warnings being treated as errors
[679/3352] Linking static target drivers/librte_bus_pci.a.
[680/3352] Generating rte_bus_vdev.pmd.c with a custom command.
[681/3352] Compiling C object 'drivers/a715181@@tmp_rte_bus_vmbus@sta/bus_vmbus_vmbus_common_uio.c.o'.
ninja: build stopped: subcommand failed.
==== End log output ====
Arch Linux
Kernel: 5.4.0-73-generic
Compiler: gcc 11.1.0
openSUSE Leap 15
Kernel: 4.18.0-240.10.1.el8_3.x86_64
Compiler: gcc 7.5.0
Fedora 32
Kernel: 4.18.0-240.10.1.el8_3.x86_64
Compiler: gcc 10.2.1
CentOS Stream 8
Kernel: 4.18.0-240.10.1.el8_3.x86_64
Compiler: gcc 8.4.1 20200928
Fedora 31
Kernel: 4.18.0-240.10.1.el8_3.x86_64
Compiler: gcc 9.3.1
Ubuntu 18.04
Kernel: 4.18.0-240.10.1.el8_3.x86_64
Compiler: gcc 7.5.0-3ubuntu1~18.04
Fedora 34
Kernel: 5.4.0-72-generic
Compiler: gcc 11.1.1 20210428 (Red Hat 11.1.1-1)
RHEL 7
Kernel: 4.18.0-240.10.1.el8_3.x86_64
Compiler: gcc 4.8.5 20150623 (Red Hat 4.8.5-44)
RHEL8
Kernel: 4.18.0-240.10.1.el8_3.x86_64
Compiler: gcc 8.3.1 20191121 (Red Hat 8.3.1-5)
Fedora 33
Kernel: 5.4.0-72-generic
Compiler: gcc 10.3.1 20210422 (Red Hat 10.3.1-1)
Fedora 34 clang
Kernel: 5.4.0-72-generic
Compiler: clang 12.0.0 (Fedora 12.0.0-0.3.rc1.fc34)
Ubuntu 20.04
Kernel: 4.18.0-240.10.1.el8_3.x86_64
Compiler: gcc 9.3.0-17ubuntu1~20.04
Windows Server 2019
Kernel: 10.0
Compiler: clang 14.0 and gcc 8.1.0 (MinGW)
To view detailed results, visit:
https://lab.dpdk.org/results/dashboard/patchsets/22523/
UNH-IOL DPDK Community Lab
To manage your email subscriptions, visit:
https://lab.dpdk.org/results/dashboard/preferences/subscriptions/
next reply other threads:[~2022-06-10 0:14 UTC|newest]
Thread overview: 4+ messages / expand[flat|nested] mbox.gz Atom feed top
2022-06-10 0:14 dpdklab [this message]
-- strict thread matches above, loose matches on Subject: below --
2022-06-09 21:33 dpdklab
2022-06-09 17:37 dpdklab
[not found] <ME3P282MB411198F5A03DD6EF3EC96A11A5A79@ME3P282MB4111.AUSP282.PROD.OUTLOOK.COM>
2022-06-09 8:39 ` 0-day Robot
Reply instructions:
You may reply publicly to this message via plain-text email
using any one of the following methods:
* Save the following mbox file, import it into your mail client,
and reply-to-all from there: mbox
Avoid top-posting and favor interleaved quoting:
https://en.wikipedia.org/wiki/Posting_style#Interleaved_style
* Reply using the --to, --cc, and --in-reply-to
switches of git-send-email(1):
git send-email \
--in-reply-to=20220610001443.70EC6600AD@dpdk-ubuntu.dpdklab.iol.unh.edu \
--to=dpdklab@iol.unh.edu \
--cc=david.marchand@redhat.com \
--cc=dpdk-test-reports@iol.unh.edu \
--cc=jiangxiaoming@outlook.com \
--cc=test-report@dpdk.org \
--cc=thomas@monjalon.net \
/path/to/YOUR_REPLY
https://kernel.org/pub/software/scm/git/docs/git-send-email.html
* If your mail client supports setting the In-Reply-To header
via mailto: links, try the mailto: link
Be sure your reply has a Subject: header at the top and a blank line
before the message body.
This is a public inbox, see mirroring instructions
for how to clone and mirror all data and code used for this inbox;
as well as URLs for NNTP newsgroup(s).