* |FAILURE| pw113511-113510 [PATCH] [2/2] bus/pci: support region based device mapping
@ 2022-06-28 17:20 dpdklab
0 siblings, 0 replies; 2+ messages in thread
From: dpdklab @ 2022-06-28 17:20 UTC (permalink / raw)
To: Test Report
Cc: dpdk-test-reports, David Marchand, Thomas Monjalon, Sunil Kumar Kori
[-- Attachment #1: Type: text/plain, Size: 6599 bytes --]
Test-Label: iol-x86_64-compile-testing
Test-Status: FAILURE
http://dpdk.org/patch/113510
_Testing issues_
Submitter: Sunil Kumar Kori <skori@marvell.com>
Date: Tuesday, June 28 2022 13:53:39
DPDK git baseline: Repo:dpdk
Branch: master
CommitID:7cac53f205ebd04d8ebd3ee6a9dd84f698d4ada3
113511-113510 --> testing fail
Test environment and result as below:
+---------------------+--------------------+----------------------+
| Environment | dpdk_meson_compile | dpdk_mingw64_compile |
+=====================+====================+======================+
| Windows Server 2019 | PASS | PASS |
+---------------------+--------------------+----------------------+
| FreeBSD 13 | PASS | SKIPPED |
+---------------------+--------------------+----------------------+
| Arch Linux | PASS | SKIPPED |
+---------------------+--------------------+----------------------+
| RHEL 7 | FAIL | SKIPPED |
+---------------------+--------------------+----------------------+
| openSUSE Leap 15 | PASS | SKIPPED |
+---------------------+--------------------+----------------------+
| Ubuntu 18.04 | PASS | SKIPPED |
+---------------------+--------------------+----------------------+
| Fedora 32 | PASS | SKIPPED |
+---------------------+--------------------+----------------------+
| RHEL8 | PASS | SKIPPED |
+---------------------+--------------------+----------------------+
| Ubuntu 20.04 | PASS | SKIPPED |
+---------------------+--------------------+----------------------+
| CentOS Stream 8 | PASS | SKIPPED |
+---------------------+--------------------+----------------------+
| Fedora 34 | PASS | SKIPPED |
+---------------------+--------------------+----------------------+
| Fedora 31 | PASS | SKIPPED |
+---------------------+--------------------+----------------------+
| Fedora 33 | PASS | SKIPPED |
+---------------------+--------------------+----------------------+
| Fedora 34 clang | PASS | SKIPPED |
+---------------------+--------------------+----------------------+
==== 20 line log output for RHEL 7 (dpdk_meson_compile): ====
[668/3376] Generating rte_bus_ifpga_mingw with a custom command.
[669/3376] Compiling C object 'drivers/a715181@@rte_bus_ifpga@sta/meson-generated_.._rte_bus_ifpga.pmd.c.o'.
[670/3376] Generating rte_bus_ifpga_def with a custom command.
[671/3376] Compiling C object 'drivers/a715181@@tmp_rte_bus_pci@sta/bus_pci_pci_common.c.o'.
[672/3376] Linking static target drivers/librte_bus_ifpga.a.
[673/3376] Compiling C object 'drivers/a715181@@rte_bus_ifpga@sha/meson-generated_.._rte_bus_ifpga.pmd.c.o'.
[674/3376] Linking target drivers/librte_bus_ifpga.so.22.2.
[675/3376] Compiling C object 'drivers/a715181@@tmp_rte_bus_pci@sta/bus_pci_pci_common_uio.c.o'.
[676/3376] Compiling C object 'drivers/a715181@@tmp_rte_bus_pci@sta/bus_pci_pci_params.c.o'.
[677/3376] Compiling C object 'drivers/a715181@@tmp_rte_bus_pci@sta/bus_pci_linux_pci.c.o'.
[678/3376] Compiling C object 'drivers/a715181@@tmp_rte_bus_pci@sta/bus_pci_linux_pci_uio.c.o'.
[679/3376] Compiling C object 'drivers/a715181@@tmp_rte_bus_pci@sta/bus_pci_linux_pci_vfio.c.o'.
FAILED: drivers/a715181@@tmp_rte_bus_pci@sta/bus_pci_linux_pci_vfio.c.o
ccache cc -Idrivers/a715181@@tmp_rte_bus_pci@sta -Idrivers -I../drivers -Idrivers/bus/pci -I../drivers/bus/pci -I../drivers/bus/pci/linux -I. -I../ -Iconfig -I../config -Ilib/eal/include -I../lib/eal/include -Ilib/eal/linux/include -I../lib/eal/linux/include -Ilib/eal/x86/include -I../lib/eal/x86/include -Ilib/eal/common -I../lib/eal/common -Ilib/eal -I../lib/eal -Ilib/kvargs -I../lib/kvargs -Ilib/telemetry/../metrics -I../lib/telemetry/../metrics -Ilib/telemetry -I../lib/telemetry -Ilib/pci -I../lib/pci -pipe -D_FILE_OFFSET_BITS=64 -Wall -Winvalid-pch -Wextra -Werror -O3 -include rte_config.h -Wcast-qual -Wdeprecated -Wformat -Wformat-nonliteral -Wformat-security -Wmissing-declarations -Wmissing-prototypes -Wnested-externs -Wold-style-definition -Wpointer-arith -Wsign-compare -Wstrict-prototypes -Wundef -Wwrite-strings -Wno-missing-field-initializers -D_GNU_SOURCE -fPIC -march=native -DALLOW_EXPERIMENTAL_API -DALLOW_INTERNAL_API -DRTE_LOG_DEFAULT_LOGTYPE=bus.pci -MD -MQ 'drivers/a715181@@tmp_rte_bus_pci@sta/bus_pci_linux_pci_vfio.c.o' -MF 'drivers/a715181@@tmp_rte_bus_pci@sta/bus_pci_linux_pci_vfio.c.o.d' -o 'drivers/a715181@@tmp_rte_bus_pci@sta/bus_pci_linux_pci_vfio.c.o' -c ../drivers/bus/pci/linux/pci_vfio.c
../drivers/bus/pci/linux/pci_vfio.c: In function 'pci_vfio_map_resource_secondary':
../drivers/bus/pci/linux/pci_vfio.c:1004:36: error: 'region' may be used uninitialized in this function [-Werror=maybe-uninitialized]
dev->regions[i][j].addr = region->addr;
^
cc1: all warnings being treated as errors
ninja: build stopped: subcommand failed.
==== End log output ====
Windows Server 2019
Kernel: 10.0
Compiler: clang 14.0 and gcc 8.1.0 (MinGW)
FreeBSD 13
Kernel: 13.0
Compiler: clang 11.0.1
Arch Linux
Kernel: 5.4.0-73-generic
Compiler: gcc 11.1.0
RHEL 7
Kernel: 4.18.0-240.10.1.el8_3.x86_64
Compiler: gcc 4.8.5 20150623 (Red Hat 4.8.5-44)
openSUSE Leap 15
Kernel: 4.18.0-240.10.1.el8_3.x86_64
Compiler: gcc 7.5.0
Ubuntu 18.04
Kernel: 4.18.0-240.10.1.el8_3.x86_64
Compiler: gcc 7.5.0-3ubuntu1~18.04
Fedora 32
Kernel: 4.18.0-240.10.1.el8_3.x86_64
Compiler: gcc 10.2.1
RHEL8
Kernel: 4.18.0-240.10.1.el8_3.x86_64
Compiler: gcc 8.3.1 20191121 (Red Hat 8.3.1-5)
Ubuntu 20.04
Kernel: 4.18.0-240.10.1.el8_3.x86_64
Compiler: gcc 9.3.0-17ubuntu1~20.04
CentOS Stream 8
Kernel: 4.18.0-240.10.1.el8_3.x86_64
Compiler: gcc 8.4.1 20200928
Fedora 34
Kernel: 5.4.0-72-generic
Compiler: gcc 11.1.1 20210428 (Red Hat 11.1.1-1)
Fedora 31
Kernel: 4.18.0-240.10.1.el8_3.x86_64
Compiler: gcc 9.3.1
Fedora 33
Kernel: 5.4.0-72-generic
Compiler: gcc 10.3.1 20210422 (Red Hat 10.3.1-1)
Fedora 34 clang
Kernel: 5.4.0-72-generic
Compiler: clang 12.0.0 (Fedora 12.0.0-0.3.rc1.fc34)
To view detailed results, visit:
https://lab.dpdk.org/results/dashboard/patchsets/22837/
UNH-IOL DPDK Community Lab
To manage your email subscriptions, visit:
https://lab.dpdk.org/results/dashboard/preferences/subscriptions/
^ permalink raw reply [flat|nested] 2+ messages in thread
* |FAILURE| pw113511-113510 [PATCH] [2/2] bus/pci: support region based device mapping
@ 2022-06-28 17:42 dpdklab
0 siblings, 0 replies; 2+ messages in thread
From: dpdklab @ 2022-06-28 17:42 UTC (permalink / raw)
To: Test Report; +Cc: dpdklab, David Marchand, Thomas Monjalon, Sunil Kumar Kori
[-- Attachment #1: Type: text/plain, Size: 5631 bytes --]
Test-Label: iol-x86_64-unit-testing
Test-Status: FAILURE
http://dpdk.org/patch/113510
_Testing issues_
Submitter: Sunil Kumar Kori <skori@marvell.com>
Date: Tuesday, June 28 2022 13:53:39
DPDK git baseline: Repo:dpdk
Branch: master
CommitID:7cac53f205ebd04d8ebd3ee6a9dd84f698d4ada3
113511-113510 --> testing fail
Test environment and result as below:
+---------------------+----------------+
| Environment | dpdk_unit_test |
+=====================+================+
| Windows Server 2019 | PASS |
+---------------------+----------------+
| RHEL 7 | FAIL |
+---------------------+----------------+
| RHEL8 | PASS |
+---------------------+----------------+
| Fedora 31 | PASS |
+---------------------+----------------+
| Ubuntu 20.04 | PASS |
+---------------------+----------------+
| Fedora 34 | PASS |
+---------------------+----------------+
| Ubuntu 18.04 | PASS |
+---------------------+----------------+
| Fedora 32 | PASS |
+---------------------+----------------+
| openSUSE Leap 15 | PASS |
+---------------------+----------------+
| CentOS Stream 8 | PASS |
+---------------------+----------------+
| Arch Linux | PASS |
+---------------------+----------------+
| Fedora 34 clang | PASS |
+---------------------+----------------+
| Fedora 33 | PASS |
+---------------------+----------------+
==== 20 line log output for RHEL 7 (dpdk_unit_test): ====
[650/3346] Compiling C object 'drivers/a715181@@rte_bus_ifpga@sta/meson-generated_.._rte_bus_ifpga.pmd.c.o'.
[651/3346] Compiling C object 'drivers/a715181@@tmp_rte_bus_pci@sta/bus_pci_pci_params.c.o'.
[652/3346] Compiling C object 'drivers/a715181@@tmp_rte_bus_pci@sta/bus_pci_pci_common_uio.c.o'.
[653/3346] Compiling C object 'drivers/a715181@@rte_bus_ifpga@sha/meson-generated_.._rte_bus_ifpga.pmd.c.o'.
[654/3346] Linking static target drivers/librte_bus_ifpga.a.
[655/3346] Linking target drivers/librte_bus_ifpga.so.22.2.
[656/3346] Generating symbol file 'drivers/a715181@@rte_bus_fslmc@sha/librte_bus_fslmc.so.22.2.symbols'.
[657/3346] Compiling C object 'drivers/a715181@@tmp_rte_bus_pci@sta/bus_pci_linux_pci.c.o'.
[658/3346] Compiling C object 'drivers/a715181@@tmp_rte_bus_pci@sta/bus_pci_linux_pci_vfio.c.o'.
FAILED: drivers/a715181@@tmp_rte_bus_pci@sta/bus_pci_linux_pci_vfio.c.o
ccache cc -Idrivers/a715181@@tmp_rte_bus_pci@sta -Idrivers -I../drivers -Idrivers/bus/pci -I../drivers/bus/pci -I../drivers/bus/pci/linux -I. -I../ -Iconfig -I../config -Ilib/eal/include -I../lib/eal/include -Ilib/eal/linux/include -I../lib/eal/linux/include -Ilib/eal/x86/include -I../lib/eal/x86/include -Ilib/eal/common -I../lib/eal/common -Ilib/eal -I../lib/eal -Ilib/kvargs -I../lib/kvargs -Ilib/telemetry/../metrics -I../lib/telemetry/../metrics -Ilib/telemetry -I../lib/telemetry -Ilib/pci -I../lib/pci -pipe -D_FILE_OFFSET_BITS=64 -Wall -Winvalid-pch -Wextra -Werror -O3 -include rte_config.h -Wcast-qual -Wdeprecated -Wformat -Wformat-nonliteral -Wformat-security -Wmissing-declarations -Wmissing-prototypes -Wnested-externs -Wold-style-definition -Wpointer-arith -Wsign-compare -Wstrict-prototypes -Wundef -Wwrite-strings -Wno-missing-field-initializers -D_GNU_SOURCE -fPIC -march=native -DALLOW_EXPERIMENTAL_API -DALLOW_INTERNAL_API -DRTE_LOG_DEFAULT_LOGTYPE=bus.pci -MD -MQ 'drivers/a715181@@tmp_rte_bus_pci@sta/bus_pci_linux_pci_vfio.c.o' -MF 'drivers/a715181@@tmp_rte_bus_pci@sta/bus_pci_linux_pci_vfio.c.o.d' -o 'drivers/a715181@@tmp_rte_bus_pci@sta/bus_pci_linux_pci_vfio.c.o' -c ../drivers/bus/pci/linux/pci_vfio.c
../drivers/bus/pci/linux/pci_vfio.c: In function 'pci_vfio_map_resource_secondary':
../drivers/bus/pci/linux/pci_vfio.c:1004:36: error: 'region' may be used uninitialized in this function [-Werror=maybe-uninitialized]
dev->regions[i][j].addr = region->addr;
^
cc1: all warnings being treated as errors
[659/3346] Compiling C object 'drivers/a715181@@tmp_rte_bus_pci@sta/bus_pci_linux_pci_uio.c.o'.
[660/3346] Generating rte_bus_pci_def with a custom command.
[661/3346] Generating rte_bus_pci_mingw with a custom command.
ninja: build stopped: subcommand failed.
==== End log output ====
Windows Server 2019
Kernel: 10.0
Compiler: clang 14.0 and gcc 8.1.0 (MinGW)
RHEL 7
Kernel: 4.18.0-240.10.1.el8_3.x86_64
Compiler: gcc 4.8.5 20150623 (Red Hat 4.8.5-44)
RHEL8
Kernel: 4.18.0-240.10.1.el8_3.x86_64
Compiler: gcc 8.3.1 20191121 (Red Hat 8.3.1-5)
Fedora 31
Kernel: 4.18.0-240.10.1.el8_3.x86_64
Compiler: gcc 9.3.1
Ubuntu 20.04
Kernel: 4.18.0-240.10.1.el8_3.x86_64
Compiler: gcc 9.3.0-17ubuntu1~20.04
Fedora 34
Kernel: 5.4.0-72-generic
Compiler: gcc 11.1.1 20210428 (Red Hat 11.1.1-1)
Ubuntu 18.04
Kernel: 4.18.0-240.10.1.el8_3.x86_64
Compiler: gcc 7.5.0-3ubuntu1~18.04
Fedora 32
Kernel: 4.18.0-240.10.1.el8_3.x86_64
Compiler: gcc 10.2.1
openSUSE Leap 15
Kernel: 4.18.0-240.10.1.el8_3.x86_64
Compiler: gcc 7.5.0
CentOS Stream 8
Kernel: 4.18.0-240.10.1.el8_3.x86_64
Compiler: gcc 8.4.1 20200928
Arch Linux
Kernel: 5.4.0-73-generic
Compiler: gcc 11.1.0
Fedora 34 clang
Kernel: 5.4.0-72-generic
Compiler: clang 12.0.0 (Fedora 12.0.0-0.3.rc1.fc34)
Fedora 33
Kernel: 5.4.0-72-generic
Compiler: gcc 10.3.1 20210422 (Red Hat 10.3.1-1)
To view detailed results, visit:
https://lab.dpdk.org/results/dashboard/patchsets/22837/
UNH-IOL DPDK Community Lab
To manage your email subscriptions, visit:
https://lab.dpdk.org/results/dashboard/preferences/subscriptions/
^ permalink raw reply [flat|nested] 2+ messages in thread
end of thread, other threads:[~2022-06-28 17:42 UTC | newest]
Thread overview: 2+ messages (download: mbox.gz / follow: Atom feed)
-- links below jump to the message on this page --
2022-06-28 17:20 |FAILURE| pw113511-113510 [PATCH] [2/2] bus/pci: support region based device mapping dpdklab
2022-06-28 17:42 dpdklab
This is a public inbox, see mirroring instructions
for how to clone and mirror all data and code used for this inbox;
as well as URLs for NNTP newsgroup(s).