* |FAILURE| pw113680 [PATCH] common/mlx5: update DevX error logging
@ 2022-07-05 18:44 dpdklab
0 siblings, 0 replies; only message in thread
From: dpdklab @ 2022-07-05 18:44 UTC (permalink / raw)
To: Test Report; +Cc: dpdklab, David Marchand, Thomas Monjalon, Gregory Etelson
[-- Attachment #1: Type: text/plain, Size: 4127 bytes --]
Test-Label: iol-x86_64-unit-testing
Test-Status: FAILURE
http://dpdk.org/patch/113680
_Testing issues_
Submitter: Gregory Etelson <getelson@nvidia.com>
Date: Tuesday, July 05 2022 14:48:31
DPDK git baseline: Repo:dpdk
Branch: master
CommitID:ad42b228c6e26e88b16504153a9338f9b387d2e7
113680 --> testing fail
Test environment and result as below:
+---------------------+----------------+
| Environment | dpdk_unit_test |
+=====================+================+
| CentOS Stream 8 | FAIL |
+---------------------+----------------+
| Windows Server 2019 | PASS |
+---------------------+----------------+
| Fedora 31 | PASS |
+---------------------+----------------+
| RHEL 7 | FAIL |
+---------------------+----------------+
| Arch Linux | PASS |
+---------------------+----------------+
| Fedora 33 | PASS |
+---------------------+----------------+
| Ubuntu 20.04 | PASS |
+---------------------+----------------+
| Ubuntu 18.04 | FAIL |
+---------------------+----------------+
| Fedora 34 | PASS |
+---------------------+----------------+
| Fedora 32 | PASS |
+---------------------+----------------+
| RHEL8 | FAIL |
+---------------------+----------------+
| openSUSE Leap 15 | FAIL |
+---------------------+----------------+
| Fedora 34 clang | PASS |
+---------------------+----------------+
==== 20 line log output for openSUSE Leap 15 (dpdk_unit_test): ====
../drivers/common/mlx5/mlx5_prm.h:808:47: note: in expansion of macro '__mlx5_bit_sz'
#define __mlx5_mask(typ, fld) ((u32)((1ull << __mlx5_bit_sz(typ, fld)) - 1))
^~~~~~~~~~~~~
../drivers/common/mlx5/mlx5_prm.h:857:2: note: in expansion of macro '__mlx5_mask'
__mlx5_mask(typ, fld))
^~~~~~~~~~~
../drivers/common/mlx5/mlx5_devx_cmds.c:19:29: note: in expansion of macro 'MLX5_GET'
#define MLX5_FW_SYNDROME(o) MLX5_GET(general_obj_out_cmd_hdr, (o), syndrome)
^~~~~~~~
../drivers/common/mlx5/mlx5_devx_cmds.c:35:27: note: in expansion of macro 'MLX5_FW_SYNDROME'
MLX5_FW_STATUS((out)), MLX5_FW_SYNDROME((out))); \
^~~~~~~~~~~~~~~~
../drivers/common/mlx5/mlx5_devx_cmds.c:2948:3: note: in expansion of macro 'DEVX_DRV_LOG'
DEVX_DRV_LOG(ERR, out, "create CRYPTO_LOGIN", NULL, 0);
^~~~~~~~~~~~
cc1: all warnings being treated as errors
[804/3358] Compiling C object 'drivers/a715181@@tmp_rte_common_qat@sta/common_qat_dev_qat_dev_gen4.c.o'.
[805/3358] Generating symbol file 'drivers/a715181@@rte_common_cnxk@sha/librte_common_cnxk.so.22.2.symbols'.
[806/3358] Compiling C object 'drivers/a715181@@tmp_rte_common_qat@sta/crypto_qat_qat_asym.c.o'.
ninja: build stopped: subcommand failed.
==== End log output ====
CentOS Stream 8
Kernel: 4.18.0-240.10.1.el8_3.x86_64
Compiler: gcc 8.4.1 20200928
Windows Server 2019
Kernel: 10.0
Compiler: clang 14.0 and gcc 8.1.0 (MinGW)
Fedora 31
Kernel: 4.18.0-240.10.1.el8_3.x86_64
Compiler: gcc 9.3.1
RHEL 7
Kernel: 4.18.0-240.10.1.el8_3.x86_64
Compiler: gcc 4.8.5 20150623 (Red Hat 4.8.5-44)
Arch Linux
Kernel: 5.4.0-73-generic
Compiler: gcc 11.1.0
Fedora 33
Kernel: 5.4.0-72-generic
Compiler: gcc 10.3.1 20210422 (Red Hat 10.3.1-1)
Ubuntu 20.04
Kernel: 4.18.0-240.10.1.el8_3.x86_64
Compiler: gcc 9.3.0-17ubuntu1~20.04
Ubuntu 18.04
Kernel: 4.18.0-240.10.1.el8_3.x86_64
Compiler: gcc 7.5.0-3ubuntu1~18.04
Fedora 34
Kernel: 5.4.0-72-generic
Compiler: gcc 11.1.1 20210428 (Red Hat 11.1.1-1)
Fedora 32
Kernel: 4.18.0-240.10.1.el8_3.x86_64
Compiler: gcc 10.2.1
RHEL8
Kernel: 4.18.0-240.10.1.el8_3.x86_64
Compiler: gcc 8.3.1 20191121 (Red Hat 8.3.1-5)
openSUSE Leap 15
Kernel: 4.18.0-240.10.1.el8_3.x86_64
Compiler: gcc 7.5.0
Fedora 34 clang
Kernel: 5.4.0-72-generic
Compiler: clang 12.0.0 (Fedora 12.0.0-0.3.rc1.fc34)
To view detailed results, visit:
https://lab.dpdk.org/results/dashboard/patchsets/22913/
UNH-IOL DPDK Community Lab
To manage your email subscriptions, visit:
https://lab.dpdk.org/results/dashboard/preferences/subscriptions/
^ permalink raw reply [flat|nested] only message in thread
only message in thread, other threads:[~2022-07-05 18:44 UTC | newest]
Thread overview: (only message) (download: mbox.gz / follow: Atom feed)
-- links below jump to the message on this page --
2022-07-05 18:44 |FAILURE| pw113680 [PATCH] common/mlx5: update DevX error logging dpdklab
This is a public inbox, see mirroring instructions
for how to clone and mirror all data and code used for this inbox;
as well as URLs for NNTP newsgroup(s).