* |FAILURE| [GIT MASTER] b941165a0060ba60672d70a7002434ebfc7b2a7e
@ 2022-07-17 5:56 dpdklab
0 siblings, 0 replies; only message in thread
From: dpdklab @ 2022-07-17 5:56 UTC (permalink / raw)
To: Test Report
Cc: dpdklab, Xueming Li, Christian Ehrhardt, Kevin Traynor, Luca Boccassi
[-- Attachment #1: Type: text/plain, Size: 3729 bytes --]
_Testing issues_
Branch: tags/v21.11
b941165a0060ba60672d70a7002434ebfc7b2a7e --> testing fail
Test environment and result as below:
+---------------------+----------------+
| Environment | dpdk_unit_test |
+=====================+================+
| Windows Server 2019 | PASS |
+---------------------+----------------+
| CentOS Stream 8 | PASS |
+---------------------+----------------+
| Fedora 31 | PASS |
+---------------------+----------------+
| RHEL 7 | FAIL |
+---------------------+----------------+
| Ubuntu 20.04 | PASS |
+---------------------+----------------+
| RHEL8 | PASS |
+---------------------+----------------+
| Fedora 32 | PASS |
+---------------------+----------------+
| openSUSE Leap 15 | PASS |
+---------------------+----------------+
| Ubuntu 18.04 | PASS |
+---------------------+----------------+
| Fedora 33 | PASS |
+---------------------+----------------+
| Arch Linux | PASS |
+---------------------+----------------+
| Fedora 34 | PASS |
+---------------------+----------------+
| Fedora 34 clang | PASS |
+---------------------+----------------+
==== 20 line log output for RHEL 7 (dpdk_unit_test): ====
55/65 DPDK:fast-tests / service_autotest FAIL 2.24 s (exit status 255 or signal 127 SIGinvalid)
56/65 DPDK:fast-tests / thash_autotest OK 0.30 s
57/65 DPDK:fast-tests / trace_autotest OK 0.25 s
58/65 DPDK:fast-tests / metrics_autotest OK 0.32 s
59/65 DPDK:fast-tests / telemetry_json_autotest OK 0.22 s
60/65 DPDK:fast-tests / telemetry_data_autotest OK 0.59 s
61/65 DPDK:fast-tests / ring_pmd_autotest OK 0.27 s
62/65 DPDK:fast-tests / bitratestats_autotest OK 0.35 s
63/65 DPDK:fast-tests / latencystats_autotest OK 0.32 s
64/65 DPDK:fast-tests / pdump_autotest OK 0.44 s
65/65 DPDK:fast-tests / vdev_autotest OK 0.30 s
Ok: 63
Expected Fail: 0
Fail: 1
Unexpected Pass: 0
Skipped: 1
Timeout: 0
Full log written to /home-local/jenkins-local/jenkins-agent/workspace/Generic-Unit-Test-DPDK@2/dpdk/build/meson-logs/testlog.txt
==== End log output ====
Windows Server 2019
Kernel: 10.0
Compiler: clang 14.0 and gcc 8.1.0 (MinGW)
CentOS Stream 8
Kernel: 4.18.0-240.10.1.el8_3.x86_64
Compiler: gcc 8.4.1 20200928
Fedora 31
Kernel: 4.18.0-240.10.1.el8_3.x86_64
Compiler: gcc 9.3.1
RHEL 7
Kernel: 4.18.0-240.10.1.el8_3.x86_64
Compiler: gcc 4.8.5 20150623 (Red Hat 4.8.5-44)
Ubuntu 20.04
Kernel: 4.18.0-240.10.1.el8_3.x86_64
Compiler: gcc 9.3.0-17ubuntu1~20.04
RHEL8
Kernel: 4.18.0-240.10.1.el8_3.x86_64
Compiler: gcc 8.3.1 20191121 (Red Hat 8.3.1-5)
Fedora 32
Kernel: 4.18.0-240.10.1.el8_3.x86_64
Compiler: gcc 10.2.1
openSUSE Leap 15
Kernel: 4.18.0-240.10.1.el8_3.x86_64
Compiler: gcc 7.5.0
Ubuntu 18.04
Kernel: 4.18.0-240.10.1.el8_3.x86_64
Compiler: gcc 7.5.0-3ubuntu1~18.04
Fedora 33
Kernel: 5.4.0-72-generic
Compiler: gcc 10.3.1 20210422 (Red Hat 10.3.1-1)
Arch Linux
Kernel: 5.4.0-73-generic
Compiler: gcc 11.1.0
Fedora 34
Kernel: 5.4.0-72-generic
Compiler: gcc 11.1.1 20210428 (Red Hat 11.1.1-1)
Fedora 34 clang
Kernel: 5.4.0-72-generic
Compiler: clang 12.0.0 (Fedora 12.0.0-0.3.rc1.fc34)
To view detailed results, visit:
https://lab.dpdk.org/results/dashboard/tarballs/20776/
UNH-IOL DPDK Community Lab
To manage your email subscriptions, visit:
https://lab.dpdk.org/results/dashboard/preferences/subscriptions/
^ permalink raw reply [flat|nested] only message in thread
only message in thread, other threads:[~2022-07-17 5:56 UTC | newest]
Thread overview: (only message) (download: mbox.gz / follow: Atom feed)
-- links below jump to the message on this page --
2022-07-17 5:56 |FAILURE| [GIT MASTER] b941165a0060ba60672d70a7002434ebfc7b2a7e dpdklab
This is a public inbox, see mirroring instructions
for how to clone and mirror all data and code used for this inbox;
as well as URLs for NNTP newsgroup(s).