From: dpdklab@iol.unh.edu
To: Test Report <test-report@dpdk.org>
Cc: dpdklab@iol.unh.edu, David Marchand <david.marchand@redhat.com>,
Thomas Monjalon <thomas@monjalon.net>,
Junfeng Guo <junfeng.guo@intel.com>
Subject: |FAILURE| pw114567-114579 [PATCH] [13/13] net/idpf: add AVX512 data path for single queue model
Date: Wed, 3 Aug 2022 12:15:49 +0000 (UTC) [thread overview]
Message-ID: <20220803121549.3269F600E7@dpdk-ubuntu.dpdklab.iol.unh.edu> (raw)
[-- Attachment #1: Type: text/plain, Size: 4966 bytes --]
Test-Label: iol-aarch64-compile-testing
Test-Status: FAILURE
http://dpdk.org/patch/114579
_Testing issues_
Submitter: Junfeng Guo <junfeng.guo@intel.com>
Date: Wednesday, August 03 2022 11:31:04
DPDK git baseline: Repo:dpdk
Branch: master
CommitID:72206323a5dd3182b13f61b25a64abdddfee595c
114567-114579 --> testing fail
Test environment and result as below:
+----------------------------------------+--------------------+
| Environment | dpdk_meson_compile |
+========================================+====================+
| Ubuntu 20.04 aarch32 GCC Cross Compile | FAIL |
+----------------------------------------+--------------------+
| Ubuntu 20.04 ARM Clang Native | FAIL |
+----------------------------------------+--------------------+
| Ubuntu 20.04 ARM GCC Native | FAIL |
+----------------------------------------+--------------------+
| Ubuntu 20.04 ARM Clang Cross Compile | FAIL |
+----------------------------------------+--------------------+
| Ubuntu 20.04 ARM SVE | PASS |
+----------------------------------------+--------------------+
| Ubuntu 20.04 ARM GCC Cross Compile | FAIL |
+----------------------------------------+--------------------+
==== 20 line log output for Ubuntu 20.04 ARM GCC Cross Compile (dpdk_meson_compile): ====
[1616/3311] Compiling C object 'drivers/net/ice/base/39545a2@@ice_base@sta/ice_flg_rd.c.o'.
[1617/3311] Compiling C object 'drivers/net/ice/base/39545a2@@ice_base@sta/ice_xlt_kb.c.o'.
[1618/3311] Compiling C object 'drivers/net/ice/base/39545a2@@ice_base@sta/ice_parser_rt.c.o'.
[1619/3311] Linking static target drivers/net/ice/base/libice_base.a.
[1620/3311] Compiling C object 'drivers/a715181@@tmp_rte_net_ice@sta/net_ice_ice_acl_filter.c.o'.
[1621/3311] Compiling C object 'drivers/net/idpf/base/fbd0548@@idpf_base@sta/iecm_controlq.c.o'.
FAILED: drivers/net/idpf/base/fbd0548@@idpf_base@sta/iecm_controlq.c.o
ccache aarch64-linux-gnu-gcc -Idrivers/net/idpf/base/fbd0548@@idpf_base@sta -Idrivers/net/idpf/base -I../drivers/net/idpf/base -I. -I../ -Iconfig -I../config -Ilib/eal/include -I../lib/eal/include -Ilib/eal/linux/include -I../lib/eal/linux/include -Ilib/eal/arm/include -I../lib/eal/arm/include -Ilib/eal/common -I../lib/eal/common -Ilib/eal -I../lib/eal -Ilib/kvargs -I../lib/kvargs -Ilib/telemetry/../metrics -I../lib/telemetry/../metrics -Ilib/telemetry -I../lib/telemetry -fdiagnostics-color=always -pipe -D_FILE_OFFSET_BITS=64 -Wall -Winvalid-pch -Wextra -Werror -O3 -include rte_config.h -Wcast-qual -Wdeprecated -Wformat -Wformat-nonliteral -Wformat-security -Wmissing-declarations -Wmissing-prototypes -Wnested-externs -Wold-style-definition -Wpointer-arith -Wsign-compare -Wstrict-prototypes -Wundef -Wwrite-strings -Wno-address-of-packed-member -Wno-packed-not-aligned -Wno-missing-field-initializers -D_GNU_SOURCE -fPIC -march=armv8-a+crc -moutline-atomics -DALLOW_EXPERIMENTAL_API -DALLOW_INTERNAL_API -Wno-format-truncation -Wno-unused-value -Wno-unused-but-set-variable -Wno-unused-variable -Wno-unused-parameter -MD -MQ 'drivers/net/idpf/base/fbd0548@@idpf_base@sta/iecm_controlq.c.o' -MF 'drivers/net/idpf/base/fbd0548@@idpf_base@sta/iecm_controlq.c.o.d' -o 'drivers/net/idpf/base/fbd0548@@idpf_base@sta/iecm_controlq.c.o' -c ../drivers/net/idpf/base/iecm_controlq.c
../drivers/net/idpf/base/iecm_controlq.c: In function 'iecm_ctlq_send':
../drivers/net/idpf/base/iecm_controlq.c:310:17: error: dereferencing type-punned pointer will break strict-aliasing rules [-Werror=strict-aliasing]
310 | msg_cookie = *(u64 *)&msg->cookie;
| ^~~~~~~~~~~~~~~~~~~
../drivers/net/idpf/base/iecm_controlq.c: In function 'iecm_ctlq_add':
../drivers/net/idpf/base/iecm_controlq.c:157:10: error: this statement may fall through [-Werror=implicit-fallthrough=]
157 | is_rxq = true;
../drivers/net/idpf/base/iecm_controlq.c:159:2: note: here
159 | case IECM_CTLQ_TYPE_MAILBOX_TX:
| ^~~~
cc1: all warnings being treated as errors
ninja: build stopped: subcommand failed.
==== End log output ====
Ubuntu 20.04 aarch32 GCC Cross Compile
Kernel: 5.4.0-72-generic
Compiler: gcc 9.3.0
Ubuntu 20.04 ARM Clang Native
Kernel: 5.4.0-53-generic
Compiler: clang 10.0.0-4ubuntu1
Ubuntu 20.04 ARM GCC Native
Kernel: 5.4.0-53-generic
Compiler: gcc 9.3
Ubuntu 20.04 ARM Clang Cross Compile
Kernel: 5.4.0-72-generic
Compiler: clang version 10.0.0-4ubuntu1
Ubuntu 20.04 ARM SVE
Kernel: 5.4.0-80-generic
Compiler: gcc 10.3.0 (Ubuntu 10.3.0-1ubuntu1~20.04)
Ubuntu 20.04 ARM GCC Cross Compile
Kernel: 5.4.0-72-generic
Compiler: aarch64-linux-gnu-gcc (Ubuntu 9.3.0-17ubuntu1~20.04) 9.3.0
To view detailed results, visit:
https://lab.dpdk.org/results/dashboard/patchsets/23133/
UNH-IOL DPDK Community Lab
To manage your email subscriptions, visit:
https://lab.dpdk.org/results/dashboard/preferences/subscriptions/
next reply other threads:[~2022-08-03 12:15 UTC|newest]
Thread overview: 6+ messages / expand[flat|nested] mbox.gz Atom feed top
2022-08-03 12:15 dpdklab [this message]
2022-08-03 12:25 dpdklab
2022-08-03 12:35 dpdklab
2022-08-03 12:35 dpdklab
2022-08-03 12:41 dpdklab
2022-08-03 12:49 dpdklab
Reply instructions:
You may reply publicly to this message via plain-text email
using any one of the following methods:
* Save the following mbox file, import it into your mail client,
and reply-to-all from there: mbox
Avoid top-posting and favor interleaved quoting:
https://en.wikipedia.org/wiki/Posting_style#Interleaved_style
* Reply using the --to, --cc, and --in-reply-to
switches of git-send-email(1):
git send-email \
--in-reply-to=20220803121549.3269F600E7@dpdk-ubuntu.dpdklab.iol.unh.edu \
--to=dpdklab@iol.unh.edu \
--cc=david.marchand@redhat.com \
--cc=junfeng.guo@intel.com \
--cc=test-report@dpdk.org \
--cc=thomas@monjalon.net \
/path/to/YOUR_REPLY
https://kernel.org/pub/software/scm/git/docs/git-send-email.html
* If your mail client supports setting the In-Reply-To header
via mailto: links, try the mailto: link
Be sure your reply has a Subject: header at the top and a blank line
before the message body.
This is a public inbox, see mirroring instructions
for how to clone and mirror all data and code used for this inbox;
as well as URLs for NNTP newsgroup(s).