From: dpdklab@iol.unh.edu
To: Test Report <test-report@dpdk.org>
Cc: dpdklab@iol.unh.edu, David Marchand <david.marchand@redhat.com>,
Thomas Monjalon <thomas@monjalon.net>,
Junfeng Guo <junfeng.guo@intel.com>
Subject: |FAILURE| pw114567-114579 [PATCH] [13/13] net/idpf: add AVX512 data path for single queue model
Date: Wed, 3 Aug 2022 12:41:43 +0000 (UTC) [thread overview]
Message-ID: <20220803124143.71D6E600E7@dpdk-ubuntu.dpdklab.iol.unh.edu> (raw)
[-- Attachment #1: Type: text/plain, Size: 3069 bytes --]
Test-Label: iol-aarch64-compile-testing
Test-Status: FAILURE
http://dpdk.org/patch/114579
_Testing issues_
Submitter: Junfeng Guo <junfeng.guo@intel.com>
Date: Wednesday, August 03 2022 11:31:04
DPDK git baseline: Repo:dpdk
Branch: master
CommitID:72206323a5dd3182b13f61b25a64abdddfee595c
114567-114579 --> testing fail
Test environment and result as below:
+----------------------------------------+--------------------+
| Environment | dpdk_meson_compile |
+========================================+====================+
| Ubuntu 20.04 ARM GCC Native | FAIL |
+----------------------------------------+--------------------+
| Ubuntu 20.04 ARM GCC Cross Compile | FAIL |
+----------------------------------------+--------------------+
| Ubuntu 20.04 ARM Clang Native | FAIL |
+----------------------------------------+--------------------+
| Ubuntu 20.04 aarch32 GCC Cross Compile | FAIL |
+----------------------------------------+--------------------+
| Ubuntu 20.04 ARM SVE | PASS |
+----------------------------------------+--------------------+
| Ubuntu 20.04 ARM Clang Cross Compile | FAIL |
+----------------------------------------+--------------------+
==== 20 line log output for Ubuntu 20.04 ARM Clang Cross Compile (dpdk_meson_compile): ====
../drivers/net/idpf/idpf_rxtx.c:2245:24: error: unused variable 'rxq' [-Werror,-Wunused-variable]
struct idpf_rx_queue *rxq;
^
../drivers/net/idpf/idpf_rxtx.c:2246:6: error: unused variable 'i' [-Werror,-Wunused-variable]
int i;
^
../drivers/net/idpf/idpf_rxtx.c:2244:23: error: unused variable 'ad' [-Werror,-Wunused-variable]
struct idpf_adapter *ad = vport->adapter;
^
../drivers/net/idpf/idpf_rxtx.c:2298:24: error: unused variable 'txq' [-Werror,-Wunused-variable]
struct idpf_tx_queue *txq;
^
../drivers/net/idpf/idpf_rxtx.c:2299:6: error: unused variable 'i' [-Werror,-Wunused-variable]
int i;
^
../drivers/net/idpf/idpf_rxtx.c:2297:23: error: unused variable 'ad' [-Werror,-Wunused-variable]
struct idpf_adapter *ad = vport->adapter;
^
7 errors generated.
ninja: build stopped: subcommand failed.
==== End log output ====
Ubuntu 20.04 ARM GCC Native
Kernel: 5.4.0-53-generic
Compiler: gcc 9.3
Ubuntu 20.04 ARM GCC Cross Compile
Kernel: 5.4.0-72-generic
Compiler: aarch64-linux-gnu-gcc (Ubuntu 9.3.0-17ubuntu1~20.04) 9.3.0
Ubuntu 20.04 ARM Clang Native
Kernel: 5.4.0-53-generic
Compiler: clang 10.0.0-4ubuntu1
Ubuntu 20.04 aarch32 GCC Cross Compile
Kernel: 5.4.0-72-generic
Compiler: gcc 9.3.0
Ubuntu 20.04 ARM SVE
Kernel: 5.4.0-80-generic
Compiler: gcc 10.3.0 (Ubuntu 10.3.0-1ubuntu1~20.04)
Ubuntu 20.04 ARM Clang Cross Compile
Kernel: 5.4.0-72-generic
Compiler: clang version 10.0.0-4ubuntu1
To view detailed results, visit:
https://lab.dpdk.org/results/dashboard/patchsets/23133/
UNH-IOL DPDK Community Lab
To manage your email subscriptions, visit:
https://lab.dpdk.org/results/dashboard/preferences/subscriptions/
next reply other threads:[~2022-08-03 12:41 UTC|newest]
Thread overview: 6+ messages / expand[flat|nested] mbox.gz Atom feed top
2022-08-03 12:41 dpdklab [this message]
-- strict thread matches above, loose matches on Subject: below --
2022-08-03 12:49 dpdklab
2022-08-03 12:35 dpdklab
2022-08-03 12:35 dpdklab
2022-08-03 12:25 dpdklab
2022-08-03 12:15 dpdklab
Reply instructions:
You may reply publicly to this message via plain-text email
using any one of the following methods:
* Save the following mbox file, import it into your mail client,
and reply-to-all from there: mbox
Avoid top-posting and favor interleaved quoting:
https://en.wikipedia.org/wiki/Posting_style#Interleaved_style
* Reply using the --to, --cc, and --in-reply-to
switches of git-send-email(1):
git send-email \
--in-reply-to=20220803124143.71D6E600E7@dpdk-ubuntu.dpdklab.iol.unh.edu \
--to=dpdklab@iol.unh.edu \
--cc=david.marchand@redhat.com \
--cc=junfeng.guo@intel.com \
--cc=test-report@dpdk.org \
--cc=thomas@monjalon.net \
/path/to/YOUR_REPLY
https://kernel.org/pub/software/scm/git/docs/git-send-email.html
* If your mail client supports setting the In-Reply-To header
via mailto: links, try the mailto: link
Be sure your reply has a Subject: header at the top and a blank line
before the message body.
This is a public inbox, see mirroring instructions
for how to clone and mirror all data and code used for this inbox;
as well as URLs for NNTP newsgroup(s).