* |FAILURE| [GIT MASTER] c5dc4f6eb5718da16cad951784242edfa26eb578
@ 2022-08-17 5:32 dpdklab
0 siblings, 0 replies; 3+ messages in thread
From: dpdklab @ 2022-08-17 5:32 UTC (permalink / raw)
To: Test Report
Cc: dpdk-test-reports, Xueming Li, Christian Ehrhardt, Kevin Traynor,
Luca Boccassi
[-- Attachment #1: Type: text/plain, Size: 3162 bytes --]
_Testing issues_
Branch: tags/v20.11
c5dc4f6eb5718da16cad951784242edfa26eb578 --> testing fail
Test environment and result as below:
+------------------+----------------+
| Environment | dpdk_unit_test |
+==================+================+
| Fedora 31 | FAIL |
+------------------+----------------+
| openSUSE Leap 15 | FAIL |
+------------------+----------------+
| RHEL 7 | FAIL |
+------------------+----------------+
| Ubuntu 20.04 | PASS |
+------------------+----------------+
| RHEL8 | PASS |
+------------------+----------------+
| Fedora 32 | PASS |
+------------------+----------------+
| Fedora 34 clang | FAIL |
+------------------+----------------+
| Fedora 33 | FAIL |
+------------------+----------------+
| Fedora 34 | FAIL |
+------------------+----------------+
| Ubuntu 18.04 | FAIL |
+------------------+----------------+
==== 20 line log output for Ubuntu 18.04 (dpdk_unit_test): ====
84/94 DPDK:fast-tests / service_autotest OK 3.52 s
85/94 DPDK:fast-tests / thash_autotest OK 0.93 s
86/94 DPDK:fast-tests / trace_autotest OK 0.27 s
87/94 DPDK:fast-tests / telemetry_json_autotest OK 0.22 s
88/94 DPDK:fast-tests / telemetry_data_autotest OK 0.27 s
89/94 DPDK:fast-tests / ring_pmd_autotest OK 0.34 s
90/94 DPDK:fast-tests / event_eth_tx_adapter_autotest OK 0.97 s
91/94 DPDK:fast-tests / bitratestats_autotest OK 0.27 s
92/94 DPDK:fast-tests / latencystats_autotest OK 0.27 s
93/94 DPDK:fast-tests / pdump_autotest OK 5.35 s
94/94 DPDK:fast-tests / compressdev_autotest SKIP 0.27 s
Ok: 88
Expected Fail: 0
Fail: 1
Unexpected Pass: 0
Skipped: 5
Timeout: 1
Full log written to /home-local/jenkins-local/jenkins-agent/workspace/Generic-Unit-Test-DPDK@2/dpdk/build/meson-logs/testlog.txt
==== End log output ====
Fedora 31
Kernel: 4.18.0-240.10.1.el8_3.x86_64
Compiler: gcc 9.3.1
openSUSE Leap 15
Kernel: 4.18.0-240.10.1.el8_3.x86_64
Compiler: gcc 7.5.0
RHEL 7
Kernel: 4.18.0-240.10.1.el8_3.x86_64
Compiler: gcc 4.8.5 20150623 (Red Hat 4.8.5-44)
Ubuntu 20.04
Kernel: 4.18.0-240.10.1.el8_3.x86_64
Compiler: gcc 9.3.0-17ubuntu1~20.04
RHEL8
Kernel: 4.18.0-240.10.1.el8_3.x86_64
Compiler: gcc 8.3.1 20191121 (Red Hat 8.3.1-5)
Fedora 32
Kernel: 4.18.0-240.10.1.el8_3.x86_64
Compiler: gcc 10.2.1
Fedora 34 clang
Kernel: 5.4.0-72-generic
Compiler: clang 12.0.0 (Fedora 12.0.0-0.3.rc1.fc34)
Fedora 33
Kernel: 5.4.0-72-generic
Compiler: gcc 10.3.1 20210422 (Red Hat 10.3.1-1)
Fedora 34
Kernel: 5.4.0-72-generic
Compiler: gcc 11.1.1 20210428 (Red Hat 11.1.1-1)
Ubuntu 18.04
Kernel: 4.18.0-240.10.1.el8_3.x86_64
Compiler: gcc 7.5.0-3ubuntu1~18.04
To view detailed results, visit:
https://lab.dpdk.org/results/dashboard/tarballs/21048/
UNH-IOL DPDK Community Lab
To manage your email subscriptions, visit:
https://lab.dpdk.org/results/dashboard/preferences/subscriptions/
^ permalink raw reply [flat|nested] 3+ messages in thread
* |FAILURE| [GIT MASTER] c5dc4f6eb5718da16cad951784242edfa26eb578
@ 2022-08-16 5:44 dpdklab
0 siblings, 0 replies; 3+ messages in thread
From: dpdklab @ 2022-08-16 5:44 UTC (permalink / raw)
To: Test Report
Cc: dpdklab, Xueming Li, Christian Ehrhardt, Kevin Traynor, Luca Boccassi
[-- Attachment #1: Type: text/plain, Size: 3439 bytes --]
_Testing issues_
Branch: tags/v20.11
c5dc4f6eb5718da16cad951784242edfa26eb578 --> testing fail
Test environment and result as below:
+------------------+----------------+
| Environment | dpdk_unit_test |
+==================+================+
| Fedora 34 | FAIL |
+------------------+----------------+
| Fedora 32 | FAIL |
+------------------+----------------+
| openSUSE Leap 15 | PASS |
+------------------+----------------+
| RHEL8 | PASS |
+------------------+----------------+
| Ubuntu 18.04 | FAIL |
+------------------+----------------+
| Fedora 34 clang | FAIL |
+------------------+----------------+
| Fedora 31 | PASS |
+------------------+----------------+
| Ubuntu 20.04 | FAIL |
+------------------+----------------+
| RHEL 7 | FAIL |
+------------------+----------------+
| Fedora 33 | FAIL |
+------------------+----------------+
==== 20 line log output for Fedora 33 (dpdk_unit_test): ====
21/94 DPDK:fast-tests / eal_flags_file_prefix_autotest OK 4.03 s
22/94 DPDK:fast-tests / eal_flags_misc_autotest OK 1.53 s
23/94 DPDK:fast-tests / eal_fs_autotest OK 0.27 s
24/94 DPDK:fast-tests / errno_autotest OK 0.27 s
25/94 DPDK:fast-tests / ethdev_link_status OK 0.27 s
26/94 DPDK:fast-tests / event_ring_autotest OK 0.27 s
27/94 DPDK:fast-tests / fib_autotest OK 1.12 s
28/94 DPDK:fast-tests / fib6_autotest OK 1.07 s
29/94 DPDK:fast-tests / func_reentrancy_autotest OK 6.25 s
30/94 DPDK:fast-tests / flow_classify_autotest OK 0.27 s
31/94 DPDK:fast-tests / hash_autotest OK 0.62 s
32/94 DPDK:fast-tests / interrupt_autotest OK 1.42 s
33/94 DPDK:fast-tests / ipfrag_autotest OK 0.27 s
34/94 DPDK:fast-tests / lcores_autotest OK 1.92 s
35/94 DPDK:fast-tests / logs_autotest OK 0.22 s
36/94 DPDK:fast-tests / lpm_autotest OK 5.53 s
37/94 DPDK:fast-tests / lpm6_autotest OK 7.84 s
38/94 DPDK:fast-tests / malloc_autotest OK 3.08 s
39/94 DPDK:fast-tests / mbuf_autotest OK 14.77 s
40/94 DPDK:fast-tests / mcslock_autotest TIMEOUT 602.06 s
==== End log output ====
Fedora 34
Kernel: 5.4.0-72-generic
Compiler: gcc 11.1.1 20210428 (Red Hat 11.1.1-1)
Fedora 32
Kernel: 4.18.0-240.10.1.el8_3.x86_64
Compiler: gcc 10.2.1
openSUSE Leap 15
Kernel: 4.18.0-240.10.1.el8_3.x86_64
Compiler: gcc 7.5.0
RHEL8
Kernel: 4.18.0-240.10.1.el8_3.x86_64
Compiler: gcc 8.3.1 20191121 (Red Hat 8.3.1-5)
Ubuntu 18.04
Kernel: 4.18.0-240.10.1.el8_3.x86_64
Compiler: gcc 7.5.0-3ubuntu1~18.04
Fedora 34 clang
Kernel: 5.4.0-72-generic
Compiler: clang 12.0.0 (Fedora 12.0.0-0.3.rc1.fc34)
Fedora 31
Kernel: 4.18.0-240.10.1.el8_3.x86_64
Compiler: gcc 9.3.1
Ubuntu 20.04
Kernel: 4.18.0-240.10.1.el8_3.x86_64
Compiler: gcc 9.3.0-17ubuntu1~20.04
RHEL 7
Kernel: 4.18.0-240.10.1.el8_3.x86_64
Compiler: gcc 4.8.5 20150623 (Red Hat 4.8.5-44)
Fedora 33
Kernel: 5.4.0-72-generic
Compiler: gcc 10.3.1 20210422 (Red Hat 10.3.1-1)
To view detailed results, visit:
https://lab.dpdk.org/results/dashboard/tarballs/21045/
UNH-IOL DPDK Community Lab
To manage your email subscriptions, visit:
https://lab.dpdk.org/results/dashboard/preferences/subscriptions/
^ permalink raw reply [flat|nested] 3+ messages in thread
* |FAILURE| [GIT MASTER] c5dc4f6eb5718da16cad951784242edfa26eb578
@ 2022-08-15 11:30 dpdklab
0 siblings, 0 replies; 3+ messages in thread
From: dpdklab @ 2022-08-15 11:30 UTC (permalink / raw)
To: Test Report
Cc: dpdklab, Xueming Li, Christian Ehrhardt, Kevin Traynor, Luca Boccassi
[-- Attachment #1: Type: text/plain, Size: 3159 bytes --]
_Testing issues_
Branch: tags/v20.11
c5dc4f6eb5718da16cad951784242edfa26eb578 --> testing fail
Test environment and result as below:
+------------------+----------------+
| Environment | dpdk_unit_test |
+==================+================+
| Ubuntu 20.04 | FAIL |
+------------------+----------------+
| Ubuntu 18.04 | PASS |
+------------------+----------------+
| Fedora 34 | FAIL |
+------------------+----------------+
| Fedora 31 | PASS |
+------------------+----------------+
| Fedora 34 clang | PASS |
+------------------+----------------+
| openSUSE Leap 15 | PASS |
+------------------+----------------+
| Fedora 32 | PASS |
+------------------+----------------+
| RHEL 7 | PASS |
+------------------+----------------+
| RHEL8 | FAIL |
+------------------+----------------+
| Fedora 33 | FAIL |
+------------------+----------------+
==== 20 line log output for Fedora 33 (dpdk_unit_test): ====
84/94 DPDK:fast-tests / service_autotest OK 3.68 s
85/94 DPDK:fast-tests / thash_autotest OK 0.22 s
86/94 DPDK:fast-tests / trace_autotest OK 0.17 s
87/94 DPDK:fast-tests / telemetry_json_autotest OK 0.17 s
88/94 DPDK:fast-tests / telemetry_data_autotest OK 0.22 s
89/94 DPDK:fast-tests / ring_pmd_autotest OK 0.17 s
90/94 DPDK:fast-tests / event_eth_tx_adapter_autotest OK 0.47 s
91/94 DPDK:fast-tests / bitratestats_autotest OK 0.17 s
92/94 DPDK:fast-tests / latencystats_autotest OK 0.22 s
93/94 DPDK:fast-tests / pdump_autotest OK 5.23 s
94/94 DPDK:fast-tests / compressdev_autotest SKIP 0.22 s
Ok: 88
Expected Fail: 0
Fail: 1
Unexpected Pass: 0
Skipped: 5
Timeout: 1
Full log written to /home-local/jenkins-local/jenkins-agent/workspace/Generic-Unit-Test-DPDK@3/dpdk/build/meson-logs/testlog.txt
==== End log output ====
Ubuntu 20.04
Kernel: 4.18.0-240.10.1.el8_3.x86_64
Compiler: gcc 9.3.0-17ubuntu1~20.04
Ubuntu 18.04
Kernel: 4.18.0-240.10.1.el8_3.x86_64
Compiler: gcc 7.5.0-3ubuntu1~18.04
Fedora 34
Kernel: 5.4.0-72-generic
Compiler: gcc 11.1.1 20210428 (Red Hat 11.1.1-1)
Fedora 31
Kernel: 4.18.0-240.10.1.el8_3.x86_64
Compiler: gcc 9.3.1
Fedora 34 clang
Kernel: 5.4.0-72-generic
Compiler: clang 12.0.0 (Fedora 12.0.0-0.3.rc1.fc34)
openSUSE Leap 15
Kernel: 4.18.0-240.10.1.el8_3.x86_64
Compiler: gcc 7.5.0
Fedora 32
Kernel: 4.18.0-240.10.1.el8_3.x86_64
Compiler: gcc 10.2.1
RHEL 7
Kernel: 4.18.0-240.10.1.el8_3.x86_64
Compiler: gcc 4.8.5 20150623 (Red Hat 4.8.5-44)
RHEL8
Kernel: 4.18.0-240.10.1.el8_3.x86_64
Compiler: gcc 8.3.1 20191121 (Red Hat 8.3.1-5)
Fedora 33
Kernel: 5.4.0-72-generic
Compiler: gcc 10.3.1 20210422 (Red Hat 10.3.1-1)
To view detailed results, visit:
https://lab.dpdk.org/results/dashboard/tarballs/21002/
UNH-IOL DPDK Community Lab
To manage your email subscriptions, visit:
https://lab.dpdk.org/results/dashboard/preferences/subscriptions/
^ permalink raw reply [flat|nested] 3+ messages in thread
end of thread, other threads:[~2022-08-17 5:32 UTC | newest]
Thread overview: 3+ messages (download: mbox.gz / follow: Atom feed)
-- links below jump to the message on this page --
2022-08-17 5:32 |FAILURE| [GIT MASTER] c5dc4f6eb5718da16cad951784242edfa26eb578 dpdklab
-- strict thread matches above, loose matches on Subject: below --
2022-08-16 5:44 dpdklab
2022-08-15 11:30 dpdklab
This is a public inbox, see mirroring instructions
for how to clone and mirror all data and code used for this inbox;
as well as URLs for NNTP newsgroup(s).