* |WARNING| [GIT MASTER] 8bdb61a66fb9c9e8f93722939fec63c7f593299f
@ 2022-11-24 4:16 dpdklab
0 siblings, 0 replies; 10+ messages in thread
From: dpdklab @ 2022-11-24 4:16 UTC (permalink / raw)
To: Test Report
Cc: dpdk-test-reports, Xueming Li, Christian Ehrhardt, Kevin Traynor,
Luca Boccassi
[-- Attachment #1: Type: text/plain, Size: 1721 bytes --]
_Testing issues_
Branch: tags/v21.11
8bdb61a66fb9c9e8f93722939fec63c7f593299f --> testing fail
Test environment and result as below:
+-----------------------------+----------+
| Environment | abi_test |
+=============================+==========+
| Ubuntu 20.04 ARM GCC Native | FAIL |
+-----------------------------+----------+
==== 20 line log output for Ubuntu 20.04 ARM GCC Native (abi_test): ====
Variables changes summary: 0 Removed, 0 Changed, 0 Added variable
Functions changes summary: 0 Removed, 0 Changed (1 filtered out), 0 Added function
Variables changes summary: 0 Removed, 0 Changed, 0 Added variable
Functions changes summary: 0 Removed, 0 Changed, 0 Added (1 filtered out) function
Variables changes summary: 0 Removed, 0 Changed, 0 Added variable
Functions changes summary: 0 Removed, 0 Changed, 0 Added (1 filtered out) function
Variables changes summary: 0 Removed, 0 Changed, 0 Added variable
Functions changes summary: 0 Removed, 0 Changed (2 filtered out), 0 Added functions
Variables changes summary: 0 Removed, 0 Changed, 0 Added variable
Functions changes summary: 0 Removed, 0 Changed, 0 Added function
Variables changes summary: 0 Removed, 0 Changed (1 filtered out), 0 Added variable
Functions changes summary: 0 Removed, 0 Changed (1 filtered out), 0 Added function
Variables changes summary: 0 Removed, 0 Changed, 0 Added variable
==== End log output ====
Ubuntu 20.04 ARM GCC Native
Kernel: 5.4.0-53-generic
Compiler: gcc 9.3
To view detailed results, visit:
https://lab.dpdk.org/results/dashboard/tarballs/22417/
UNH-IOL DPDK Community Lab
To manage your email subscriptions, visit:
https://lab.dpdk.org/results/dashboard/preferences/subscriptions/
^ permalink raw reply [flat|nested] 10+ messages in thread
* |WARNING| [GIT MASTER] 8bdb61a66fb9c9e8f93722939fec63c7f593299f
@ 2022-12-01 3:26 dpdklab
0 siblings, 0 replies; 10+ messages in thread
From: dpdklab @ 2022-12-01 3:26 UTC (permalink / raw)
To: Test Report
Cc: dpdk-test-reports, Xueming Li, Christian Ehrhardt, Kevin Traynor,
Luca Boccassi
[-- Attachment #1: Type: text/plain, Size: 1721 bytes --]
_Testing issues_
Branch: tags/v21.11
8bdb61a66fb9c9e8f93722939fec63c7f593299f --> testing fail
Test environment and result as below:
+-----------------------------+----------+
| Environment | abi_test |
+=============================+==========+
| Ubuntu 20.04 ARM GCC Native | FAIL |
+-----------------------------+----------+
==== 20 line log output for Ubuntu 20.04 ARM GCC Native (abi_test): ====
Variables changes summary: 0 Removed, 0 Changed, 0 Added variable
Functions changes summary: 0 Removed, 0 Changed (1 filtered out), 0 Added function
Variables changes summary: 0 Removed, 0 Changed, 0 Added variable
Functions changes summary: 0 Removed, 0 Changed, 0 Added (1 filtered out) function
Variables changes summary: 0 Removed, 0 Changed, 0 Added variable
Functions changes summary: 0 Removed, 0 Changed, 0 Added (1 filtered out) function
Variables changes summary: 0 Removed, 0 Changed, 0 Added variable
Functions changes summary: 0 Removed, 0 Changed (2 filtered out), 0 Added functions
Variables changes summary: 0 Removed, 0 Changed, 0 Added variable
Functions changes summary: 0 Removed, 0 Changed, 0 Added function
Variables changes summary: 0 Removed, 0 Changed (1 filtered out), 0 Added variable
Functions changes summary: 0 Removed, 0 Changed (1 filtered out), 0 Added function
Variables changes summary: 0 Removed, 0 Changed, 0 Added variable
==== End log output ====
Ubuntu 20.04 ARM GCC Native
Kernel: 5.4.0-53-generic
Compiler: gcc 9.3
To view detailed results, visit:
https://lab.dpdk.org/results/dashboard/tarballs/22461/
UNH-IOL DPDK Community Lab
To manage your email subscriptions, visit:
https://lab.dpdk.org/results/dashboard/preferences/subscriptions/
^ permalink raw reply [flat|nested] 10+ messages in thread
* |WARNING| [GIT MASTER] 8bdb61a66fb9c9e8f93722939fec63c7f593299f
@ 2022-12-01 0:39 dpdklab
0 siblings, 0 replies; 10+ messages in thread
From: dpdklab @ 2022-12-01 0:39 UTC (permalink / raw)
To: Test Report
Cc: dpdk-test-reports, Xueming Li, Christian Ehrhardt, Kevin Traynor,
Luca Boccassi
[-- Attachment #1: Type: text/plain, Size: 1721 bytes --]
_Testing issues_
Branch: tags/v21.11
8bdb61a66fb9c9e8f93722939fec63c7f593299f --> testing fail
Test environment and result as below:
+-----------------------------+----------+
| Environment | abi_test |
+=============================+==========+
| Ubuntu 20.04 ARM GCC Native | FAIL |
+-----------------------------+----------+
==== 20 line log output for Ubuntu 20.04 ARM GCC Native (abi_test): ====
Variables changes summary: 0 Removed, 0 Changed, 0 Added variable
Functions changes summary: 0 Removed, 0 Changed (1 filtered out), 0 Added function
Variables changes summary: 0 Removed, 0 Changed, 0 Added variable
Functions changes summary: 0 Removed, 0 Changed, 0 Added (1 filtered out) function
Variables changes summary: 0 Removed, 0 Changed, 0 Added variable
Functions changes summary: 0 Removed, 0 Changed, 0 Added (1 filtered out) function
Variables changes summary: 0 Removed, 0 Changed, 0 Added variable
Functions changes summary: 0 Removed, 0 Changed (2 filtered out), 0 Added functions
Variables changes summary: 0 Removed, 0 Changed, 0 Added variable
Functions changes summary: 0 Removed, 0 Changed, 0 Added function
Variables changes summary: 0 Removed, 0 Changed (1 filtered out), 0 Added variable
Functions changes summary: 0 Removed, 0 Changed (1 filtered out), 0 Added function
Variables changes summary: 0 Removed, 0 Changed, 0 Added variable
==== End log output ====
Ubuntu 20.04 ARM GCC Native
Kernel: 5.4.0-53-generic
Compiler: gcc 9.3
To view detailed results, visit:
https://lab.dpdk.org/results/dashboard/tarballs/22446/
UNH-IOL DPDK Community Lab
To manage your email subscriptions, visit:
https://lab.dpdk.org/results/dashboard/preferences/subscriptions/
^ permalink raw reply [flat|nested] 10+ messages in thread
* |WARNING| [GIT MASTER] 8bdb61a66fb9c9e8f93722939fec63c7f593299f
@ 2022-11-30 23:41 dpdklab
0 siblings, 0 replies; 10+ messages in thread
From: dpdklab @ 2022-11-30 23:41 UTC (permalink / raw)
To: Test Report
Cc: dpdk-test-reports, Xueming Li, Christian Ehrhardt, Kevin Traynor,
Luca Boccassi
[-- Attachment #1: Type: text/plain, Size: 1721 bytes --]
_Testing issues_
Branch: tags/v21.11
8bdb61a66fb9c9e8f93722939fec63c7f593299f --> testing fail
Test environment and result as below:
+-----------------------------+----------+
| Environment | abi_test |
+=============================+==========+
| Ubuntu 20.04 ARM GCC Native | FAIL |
+-----------------------------+----------+
==== 20 line log output for Ubuntu 20.04 ARM GCC Native (abi_test): ====
Variables changes summary: 0 Removed, 0 Changed, 0 Added variable
Functions changes summary: 0 Removed, 0 Changed (1 filtered out), 0 Added function
Variables changes summary: 0 Removed, 0 Changed, 0 Added variable
Functions changes summary: 0 Removed, 0 Changed, 0 Added (1 filtered out) function
Variables changes summary: 0 Removed, 0 Changed, 0 Added variable
Functions changes summary: 0 Removed, 0 Changed, 0 Added (1 filtered out) function
Variables changes summary: 0 Removed, 0 Changed, 0 Added variable
Functions changes summary: 0 Removed, 0 Changed (2 filtered out), 0 Added functions
Variables changes summary: 0 Removed, 0 Changed, 0 Added variable
Functions changes summary: 0 Removed, 0 Changed, 0 Added function
Variables changes summary: 0 Removed, 0 Changed (1 filtered out), 0 Added variable
Functions changes summary: 0 Removed, 0 Changed (1 filtered out), 0 Added function
Variables changes summary: 0 Removed, 0 Changed, 0 Added variable
==== End log output ====
Ubuntu 20.04 ARM GCC Native
Kernel: 5.4.0-53-generic
Compiler: gcc 9.3
To view detailed results, visit:
https://lab.dpdk.org/results/dashboard/tarballs/22441/
UNH-IOL DPDK Community Lab
To manage your email subscriptions, visit:
https://lab.dpdk.org/results/dashboard/preferences/subscriptions/
^ permalink raw reply [flat|nested] 10+ messages in thread
* |WARNING| [GIT MASTER] 8bdb61a66fb9c9e8f93722939fec63c7f593299f
@ 2022-11-30 22:44 dpdklab
0 siblings, 0 replies; 10+ messages in thread
From: dpdklab @ 2022-11-30 22:44 UTC (permalink / raw)
To: Test Report
Cc: dpdk-test-reports, Xueming Li, Christian Ehrhardt, Kevin Traynor,
Luca Boccassi
[-- Attachment #1: Type: text/plain, Size: 1721 bytes --]
_Testing issues_
Branch: tags/v21.11
8bdb61a66fb9c9e8f93722939fec63c7f593299f --> testing fail
Test environment and result as below:
+-----------------------------+----------+
| Environment | abi_test |
+=============================+==========+
| Ubuntu 20.04 ARM GCC Native | FAIL |
+-----------------------------+----------+
==== 20 line log output for Ubuntu 20.04 ARM GCC Native (abi_test): ====
Variables changes summary: 0 Removed, 0 Changed, 0 Added variable
Functions changes summary: 0 Removed, 0 Changed (1 filtered out), 0 Added function
Variables changes summary: 0 Removed, 0 Changed, 0 Added variable
Functions changes summary: 0 Removed, 0 Changed, 0 Added (1 filtered out) function
Variables changes summary: 0 Removed, 0 Changed, 0 Added variable
Functions changes summary: 0 Removed, 0 Changed, 0 Added (1 filtered out) function
Variables changes summary: 0 Removed, 0 Changed, 0 Added variable
Functions changes summary: 0 Removed, 0 Changed (2 filtered out), 0 Added functions
Variables changes summary: 0 Removed, 0 Changed, 0 Added variable
Functions changes summary: 0 Removed, 0 Changed, 0 Added function
Variables changes summary: 0 Removed, 0 Changed (1 filtered out), 0 Added variable
Functions changes summary: 0 Removed, 0 Changed (1 filtered out), 0 Added function
Variables changes summary: 0 Removed, 0 Changed, 0 Added variable
==== End log output ====
Ubuntu 20.04 ARM GCC Native
Kernel: 5.4.0-53-generic
Compiler: gcc 9.3
To view detailed results, visit:
https://lab.dpdk.org/results/dashboard/tarballs/22438/
UNH-IOL DPDK Community Lab
To manage your email subscriptions, visit:
https://lab.dpdk.org/results/dashboard/preferences/subscriptions/
^ permalink raw reply [flat|nested] 10+ messages in thread
* |WARNING| [GIT MASTER] 8bdb61a66fb9c9e8f93722939fec63c7f593299f
@ 2022-11-28 7:21 dpdklab
0 siblings, 0 replies; 10+ messages in thread
From: dpdklab @ 2022-11-28 7:21 UTC (permalink / raw)
To: Test Report
Cc: dpdk-test-reports, Xueming Li, Christian Ehrhardt, Kevin Traynor,
Luca Boccassi
[-- Attachment #1: Type: text/plain, Size: 1721 bytes --]
_Testing issues_
Branch: tags/v21.11
8bdb61a66fb9c9e8f93722939fec63c7f593299f --> testing fail
Test environment and result as below:
+-----------------------------+----------+
| Environment | abi_test |
+=============================+==========+
| Ubuntu 20.04 ARM GCC Native | FAIL |
+-----------------------------+----------+
==== 20 line log output for Ubuntu 20.04 ARM GCC Native (abi_test): ====
Variables changes summary: 0 Removed, 0 Changed, 0 Added variable
Functions changes summary: 0 Removed, 0 Changed (1 filtered out), 0 Added function
Variables changes summary: 0 Removed, 0 Changed, 0 Added variable
Functions changes summary: 0 Removed, 0 Changed, 0 Added (1 filtered out) function
Variables changes summary: 0 Removed, 0 Changed, 0 Added variable
Functions changes summary: 0 Removed, 0 Changed, 0 Added (1 filtered out) function
Variables changes summary: 0 Removed, 0 Changed, 0 Added variable
Functions changes summary: 0 Removed, 0 Changed (2 filtered out), 0 Added functions
Variables changes summary: 0 Removed, 0 Changed, 0 Added variable
Functions changes summary: 0 Removed, 0 Changed, 0 Added function
Variables changes summary: 0 Removed, 0 Changed (1 filtered out), 0 Added variable
Functions changes summary: 0 Removed, 0 Changed (1 filtered out), 0 Added function
Variables changes summary: 0 Removed, 0 Changed, 0 Added variable
==== End log output ====
Ubuntu 20.04 ARM GCC Native
Kernel: 5.4.0-53-generic
Compiler: gcc 9.3
To view detailed results, visit:
https://lab.dpdk.org/results/dashboard/tarballs/22446/
UNH-IOL DPDK Community Lab
To manage your email subscriptions, visit:
https://lab.dpdk.org/results/dashboard/preferences/subscriptions/
^ permalink raw reply [flat|nested] 10+ messages in thread
* |WARNING| [GIT MASTER] 8bdb61a66fb9c9e8f93722939fec63c7f593299f
@ 2022-11-27 7:23 dpdklab
0 siblings, 0 replies; 10+ messages in thread
From: dpdklab @ 2022-11-27 7:23 UTC (permalink / raw)
To: Test Report
Cc: dpdk-test-reports, Xueming Li, Christian Ehrhardt, Kevin Traynor,
Luca Boccassi
[-- Attachment #1: Type: text/plain, Size: 1721 bytes --]
_Testing issues_
Branch: tags/v21.11
8bdb61a66fb9c9e8f93722939fec63c7f593299f --> testing fail
Test environment and result as below:
+-----------------------------+----------+
| Environment | abi_test |
+=============================+==========+
| Ubuntu 20.04 ARM GCC Native | FAIL |
+-----------------------------+----------+
==== 20 line log output for Ubuntu 20.04 ARM GCC Native (abi_test): ====
Variables changes summary: 0 Removed, 0 Changed, 0 Added variable
Functions changes summary: 0 Removed, 0 Changed (1 filtered out), 0 Added function
Variables changes summary: 0 Removed, 0 Changed, 0 Added variable
Functions changes summary: 0 Removed, 0 Changed, 0 Added (1 filtered out) function
Variables changes summary: 0 Removed, 0 Changed, 0 Added variable
Functions changes summary: 0 Removed, 0 Changed, 0 Added (1 filtered out) function
Variables changes summary: 0 Removed, 0 Changed, 0 Added variable
Functions changes summary: 0 Removed, 0 Changed (2 filtered out), 0 Added functions
Variables changes summary: 0 Removed, 0 Changed, 0 Added variable
Functions changes summary: 0 Removed, 0 Changed, 0 Added function
Variables changes summary: 0 Removed, 0 Changed (1 filtered out), 0 Added variable
Functions changes summary: 0 Removed, 0 Changed (1 filtered out), 0 Added function
Variables changes summary: 0 Removed, 0 Changed, 0 Added variable
==== End log output ====
Ubuntu 20.04 ARM GCC Native
Kernel: 5.4.0-53-generic
Compiler: gcc 9.3
To view detailed results, visit:
https://lab.dpdk.org/results/dashboard/tarballs/22441/
UNH-IOL DPDK Community Lab
To manage your email subscriptions, visit:
https://lab.dpdk.org/results/dashboard/preferences/subscriptions/
^ permalink raw reply [flat|nested] 10+ messages in thread
* |WARNING| [GIT MASTER] 8bdb61a66fb9c9e8f93722939fec63c7f593299f
@ 2022-11-26 7:40 dpdklab
0 siblings, 0 replies; 10+ messages in thread
From: dpdklab @ 2022-11-26 7:40 UTC (permalink / raw)
To: Test Report
Cc: dpdk-test-reports, Xueming Li, Christian Ehrhardt, Kevin Traynor,
Luca Boccassi
[-- Attachment #1: Type: text/plain, Size: 1721 bytes --]
_Testing issues_
Branch: tags/v21.11
8bdb61a66fb9c9e8f93722939fec63c7f593299f --> testing fail
Test environment and result as below:
+-----------------------------+----------+
| Environment | abi_test |
+=============================+==========+
| Ubuntu 20.04 ARM GCC Native | FAIL |
+-----------------------------+----------+
==== 20 line log output for Ubuntu 20.04 ARM GCC Native (abi_test): ====
Variables changes summary: 0 Removed, 0 Changed, 0 Added variable
Functions changes summary: 0 Removed, 0 Changed (1 filtered out), 0 Added function
Variables changes summary: 0 Removed, 0 Changed, 0 Added variable
Functions changes summary: 0 Removed, 0 Changed, 0 Added (1 filtered out) function
Variables changes summary: 0 Removed, 0 Changed, 0 Added variable
Functions changes summary: 0 Removed, 0 Changed, 0 Added (1 filtered out) function
Variables changes summary: 0 Removed, 0 Changed, 0 Added variable
Functions changes summary: 0 Removed, 0 Changed (2 filtered out), 0 Added functions
Variables changes summary: 0 Removed, 0 Changed, 0 Added variable
Functions changes summary: 0 Removed, 0 Changed, 0 Added function
Variables changes summary: 0 Removed, 0 Changed (1 filtered out), 0 Added variable
Functions changes summary: 0 Removed, 0 Changed (1 filtered out), 0 Added function
Variables changes summary: 0 Removed, 0 Changed, 0 Added variable
==== End log output ====
Ubuntu 20.04 ARM GCC Native
Kernel: 5.4.0-53-generic
Compiler: gcc 9.3
To view detailed results, visit:
https://lab.dpdk.org/results/dashboard/tarballs/22438/
UNH-IOL DPDK Community Lab
To manage your email subscriptions, visit:
https://lab.dpdk.org/results/dashboard/preferences/subscriptions/
^ permalink raw reply [flat|nested] 10+ messages in thread
* |WARNING| [GIT MASTER] 8bdb61a66fb9c9e8f93722939fec63c7f593299f
@ 2022-11-25 7:36 dpdklab
0 siblings, 0 replies; 10+ messages in thread
From: dpdklab @ 2022-11-25 7:36 UTC (permalink / raw)
To: Test Report
Cc: dpdk-test-reports, Xueming Li, Christian Ehrhardt, Kevin Traynor,
Luca Boccassi
[-- Attachment #1: Type: text/plain, Size: 1721 bytes --]
_Testing issues_
Branch: tags/v21.11
8bdb61a66fb9c9e8f93722939fec63c7f593299f --> testing fail
Test environment and result as below:
+-----------------------------+----------+
| Environment | abi_test |
+=============================+==========+
| Ubuntu 20.04 ARM GCC Native | FAIL |
+-----------------------------+----------+
==== 20 line log output for Ubuntu 20.04 ARM GCC Native (abi_test): ====
Variables changes summary: 0 Removed, 0 Changed, 0 Added variable
Functions changes summary: 0 Removed, 0 Changed (1 filtered out), 0 Added function
Variables changes summary: 0 Removed, 0 Changed, 0 Added variable
Functions changes summary: 0 Removed, 0 Changed, 0 Added (1 filtered out) function
Variables changes summary: 0 Removed, 0 Changed, 0 Added variable
Functions changes summary: 0 Removed, 0 Changed, 0 Added (1 filtered out) function
Variables changes summary: 0 Removed, 0 Changed, 0 Added variable
Functions changes summary: 0 Removed, 0 Changed (2 filtered out), 0 Added functions
Variables changes summary: 0 Removed, 0 Changed, 0 Added variable
Functions changes summary: 0 Removed, 0 Changed, 0 Added function
Variables changes summary: 0 Removed, 0 Changed (1 filtered out), 0 Added variable
Functions changes summary: 0 Removed, 0 Changed (1 filtered out), 0 Added function
Variables changes summary: 0 Removed, 0 Changed, 0 Added variable
==== End log output ====
Ubuntu 20.04 ARM GCC Native
Kernel: 5.4.0-53-generic
Compiler: gcc 9.3
To view detailed results, visit:
https://lab.dpdk.org/results/dashboard/tarballs/22433/
UNH-IOL DPDK Community Lab
To manage your email subscriptions, visit:
https://lab.dpdk.org/results/dashboard/preferences/subscriptions/
^ permalink raw reply [flat|nested] 10+ messages in thread
* |WARNING| [GIT MASTER] 8bdb61a66fb9c9e8f93722939fec63c7f593299f
@ 2022-11-24 7:36 dpdklab
0 siblings, 0 replies; 10+ messages in thread
From: dpdklab @ 2022-11-24 7:36 UTC (permalink / raw)
To: Test Report
Cc: dpdk-test-reports, Xueming Li, Christian Ehrhardt, Kevin Traynor,
Luca Boccassi
[-- Attachment #1: Type: text/plain, Size: 1721 bytes --]
_Testing issues_
Branch: tags/v21.11
8bdb61a66fb9c9e8f93722939fec63c7f593299f --> testing fail
Test environment and result as below:
+-----------------------------+----------+
| Environment | abi_test |
+=============================+==========+
| Ubuntu 20.04 ARM GCC Native | FAIL |
+-----------------------------+----------+
==== 20 line log output for Ubuntu 20.04 ARM GCC Native (abi_test): ====
Variables changes summary: 0 Removed, 0 Changed, 0 Added variable
Functions changes summary: 0 Removed, 0 Changed (1 filtered out), 0 Added function
Variables changes summary: 0 Removed, 0 Changed, 0 Added variable
Functions changes summary: 0 Removed, 0 Changed, 0 Added (1 filtered out) function
Variables changes summary: 0 Removed, 0 Changed, 0 Added variable
Functions changes summary: 0 Removed, 0 Changed, 0 Added (1 filtered out) function
Variables changes summary: 0 Removed, 0 Changed, 0 Added variable
Functions changes summary: 0 Removed, 0 Changed (2 filtered out), 0 Added functions
Variables changes summary: 0 Removed, 0 Changed, 0 Added variable
Functions changes summary: 0 Removed, 0 Changed, 0 Added function
Variables changes summary: 0 Removed, 0 Changed (1 filtered out), 0 Added variable
Functions changes summary: 0 Removed, 0 Changed (1 filtered out), 0 Added function
Variables changes summary: 0 Removed, 0 Changed, 0 Added variable
==== End log output ====
Ubuntu 20.04 ARM GCC Native
Kernel: 5.4.0-53-generic
Compiler: gcc 9.3
To view detailed results, visit:
https://lab.dpdk.org/results/dashboard/tarballs/22419/
UNH-IOL DPDK Community Lab
To manage your email subscriptions, visit:
https://lab.dpdk.org/results/dashboard/preferences/subscriptions/
^ permalink raw reply [flat|nested] 10+ messages in thread
end of thread, other threads:[~2022-12-01 3:26 UTC | newest]
Thread overview: 10+ messages (download: mbox.gz / follow: Atom feed)
-- links below jump to the message on this page --
2022-11-24 4:16 |WARNING| [GIT MASTER] 8bdb61a66fb9c9e8f93722939fec63c7f593299f dpdklab
2022-11-24 7:36 dpdklab
2022-11-25 7:36 dpdklab
2022-11-26 7:40 dpdklab
2022-11-27 7:23 dpdklab
2022-11-28 7:21 dpdklab
2022-11-30 22:44 dpdklab
2022-11-30 23:41 dpdklab
2022-12-01 0:39 dpdklab
2022-12-01 3:26 dpdklab
This is a public inbox, see mirroring instructions
for how to clone and mirror all data and code used for this inbox;
as well as URLs for NNTP newsgroup(s).