* |SUCCESS| pw125181 [PATCH] gpudev: export header file for external drivers
[not found] <20230316085919.46500-1-thomas@monjalon.net>
@ 2023-03-16 8:49 ` qemudev
2023-03-16 8:53 ` qemudev
` (2 subsequent siblings)
3 siblings, 0 replies; 7+ messages in thread
From: qemudev @ 2023-03-16 8:49 UTC (permalink / raw)
To: test-report
Test-Label: loongarch-compilation
Test-Status: SUCCESS
http://dpdk.org/patch/125181
_Compilation OK_
Submitter: Thomas Monjalon <thomas@monjalon.net>
Date: Thu, 16 Mar 2023 09:59:19 +0100
DPDK git baseline: Repo:dpdk
Branch: main
CommitID: 8c9bfcb1553d756eb5392a56ac7813b3865c3ec7
125181 --> meson & ninja build successfully
Test environment and result as below:
+---------------------+----------------+
| Environment | compilation |
+---------------------+----------------+
| Loongnix-Server 8.3 | PASS |
+---------------------+----------------+
Loongnix-Server 8.3
Kernel: 4.19.190+
Compiler: gcc 8.3
^ permalink raw reply [flat|nested] 7+ messages in thread
* |SUCCESS| pw125181 [PATCH] gpudev: export header file for external drivers
[not found] <20230316085919.46500-1-thomas@monjalon.net>
2023-03-16 8:49 ` |SUCCESS| pw125181 [PATCH] gpudev: export header file for external drivers qemudev
@ 2023-03-16 8:53 ` qemudev
2023-03-16 9:00 ` checkpatch
2023-03-16 11:00 ` |FAILURE| " 0-day Robot
3 siblings, 0 replies; 7+ messages in thread
From: qemudev @ 2023-03-16 8:53 UTC (permalink / raw)
To: test-report
Test-Label: loongarch-unit-testing
Test-Status: SUCCESS
http://dpdk.org/patch/125181
_Unit Testing PASS_
Submitter: Thomas Monjalon <thomas@monjalon.net>
Date: Thu, 16 Mar 2023 09:59:19 +0100
DPDK git baseline: Repo:dpdk
Branch: main
CommitID: 8c9bfcb1553d756eb5392a56ac7813b3865c3ec7
125181 --> testing pass
Test environment and result as below:
+---------------------+----------------+
| Environment | dpdk_unit_test |
+---------------------+----------------+
| Loongnix-Server 8.3 | PASS |
+---------------------+----------------+
Loongnix-Server 8.3
Kernel: 4.19.190+
Compiler: gcc 8.3
Test result details:
1/103 DPDK:fast-tests / acl_autotest OK 2.83s
2/103 DPDK:fast-tests / atomic_autotest OK 7.38s
3/103 DPDK:fast-tests / bitmap_autotest OK 0.07s
4/103 DPDK:fast-tests / bpf_autotest OK 0.07s
5/103 DPDK:fast-tests / bpf_convert_autotest OK 0.07s
6/103 DPDK:fast-tests / bitops_autotest OK 0.07s
7/103 DPDK:fast-tests / byteorder_autotest OK 0.07s
8/103 DPDK:fast-tests / cksum_autotest OK 0.07s
9/103 DPDK:fast-tests / cmdline_autotest OK 0.07s
10/103 DPDK:fast-tests / common_autotest OK 0.92s
11/103 DPDK:fast-tests / cpuflags_autotest OK 0.07s
12/103 DPDK:fast-tests / debug_autotest OK 1.42s
13/103 DPDK:fast-tests / devargs_autotest OK 0.07s
14/103 DPDK:fast-tests / eal_flags_c_opt_autotest OK 0.67s
15/103 DPDK:fast-tests / eal_flags_main_opt_autotest OK 0.22s
16/103 DPDK:fast-tests / eal_flags_n_opt_autotest OK 0.17s
17/103 DPDK:fast-tests / eal_flags_hpet_autotest OK 0.12s
18/103 DPDK:fast-tests / eal_flags_no_huge_autotest OK 0.22s
19/103 DPDK:fast-tests / eal_flags_a_opt_autotest OK 0.27s
20/103 DPDK:fast-tests / eal_flags_b_opt_autotest OK 0.22s
21/103 DPDK:fast-tests / eal_flags_vdev_opt_autotest OK 0.17s
22/103 DPDK:fast-tests / eal_flags_r_opt_autotest OK 0.17s
23/103 DPDK:fast-tests / eal_flags_mem_autotest OK 0.52s
24/103 DPDK:fast-tests / eal_flags_file_prefix_autotest OK 22.41s
25/103 DPDK:fast-tests / eal_flags_misc_autotest OK 0.77s
26/103 DPDK:fast-tests / eal_fs_autotest OK 0.07s
27/103 DPDK:fast-tests / errno_autotest OK 0.07s
28/103 DPDK:fast-tests / ethdev_link_status OK 0.07s
29/103 DPDK:fast-tests / event_ring_autotest OK 0.07s
30/103 DPDK:fast-tests / fib_autotest OK 0.87s
31/103 DPDK:fast-tests / fib6_autotest OK 0.87s
32/103 DPDK:fast-tests / func_reentrancy_autotest OK 2.18s
33/103 DPDK:fast-tests / hash_autotest OK 1.02s
34/103 DPDK:fast-tests / interrupt_autotest OK 1.27s
35/103 DPDK:fast-tests / ipfrag_autotest OK 0.07s
36/103 DPDK:fast-tests / lcores_autotest OK 1.17s
37/103 DPDK:fast-tests / logs_autotest OK 0.07s
38/103 DPDK:fast-tests / lpm_autotest OK 5.95s
39/103 DPDK:fast-tests / lpm6_autotest OK 8.92s
40/103 DPDK:fast-tests / malloc_autotest OK 60.90s
41/103 DPDK:fast-tests / mbuf_autotest OK 6.68s
42/103 DPDK:fast-tests / mcslock_autotest OK 4.07s
43/103 DPDK:fast-tests / memcpy_autotest OK 6.68s
44/103 DPDK:fast-tests / memory_autotest OK 0.12s
45/103 DPDK:fast-tests / mempool_autotest OK 0.47s
46/103 DPDK:fast-tests / memzone_autotest OK 0.17s
47/103 DPDK:fast-tests / meter_autotest OK 0.07s
48/103 DPDK:fast-tests / multiprocess_autotest OK 0.17s
49/103 DPDK:fast-tests / per_lcore_autotest OK 0.17s
50/103 DPDK:fast-tests / pflock_autotest OK 0.87s
51/103 DPDK:fast-tests / prefetch_autotest OK 0.07s
52/103 DPDK:fast-tests / rcu_qsbr_autotest OK 0.57s
53/103 DPDK:fast-tests / pie_autotest OK 0.07s
54/103 DPDK:fast-tests / rib_autotest OK 10.29s
55/103 DPDK:fast-tests / rib6_autotest OK 10.30s
56/103 DPDK:fast-tests / ring_autotest OK 0.12s
57/103 DPDK:fast-tests / rwlock_test1_autotest OK 0.82s
58/103 DPDK:fast-tests / rwlock_rda_autotest OK 5.07s
59/103 DPDK:fast-tests / rwlock_rds_wrm_autotest OK 5.07s
60/103 DPDK:fast-tests / rwlock_rde_wro_autotest OK 5.07s
61/103 DPDK:fast-tests / sched_autotest OK 0.07s
62/103 DPDK:fast-tests / security_autotest OK 0.07s
63/103 DPDK:fast-tests / seqlock_autotest OK 2.07s
64/103 DPDK:fast-tests / spinlock_autotest OK 0.17s
65/103 DPDK:fast-tests / stack_autotest OK 0.87s
66/103 DPDK:fast-tests / stack_lf_autotest SKIP 0.07s exit status 77
67/103 DPDK:fast-tests / string_autotest OK 0.07s
68/103 DPDK:fast-tests / tailq_autotest OK 0.07s
69/103 DPDK:fast-tests / ticketlock_autotest OK 0.22s
70/103 DPDK:fast-tests / timer_autotest OK 3.87s
71/103 DPDK:fast-tests / user_delay_us OK 0.07s
72/103 DPDK:fast-tests / version_autotest OK 0.07s
73/103 DPDK:fast-tests / crc_autotest OK 0.07s
74/103 DPDK:fast-tests / distributor_autotest OK 1.22s
75/103 DPDK:fast-tests / eventdev_common_autotest OK 0.07s
76/103 DPDK:fast-tests / fbarray_autotest OK 0.07s
77/103 DPDK:fast-tests / hash_readwrite_func_autotest OK 6.43s
78/103 DPDK:fast-tests / ipsec_autotest SKIP 0.07s exit status 77
79/103 DPDK:fast-tests / kni_autotest SKIP 0.07s exit status 77
80/103 DPDK:fast-tests / kvargs_autotest OK 0.07s
81/103 DPDK:fast-tests / member_autotest OK 1.27s
82/103 DPDK:fast-tests / power_cpufreq_autotest SKIP 0.07s exit status 77
83/103 DPDK:fast-tests / power_autotest OK 0.07s
84/103 DPDK:fast-tests / power_kvm_vm_autotest SKIP 0.07s exit status 77
85/103 DPDK:fast-tests / power_intel_uncore_autotest SKIP 0.07s exit status 77
86/103 DPDK:fast-tests / reorder_autotest OK 0.12s
87/103 DPDK:fast-tests / service_autotest OK 2.77s
88/103 DPDK:fast-tests / thash_autotest OK 0.07s
89/103 DPDK:fast-tests / threads_autotest OK 0.27s
90/103 DPDK:fast-tests / trace_autotest OK 0.07s
91/103 DPDK:fast-tests / trace_autotest_with_traces OK 0.12s
92/103 DPDK:fast-tests / metrics_autotest OK 0.07s
93/103 DPDK:fast-tests / telemetry_json_autotest OK 0.07s
94/103 DPDK:fast-tests / telemetry_data_autotest OK 0.07s
95/103 DPDK:fast-tests / table_autotest OK 10.15s
96/103 DPDK:fast-tests / ring_pmd_autotest OK 0.07s
97/103 DPDK:fast-tests / event_eth_tx_adapter_autotest OK 1.47s
98/103 DPDK:fast-tests / bitratestats_autotest OK 0.07s
99/103 DPDK:fast-tests / latencystats_autotest OK 0.07s
100/103 DPDK:fast-tests / pdump_autotest OK 5.17s
101/103 DPDK:fast-tests / vdev_autotest OK 0.07s
102/103 DPDK:fast-tests / compressdev_autotest SKIP 0.07s exit status 77
103/103 DPDK:fast-tests / telemetry_all OK 14.64s
Ok: 96
Expected Fail: 0
Fail: 0
Unexpected Pass: 0
Skipped: 7
Timeout: 0
^ permalink raw reply [flat|nested] 7+ messages in thread
* |SUCCESS| pw125181 [PATCH] gpudev: export header file for external drivers
[not found] <20230316085919.46500-1-thomas@monjalon.net>
2023-03-16 8:49 ` |SUCCESS| pw125181 [PATCH] gpudev: export header file for external drivers qemudev
2023-03-16 8:53 ` qemudev
@ 2023-03-16 9:00 ` checkpatch
2023-03-16 11:00 ` |FAILURE| " 0-day Robot
3 siblings, 0 replies; 7+ messages in thread
From: checkpatch @ 2023-03-16 9:00 UTC (permalink / raw)
To: test-report
Test-Label: checkpatch
Test-Status: SUCCESS
http://dpdk.org/patch/125181
_coding style OK_
^ permalink raw reply [flat|nested] 7+ messages in thread
* |FAILURE| pw125181 [PATCH] gpudev: export header file for external drivers
[not found] <20230316085919.46500-1-thomas@monjalon.net>
` (2 preceding siblings ...)
2023-03-16 9:00 ` checkpatch
@ 2023-03-16 11:00 ` 0-day Robot
3 siblings, 0 replies; 7+ messages in thread
From: 0-day Robot @ 2023-03-16 11:00 UTC (permalink / raw)
To: test-report; +Cc: thomas, robot
From: robot@bytheb.org
Test-Label: github-robot: build
Test-Status: FAILURE
http://patchwork.dpdk.org/patch/125181/
_github build: failed_
Build URL: https://github.com/ovsrobot/dpdk/actions/runs/4435431456
Build Logs:
-----------------------Summary of failed steps-----------------------
"ubuntu-20.04-gcc-abi+doc+tests" failed at step Build and test
"ubuntu-20.04-clang-asan+doc+tests" failed at step Build and test
"ubuntu-20.04-gcc-static-i386" failed at step Build and test
"ubuntu-20.04-gcc-static-mingw" failed at step Build and test
"ubuntu-20.04-gcc-aarch64" failed at step Build and test
"ubuntu-20.04-gcc-ppc64le" failed at step Build and test
"ubuntu-20.04-gcc-riscv64" failed at step Build and test
"fedora:35-clang" failed at step Build
----------------------End summary of failed steps--------------------
-------------------------------BEGIN LOGS----------------------------
####################################################################################
#### [Begin job log] "ubuntu-20.04-gcc-abi+doc+tests" at step Build and test
####################################################################################
Message: drivers/baseband/fpga_lte_fec: Defining dependency "baseband_fpga_lte_fec"
Message: drivers/baseband/la12xx: Defining dependency "baseband_la12xx"
Message: drivers/baseband/null: Defining dependency "baseband_null"
Run-time dependency flexran_sdk_turbo found: NO (tried pkgconfig and cmake)
Run-time dependency flexran_sdk_ldpc_decoder_5gnr found: NO (tried pkgconfig and cmake)
Message: drivers/baseband/turbo_sw: Defining dependency "baseband_turbo_sw"
Has header "cuda.h" : NO
Compiler for C supports arguments -Wno-format-truncation -Wformat-truncation: YES
Dependency zlib found: YES 1.2.11 (cached)
Message: hugepage availability: true
Program test_telemetry.sh found: YES (/home/runner/work/dpdk/dpdk/app/test/test_telemetry.sh)
Program doxygen found: YES (/usr/bin/doxygen)
Configuring doxy-api.conf using configuration
Program sphinx-build found: YES (/usr/bin/sphinx-build)
Compiler for C supports arguments -Wno-format-truncation -Wformat-truncation: YES
Program gen_c_file_for_header.py found: YES (/home/runner/work/dpdk/dpdk/buildtools/chkincs/gen_c_file_for_header.py)
C++ compiler for the host machine: ccache c++ (gcc 9.4.0 "c++ (Ubuntu 9.4.0-1ubuntu1~20.04.1) 9.4.0")
C++ linker for the host machine: c++ ld.bfd 2.34
Program grep found: YES (/usr/bin/grep)
buildtools/chkincs/meson.build:46:8: ERROR: Problem encountered: Files missing C++ 'extern "C"' guards:
- /home/runner/work/dpdk/dpdk/lib/gpudev/gpudev_driver.h
A full log can be found at /home/runner/work/dpdk/dpdk/build/meson-logs/meson-log.txt
##[error]Process completed with exit code 1.
####################################################################################
#### [End job log] "ubuntu-20.04-gcc-abi+doc+tests" at step Build and test
####################################################################################
####################################################################################
#### [Begin job log] "ubuntu-20.04-clang-asan+doc+tests" at step Build and test
####################################################################################
Message: drivers/baseband/fpga_lte_fec: Defining dependency "baseband_fpga_lte_fec"
Message: drivers/baseband/la12xx: Defining dependency "baseband_la12xx"
Message: drivers/baseband/null: Defining dependency "baseband_null"
Run-time dependency flexran_sdk_turbo found: NO (tried pkgconfig and cmake)
Run-time dependency flexran_sdk_ldpc_decoder_5gnr found: NO (tried pkgconfig and cmake)
Message: drivers/baseband/turbo_sw: Defining dependency "baseband_turbo_sw"
Has header "cuda.h" : NO
Compiler for C supports arguments -Wno-format-truncation: NO (cached)
Dependency zlib found: YES 1.2.11 (cached)
Message: hugepage availability: true
Program test_telemetry.sh found: YES (/home/runner/work/dpdk/dpdk/app/test/test_telemetry.sh)
Program doxygen found: YES (/usr/bin/doxygen)
Configuring doxy-api.conf using configuration
Program sphinx-build found: YES (/usr/bin/sphinx-build)
Compiler for C supports arguments -Wno-format-truncation: NO (cached)
Program gen_c_file_for_header.py found: YES (/home/runner/work/dpdk/dpdk/buildtools/chkincs/gen_c_file_for_header.py)
C++ compiler for the host machine: ccache c++ (gcc 9.4.0 "c++ (Ubuntu 9.4.0-1ubuntu1~20.04.1) 9.4.0")
C++ linker for the host machine: c++ ld.bfd 2.34
Program grep found: YES (/usr/bin/grep)
buildtools/chkincs/meson.build:46:8: ERROR: Problem encountered: Files missing C++ 'extern "C"' guards:
- /home/runner/work/dpdk/dpdk/lib/gpudev/gpudev_driver.h
A full log can be found at /home/runner/work/dpdk/dpdk/build/meson-logs/meson-log.txt
##[error]Process completed with exit code 1.
####################################################################################
#### [End job log] "ubuntu-20.04-clang-asan+doc+tests" at step Build and test
####################################################################################
####################################################################################
#### [Begin job log] "ubuntu-20.04-gcc-static-i386" at step Build and test
####################################################################################
Message: drivers/baseband/fpga_lte_fec: Defining dependency "baseband_fpga_lte_fec"
Message: drivers/baseband/la12xx: Defining dependency "baseband_la12xx"
Message: drivers/baseband/null: Defining dependency "baseband_null"
Found CMake: /usr/local/bin/cmake (3.25.3)
Run-time dependency flexran_sdk_turbo found: NO (tried pkgconfig and cmake)
Run-time dependency flexran_sdk_ldpc_decoder_5gnr found: NO (tried pkgconfig and cmake)
Message: drivers/baseband/turbo_sw: Defining dependency "baseband_turbo_sw"
Has header "cuda.h" : NO
Compiler for C supports arguments -Wno-format-truncation -Wformat-truncation: YES
Run-time dependency zlib found: NO (tried pkgconfig)
Message: hugepage availability: true
Program test_telemetry.sh found: YES (/home/runner/work/dpdk/dpdk/app/test/test_telemetry.sh)
Program doxygen found: NO
Program sphinx-build found: NO
Compiler for C supports arguments -Wno-format-truncation -Wformat-truncation: YES
Program gen_c_file_for_header.py found: YES (/home/runner/work/dpdk/dpdk/buildtools/chkincs/gen_c_file_for_header.py)
C++ compiler for the host machine: ccache c++ (gcc 9.4.0 "c++ (Ubuntu 9.4.0-1ubuntu1~20.04.1) 9.4.0")
C++ linker for the host machine: c++ ld.bfd 2.34
Program grep found: YES (/usr/bin/grep)
buildtools/chkincs/meson.build:46:8: ERROR: Problem encountered: Files missing C++ 'extern "C"' guards:
- /home/runner/work/dpdk/dpdk/lib/gpudev/gpudev_driver.h
A full log can be found at /home/runner/work/dpdk/dpdk/build/meson-logs/meson-log.txt
##[error]Process completed with exit code 1.
####################################################################################
#### [End job log] "ubuntu-20.04-gcc-static-i386" at step Build and test
####################################################################################
####################################################################################
#### [Begin job log] "ubuntu-20.04-gcc-static-mingw" at step Build and test
####################################################################################
Compiler for C supports arguments -D_DEFAULT_SOURCE: YES
Compiler for C supports arguments -D_XOPEN_SOURCE=600: YES
Compiler for C supports arguments -Wno-unused-parameter -Wunused-parameter: YES
Compiler for C supports arguments -Wno-unused-value -Wunused-value: YES
Compiler for C supports arguments -Wno-strict-aliasing -Wstrict-aliasing: YES
Compiler for C supports arguments -Wno-format-extra-args -Wformat-extra-args: YES
Message: drivers/net/vmxnet3: Defining dependency "net_vmxnet3"
Message: Disabling mlx5 [drivers/crypto/mlx5]: missing internal dependency "common_mlx5"
Compiler for C supports arguments -Wno-format-truncation -Wformat-truncation: YES
Message: hugepage availability: true
Program doxygen found: NO
Program sphinx-build found: NO
Compiler for C supports arguments -Wno-format-truncation -Wformat-truncation: YES
Program gen_c_file_for_header.py found: YES (/home/runner/work/dpdk/dpdk/buildtools/chkincs/gen_c_file_for_header.py)
C++ compiler for the build machine: ccache c++ (gcc 9.4.0 "c++ (Ubuntu 9.4.0-1ubuntu1~20.04.1) 9.4.0")
C++ linker for the build machine: c++ ld.bfd 2.34
C++ compiler for the host machine: ccache x86_64-w64-mingw32-g++ (gcc 9.3.0 "x86_64-w64-mingw32-g++ (GCC) 9.3-win32 20200320")
C++ linker for the host machine: x86_64-w64-mingw32-g++ ld.bfd 2.34
Program grep found: YES (/usr/bin/grep)
buildtools/chkincs/meson.build:46:8: ERROR: Problem encountered: Files missing C++ 'extern "C"' guards:
- /home/runner/work/dpdk/dpdk/lib/gpudev/gpudev_driver.h
A full log can be found at /home/runner/work/dpdk/dpdk/build/meson-logs/meson-log.txt
##[error]Process completed with exit code 1.
####################################################################################
#### [End job log] "ubuntu-20.04-gcc-static-mingw" at step Build and test
####################################################################################
####################################################################################
#### [Begin job log] "ubuntu-20.04-gcc-aarch64" at step Build and test
####################################################################################
Message: drivers/baseband/null: Defining dependency "baseband_null"
Found CMake: NO
Run-time dependency flexran_sdk_turbo found: NO (tried pkgconfig and cmake)
Run-time dependency flexran_sdk_ldpc_decoder_5gnr found: NO (tried pkgconfig and cmake)
Message: drivers/baseband/turbo_sw: Defining dependency "baseband_turbo_sw"
Has header "cuda.h" : NO
Compiler for C supports arguments -Wno-format-truncation -Wformat-truncation: YES
Run-time dependency zlib found: NO (tried pkgconfig)
Message: hugepage availability: true
Program test_telemetry.sh found: YES (/home/runner/work/dpdk/dpdk/app/test/test_telemetry.sh)
Program doxygen found: NO
Program sphinx-build found: NO
Compiler for C supports arguments -Wno-format-truncation -Wformat-truncation: YES
Program gen_c_file_for_header.py found: YES (/home/runner/work/dpdk/dpdk/buildtools/chkincs/gen_c_file_for_header.py)
C++ compiler for the build machine: ccache c++ (gcc 9.4.0 "c++ (Ubuntu 9.4.0-1ubuntu1~20.04.1) 9.4.0")
C++ linker for the build machine: c++ ld.bfd 2.34
C++ compiler for the host machine: ccache aarch64-linux-gnu-g++ (gcc 9.4.0 "aarch64-linux-gnu-g++ (Ubuntu 9.4.0-1ubuntu1~20.04.1) 9.4.0")
C++ linker for the host machine: aarch64-linux-gnu-g++ ld.bfd 2.34
Program grep found: YES (/usr/bin/grep)
buildtools/chkincs/meson.build:46:8: ERROR: Problem encountered: Files missing C++ 'extern "C"' guards:
- /home/runner/work/dpdk/dpdk/lib/gpudev/gpudev_driver.h
A full log can be found at /home/runner/work/dpdk/dpdk/build/meson-logs/meson-log.txt
##[error]Process completed with exit code 1.
####################################################################################
#### [End job log] "ubuntu-20.04-gcc-aarch64" at step Build and test
####################################################################################
####################################################################################
#### [Begin job log] "ubuntu-20.04-gcc-ppc64le" at step Build and test
####################################################################################
Message: drivers/baseband/null: Defining dependency "baseband_null"
Found CMake: NO
Run-time dependency flexran_sdk_turbo found: NO (tried pkgconfig and cmake)
Run-time dependency flexran_sdk_ldpc_decoder_5gnr found: NO (tried pkgconfig and cmake)
Message: drivers/baseband/turbo_sw: Defining dependency "baseband_turbo_sw"
Has header "cuda.h" : NO
Compiler for C supports arguments -Wno-format-truncation -Wformat-truncation: YES
Run-time dependency zlib found: NO (tried pkgconfig)
Message: hugepage availability: true
Program test_telemetry.sh found: YES (/home/runner/work/dpdk/dpdk/app/test/test_telemetry.sh)
Program doxygen found: NO
Program sphinx-build found: NO
Compiler for C supports arguments -Wno-format-truncation -Wformat-truncation: YES
Program gen_c_file_for_header.py found: YES (/home/runner/work/dpdk/dpdk/buildtools/chkincs/gen_c_file_for_header.py)
C++ compiler for the build machine: ccache c++ (gcc 9.4.0 "c++ (Ubuntu 9.4.0-1ubuntu1~20.04.1) 9.4.0")
C++ linker for the build machine: c++ ld.bfd 2.34
C++ compiler for the host machine: ccache powerpc64le-linux-gnu-g++ (gcc 9.4.0 "powerpc64le-linux-gnu-g++ (Ubuntu 9.4.0-1ubuntu1~20.04.1) 9.4.0")
C++ linker for the host machine: powerpc64le-linux-gnu-g++ ld.bfd 2.34
Program grep found: YES (/usr/bin/grep)
buildtools/chkincs/meson.build:46:8: ERROR: Problem encountered: Files missing C++ 'extern "C"' guards:
- /home/runner/work/dpdk/dpdk/lib/gpudev/gpudev_driver.h
A full log can be found at /home/runner/work/dpdk/dpdk/build/meson-logs/meson-log.txt
##[error]Process completed with exit code 1.
####################################################################################
#### [End job log] "ubuntu-20.04-gcc-ppc64le" at step Build and test
####################################################################################
####################################################################################
#### [Begin job log] "ubuntu-20.04-gcc-riscv64" at step Build and test
####################################################################################
Message: drivers/baseband/null: Defining dependency "baseband_null"
Found CMake: NO
Run-time dependency flexran_sdk_turbo found: NO (tried pkgconfig and cmake)
Run-time dependency flexran_sdk_ldpc_decoder_5gnr found: NO (tried pkgconfig and cmake)
Message: drivers/baseband/turbo_sw: Defining dependency "baseband_turbo_sw"
Has header "cuda.h" : NO
Compiler for C supports arguments -Wno-format-truncation -Wformat-truncation: YES
Run-time dependency zlib found: NO (tried pkgconfig)
Message: hugepage availability: true
Program test_telemetry.sh found: YES (/home/runner/work/dpdk/dpdk/app/test/test_telemetry.sh)
Program doxygen found: NO
Program sphinx-build found: NO
Compiler for C supports arguments -Wno-format-truncation -Wformat-truncation: YES
Program gen_c_file_for_header.py found: YES (/home/runner/work/dpdk/dpdk/buildtools/chkincs/gen_c_file_for_header.py)
C++ compiler for the build machine: ccache c++ (gcc 9.4.0 "c++ (Ubuntu 9.4.0-1ubuntu1~20.04.1) 9.4.0")
C++ linker for the build machine: c++ ld.bfd 2.34
C++ compiler for the host machine: ccache riscv64-linux-gnu-g++ (gcc 9.4.0 "riscv64-linux-gnu-g++ (Ubuntu 9.4.0-1ubuntu1~20.04) 9.4.0")
C++ linker for the host machine: riscv64-linux-gnu-g++ ld.bfd 2.34
Program grep found: YES (/usr/bin/grep)
buildtools/chkincs/meson.build:46:8: ERROR: Problem encountered: Files missing C++ 'extern "C"' guards:
- /home/runner/work/dpdk/dpdk/lib/gpudev/gpudev_driver.h
A full log can be found at /home/runner/work/dpdk/dpdk/build/meson-logs/meson-log.txt
##[error]Process completed with exit code 1.
####################################################################################
#### [End job log] "ubuntu-20.04-gcc-riscv64" at step Build and test
####################################################################################
####################################################################################
#### [Begin job log] "fedora:35-clang" at step Build
####################################################################################
####################################################################################
#### [End job log] "fedora:35-clang" at step Build
####################################################################################
--------------------------------END LOGS-----------------------------
^ permalink raw reply [flat|nested] 7+ messages in thread
* |FAILURE| pw125181 [PATCH] gpudev: export header file for external drivers
@ 2023-03-16 11:27 dpdklab
0 siblings, 0 replies; 7+ messages in thread
From: dpdklab @ 2023-03-16 11:27 UTC (permalink / raw)
To: Georgii Tkachuk, Qian Xu, Lijuan Tu, Test Report, Ferruh Yigit
Cc: dpdk-test-reports, David Marchand, Thomas Monjalon, Thomas Monjalon
Test-Label: iol-intel-Performance
Test-Status: FAILURE
http://dpdk.org/patch/125181
_Performance Testing issues_
Submitter: Thomas Monjalon <thomas@monjalon.net>
Date: Thursday, March 16 2023 08:59:19
DPDK git baseline: Repo:dpdk
Branch: master
CommitID:8c9bfcb1553d756eb5392a56ac7813b3865c3ec7
125181 --> performance testing fail
Test environment and result as below:
Ubuntu 20.04
Kernel: 4.15.0-generic
Compiler: gcc 7.4
NIC: Intel Corporation Ethernet Converged Network Adapter XL710-QDA2 40000 Mbps
Target: x86_64-native-linuxapp-gcc
Fail/Total: 1/4
Detail performance results:
+----------+-------------+---------+------------+------------------------------+
| num_cpus | num_threads | txd/rxd | frame_size | throughput difference from |
| | | | | expected |
+==========+=============+=========+============+==============================+
| 1 | 2 | 512 | 64 | 1.3% |
+----------+-------------+---------+------------+------------------------------+
| 1 | 2 | 2048 | 64 | -0.0% |
+----------+-------------+---------+------------+------------------------------+
| 1 | 1 | 512 | 64 | 2.8% |
+----------+-------------+---------+------------+------------------------------+
| 1 | 1 | 2048 | 64 | -6.0% |
+----------+-------------+---------+------------+------------------------------+
To view detailed results, visit:
https://lab.dpdk.org/results/dashboard/patchsets/25757/
UNH-IOL DPDK Community Lab
To manage your email subscriptions, visit:
https://lab.dpdk.org/results/dashboard/preferences/subscriptions/
^ permalink raw reply [flat|nested] 7+ messages in thread
* |FAILURE| pw125181 [PATCH] gpudev: export header file for external drivers
@ 2023-03-16 11:31 dpdklab
0 siblings, 0 replies; 7+ messages in thread
From: dpdklab @ 2023-03-16 11:31 UTC (permalink / raw)
To: Georgii Tkachuk, Qian Xu, Lijuan Tu, Test Report, Ferruh Yigit
Cc: dpdk-test-reports, David Marchand, Thomas Monjalon, Thomas Monjalon
Test-Label: iol-intel-Performance
Test-Status: FAILURE
http://dpdk.org/patch/125181
_Performance Testing issues_
Submitter: Thomas Monjalon <thomas@monjalon.net>
Date: Thursday, March 16 2023 08:59:19
DPDK git baseline: Repo:dpdk
Branch: master
CommitID:8c9bfcb1553d756eb5392a56ac7813b3865c3ec7
125181 --> performance testing fail
Test environment and result as below:
Ubuntu 20.04
Kernel: 4.15.0-generic
Compiler: gcc 7.4
NIC: Intel Corporation Ethernet Converged Network Adapter XL710-QDA2 40000 Mbps
Target: x86_64-native-linuxapp-gcc
Fail/Total: 1/4
Detail performance results:
+----------+-------------+---------+------------+------------------------------+
| num_cpus | num_threads | txd/rxd | frame_size | throughput difference from |
| | | | | expected |
+==========+=============+=========+============+==============================+
| 1 | 2 | 512 | 64 | 1.3% |
+----------+-------------+---------+------------+------------------------------+
| 1 | 2 | 2048 | 64 | -0.0% |
+----------+-------------+---------+------------+------------------------------+
| 1 | 1 | 512 | 64 | 2.8% |
+----------+-------------+---------+------------+------------------------------+
| 1 | 1 | 2048 | 64 | -6.0% |
+----------+-------------+---------+------------+------------------------------+
Ubuntu 20.04
Kernel: 4.15.0-generic
Compiler: gcc 7.4
NIC: Intel Corporation Ethernet Converged Network Adapter 82599ES 10000 Mbps
Target: x86_64-native-linuxapp-gcc
Fail/Total: 0/6
Detail performance results:
+----------+-------------+---------+------------+------------------------------+
| num_cpus | num_threads | txd/rxd | frame_size | throughput difference from |
| | | | | expected |
+==========+=============+=========+============+==============================+
| 1 | 2 | 128 | 64 | -0.2% |
+----------+-------------+---------+------------+------------------------------+
| 1 | 2 | 512 | 64 | -0.1% |
+----------+-------------+---------+------------+------------------------------+
| 1 | 2 | 2048 | 64 | 0.2% |
+----------+-------------+---------+------------+------------------------------+
| 1 | 1 | 128 | 64 | 0.0% |
+----------+-------------+---------+------------+------------------------------+
| 1 | 1 | 512 | 64 | 0.0% |
+----------+-------------+---------+------------+------------------------------+
| 1 | 1 | 2048 | 64 | 0.4% |
+----------+-------------+---------+------------+------------------------------+
To view detailed results, visit:
https://lab.dpdk.org/results/dashboard/patchsets/25757/
UNH-IOL DPDK Community Lab
To manage your email subscriptions, visit:
https://lab.dpdk.org/results/dashboard/preferences/subscriptions/
^ permalink raw reply [flat|nested] 7+ messages in thread
* |FAILURE| pw125181 [PATCH] gpudev: export header file for external drivers
@ 2023-03-16 11:36 dpdklab
0 siblings, 0 replies; 7+ messages in thread
From: dpdklab @ 2023-03-16 11:36 UTC (permalink / raw)
To: Georgii Tkachuk, Qian Xu, Lijuan Tu, Test Report, Ferruh Yigit
Cc: dpdk-test-reports, David Marchand, Thomas Monjalon, Thomas Monjalon
Test-Label: iol-intel-Performance
Test-Status: FAILURE
http://dpdk.org/patch/125181
_Performance Testing issues_
Submitter: Thomas Monjalon <thomas@monjalon.net>
Date: Thursday, March 16 2023 08:59:19
DPDK git baseline: Repo:dpdk
Branch: master
CommitID:8c9bfcb1553d756eb5392a56ac7813b3865c3ec7
125181 --> performance testing fail
Test environment and result as below:
Ubuntu 20.04
Kernel: 4.15.0-generic
Compiler: gcc 7.4
NIC: Intel Corporation Ethernet Converged Network Adapter XL710-QDA2 40000 Mbps
Target: x86_64-native-linuxapp-gcc
Fail/Total: 1/4
Detail performance results:
+----------+-------------+---------+------------+------------------------------+
| num_cpus | num_threads | txd/rxd | frame_size | throughput difference from |
| | | | | expected |
+==========+=============+=========+============+==============================+
| 1 | 2 | 512 | 64 | 1.3% |
+----------+-------------+---------+------------+------------------------------+
| 1 | 2 | 2048 | 64 | -0.0% |
+----------+-------------+---------+------------+------------------------------+
| 1 | 1 | 512 | 64 | 2.8% |
+----------+-------------+---------+------------+------------------------------+
| 1 | 1 | 2048 | 64 | -6.0% |
+----------+-------------+---------+------------+------------------------------+
Ubuntu 20.04
Kernel: 4.15.0-generic
Compiler: gcc 7.4
NIC: Intel Corporation Ethernet Converged Network Adapter 82599ES 10000 Mbps
Target: x86_64-native-linuxapp-gcc
Fail/Total: 0/6
Detail performance results:
+----------+-------------+---------+------------+------------------------------+
| num_cpus | num_threads | txd/rxd | frame_size | throughput difference from |
| | | | | expected |
+==========+=============+=========+============+==============================+
| 1 | 2 | 128 | 64 | -0.2% |
+----------+-------------+---------+------------+------------------------------+
| 1 | 2 | 512 | 64 | -0.1% |
+----------+-------------+---------+------------+------------------------------+
| 1 | 2 | 2048 | 64 | 0.2% |
+----------+-------------+---------+------------+------------------------------+
| 1 | 1 | 128 | 64 | 0.0% |
+----------+-------------+---------+------------+------------------------------+
| 1 | 1 | 512 | 64 | 0.0% |
+----------+-------------+---------+------------+------------------------------+
| 1 | 1 | 2048 | 64 | 0.4% |
+----------+-------------+---------+------------+------------------------------+
Arm Ampere Altra - Ubuntu 20.04.4
Kernel: 5.4.0-137-generic aarch64
Compiler: gcc 9.4
NIC: Intel Corporation Ethernet Converged Network Adapter XL710-QDA2 40000 Mbps
Target: x86_64-native-linuxapp-gcc
Fail/Total: 0/2
Detail performance results:
+------------+---------+----------+-------------+------------------------------+
| frame_size | txd/rxd | num_cpus | num_threads | throughput difference from |
| | | | | expected |
+============+=========+==========+=============+==============================+
| 64 | 512 | 1 | 1 | 0.6% |
+------------+---------+----------+-------------+------------------------------+
| 64 | 2048 | 1 | 1 | 0.2% |
+------------+---------+----------+-------------+------------------------------+
To view detailed results, visit:
https://lab.dpdk.org/results/dashboard/patchsets/25757/
UNH-IOL DPDK Community Lab
To manage your email subscriptions, visit:
https://lab.dpdk.org/results/dashboard/preferences/subscriptions/
^ permalink raw reply [flat|nested] 7+ messages in thread
end of thread, other threads:[~2023-03-16 11:36 UTC | newest]
Thread overview: 7+ messages (download: mbox.gz / follow: Atom feed)
-- links below jump to the message on this page --
[not found] <20230316085919.46500-1-thomas@monjalon.net>
2023-03-16 8:49 ` |SUCCESS| pw125181 [PATCH] gpudev: export header file for external drivers qemudev
2023-03-16 8:53 ` qemudev
2023-03-16 9:00 ` checkpatch
2023-03-16 11:00 ` |FAILURE| " 0-day Robot
2023-03-16 11:27 dpdklab
2023-03-16 11:31 dpdklab
2023-03-16 11:36 dpdklab
This is a public inbox, see mirroring instructions
for how to clone and mirror all data and code used for this inbox;
as well as URLs for NNTP newsgroup(s).