* |SUCCESS| pw131844 [PATCH] app/test: add modexp group tests
[not found] <20230923112005.308-1-gmuthukrishn@marvell.com>
@ 2023-09-23 11:01 ` qemudev
2023-09-23 11:05 ` qemudev
` (2 subsequent siblings)
3 siblings, 0 replies; 33+ messages in thread
From: qemudev @ 2023-09-23 11:01 UTC (permalink / raw)
To: test-report
Test-Label: loongarch-compilation
Test-Status: SUCCESS
http://dpdk.org/patch/131844
_Compilation OK_
Submitter: Gowrishankar Muthukrishnan <gmuthukrishn@marvell.com>
Date: Sat, 23 Sep 2023 16:50:05 +0530
DPDK git baseline: Repo:dpdk-next-crypto
Branch: for-main
CommitID: cadd37da516f727a355a9db55ab486f9deb71f25
131844 --> meson & ninja build successfully
Test environment and result as below:
+---------------------+----------------+
| Environment | compilation |
+---------------------+----------------+
| Loongnix-Server 8.3 | PASS |
+---------------------+----------------+
Loongnix-Server 8.3
Kernel: 4.19.190+
Compiler: gcc 8.3
^ permalink raw reply [flat|nested] 33+ messages in thread
* |SUCCESS| pw131844 [PATCH] app/test: add modexp group tests
[not found] <20230923112005.308-1-gmuthukrishn@marvell.com>
2023-09-23 11:01 ` |SUCCESS| pw131844 [PATCH] app/test: add modexp group tests qemudev
@ 2023-09-23 11:05 ` qemudev
2023-09-23 11:21 ` checkpatch
2023-09-23 12:27 ` |FAILURE| " 0-day Robot
3 siblings, 0 replies; 33+ messages in thread
From: qemudev @ 2023-09-23 11:05 UTC (permalink / raw)
To: test-report
Test-Label: loongarch-unit-testing
Test-Status: SUCCESS
http://dpdk.org/patch/131844
_Unit Testing PASS_
Submitter: Gowrishankar Muthukrishnan <gmuthukrishn@marvell.com>
Date: Sat, 23 Sep 2023 16:50:05 +0530
DPDK git baseline: Repo:dpdk-next-crypto
Branch: for-main
CommitID: cadd37da516f727a355a9db55ab486f9deb71f25
131844 --> testing pass
Test environment and result as below:
+---------------------+----------------+
| Environment | dpdk_unit_test |
+---------------------+----------------+
| Loongnix-Server 8.3 | PASS |
+---------------------+----------------+
Loongnix-Server 8.3
Kernel: 4.19.190+
Compiler: gcc 8.3
Test result details:
1/107 DPDK:fast-tests / acl_autotest OK 3.42s
2/107 DPDK:fast-tests / atomic_autotest OK 7.33s
3/107 DPDK:fast-tests / bitcount_autotest OK 0.32s
4/107 DPDK:fast-tests / bitmap_autotest OK 0.32s
5/107 DPDK:fast-tests / bitops_autotest OK 0.32s
6/107 DPDK:fast-tests / bitratestats_autotest OK 0.32s
7/107 DPDK:fast-tests / bpf_autotest OK 0.32s
8/107 DPDK:fast-tests / bpf_convert_autotest OK 0.32s
9/107 DPDK:fast-tests / byteorder_autotest OK 0.32s
10/107 DPDK:fast-tests / cksum_autotest OK 0.32s
11/107 DPDK:fast-tests / cmdline_autotest OK 0.37s
12/107 DPDK:fast-tests / common_autotest OK 1.17s
13/107 DPDK:fast-tests / compressdev_autotest SKIP 0.07s exit status 77
14/107 DPDK:fast-tests / cpuflags_autotest OK 0.32s
15/107 DPDK:fast-tests / crc_autotest OK 0.32s
16/107 DPDK:fast-tests / user_delay_us OK 0.32s
17/107 DPDK:fast-tests / debug_autotest OK 21.11s
18/107 DPDK:fast-tests / devargs_autotest OK 0.62s
19/107 DPDK:fast-tests / distributor_autotest OK 1.27s
20/107 DPDK:fast-tests / eal_flags_c_opt_autotest OK 1.17s
21/107 DPDK:fast-tests / eal_flags_main_opt_autotest OK 0.32s
22/107 DPDK:fast-tests / eal_flags_n_opt_autotest OK 0.27s
23/107 DPDK:fast-tests / eal_flags_hpet_autotest OK 0.17s
24/107 DPDK:fast-tests / eal_flags_no_huge_autotest OK 0.32s
25/107 DPDK:fast-tests / eal_flags_a_opt_autotest OK 0.42s
26/107 DPDK:fast-tests / eal_flags_b_opt_autotest OK 0.37s
27/107 DPDK:fast-tests / eal_flags_vdev_opt_autotest OK 0.27s
28/107 DPDK:fast-tests / eal_flags_r_opt_autotest OK 0.27s
29/107 DPDK:fast-tests / eal_flags_mem_autotest OK 0.72s
30/107 DPDK:fast-tests / eal_flags_file_prefix_autotest OK 22.41s
31/107 DPDK:fast-tests / eal_flags_misc_autotest OK 1.17s
32/107 DPDK:fast-tests / eal_fs_autotest OK 0.32s
33/107 DPDK:fast-tests / errno_autotest OK 0.32s
34/107 DPDK:fast-tests / ethdev_link_status OK 0.32s
35/107 DPDK:fast-tests / event_eth_tx_adapter_autotest OK 1.72s
36/107 DPDK:fast-tests / event_ring_autotest OK 0.32s
37/107 DPDK:fast-tests / eventdev_common_autotest OK 0.32s
38/107 DPDK:fast-tests / fbarray_autotest OK 0.32s
39/107 DPDK:fast-tests / fib_autotest OK 1.02s
40/107 DPDK:fast-tests / fib6_autotest OK 1.07s
41/107 DPDK:fast-tests / func_reentrancy_autotest OK 2.23s
42/107 DPDK:fast-tests / graph_autotest OK 0.37s
43/107 DPDK:fast-tests / node_list_dump OK 0.32s
44/107 DPDK:fast-tests / hash_autotest OK 1.32s
45/107 DPDK:fast-tests / hash_readwrite_func_autotest OK 6.43s
46/107 DPDK:fast-tests / interrupt_autotest OK 1.62s
47/107 DPDK:fast-tests / ipfrag_autotest OK 0.12s
48/107 DPDK:fast-tests / ipsec_autotest SKIP 0.32s exit status 77
49/107 DPDK:fast-tests / kvargs_autotest OK 0.32s
50/107 DPDK:fast-tests / latencystats_autotest OK 0.37s
51/107 DPDK:fast-tests / lcores_autotest OK 5.38s
52/107 DPDK:fast-tests / logs_autotest OK 0.32s
53/107 DPDK:fast-tests / lpm_autotest OK 2.43s
54/107 DPDK:fast-tests / lpm6_autotest OK 5.59s
55/107 DPDK:fast-tests / malloc_autotest OK 64.10s
56/107 DPDK:fast-tests / mbuf_autotest OK 5.02s
57/107 DPDK:fast-tests / mcslock_autotest OK 3.87s
58/107 DPDK:fast-tests / member_autotest OK 1.52s
59/107 DPDK:fast-tests / memcpy_autotest OK 6.93s
60/107 DPDK:fast-tests / memory_autotest OK 0.12s
61/107 DPDK:fast-tests / mempool_autotest OK 0.47s
62/107 DPDK:fast-tests / memzone_autotest OK 0.17s
63/107 DPDK:fast-tests / meter_autotest OK 0.32s
64/107 DPDK:fast-tests / metrics_autotest OK 0.32s
65/107 DPDK:fast-tests / multiprocess_autotest OK 0.27s
66/107 DPDK:fast-tests / pdcp_autotest SKIP 0.07s exit status 77
67/107 DPDK:fast-tests / pdump_autotest OK 0.47s
68/107 DPDK:fast-tests / per_lcore_autotest OK 0.42s
69/107 DPDK:fast-tests / pflock_autotest OK 1.17s
70/107 DPDK:fast-tests / pie_autotest OK 0.37s
71/107 DPDK:fast-tests / ring_pmd_autotest OK 0.32s
72/107 DPDK:fast-tests / power_autotest OK 0.32s
73/107 DPDK:fast-tests / power_cpufreq_autotest SKIP 0.07s exit status 77
74/107 DPDK:fast-tests / power_intel_uncore_autotest SKIP 0.32s exit status 77
75/107 DPDK:fast-tests / power_kvm_vm_autotest SKIP 0.07s exit status 77
76/107 DPDK:fast-tests / prefetch_autotest OK 0.32s
77/107 DPDK:fast-tests / rawdev_autotest OK 0.32s
78/107 DPDK:fast-tests / rcu_qsbr_autotest OK 0.87s
79/107 DPDK:fast-tests / reorder_autotest OK 0.42s
80/107 DPDK:fast-tests / rib_autotest OK 9.04s
81/107 DPDK:fast-tests / rib6_autotest OK 8.98s
82/107 DPDK:fast-tests / ring_autotest OK 0.37s
83/107 DPDK:fast-tests / rwlock_test1_autotest OK 1.12s
84/107 DPDK:fast-tests / rwlock_rda_autotest OK 5.33s
85/107 DPDK:fast-tests / rwlock_rds_wrm_autotest OK 5.33s
86/107 DPDK:fast-tests / rwlock_rde_wro_autotest OK 5.33s
87/107 DPDK:fast-tests / sched_autotest OK 0.32s
88/107 DPDK:fast-tests / security_autotest OK 0.07s
89/107 DPDK:fast-tests / seqlock_autotest OK 2.32s
90/107 DPDK:fast-tests / service_autotest OK 3.07s
91/107 DPDK:fast-tests / spinlock_autotest OK 0.42s
92/107 DPDK:fast-tests / stack_autotest OK 0.87s
93/107 DPDK:fast-tests / stack_lf_autotest SKIP 0.07s exit status 77
94/107 DPDK:fast-tests / string_autotest OK 0.32s
95/107 DPDK:fast-tests / table_autotest OK 7.84s
96/107 DPDK:fast-tests / tailq_autotest OK 0.32s
97/107 DPDK:fast-tests / telemetry_data_autotest OK 0.32s
98/107 DPDK:fast-tests / telemetry_json_autotest OK 0.32s
99/107 DPDK:fast-tests / thash_autotest OK 0.32s
100/107 DPDK:fast-tests / threads_autotest OK 0.52s
101/107 DPDK:fast-tests / ticketlock_autotest OK 0.47s
102/107 DPDK:fast-tests / timer_autotest OK 3.92s
103/107 DPDK:fast-tests / trace_autotest OK 0.32s
104/107 DPDK:fast-tests / trace_autotest_with_traces OK 0.37s
105/107 DPDK:fast-tests / vdev_autotest OK 0.32s
106/107 DPDK:fast-tests / version_autotest OK 0.32s
107/107 DPDK:fast-tests / telemetry_all OK 1.27s
Ok: 100
Expected Fail: 0
Fail: 0
Unexpected Pass: 0
Skipped: 7
Timeout: 0
^ permalink raw reply [flat|nested] 33+ messages in thread
* |SUCCESS| pw131844 [PATCH] app/test: add modexp group tests
[not found] <20230923112005.308-1-gmuthukrishn@marvell.com>
2023-09-23 11:01 ` |SUCCESS| pw131844 [PATCH] app/test: add modexp group tests qemudev
2023-09-23 11:05 ` qemudev
@ 2023-09-23 11:21 ` checkpatch
2023-09-23 12:27 ` |FAILURE| " 0-day Robot
3 siblings, 0 replies; 33+ messages in thread
From: checkpatch @ 2023-09-23 11:21 UTC (permalink / raw)
To: test-report
Test-Label: checkpatch
Test-Status: SUCCESS
http://dpdk.org/patch/131844
_coding style OK_
^ permalink raw reply [flat|nested] 33+ messages in thread
* |FAILURE| pw131844 [PATCH] app/test: add modexp group tests
[not found] <20230923112005.308-1-gmuthukrishn@marvell.com>
` (2 preceding siblings ...)
2023-09-23 11:21 ` checkpatch
@ 2023-09-23 12:27 ` 0-day Robot
3 siblings, 0 replies; 33+ messages in thread
From: 0-day Robot @ 2023-09-23 12:27 UTC (permalink / raw)
To: test-report; +Cc: gmuthukrishn, robot
From: robot@bytheb.org
Test-Label: github-robot: build
Test-Status: FAILURE
http://patchwork.dpdk.org/patch/131844/
_github build: failed_
Build URL: https://github.com/ovsrobot/dpdk/actions/runs/6283398499
Build Logs:
-----------------------Summary of failed steps-----------------------
"ubuntu-20.04-clang-asan+doc+tests" failed at step Build and test
"fedora:37-clang" failed at step Build
----------------------End summary of failed steps--------------------
-------------------------------BEGIN LOGS----------------------------
####################################################################################
#### [Begin job log] "ubuntu-20.04-clang-asan+doc+tests" at step Build and test
####################################################################################
[2662/3814] Compiling C object 'app/a172ced@@dpdk-test@exe/test_test_crc.c.o'.
[2663/3814] Compiling C object 'app/a172ced@@dpdk-test@exe/test_test_cpuflags.c.o'.
[2664/3814] Compiling C object 'app/a172ced@@dpdk-test@exe/test_test_compressdev.c.o'.
[2665/3814] Compiling C object 'app/a172ced@@dpdk-test@exe/test_test_distributor_perf.c.o'.
[2666/3814] Compiling C object 'app/a172ced@@dpdk-test@exe/test_test_cycles.c.o'.
[2667/3814] Compiling C object 'app/a172ced@@dpdk-test@exe/test_test_cryptodev_asym.c.o'.
FAILED: app/a172ced@@dpdk-test@exe/test_test_cryptodev_asym.c.o
ccache clang -Iapp/a172ced@@dpdk-test@exe -Iapp -I../app -Ilib/cmdline -I../lib/cmdline -I. -I../ -Iconfig -I../config -Ilib/eal/include -I../lib/eal/include -Ilib/eal/linux/include -I../lib/eal/linux/include -Ilib/eal/x86/include -I../lib/eal/x86/include -Ilib/eal/common -I../lib/eal/common -Ilib/eal -I../lib/eal -Ilib/kvargs -I../lib/kvargs -Ilib/log -I../lib/log -Ilib/telemetry/../metrics -I../lib/telemetry/../metrics -Ilib/telemetry -I../lib/telemetry -Ilib/net -I../lib/net -Ilib/mbuf -I../lib/mbuf -Ilib/mempool -I../lib/mempool -Ilib/ring -I../lib/ring -Idrivers/net/ring -I../drivers/net/ring -Ilib/ethdev -I../lib/ethdev -Ilib/meter -I../lib/meter -Idrivers/bus/pci -I../drivers/bus/pci -I../drivers/bus/pci/linux -Ilib/pci -I../lib/pci -Idrivers/bus/vdev -I../drivers/bus/vdev -Ilib/acl -I../lib/acl -Ilib/hash -I../lib/hash -Ilib/rcu -I../lib/rcu -Ilib/metrics -I../lib/metrics -Ilib/bitratestats -I../lib/bitratestats -Ilib/bpf -I../lib/bpf -Ilib/compressdev -I../lib/compressdev -Ilib/cryptodev -I../lib/cryptodev -Idrivers/crypto/scheduler -I../drivers/crypto/scheduler -Ilib/reorder -I../lib/reorder -Ilib/security -I../lib/security -Ilib/distributor -I../lib/distributor -Ilib/dmadev -I../lib/dmadev -Ilib/efd -I../lib/efd -Ilib/eventdev -I../lib/eventdev -Ilib/timer -I../lib/timer -Ilib/fib -I../lib/fib -Ilib/rib -I../lib/rib -Ilib/table -I../lib/table -Ilib/port -I../lib/port -Ilib/sched -I../lib/sched -Ilib/ip_frag -I../lib/ip_frag -Ilib/lpm -I../lib/lpm -Ilib/graph -I../lib/graph -Ilib/pcapng -I../lib/pcapng -Ilib/ipsec -I../lib/ipsec -Ilib/latencystats -I../lib/latencystats -Idrivers/net/bonding -I../drivers/net/bonding -Ilib/member -I../lib/member -Ilib/pdcp -I../lib/pdcp -Ilib/pdump -I../lib/pdump -Ilib/power -I../lib/power -Ilib/rawdev -I../lib/rawdev -Ilib/stack -I../lib/stack -Ilib/pipeline -I../lib/pipeline -Xclang -fcolor-diagnostics -fsanitize=address -fno-omit-frame-pointer -pipe -D_FILE_OFFSET_BITS=64 -Wall -Winvalid-pch -Wextra -Werror -std=c11 -O2 -g -include rte_config.h -Wcast-qual -Wdeprecated -Wformat -Wformat-nonliteral -Wformat-security -Wmissing-declarations -Wmissing-prototypes -Wnested-externs -Wold-style-definition -Wpointer-arith -Wsign-compare -Wstrict-prototypes -Wundef -Wwrite-strings -Wno-address-of-packed-member -Wno-missing-field-initializers -D_GNU_SOURCE -march=corei7 -mrtm -DALLOW_EXPERIMENTAL_API -fno-strict-aliasing -DALLOW_INTERNAL_API -MD -MQ 'app/a172ced@@dpdk-test@exe/test_test_cryptodev_asym.c.o' -MF 'app/a172ced@@dpdk-test@exe/test_test_cryptodev_asym.c.o.d' -o 'app/a172ced@@dpdk-test@exe/test_test_cryptodev_asym.c.o' -c ../app/test/test_cryptodev_asym.c
../app/test/test_cryptodev_asym.c:2702:30: error: initializer element is not a compile-time constant
modex_group_test_cases[0].description,
~~~~~~~~~~~~~~~~~~~~~~~~~~^~~~~~~~~~~
../app/test/test.h:133:38: note: expanded from macro 'TEST_CASE_NAMED_WITH_DATA'
{ setup, teardown, NULL, testcase, name, 1, data }
^~~~
../app/test/test_cryptodev_asym.c:2777:30: error: initializer element is not a compile-time constant
modex_group_test_cases[0].description,
~~~~~~~~~~~~~~~~~~~~~~~~~~^~~~~~~~~~~
../app/test/test.h:133:38: note: expanded from macro 'TEST_CASE_NAMED_WITH_DATA'
{ setup, teardown, NULL, testcase, name, 1, data }
^~~~
2 errors generated.
[2668/3814] Compiling C object 'app/a172ced@@dpdk-test@exe/test_test_distributor.c.o'.
[2669/3814] Compiling C object 'app/a172ced@@dpdk-test@exe/test_test_cryptodev.c.o'.
ninja: build stopped: subcommand failed.
##[error]Process completed with exit code 1.
####################################################################################
#### [End job log] "ubuntu-20.04-clang-asan+doc+tests" at step Build and test
####################################################################################
####################################################################################
#### [Begin job log] "fedora:37-clang" at step Build
####################################################################################
####################################################################################
#### [End job log] "fedora:37-clang" at step Build
####################################################################################
--------------------------------END LOGS-----------------------------
^ permalink raw reply [flat|nested] 33+ messages in thread
* |FAILURE| pw131844 [PATCH] app/test: add modexp group tests
@ 2023-09-23 13:34 dpdklab
0 siblings, 0 replies; 33+ messages in thread
From: dpdklab @ 2023-09-23 13:34 UTC (permalink / raw)
To: Test Report; +Cc: dpdk-test-reports, Gowrishankar Muthukrishnan
Test-Label: iol-compile-arm64-testing
Test-Status: FAILURE
http://dpdk.org/patch/131844
_Testing issues_
Submitter: Gowrishankar Muthukrishnan <gmuthukrishn@marvell.com>
Date: Saturday, September 23 2023 11:20:05
DPDK git baseline: Repo:dpdk
Branch: master
CommitID:2744cb6ef086435ae7d3d997b9b62a3c74cec224
131844 --> testing fail
Test environment and result as below:
+----------------------------------------+--------------------+
| Environment | dpdk_meson_compile |
+========================================+====================+
| Ubuntu 20.04 ARM SVE | PASS |
+----------------------------------------+--------------------+
| Ubuntu 20.04 ARM Clang Cross Compile | FAIL |
+----------------------------------------+--------------------+
| Fedora 38 (ARM) | PASS |
+----------------------------------------+--------------------+
| Debian 11 (Buster) (ARM) | PASS |
+----------------------------------------+--------------------+
| CentOS Stream 9 (ARM) | PASS |
+----------------------------------------+--------------------+
| Ubuntu 20.04 aarch32 GCC Cross Compile | PASS |
+----------------------------------------+--------------------+
| Ubuntu 20.04 ARM GCC Cross Compile | PASS |
+----------------------------------------+--------------------+
| Fedora 38 (ARM Clang) | FAIL |
+----------------------------------------+--------------------+
| Fedora 37 (ARM) | PASS |
+----------------------------------------+--------------------+
| Ubuntu 20.04 (ARM) | PASS |
+----------------------------------------+--------------------+
==== 20 line log output for Fedora 38 (ARM Clang) (dpdk_meson_compile): ====
[2894/3034] Compiling C object 'app/a172ced@@dpdk-test@exe/test_test_cpuflags.c.o'.
[2895/3034] Compiling C object 'app/a172ced@@dpdk-test@exe/test_test_crc.c.o'.
[2896/3034] Compiling C object 'app/a172ced@@dpdk-test@exe/test_test_cryptodev.c.o'.
[2897/3034] Compiling C object 'app/a172ced@@dpdk-test@exe/test_test_cryptodev_asym.c.o'.
FAILED: app/a172ced@@dpdk-test@exe/test_test_cryptodev_asym.c.o
clang -Iapp/a172ced@@dpdk-test@exe -Iapp -I../app -Ilib/cmdline -I../lib/cmdline -I. -I../ -Iconfig -I../config -Ilib/eal/include -I../lib/eal/include -Ilib/eal/linux/include -I../lib/eal/linux/include -Ilib/eal/arm/include -I../lib/eal/arm/include -Ilib/eal/common -I../lib/eal/common -Ilib/eal -I../lib/eal -Ilib/kvargs -I../lib/kvargs -Ilib/log -I../lib/log -Ilib/telemetry/../metrics -I../lib/telemetry/../metrics -Ilib/telemetry -I../lib/telemetry -Ilib/net -I../lib/net -Ilib/mbuf -I../lib/mbuf -Ilib/mempool -I../lib/mempool -Ilib/ring -I../lib/ring -Idrivers/net/ring -I../drivers/net/ring -Ilib/ethdev -I../lib/ethdev -Ilib/meter -I../lib/meter -Idrivers/bus/pci -I../drivers/bus/pci -I../drivers/bus/pci/linux -Ilib/pci -I../lib/pci -Idrivers/bus/vdev -I../drivers/bus/vdev -Ilib/acl -I../lib/acl -Ilib/hash -I../lib/hash -Ilib/rcu -I../lib/rcu -Ilib/metrics -I../lib/metrics -Ilib/bitratestats -I../lib/bitratestats -Ilib/bpf -I../lib/bpf -Ilib/compressdev -I../lib/compressdev -Ilib/cry
ptodev -I../lib/cryptodev -Idrivers/crypto/scheduler -I../drivers/crypto/scheduler -Ilib/reorder -I../lib/reorder -Ilib/security -I../lib/security -Ilib/distributor -I../lib/distributor -Ilib/dmadev -I../lib/dmadev -Ilib/efd -I../lib/efd -Ilib/eventdev -I../lib/eventdev -Ilib/timer -I../lib/timer -Ilib/fib -I../lib/fib -Ilib/rib -I../lib/rib -Ilib/table -I../lib/table -Ilib/port -I../lib/port -Ilib/sched -I../lib/sched -Ilib/ip_frag -I../lib/ip_frag -Ilib/lpm -I../lib/lpm -Ilib/graph -I../lib/graph -Ilib/pcapng -I../lib/pcapng -Ilib/ipsec -I../lib/ipsec -Ilib/latencystats -I../lib/latencystats -Idrivers/net/bonding -I../drivers/net/bonding -Ilib/member -I../lib/member -Ilib/pdcp -I../lib/pdcp -Ilib/pdump -I../lib/pdump -Ilib/power -I../lib/power -Ilib/rawdev -I../lib/rawdev -Ilib/stack -I../lib/stack -Ilib/pipeline -I../lib/pipeline -Xclang -fcolor-diagnostics -pipe -D_FILE_OFFSET_BITS=64 -Wall -Winvalid-pch -Wextra -Werror -std=c11 -O3 -include rte_config.h -Wcast-qual -Wdeprecated
-Wformat -Wformat-nonliteral -Wformat-security -Wmissing-declarations -Wmissing-prototypes -Wnested-externs -Wold-style-definition -Wpointer-arith -Wsign-compare -Wstrict-prototypes -Wundef -Wwrite-strings -Wno-address-of-packed-member -Wno-missing-field-initializers -D_GNU_SOURCE -march=armv8.1-a+crc+crypto -mcpu=thunderx2t99 -DALLOW_EXPERIMENTAL_API -fno-strict-aliasing -DALLOW_INTERNAL_API -MD -MQ 'app/a172ced@@dpdk-test@exe/test_test_cryptodev_asym.c.o' -MF 'app/a172ced@@dpdk-test@exe/test_test_cryptodev_asym.c.o.d' -o 'app/a172ced@@dpdk-test@exe/test_test_cryptodev_asym.c.o' -c ../app/test/test_cryptodev_asym.c
../app/test/test_cryptodev_asym.c:2702:30: error: initializer element is not a compile-time constant
modex_group_test_cases[0].description,
~~~~~~~~~~~~~~~~~~~~~~~~~~^~~~~~~~~~~
../app/test/test.h:133:38: note: expanded from macro 'TEST_CASE_NAMED_WITH_DATA'
{ setup, teardown, NULL, testcase, name, 1, data }
^~~~
../app/test/test_cryptodev_asym.c:2777:30: error: initializer element is not a compile-time constant
modex_group_test_cases[0].description,
~~~~~~~~~~~~~~~~~~~~~~~~~~^~~~~~~~~~~
../app/test/test.h:133:38: note: expanded from macro 'TEST_CASE_NAMED_WITH_DATA'
{ setup, teardown, NULL, testcase, name, 1, data }
^~~~
2 errors generated.
ninja: build stopped: subcommand failed.
==== End log output ====
Ubuntu 20.04 ARM SVE
Kernel: 5.4.0-80-generic
Compiler: gcc 10.3.0 (Ubuntu 10.3.0-1ubuntu1~20.04)
Ubuntu 20.04 ARM Clang Cross Compile
Kernel: 5.4.0-72-generic
Compiler: clang version 10.0.0-4ubuntu1
Fedora 38 (ARM)
Kernel: Depends on container host
Compiler: gcc 13.1.1
Debian 11 (Buster) (ARM)
Kernel: Container Host Kernel
Compiler: gcc 10.2.1
CentOS Stream 9 (ARM)
Kernel: Container Host Kernel
Compiler: gcc 11.3.1
Ubuntu 20.04 aarch32 GCC Cross Compile
Kernel: 5.4.0-72-generic
Compiler: gcc 9.3.0
Ubuntu 20.04 ARM GCC Cross Compile
Kernel: 5.4.0-72-generic
Compiler: aarch64-linux-gnu-gcc (Ubuntu 9.3.0-17ubuntu1~20.04) 9.3.0
Fedora 38 (ARM Clang)
Kernel: Depends on container host
Compiler: clang 16.0.3
Fedora 37 (ARM)
Kernel: Depends on container host
Compiler: gcc 12.3.1
Ubuntu 20.04 (ARM)
Kernel: Container Host Kernel
Compiler: gcc 9.4.0
To view detailed results, visit:
https://lab.dpdk.org/results/dashboard/patchsets/27702/
UNH-IOL DPDK Community Lab
To manage your email subscriptions, visit:
https://lab.dpdk.org/results/dashboard/preferences/subscriptions/
^ permalink raw reply [flat|nested] 33+ messages in thread
* |FAILURE| pw131844 [PATCH] app/test: add modexp group tests
@ 2023-09-23 13:19 dpdklab
0 siblings, 0 replies; 33+ messages in thread
From: dpdklab @ 2023-09-23 13:19 UTC (permalink / raw)
To: Test Report; +Cc: dpdk-test-reports, Gowrishankar Muthukrishnan
Test-Label: iol-compile-arm64-testing
Test-Status: FAILURE
http://dpdk.org/patch/131844
_Testing issues_
Submitter: Gowrishankar Muthukrishnan <gmuthukrishn@marvell.com>
Date: Saturday, September 23 2023 11:20:05
DPDK git baseline: Repo:dpdk
Branch: master
CommitID:2744cb6ef086435ae7d3d997b9b62a3c74cec224
131844 --> testing fail
Test environment and result as below:
+----------------------------------------+--------------------+
| Environment | dpdk_meson_compile |
+========================================+====================+
| Ubuntu 20.04 ARM SVE | PASS |
+----------------------------------------+--------------------+
| Ubuntu 20.04 ARM Clang Cross Compile | FAIL |
+----------------------------------------+--------------------+
| Fedora 38 (ARM) | PASS |
+----------------------------------------+--------------------+
| Debian 11 (Buster) (ARM) | PASS |
+----------------------------------------+--------------------+
| CentOS Stream 9 (ARM) | PASS |
+----------------------------------------+--------------------+
| Ubuntu 20.04 aarch32 GCC Cross Compile | PASS |
+----------------------------------------+--------------------+
| Ubuntu 20.04 ARM GCC Cross Compile | PASS |
+----------------------------------------+--------------------+
| Fedora 38 (ARM Clang) | FAIL |
+----------------------------------------+--------------------+
| Fedora 37 (ARM) | PASS |
+----------------------------------------+--------------------+
==== 20 line log output for Fedora 38 (ARM Clang) (dpdk_meson_compile): ====
[2894/3034] Compiling C object 'app/a172ced@@dpdk-test@exe/test_test_cpuflags.c.o'.
[2895/3034] Compiling C object 'app/a172ced@@dpdk-test@exe/test_test_crc.c.o'.
[2896/3034] Compiling C object 'app/a172ced@@dpdk-test@exe/test_test_cryptodev.c.o'.
[2897/3034] Compiling C object 'app/a172ced@@dpdk-test@exe/test_test_cryptodev_asym.c.o'.
FAILED: app/a172ced@@dpdk-test@exe/test_test_cryptodev_asym.c.o
clang -Iapp/a172ced@@dpdk-test@exe -Iapp -I../app -Ilib/cmdline -I../lib/cmdline -I. -I../ -Iconfig -I../config -Ilib/eal/include -I../lib/eal/include -Ilib/eal/linux/include -I../lib/eal/linux/include -Ilib/eal/arm/include -I../lib/eal/arm/include -Ilib/eal/common -I../lib/eal/common -Ilib/eal -I../lib/eal -Ilib/kvargs -I../lib/kvargs -Ilib/log -I../lib/log -Ilib/telemetry/../metrics -I../lib/telemetry/../metrics -Ilib/telemetry -I../lib/telemetry -Ilib/net -I../lib/net -Ilib/mbuf -I../lib/mbuf -Ilib/mempool -I../lib/mempool -Ilib/ring -I../lib/ring -Idrivers/net/ring -I../drivers/net/ring -Ilib/ethdev -I../lib/ethdev -Ilib/meter -I../lib/meter -Idrivers/bus/pci -I../drivers/bus/pci -I../drivers/bus/pci/linux -Ilib/pci -I../lib/pci -Idrivers/bus/vdev -I../drivers/bus/vdev -Ilib/acl -I../lib/acl -Ilib/hash -I../lib/hash -Ilib/rcu -I../lib/rcu -Ilib/metrics -I../lib/metrics -Ilib/bitratestats -I../lib/bitratestats -Ilib/bpf -I../lib/bpf -Ilib/compressdev -I../lib/compressdev -Ilib/cry
ptodev -I../lib/cryptodev -Idrivers/crypto/scheduler -I../drivers/crypto/scheduler -Ilib/reorder -I../lib/reorder -Ilib/security -I../lib/security -Ilib/distributor -I../lib/distributor -Ilib/dmadev -I../lib/dmadev -Ilib/efd -I../lib/efd -Ilib/eventdev -I../lib/eventdev -Ilib/timer -I../lib/timer -Ilib/fib -I../lib/fib -Ilib/rib -I../lib/rib -Ilib/table -I../lib/table -Ilib/port -I../lib/port -Ilib/sched -I../lib/sched -Ilib/ip_frag -I../lib/ip_frag -Ilib/lpm -I../lib/lpm -Ilib/graph -I../lib/graph -Ilib/pcapng -I../lib/pcapng -Ilib/ipsec -I../lib/ipsec -Ilib/latencystats -I../lib/latencystats -Idrivers/net/bonding -I../drivers/net/bonding -Ilib/member -I../lib/member -Ilib/pdcp -I../lib/pdcp -Ilib/pdump -I../lib/pdump -Ilib/power -I../lib/power -Ilib/rawdev -I../lib/rawdev -Ilib/stack -I../lib/stack -Ilib/pipeline -I../lib/pipeline -Xclang -fcolor-diagnostics -pipe -D_FILE_OFFSET_BITS=64 -Wall -Winvalid-pch -Wextra -Werror -std=c11 -O3 -include rte_config.h -Wcast-qual -Wdeprecated
-Wformat -Wformat-nonliteral -Wformat-security -Wmissing-declarations -Wmissing-prototypes -Wnested-externs -Wold-style-definition -Wpointer-arith -Wsign-compare -Wstrict-prototypes -Wundef -Wwrite-strings -Wno-address-of-packed-member -Wno-missing-field-initializers -D_GNU_SOURCE -march=armv8.1-a+crc+crypto -mcpu=thunderx2t99 -DALLOW_EXPERIMENTAL_API -fno-strict-aliasing -DALLOW_INTERNAL_API -MD -MQ 'app/a172ced@@dpdk-test@exe/test_test_cryptodev_asym.c.o' -MF 'app/a172ced@@dpdk-test@exe/test_test_cryptodev_asym.c.o.d' -o 'app/a172ced@@dpdk-test@exe/test_test_cryptodev_asym.c.o' -c ../app/test/test_cryptodev_asym.c
../app/test/test_cryptodev_asym.c:2702:30: error: initializer element is not a compile-time constant
modex_group_test_cases[0].description,
~~~~~~~~~~~~~~~~~~~~~~~~~~^~~~~~~~~~~
../app/test/test.h:133:38: note: expanded from macro 'TEST_CASE_NAMED_WITH_DATA'
{ setup, teardown, NULL, testcase, name, 1, data }
^~~~
../app/test/test_cryptodev_asym.c:2777:30: error: initializer element is not a compile-time constant
modex_group_test_cases[0].description,
~~~~~~~~~~~~~~~~~~~~~~~~~~^~~~~~~~~~~
../app/test/test.h:133:38: note: expanded from macro 'TEST_CASE_NAMED_WITH_DATA'
{ setup, teardown, NULL, testcase, name, 1, data }
^~~~
2 errors generated.
ninja: build stopped: subcommand failed.
==== End log output ====
Ubuntu 20.04 ARM SVE
Kernel: 5.4.0-80-generic
Compiler: gcc 10.3.0 (Ubuntu 10.3.0-1ubuntu1~20.04)
Ubuntu 20.04 ARM Clang Cross Compile
Kernel: 5.4.0-72-generic
Compiler: clang version 10.0.0-4ubuntu1
Fedora 38 (ARM)
Kernel: Depends on container host
Compiler: gcc 13.1.1
Debian 11 (Buster) (ARM)
Kernel: Container Host Kernel
Compiler: gcc 10.2.1
CentOS Stream 9 (ARM)
Kernel: Container Host Kernel
Compiler: gcc 11.3.1
Ubuntu 20.04 aarch32 GCC Cross Compile
Kernel: 5.4.0-72-generic
Compiler: gcc 9.3.0
Ubuntu 20.04 ARM GCC Cross Compile
Kernel: 5.4.0-72-generic
Compiler: aarch64-linux-gnu-gcc (Ubuntu 9.3.0-17ubuntu1~20.04) 9.3.0
Fedora 38 (ARM Clang)
Kernel: Depends on container host
Compiler: clang 16.0.3
Fedora 37 (ARM)
Kernel: Depends on container host
Compiler: gcc 12.3.1
To view detailed results, visit:
https://lab.dpdk.org/results/dashboard/patchsets/27702/
UNH-IOL DPDK Community Lab
To manage your email subscriptions, visit:
https://lab.dpdk.org/results/dashboard/preferences/subscriptions/
^ permalink raw reply [flat|nested] 33+ messages in thread
* |FAILURE| pw131844 [PATCH] app/test: add modexp group tests
@ 2023-09-23 13:08 dpdklab
0 siblings, 0 replies; 33+ messages in thread
From: dpdklab @ 2023-09-23 13:08 UTC (permalink / raw)
To: Test Report; +Cc: dpdk-test-reports, Gowrishankar Muthukrishnan
Test-Label: iol-compile-arm64-testing
Test-Status: FAILURE
http://dpdk.org/patch/131844
_Testing issues_
Submitter: Gowrishankar Muthukrishnan <gmuthukrishn@marvell.com>
Date: Saturday, September 23 2023 11:20:05
DPDK git baseline: Repo:dpdk
Branch: master
CommitID:2744cb6ef086435ae7d3d997b9b62a3c74cec224
131844 --> testing fail
Test environment and result as below:
+----------------------------------------+--------------------+
| Environment | dpdk_meson_compile |
+========================================+====================+
| Ubuntu 20.04 ARM SVE | PASS |
+----------------------------------------+--------------------+
| Ubuntu 20.04 ARM Clang Cross Compile | FAIL |
+----------------------------------------+--------------------+
| Fedora 38 (ARM) | PASS |
+----------------------------------------+--------------------+
| Debian 11 (Buster) (ARM) | PASS |
+----------------------------------------+--------------------+
| CentOS Stream 9 (ARM) | PASS |
+----------------------------------------+--------------------+
| Ubuntu 20.04 aarch32 GCC Cross Compile | PASS |
+----------------------------------------+--------------------+
| Ubuntu 20.04 ARM GCC Cross Compile | PASS |
+----------------------------------------+--------------------+
| Fedora 38 (ARM Clang) | FAIL |
+----------------------------------------+--------------------+
==== 20 line log output for Fedora 38 (ARM Clang) (dpdk_meson_compile): ====
[2894/3034] Compiling C object 'app/a172ced@@dpdk-test@exe/test_test_cpuflags.c.o'.
[2895/3034] Compiling C object 'app/a172ced@@dpdk-test@exe/test_test_crc.c.o'.
[2896/3034] Compiling C object 'app/a172ced@@dpdk-test@exe/test_test_cryptodev.c.o'.
[2897/3034] Compiling C object 'app/a172ced@@dpdk-test@exe/test_test_cryptodev_asym.c.o'.
FAILED: app/a172ced@@dpdk-test@exe/test_test_cryptodev_asym.c.o
clang -Iapp/a172ced@@dpdk-test@exe -Iapp -I../app -Ilib/cmdline -I../lib/cmdline -I. -I../ -Iconfig -I../config -Ilib/eal/include -I../lib/eal/include -Ilib/eal/linux/include -I../lib/eal/linux/include -Ilib/eal/arm/include -I../lib/eal/arm/include -Ilib/eal/common -I../lib/eal/common -Ilib/eal -I../lib/eal -Ilib/kvargs -I../lib/kvargs -Ilib/log -I../lib/log -Ilib/telemetry/../metrics -I../lib/telemetry/../metrics -Ilib/telemetry -I../lib/telemetry -Ilib/net -I../lib/net -Ilib/mbuf -I../lib/mbuf -Ilib/mempool -I../lib/mempool -Ilib/ring -I../lib/ring -Idrivers/net/ring -I../drivers/net/ring -Ilib/ethdev -I../lib/ethdev -Ilib/meter -I../lib/meter -Idrivers/bus/pci -I../drivers/bus/pci -I../drivers/bus/pci/linux -Ilib/pci -I../lib/pci -Idrivers/bus/vdev -I../drivers/bus/vdev -Ilib/acl -I../lib/acl -Ilib/hash -I../lib/hash -Ilib/rcu -I../lib/rcu -Ilib/metrics -I../lib/metrics -Ilib/bitratestats -I../lib/bitratestats -Ilib/bpf -I../lib/bpf -Ilib/compressdev -I../lib/compressdev -Ilib/cry
ptodev -I../lib/cryptodev -Idrivers/crypto/scheduler -I../drivers/crypto/scheduler -Ilib/reorder -I../lib/reorder -Ilib/security -I../lib/security -Ilib/distributor -I../lib/distributor -Ilib/dmadev -I../lib/dmadev -Ilib/efd -I../lib/efd -Ilib/eventdev -I../lib/eventdev -Ilib/timer -I../lib/timer -Ilib/fib -I../lib/fib -Ilib/rib -I../lib/rib -Ilib/table -I../lib/table -Ilib/port -I../lib/port -Ilib/sched -I../lib/sched -Ilib/ip_frag -I../lib/ip_frag -Ilib/lpm -I../lib/lpm -Ilib/graph -I../lib/graph -Ilib/pcapng -I../lib/pcapng -Ilib/ipsec -I../lib/ipsec -Ilib/latencystats -I../lib/latencystats -Idrivers/net/bonding -I../drivers/net/bonding -Ilib/member -I../lib/member -Ilib/pdcp -I../lib/pdcp -Ilib/pdump -I../lib/pdump -Ilib/power -I../lib/power -Ilib/rawdev -I../lib/rawdev -Ilib/stack -I../lib/stack -Ilib/pipeline -I../lib/pipeline -Xclang -fcolor-diagnostics -pipe -D_FILE_OFFSET_BITS=64 -Wall -Winvalid-pch -Wextra -Werror -std=c11 -O3 -include rte_config.h -Wcast-qual -Wdeprecated
-Wformat -Wformat-nonliteral -Wformat-security -Wmissing-declarations -Wmissing-prototypes -Wnested-externs -Wold-style-definition -Wpointer-arith -Wsign-compare -Wstrict-prototypes -Wundef -Wwrite-strings -Wno-address-of-packed-member -Wno-missing-field-initializers -D_GNU_SOURCE -march=armv8.1-a+crc+crypto -mcpu=thunderx2t99 -DALLOW_EXPERIMENTAL_API -fno-strict-aliasing -DALLOW_INTERNAL_API -MD -MQ 'app/a172ced@@dpdk-test@exe/test_test_cryptodev_asym.c.o' -MF 'app/a172ced@@dpdk-test@exe/test_test_cryptodev_asym.c.o.d' -o 'app/a172ced@@dpdk-test@exe/test_test_cryptodev_asym.c.o' -c ../app/test/test_cryptodev_asym.c
../app/test/test_cryptodev_asym.c:2702:30: error: initializer element is not a compile-time constant
modex_group_test_cases[0].description,
~~~~~~~~~~~~~~~~~~~~~~~~~~^~~~~~~~~~~
../app/test/test.h:133:38: note: expanded from macro 'TEST_CASE_NAMED_WITH_DATA'
{ setup, teardown, NULL, testcase, name, 1, data }
^~~~
../app/test/test_cryptodev_asym.c:2777:30: error: initializer element is not a compile-time constant
modex_group_test_cases[0].description,
~~~~~~~~~~~~~~~~~~~~~~~~~~^~~~~~~~~~~
../app/test/test.h:133:38: note: expanded from macro 'TEST_CASE_NAMED_WITH_DATA'
{ setup, teardown, NULL, testcase, name, 1, data }
^~~~
2 errors generated.
ninja: build stopped: subcommand failed.
==== End log output ====
Ubuntu 20.04 ARM SVE
Kernel: 5.4.0-80-generic
Compiler: gcc 10.3.0 (Ubuntu 10.3.0-1ubuntu1~20.04)
Ubuntu 20.04 ARM Clang Cross Compile
Kernel: 5.4.0-72-generic
Compiler: clang version 10.0.0-4ubuntu1
Fedora 38 (ARM)
Kernel: Depends on container host
Compiler: gcc 13.1.1
Debian 11 (Buster) (ARM)
Kernel: Container Host Kernel
Compiler: gcc 10.2.1
CentOS Stream 9 (ARM)
Kernel: Container Host Kernel
Compiler: gcc 11.3.1
Ubuntu 20.04 aarch32 GCC Cross Compile
Kernel: 5.4.0-72-generic
Compiler: gcc 9.3.0
Ubuntu 20.04 ARM GCC Cross Compile
Kernel: 5.4.0-72-generic
Compiler: aarch64-linux-gnu-gcc (Ubuntu 9.3.0-17ubuntu1~20.04) 9.3.0
Fedora 38 (ARM Clang)
Kernel: Depends on container host
Compiler: clang 16.0.3
To view detailed results, visit:
https://lab.dpdk.org/results/dashboard/patchsets/27702/
UNH-IOL DPDK Community Lab
To manage your email subscriptions, visit:
https://lab.dpdk.org/results/dashboard/preferences/subscriptions/
^ permalink raw reply [flat|nested] 33+ messages in thread
* |FAILURE| pw131844 [PATCH] app/test: add modexp group tests
@ 2023-09-23 12:42 dpdklab
0 siblings, 0 replies; 33+ messages in thread
From: dpdklab @ 2023-09-23 12:42 UTC (permalink / raw)
To: Test Report; +Cc: dpdk-test-reports, Gowrishankar Muthukrishnan
Test-Label: iol-compile-arm64-testing
Test-Status: FAILURE
http://dpdk.org/patch/131844
_Testing issues_
Submitter: Gowrishankar Muthukrishnan <gmuthukrishn@marvell.com>
Date: Saturday, September 23 2023 11:20:05
DPDK git baseline: Repo:dpdk
Branch: master
CommitID:2744cb6ef086435ae7d3d997b9b62a3c74cec224
131844 --> testing fail
Test environment and result as below:
+----------------------------------------+--------------------+
| Environment | dpdk_meson_compile |
+========================================+====================+
| Ubuntu 20.04 ARM SVE | PASS |
+----------------------------------------+--------------------+
| Ubuntu 20.04 ARM Clang Cross Compile | FAIL |
+----------------------------------------+--------------------+
| Fedora 38 (ARM) | PASS |
+----------------------------------------+--------------------+
| Debian 11 (Buster) (ARM) | PASS |
+----------------------------------------+--------------------+
| CentOS Stream 9 (ARM) | PASS |
+----------------------------------------+--------------------+
| Ubuntu 20.04 aarch32 GCC Cross Compile | PASS |
+----------------------------------------+--------------------+
| Ubuntu 20.04 ARM GCC Cross Compile | PASS |
+----------------------------------------+--------------------+
==== 20 line log output for Ubuntu 20.04 ARM Clang Cross Compile (dpdk_meson_compile): ====
Ubuntu 20.04 ARM SVE
Kernel: 5.4.0-80-generic
Compiler: gcc 10.3.0 (Ubuntu 10.3.0-1ubuntu1~20.04)
Ubuntu 20.04 ARM Clang Cross Compile
Kernel: 5.4.0-72-generic
Compiler: clang version 10.0.0-4ubuntu1
Fedora 38 (ARM)
Kernel: Depends on container host
Compiler: gcc 13.1.1
Debian 11 (Buster) (ARM)
Kernel: Container Host Kernel
Compiler: gcc 10.2.1
CentOS Stream 9 (ARM)
Kernel: Container Host Kernel
Compiler: gcc 11.3.1
Ubuntu 20.04 aarch32 GCC Cross Compile
Kernel: 5.4.0-72-generic
Compiler: gcc 9.3.0
Ubuntu 20.04 ARM GCC Cross Compile
Kernel: 5.4.0-72-generic
Compiler: aarch64-linux-gnu-gcc (Ubuntu 9.3.0-17ubuntu1~20.04) 9.3.0
To view detailed results, visit:
https://lab.dpdk.org/results/dashboard/patchsets/27702/
UNH-IOL DPDK Community Lab
To manage your email subscriptions, visit:
https://lab.dpdk.org/results/dashboard/preferences/subscriptions/
^ permalink raw reply [flat|nested] 33+ messages in thread
* |FAILURE| pw131844 [PATCH] app/test: add modexp group tests
@ 2023-09-23 12:26 dpdklab
0 siblings, 0 replies; 33+ messages in thread
From: dpdklab @ 2023-09-23 12:26 UTC (permalink / raw)
To: Test Report; +Cc: dpdk-test-reports, Gowrishankar Muthukrishnan
Test-Label: iol-unit-amd64-testing
Test-Status: FAILURE
http://dpdk.org/patch/131844
_Testing issues_
Submitter: Gowrishankar Muthukrishnan <gmuthukrishn@marvell.com>
Date: Saturday, September 23 2023 11:20:05
DPDK git baseline: Repo:dpdk
Branch: master
CommitID:2744cb6ef086435ae7d3d997b9b62a3c74cec224
131844 --> testing fail
Test environment and result as below:
+---------------------+----------------+
| Environment | dpdk_unit_test |
+=====================+================+
| CentOS Stream 8 | PASS |
+---------------------+----------------+
| CentOS Stream 9 | PASS |
+---------------------+----------------+
| Debian Bullseye | PASS |
+---------------------+----------------+
| Debian Buster | PASS |
+---------------------+----------------+
| Fedora 38 | FAIL |
+---------------------+----------------+
| Fedora 37 | PASS |
+---------------------+----------------+
| openSUSE Leap 15 | FAIL |
+---------------------+----------------+
| Windows Server 2019 | PASS |
+---------------------+----------------+
| Ubuntu 22.04 | PASS |
+---------------------+----------------+
| Ubuntu 20.04 | PASS |
+---------------------+----------------+
| RHEL8 | PASS |
+---------------------+----------------+
==== 20 line log output for openSUSE Leap 15 (dpdk_unit_test): ====
^
../app/test/test.h:133:38: note: in definition of macro 'TEST_CASE_NAMED_WITH_DATA'
{ setup, teardown, NULL, testcase, name, 1, data }
^~~~
../app/test/test_cryptodev_asym.c:2797:4: error: initializer element is not constant
modex_group_test_cases[5].description,
^
../app/test/test.h:133:38: note: in definition of macro 'TEST_CASE_NAMED_WITH_DATA'
{ setup, teardown, NULL, testcase, name, 1, data }
^~~~
../app/test/test_cryptodev_asym.c:2797:4: note: (near initialization for 'cryptodev_octeontx_asym_testsuite.unit_test_cases[9].name')
modex_group_test_cases[5].description,
^
../app/test/test.h:133:38: note: in definition of macro 'TEST_CASE_NAMED_WITH_DATA'
{ setup, teardown, NULL, testcase, name, 1, data }
^~~~
[2558/2684] Compiling C object 'app/a172ced@@dpdk-test@exe/test_test_dmadev_api.c.o'.
[2559/2684] Compiling C object 'app/a172ced@@dpdk-test@exe/test_test_event_timer_adapter.c.o'.
[2560/2684] Linking target app/dpdk-test-security-perf.
ninja: build stopped: subcommand failed.
==== End log output ====
CentOS Stream 8
Kernel: 4.18.0-240.10.1.el8_3.x86_64
Compiler: gcc 8.4.1 20200928
CentOS Stream 9
Kernel: 4.18.0-240.10.1.el8_3.x86_64
Compiler: gcc 11.3.1 20220421
Debian Bullseye
Kernel: 5.4.0-122-generic
Compiler: gcc 10.2.1-6
Debian Buster
Kernel: 5.4.0-122-generic
Compiler: gcc 8.3.0-6
Fedora 38
Kernel: Depends on container host
Compiler: gcc 13.1.1
Fedora 37
Kernel: Depends on container host system
Compiler: gcc 12.3.1
openSUSE Leap 15
Kernel: 4.18.0-240.10.1.el8_3.x86_64
Compiler: gcc 7.5.0
Windows Server 2019
Kernel: 10.0
Compiler: clang 14.0 and gcc 8.1.0 (MinGW)
Ubuntu 22.04
Kernel: 4.18.0-240.10.1.el8_3.x86_64
Compiler: gcc 11.3.0
Ubuntu 20.04
Kernel: 5.4.0-153-generic
Compiler: gcc 9.4.0-1ubuntu1~20.04.1
RHEL8
Kernel: 4.18.0-240.10.1.el8_3.x86_64
Compiler: gcc 8.3.1 20191121 (Red Hat 8.3.1-5)
To view detailed results, visit:
https://lab.dpdk.org/results/dashboard/patchsets/27702/
UNH-IOL DPDK Community Lab
To manage your email subscriptions, visit:
https://lab.dpdk.org/results/dashboard/preferences/subscriptions/
^ permalink raw reply [flat|nested] 33+ messages in thread
* |FAILURE| pw131844 [PATCH] app/test: add modexp group tests
@ 2023-09-23 12:23 dpdklab
0 siblings, 0 replies; 33+ messages in thread
From: dpdklab @ 2023-09-23 12:23 UTC (permalink / raw)
To: Test Report; +Cc: dpdk-test-reports, Gowrishankar Muthukrishnan
Test-Label: iol-unit-amd64-testing
Test-Status: FAILURE
http://dpdk.org/patch/131844
_Testing issues_
Submitter: Gowrishankar Muthukrishnan <gmuthukrishn@marvell.com>
Date: Saturday, September 23 2023 11:20:05
DPDK git baseline: Repo:dpdk
Branch: master
CommitID:2744cb6ef086435ae7d3d997b9b62a3c74cec224
131844 --> testing fail
Test environment and result as below:
+---------------------+----------------+
| Environment | dpdk_unit_test |
+=====================+================+
| CentOS Stream 8 | PASS |
+---------------------+----------------+
| CentOS Stream 9 | PASS |
+---------------------+----------------+
| Debian Bullseye | PASS |
+---------------------+----------------+
| Debian Buster | PASS |
+---------------------+----------------+
| Fedora 38 | FAIL |
+---------------------+----------------+
| Fedora 37 | PASS |
+---------------------+----------------+
| openSUSE Leap 15 | FAIL |
+---------------------+----------------+
| Windows Server 2019 | PASS |
+---------------------+----------------+
| Ubuntu 22.04 | PASS |
+---------------------+----------------+
| Ubuntu 20.04 | PASS |
+---------------------+----------------+
==== 20 line log output for openSUSE Leap 15 (dpdk_unit_test): ====
^
../app/test/test.h:133:38: note: in definition of macro 'TEST_CASE_NAMED_WITH_DATA'
{ setup, teardown, NULL, testcase, name, 1, data }
^~~~
../app/test/test_cryptodev_asym.c:2797:4: error: initializer element is not constant
modex_group_test_cases[5].description,
^
../app/test/test.h:133:38: note: in definition of macro 'TEST_CASE_NAMED_WITH_DATA'
{ setup, teardown, NULL, testcase, name, 1, data }
^~~~
../app/test/test_cryptodev_asym.c:2797:4: note: (near initialization for 'cryptodev_octeontx_asym_testsuite.unit_test_cases[9].name')
modex_group_test_cases[5].description,
^
../app/test/test.h:133:38: note: in definition of macro 'TEST_CASE_NAMED_WITH_DATA'
{ setup, teardown, NULL, testcase, name, 1, data }
^~~~
[2558/2684] Compiling C object 'app/a172ced@@dpdk-test@exe/test_test_dmadev_api.c.o'.
[2559/2684] Compiling C object 'app/a172ced@@dpdk-test@exe/test_test_event_timer_adapter.c.o'.
[2560/2684] Linking target app/dpdk-test-security-perf.
ninja: build stopped: subcommand failed.
==== End log output ====
CentOS Stream 8
Kernel: 4.18.0-240.10.1.el8_3.x86_64
Compiler: gcc 8.4.1 20200928
CentOS Stream 9
Kernel: 4.18.0-240.10.1.el8_3.x86_64
Compiler: gcc 11.3.1 20220421
Debian Bullseye
Kernel: 5.4.0-122-generic
Compiler: gcc 10.2.1-6
Debian Buster
Kernel: 5.4.0-122-generic
Compiler: gcc 8.3.0-6
Fedora 38
Kernel: Depends on container host
Compiler: gcc 13.1.1
Fedora 37
Kernel: Depends on container host system
Compiler: gcc 12.3.1
openSUSE Leap 15
Kernel: 4.18.0-240.10.1.el8_3.x86_64
Compiler: gcc 7.5.0
Windows Server 2019
Kernel: 10.0
Compiler: clang 14.0 and gcc 8.1.0 (MinGW)
Ubuntu 22.04
Kernel: 4.18.0-240.10.1.el8_3.x86_64
Compiler: gcc 11.3.0
Ubuntu 20.04
Kernel: 5.4.0-153-generic
Compiler: gcc 9.4.0-1ubuntu1~20.04.1
To view detailed results, visit:
https://lab.dpdk.org/results/dashboard/patchsets/27702/
UNH-IOL DPDK Community Lab
To manage your email subscriptions, visit:
https://lab.dpdk.org/results/dashboard/preferences/subscriptions/
^ permalink raw reply [flat|nested] 33+ messages in thread
* |FAILURE| pw131844 [PATCH] app/test: add modexp group tests
@ 2023-09-23 12:21 dpdklab
0 siblings, 0 replies; 33+ messages in thread
From: dpdklab @ 2023-09-23 12:21 UTC (permalink / raw)
To: Test Report; +Cc: dpdk-test-reports, Gowrishankar Muthukrishnan
Test-Label: iol-unit-amd64-testing
Test-Status: FAILURE
http://dpdk.org/patch/131844
_Testing issues_
Submitter: Gowrishankar Muthukrishnan <gmuthukrishn@marvell.com>
Date: Saturday, September 23 2023 11:20:05
DPDK git baseline: Repo:dpdk
Branch: master
CommitID:2744cb6ef086435ae7d3d997b9b62a3c74cec224
131844 --> testing fail
Test environment and result as below:
+---------------------+----------------+
| Environment | dpdk_unit_test |
+=====================+================+
| CentOS Stream 8 | PASS |
+---------------------+----------------+
| CentOS Stream 9 | PASS |
+---------------------+----------------+
| Debian Bullseye | PASS |
+---------------------+----------------+
| Debian Buster | PASS |
+---------------------+----------------+
| Fedora 38 | FAIL |
+---------------------+----------------+
| Fedora 37 | PASS |
+---------------------+----------------+
| openSUSE Leap 15 | FAIL |
+---------------------+----------------+
| Windows Server 2019 | PASS |
+---------------------+----------------+
| Ubuntu 22.04 | PASS |
+---------------------+----------------+
==== 20 line log output for openSUSE Leap 15 (dpdk_unit_test): ====
^
../app/test/test.h:133:38: note: in definition of macro 'TEST_CASE_NAMED_WITH_DATA'
{ setup, teardown, NULL, testcase, name, 1, data }
^~~~
../app/test/test_cryptodev_asym.c:2797:4: error: initializer element is not constant
modex_group_test_cases[5].description,
^
../app/test/test.h:133:38: note: in definition of macro 'TEST_CASE_NAMED_WITH_DATA'
{ setup, teardown, NULL, testcase, name, 1, data }
^~~~
../app/test/test_cryptodev_asym.c:2797:4: note: (near initialization for 'cryptodev_octeontx_asym_testsuite.unit_test_cases[9].name')
modex_group_test_cases[5].description,
^
../app/test/test.h:133:38: note: in definition of macro 'TEST_CASE_NAMED_WITH_DATA'
{ setup, teardown, NULL, testcase, name, 1, data }
^~~~
[2558/2684] Compiling C object 'app/a172ced@@dpdk-test@exe/test_test_dmadev_api.c.o'.
[2559/2684] Compiling C object 'app/a172ced@@dpdk-test@exe/test_test_event_timer_adapter.c.o'.
[2560/2684] Linking target app/dpdk-test-security-perf.
ninja: build stopped: subcommand failed.
==== End log output ====
CentOS Stream 8
Kernel: 4.18.0-240.10.1.el8_3.x86_64
Compiler: gcc 8.4.1 20200928
CentOS Stream 9
Kernel: 4.18.0-240.10.1.el8_3.x86_64
Compiler: gcc 11.3.1 20220421
Debian Bullseye
Kernel: 5.4.0-122-generic
Compiler: gcc 10.2.1-6
Debian Buster
Kernel: 5.4.0-122-generic
Compiler: gcc 8.3.0-6
Fedora 38
Kernel: Depends on container host
Compiler: gcc 13.1.1
Fedora 37
Kernel: Depends on container host system
Compiler: gcc 12.3.1
openSUSE Leap 15
Kernel: 4.18.0-240.10.1.el8_3.x86_64
Compiler: gcc 7.5.0
Windows Server 2019
Kernel: 10.0
Compiler: clang 14.0 and gcc 8.1.0 (MinGW)
Ubuntu 22.04
Kernel: 4.18.0-240.10.1.el8_3.x86_64
Compiler: gcc 11.3.0
To view detailed results, visit:
https://lab.dpdk.org/results/dashboard/patchsets/27702/
UNH-IOL DPDK Community Lab
To manage your email subscriptions, visit:
https://lab.dpdk.org/results/dashboard/preferences/subscriptions/
^ permalink raw reply [flat|nested] 33+ messages in thread
* |FAILURE| pw131844 [PATCH] app/test: add modexp group tests
@ 2023-09-23 12:19 dpdklab
0 siblings, 0 replies; 33+ messages in thread
From: dpdklab @ 2023-09-23 12:19 UTC (permalink / raw)
To: Test Report; +Cc: dpdk-test-reports, Gowrishankar Muthukrishnan
Test-Label: iol-unit-amd64-testing
Test-Status: FAILURE
http://dpdk.org/patch/131844
_Testing issues_
Submitter: Gowrishankar Muthukrishnan <gmuthukrishn@marvell.com>
Date: Saturday, September 23 2023 11:20:05
DPDK git baseline: Repo:dpdk
Branch: master
CommitID:2744cb6ef086435ae7d3d997b9b62a3c74cec224
131844 --> testing fail
Test environment and result as below:
+---------------------+----------------+
| Environment | dpdk_unit_test |
+=====================+================+
| CentOS Stream 8 | PASS |
+---------------------+----------------+
| CentOS Stream 9 | PASS |
+---------------------+----------------+
| Debian Bullseye | PASS |
+---------------------+----------------+
| Debian Buster | PASS |
+---------------------+----------------+
| Fedora 38 | PASS |
+---------------------+----------------+
| Fedora 37 | PASS |
+---------------------+----------------+
| openSUSE Leap 15 | FAIL |
+---------------------+----------------+
| Windows Server 2019 | PASS |
+---------------------+----------------+
| Ubuntu 22.04 | PASS |
+---------------------+----------------+
==== 20 line log output for openSUSE Leap 15 (dpdk_unit_test): ====
^
../app/test/test.h:133:38: note: in definition of macro 'TEST_CASE_NAMED_WITH_DATA'
{ setup, teardown, NULL, testcase, name, 1, data }
^~~~
../app/test/test_cryptodev_asym.c:2797:4: error: initializer element is not constant
modex_group_test_cases[5].description,
^
../app/test/test.h:133:38: note: in definition of macro 'TEST_CASE_NAMED_WITH_DATA'
{ setup, teardown, NULL, testcase, name, 1, data }
^~~~
../app/test/test_cryptodev_asym.c:2797:4: note: (near initialization for 'cryptodev_octeontx_asym_testsuite.unit_test_cases[9].name')
modex_group_test_cases[5].description,
^
../app/test/test.h:133:38: note: in definition of macro 'TEST_CASE_NAMED_WITH_DATA'
{ setup, teardown, NULL, testcase, name, 1, data }
^~~~
[2558/2684] Compiling C object 'app/a172ced@@dpdk-test@exe/test_test_dmadev_api.c.o'.
[2559/2684] Compiling C object 'app/a172ced@@dpdk-test@exe/test_test_event_timer_adapter.c.o'.
[2560/2684] Linking target app/dpdk-test-security-perf.
ninja: build stopped: subcommand failed.
==== End log output ====
CentOS Stream 8
Kernel: 4.18.0-240.10.1.el8_3.x86_64
Compiler: gcc 8.4.1 20200928
CentOS Stream 9
Kernel: 4.18.0-240.10.1.el8_3.x86_64
Compiler: gcc 11.3.1 20220421
Debian Bullseye
Kernel: 5.4.0-122-generic
Compiler: gcc 10.2.1-6
Debian Buster
Kernel: 5.4.0-122-generic
Compiler: gcc 8.3.0-6
Fedora 38
Kernel: Depends on container host
Compiler: gcc 13.1.1
Fedora 37
Kernel: Depends on container host system
Compiler: gcc 12.3.1
openSUSE Leap 15
Kernel: 4.18.0-240.10.1.el8_3.x86_64
Compiler: gcc 7.5.0
Windows Server 2019
Kernel: 10.0
Compiler: clang 14.0 and gcc 8.1.0 (MinGW)
Ubuntu 22.04
Kernel: 4.18.0-240.10.1.el8_3.x86_64
Compiler: gcc 11.3.0
To view detailed results, visit:
https://lab.dpdk.org/results/dashboard/patchsets/27702/
UNH-IOL DPDK Community Lab
To manage your email subscriptions, visit:
https://lab.dpdk.org/results/dashboard/preferences/subscriptions/
^ permalink raw reply [flat|nested] 33+ messages in thread
* |FAILURE| pw131844 [PATCH] app/test: add modexp group tests
@ 2023-09-23 12:16 dpdklab
0 siblings, 0 replies; 33+ messages in thread
From: dpdklab @ 2023-09-23 12:16 UTC (permalink / raw)
To: Test Report; +Cc: dpdk-test-reports, Gowrishankar Muthukrishnan
Test-Label: iol-unit-amd64-testing
Test-Status: FAILURE
http://dpdk.org/patch/131844
_Testing issues_
Submitter: Gowrishankar Muthukrishnan <gmuthukrishn@marvell.com>
Date: Saturday, September 23 2023 11:20:05
DPDK git baseline: Repo:dpdk
Branch: master
CommitID:2744cb6ef086435ae7d3d997b9b62a3c74cec224
131844 --> testing fail
Test environment and result as below:
+---------------------+----------------+
| Environment | dpdk_unit_test |
+=====================+================+
| CentOS Stream 8 | PASS |
+---------------------+----------------+
| CentOS Stream 9 | PASS |
+---------------------+----------------+
| Debian Bullseye | PASS |
+---------------------+----------------+
| Debian Buster | PASS |
+---------------------+----------------+
| Fedora 38 | PASS |
+---------------------+----------------+
| Fedora 37 | PASS |
+---------------------+----------------+
| openSUSE Leap 15 | FAIL |
+---------------------+----------------+
| Windows Server 2019 | PASS |
+---------------------+----------------+
==== 20 line log output for openSUSE Leap 15 (dpdk_unit_test): ====
^
../app/test/test.h:133:38: note: in definition of macro 'TEST_CASE_NAMED_WITH_DATA'
{ setup, teardown, NULL, testcase, name, 1, data }
^~~~
../app/test/test_cryptodev_asym.c:2797:4: error: initializer element is not constant
modex_group_test_cases[5].description,
^
../app/test/test.h:133:38: note: in definition of macro 'TEST_CASE_NAMED_WITH_DATA'
{ setup, teardown, NULL, testcase, name, 1, data }
^~~~
../app/test/test_cryptodev_asym.c:2797:4: note: (near initialization for 'cryptodev_octeontx_asym_testsuite.unit_test_cases[9].name')
modex_group_test_cases[5].description,
^
../app/test/test.h:133:38: note: in definition of macro 'TEST_CASE_NAMED_WITH_DATA'
{ setup, teardown, NULL, testcase, name, 1, data }
^~~~
[2558/2684] Compiling C object 'app/a172ced@@dpdk-test@exe/test_test_dmadev_api.c.o'.
[2559/2684] Compiling C object 'app/a172ced@@dpdk-test@exe/test_test_event_timer_adapter.c.o'.
[2560/2684] Linking target app/dpdk-test-security-perf.
ninja: build stopped: subcommand failed.
==== End log output ====
CentOS Stream 8
Kernel: 4.18.0-240.10.1.el8_3.x86_64
Compiler: gcc 8.4.1 20200928
CentOS Stream 9
Kernel: 4.18.0-240.10.1.el8_3.x86_64
Compiler: gcc 11.3.1 20220421
Debian Bullseye
Kernel: 5.4.0-122-generic
Compiler: gcc 10.2.1-6
Debian Buster
Kernel: 5.4.0-122-generic
Compiler: gcc 8.3.0-6
Fedora 38
Kernel: Depends on container host
Compiler: gcc 13.1.1
Fedora 37
Kernel: Depends on container host system
Compiler: gcc 12.3.1
openSUSE Leap 15
Kernel: 4.18.0-240.10.1.el8_3.x86_64
Compiler: gcc 7.5.0
Windows Server 2019
Kernel: 10.0
Compiler: clang 14.0 and gcc 8.1.0 (MinGW)
To view detailed results, visit:
https://lab.dpdk.org/results/dashboard/patchsets/27702/
UNH-IOL DPDK Community Lab
To manage your email subscriptions, visit:
https://lab.dpdk.org/results/dashboard/preferences/subscriptions/
^ permalink raw reply [flat|nested] 33+ messages in thread
* |FAILURE| pw131844 [PATCH] app/test: add modexp group tests
@ 2023-09-23 12:15 dpdklab
0 siblings, 0 replies; 33+ messages in thread
From: dpdklab @ 2023-09-23 12:15 UTC (permalink / raw)
To: Test Report; +Cc: dpdk-test-reports, Gowrishankar Muthukrishnan
Test-Label: iol-unit-amd64-testing
Test-Status: FAILURE
http://dpdk.org/patch/131844
_Testing issues_
Submitter: Gowrishankar Muthukrishnan <gmuthukrishn@marvell.com>
Date: Saturday, September 23 2023 11:20:05
DPDK git baseline: Repo:dpdk
Branch: master
CommitID:2744cb6ef086435ae7d3d997b9b62a3c74cec224
131844 --> testing fail
Test environment and result as below:
+---------------------+----------------+
| Environment | dpdk_unit_test |
+=====================+================+
| CentOS Stream 8 | PASS |
+---------------------+----------------+
| CentOS Stream 9 | PASS |
+---------------------+----------------+
| Debian Bullseye | PASS |
+---------------------+----------------+
| Debian Buster | PASS |
+---------------------+----------------+
| Fedora 38 | PASS |
+---------------------+----------------+
| Fedora 37 | PASS |
+---------------------+----------------+
| openSUSE Leap 15 | FAIL |
+---------------------+----------------+
| Windows Server 2019 | PASS |
+---------------------+----------------+
==== 20 line log output for openSUSE Leap 15 (dpdk_unit_test): ====
^
../app/test/test.h:133:38: note: in definition of macro 'TEST_CASE_NAMED_WITH_DATA'
{ setup, teardown, NULL, testcase, name, 1, data }
^~~~
../app/test/test_cryptodev_asym.c:2797:4: error: initializer element is not constant
modex_group_test_cases[5].description,
^
../app/test/test.h:133:38: note: in definition of macro 'TEST_CASE_NAMED_WITH_DATA'
{ setup, teardown, NULL, testcase, name, 1, data }
^~~~
../app/test/test_cryptodev_asym.c:2797:4: note: (near initialization for 'cryptodev_octeontx_asym_testsuite.unit_test_cases[9].name')
modex_group_test_cases[5].description,
^
../app/test/test.h:133:38: note: in definition of macro 'TEST_CASE_NAMED_WITH_DATA'
{ setup, teardown, NULL, testcase, name, 1, data }
^~~~
[2558/2684] Compiling C object 'app/a172ced@@dpdk-test@exe/test_test_dmadev_api.c.o'.
[2559/2684] Compiling C object 'app/a172ced@@dpdk-test@exe/test_test_event_timer_adapter.c.o'.
[2560/2684] Linking target app/dpdk-test-security-perf.
ninja: build stopped: subcommand failed.
==== End log output ====
CentOS Stream 8
Kernel: 4.18.0-240.10.1.el8_3.x86_64
Compiler: gcc 8.4.1 20200928
CentOS Stream 9
Kernel: 4.18.0-240.10.1.el8_3.x86_64
Compiler: gcc 11.3.1 20220421
Debian Bullseye
Kernel: 5.4.0-122-generic
Compiler: gcc 10.2.1-6
Debian Buster
Kernel: 5.4.0-122-generic
Compiler: gcc 8.3.0-6
Fedora 38
Kernel: Depends on container host
Compiler: gcc 13.1.1
Fedora 37
Kernel: Depends on container host system
Compiler: gcc 12.3.1
openSUSE Leap 15
Kernel: 4.18.0-240.10.1.el8_3.x86_64
Compiler: gcc 7.5.0
Windows Server 2019
Kernel: 10.0
Compiler: clang 14.0 and gcc 8.1.0 (MinGW)
To view detailed results, visit:
https://lab.dpdk.org/results/dashboard/patchsets/27702/
UNH-IOL DPDK Community Lab
To manage your email subscriptions, visit:
https://lab.dpdk.org/results/dashboard/preferences/subscriptions/
^ permalink raw reply [flat|nested] 33+ messages in thread
* |FAILURE| pw131844 [PATCH] app/test: add modexp group tests
@ 2023-09-23 12:15 dpdklab
0 siblings, 0 replies; 33+ messages in thread
From: dpdklab @ 2023-09-23 12:15 UTC (permalink / raw)
To: Test Report; +Cc: dpdk-test-reports, Gowrishankar Muthukrishnan
Test-Label: iol-compile-amd64-testing
Test-Status: FAILURE
http://dpdk.org/patch/131844
_Testing issues_
Submitter: Gowrishankar Muthukrishnan <gmuthukrishn@marvell.com>
Date: Saturday, September 23 2023 11:20:05
DPDK git baseline: Repo:dpdk
Branch: master
CommitID:2744cb6ef086435ae7d3d997b9b62a3c74cec224
131844 --> testing fail
Test environment and result as below:
+---------------------+--------------------+----------------------+
| Environment | dpdk_meson_compile | dpdk_mingw64_compile |
+=====================+====================+======================+
| Debian Bullseye | PASS | SKIPPED |
+---------------------+--------------------+----------------------+
| CentOS Stream 9 | PASS | SKIPPED |
+---------------------+--------------------+----------------------+
| CentOS Stream 8 | PASS | SKIPPED |
+---------------------+--------------------+----------------------+
| Debian Buster | PASS | SKIPPED |
+---------------------+--------------------+----------------------+
| Fedora 37 | PASS | SKIPPED |
+---------------------+--------------------+----------------------+
| Fedora 38 | FAIL | SKIPPED |
+---------------------+--------------------+----------------------+
| Ubuntu 20.04 | PASS | SKIPPED |
+---------------------+--------------------+----------------------+
| openSUSE Leap 15 | FAIL | SKIPPED |
+---------------------+--------------------+----------------------+
| RHEL8 | PASS | SKIPPED |
+---------------------+--------------------+----------------------+
| FreeBSD 13 | FAIL | SKIPPED |
+---------------------+--------------------+----------------------+
| Alpine | PASS | SKIPPED |
+---------------------+--------------------+----------------------+
| Windows Server 2019 | PASS | PASS |
+---------------------+--------------------+----------------------+
| Ubuntu 22.04 | PASS | SKIPPED |
+---------------------+--------------------+----------------------+
==== 20 line log output for FreeBSD 13 (dpdk_meson_compile): ====
ccache cc -Iapp/dpdk-test.p -Iapp -I../app -Ilib/cmdline -I../lib/cmdline -I. -I.. -Iconfig -I../config -Ilib/eal/include -I../lib/eal/include -Ilib/eal/freebsd/include -I../lib/eal/freebsd/include -Ilib/eal/x86/include -I../lib/eal/x86/include -Ilib/eal/common -I../lib/eal/common -Ilib/eal -I../lib/eal -Ilib/kvargs -I../lib/kvargs -Ilib/log -I../lib/log -Ilib/metrics -I../lib/metrics -Ilib/telemetry -I../lib/telemetry -Ilib/net -I../lib/net -Ilib/mbuf -I../lib/mbuf -Ilib/mempool -I../lib/mempool -Ilib/ring -I../lib/ring -Idrivers/net/ring -I../drivers/net/ring -Ilib/ethdev -I../lib/ethdev -Ilib/meter -I../lib/meter -Idrivers/bus/pci -I../drivers/bus/pci -I../drivers/bus/pci/bsd -Ilib/pci -I../lib/pci -Idrivers/bus/vdev -I../drivers/bus/vdev -Ilib/acl -I../lib/acl -Ilib/hash -I../lib/hash -Ilib/rcu -I../lib/rcu -Ilib/bitratestats -I../lib/bitratestats -Ilib/bpf -I../lib/bpf -Ilib/compressdev -I../lib/compressdev -Ilib/cryptodev -I../lib/cryptodev -Idrivers/crypto/scheduler -I../drive
rs/crypto/scheduler -Ilib/reorder -I../lib/reorder -Ilib/security -I../lib/security -Ilib/distributor -I../lib/distributor -Ilib/dmadev -I../lib/dmadev -Ilib/efd -I../lib/efd -Ilib/eventdev -I../lib/eventdev -Ilib/timer -I../lib/timer -Ilib/fib -I../lib/fib -Ilib/rib -I../lib/rib -Ilib/table -I../lib/table -Ilib/port -I../lib/port -Ilib/sched -I../lib/sched -Ilib/ip_frag -I../lib/ip_frag -Ilib/lpm -I../lib/lpm -Ilib/graph -I../lib/graph -Ilib/pcapng -I../lib/pcapng -Ilib/ipsec -I../lib/ipsec -Ilib/latencystats -I../lib/latencystats -Idrivers/net/bonding -I../drivers/net/bonding -Ilib/member -I../lib/member -Ilib/pdcp -I../lib/pdcp -Ilib/pdump -I../lib/pdump -Ilib/rawdev -I../lib/rawdev -Ilib/stack -I../lib/stack -Ilib/pipeline -I../lib/pipeline -I/usr/local/include -fcolor-diagnostics -D_FILE_OFFSET_BITS=64 -Wall -Winvalid-pch -Wextra -Werror -std=c11 -O3 -include rte_config.h -Wcast-qual -Wdeprecated -Wformat -Wformat-nonliteral -Wformat-security -Wmissing-declarations -Wmissing-pr
ototypes -Wnested-externs -Wold-style-definition -Wpointer-arith -Wsign-compare -Wstrict-prototypes -Wundef -Wwrite-strings -Wno-address-of-packed-member -Wno-missing-field-initializers -D_GNU_SOURCE -D__BSD_VISIBLE -march=native -mrtm -DALLOW_EXPERIMENTAL_API -fno-strict-aliasing -DALLOW_INTERNAL_API -MD -MQ app/dpdk-test.p/test_test_cryptodev_asym.c.o -MF app/dpdk-test.p/test_test_cryptodev_asym.c.o.d -o app/dpdk-test.p/test_test_cryptodev_asym.c.o -c ../app/test/test_cryptodev_asym.c
../app/test/test_cryptodev_asym.c:2702:30: error: initializer element is not a compile-time constant
modex_group_test_cases[0].description,
~~~~~~~~~~~~~~~~~~~~~~~~~~^~~~~~~~~~~
../app/test/test.h:133:38: note: expanded from macro 'TEST_CASE_NAMED_WITH_DATA'
{ setup, teardown, NULL, testcase, name, 1, data }
^~~~
../app/test/test_cryptodev_asym.c:2777:30: error: initializer element is not a compile-time constant
modex_group_test_cases[0].description,
~~~~~~~~~~~~~~~~~~~~~~~~~~^~~~~~~~~~~
../app/test/test.h:133:38: note: expanded from macro 'TEST_CASE_NAMED_WITH_DATA'
{ setup, teardown, NULL, testcase, name, 1, data }
^~~~
2 errors generated.
[1739/1777] Compiling C object app/dpdk-test.p/test_test_ring_perf.c.o
[1740/1777] Compiling C object app/dpdk-test.p/test_test_ring_rts_stress.c.o
[1741/1777] Compiling C object app/dpdk-test.p/test_test_ring_st_peek_stress_zc.c.o
[1742/1777] Compiling C object app/dpdk-test.p/test_test_ring_st_peek_stress.c.o
[1743/1777] Compiling C object app/dpdk-test.p/test_test_ring_stress.c.o
ninja: build stopped: subcommand failed.
==== End log output ====
Debian Bullseye
Kernel: 5.4.0-122-generic
Compiler: gcc 10.2.1-6
CentOS Stream 9
Kernel: 4.18.0-240.10.1.el8_3.x86_64
Compiler: gcc 11.3.1 20220421
CentOS Stream 8
Kernel: 4.18.0-240.10.1.el8_3.x86_64
Compiler: gcc 8.4.1 20200928
Debian Buster
Kernel: 5.4.0-122-generic
Compiler: gcc 8.3.0-6
Fedora 37
Kernel: Depends on container host system
Compiler: gcc 12.3.1
Fedora 38
Kernel: Depends on container host
Compiler: gcc 13.1.1
Ubuntu 20.04
Kernel: 5.4.0-153-generic
Compiler: gcc 9.4.0-1ubuntu1~20.04.1
openSUSE Leap 15
Kernel: 4.18.0-240.10.1.el8_3.x86_64
Compiler: gcc 7.5.0
RHEL8
Kernel: 4.18.0-240.10.1.el8_3.x86_64
Compiler: gcc 8.3.1 20191121 (Red Hat 8.3.1-5)
FreeBSD 13
Kernel: 13.0
Compiler: clang 11.0.1
Alpine
Kernel: 5.4.0-73-generic
Compiler: gcc (Alpine 10.3.1_git20210424) 10.3.1 20210424
Windows Server 2019
Kernel: 10.0
Compiler: clang 14.0 and gcc 8.1.0 (MinGW)
Ubuntu 22.04
Kernel: 4.18.0-240.10.1.el8_3.x86_64
Compiler: gcc 11.3.0
To view detailed results, visit:
https://lab.dpdk.org/results/dashboard/patchsets/27702/
UNH-IOL DPDK Community Lab
To manage your email subscriptions, visit:
https://lab.dpdk.org/results/dashboard/preferences/subscriptions/
^ permalink raw reply [flat|nested] 33+ messages in thread
* |FAILURE| pw131844 [PATCH] app/test: add modexp group tests
@ 2023-09-23 12:05 dpdklab
0 siblings, 0 replies; 33+ messages in thread
From: dpdklab @ 2023-09-23 12:05 UTC (permalink / raw)
To: Test Report; +Cc: dpdk-test-reports, Gowrishankar Muthukrishnan
Test-Label: iol-compile-arm64-testing
Test-Status: FAILURE
http://dpdk.org/patch/131844
_Testing issues_
Submitter: Gowrishankar Muthukrishnan <gmuthukrishn@marvell.com>
Date: Saturday, September 23 2023 11:20:05
DPDK git baseline: Repo:dpdk
Branch: master
CommitID:2744cb6ef086435ae7d3d997b9b62a3c74cec224
131844 --> testing fail
Test environment and result as below:
+----------------------------------------+--------------------+
| Environment | dpdk_meson_compile |
+========================================+====================+
| Ubuntu 20.04 ARM SVE | PASS |
+----------------------------------------+--------------------+
| Ubuntu 20.04 ARM Clang Cross Compile | FAIL |
+----------------------------------------+--------------------+
| Fedora 38 (ARM) | PASS |
+----------------------------------------+--------------------+
| Debian 11 (Buster) (ARM) | PASS |
+----------------------------------------+--------------------+
| CentOS Stream 9 (ARM) | PASS |
+----------------------------------------+--------------------+
| Ubuntu 20.04 aarch32 GCC Cross Compile | PASS |
+----------------------------------------+--------------------+
==== 20 line log output for Ubuntu 20.04 ARM Clang Cross Compile (dpdk_meson_compile): ====
Ubuntu 20.04 ARM SVE
Kernel: 5.4.0-80-generic
Compiler: gcc 10.3.0 (Ubuntu 10.3.0-1ubuntu1~20.04)
Ubuntu 20.04 ARM Clang Cross Compile
Kernel: 5.4.0-72-generic
Compiler: clang version 10.0.0-4ubuntu1
Fedora 38 (ARM)
Kernel: Depends on container host
Compiler: gcc 13.1.1
Debian 11 (Buster) (ARM)
Kernel: Container Host Kernel
Compiler: gcc 10.2.1
CentOS Stream 9 (ARM)
Kernel: Container Host Kernel
Compiler: gcc 11.3.1
Ubuntu 20.04 aarch32 GCC Cross Compile
Kernel: 5.4.0-72-generic
Compiler: gcc 9.3.0
To view detailed results, visit:
https://lab.dpdk.org/results/dashboard/patchsets/27702/
UNH-IOL DPDK Community Lab
To manage your email subscriptions, visit:
https://lab.dpdk.org/results/dashboard/preferences/subscriptions/
^ permalink raw reply [flat|nested] 33+ messages in thread
* |FAILURE| pw131844 [PATCH] app/test: add modexp group tests
@ 2023-09-23 12:05 dpdklab
0 siblings, 0 replies; 33+ messages in thread
From: dpdklab @ 2023-09-23 12:05 UTC (permalink / raw)
To: Test Report; +Cc: dpdk-test-reports, Gowrishankar Muthukrishnan
Test-Label: iol-compile-amd64-testing
Test-Status: FAILURE
http://dpdk.org/patch/131844
_Testing issues_
Submitter: Gowrishankar Muthukrishnan <gmuthukrishn@marvell.com>
Date: Saturday, September 23 2023 11:20:05
DPDK git baseline: Repo:dpdk
Branch: master
CommitID:2744cb6ef086435ae7d3d997b9b62a3c74cec224
131844 --> testing fail
Test environment and result as below:
+---------------------+--------------------+----------------------+
| Environment | dpdk_meson_compile | dpdk_mingw64_compile |
+=====================+====================+======================+
| Debian Bullseye | PASS | SKIPPED |
+---------------------+--------------------+----------------------+
| CentOS Stream 9 | PASS | SKIPPED |
+---------------------+--------------------+----------------------+
| CentOS Stream 8 | PASS | SKIPPED |
+---------------------+--------------------+----------------------+
| Debian Buster | PASS | SKIPPED |
+---------------------+--------------------+----------------------+
| Fedora 37 | PASS | SKIPPED |
+---------------------+--------------------+----------------------+
| Fedora 38 | PASS | SKIPPED |
+---------------------+--------------------+----------------------+
| Ubuntu 20.04 | PASS | SKIPPED |
+---------------------+--------------------+----------------------+
| openSUSE Leap 15 | FAIL | SKIPPED |
+---------------------+--------------------+----------------------+
| RHEL8 | PASS | SKIPPED |
+---------------------+--------------------+----------------------+
| FreeBSD 13 | FAIL | SKIPPED |
+---------------------+--------------------+----------------------+
| Alpine | PASS | SKIPPED |
+---------------------+--------------------+----------------------+
| Windows Server 2019 | PASS | PASS |
+---------------------+--------------------+----------------------+
| Ubuntu 22.04 | PASS | SKIPPED |
+---------------------+--------------------+----------------------+
==== 20 line log output for FreeBSD 13 (dpdk_meson_compile): ====
ccache cc -Iapp/dpdk-test.p -Iapp -I../app -Ilib/cmdline -I../lib/cmdline -I. -I.. -Iconfig -I../config -Ilib/eal/include -I../lib/eal/include -Ilib/eal/freebsd/include -I../lib/eal/freebsd/include -Ilib/eal/x86/include -I../lib/eal/x86/include -Ilib/eal/common -I../lib/eal/common -Ilib/eal -I../lib/eal -Ilib/kvargs -I../lib/kvargs -Ilib/log -I../lib/log -Ilib/metrics -I../lib/metrics -Ilib/telemetry -I../lib/telemetry -Ilib/net -I../lib/net -Ilib/mbuf -I../lib/mbuf -Ilib/mempool -I../lib/mempool -Ilib/ring -I../lib/ring -Idrivers/net/ring -I../drivers/net/ring -Ilib/ethdev -I../lib/ethdev -Ilib/meter -I../lib/meter -Idrivers/bus/pci -I../drivers/bus/pci -I../drivers/bus/pci/bsd -Ilib/pci -I../lib/pci -Idrivers/bus/vdev -I../drivers/bus/vdev -Ilib/acl -I../lib/acl -Ilib/hash -I../lib/hash -Ilib/rcu -I../lib/rcu -Ilib/bitratestats -I../lib/bitratestats -Ilib/bpf -I../lib/bpf -Ilib/compressdev -I../lib/compressdev -Ilib/cryptodev -I../lib/cryptodev -Idrivers/crypto/scheduler -I../drive
rs/crypto/scheduler -Ilib/reorder -I../lib/reorder -Ilib/security -I../lib/security -Ilib/distributor -I../lib/distributor -Ilib/dmadev -I../lib/dmadev -Ilib/efd -I../lib/efd -Ilib/eventdev -I../lib/eventdev -Ilib/timer -I../lib/timer -Ilib/fib -I../lib/fib -Ilib/rib -I../lib/rib -Ilib/table -I../lib/table -Ilib/port -I../lib/port -Ilib/sched -I../lib/sched -Ilib/ip_frag -I../lib/ip_frag -Ilib/lpm -I../lib/lpm -Ilib/graph -I../lib/graph -Ilib/pcapng -I../lib/pcapng -Ilib/ipsec -I../lib/ipsec -Ilib/latencystats -I../lib/latencystats -Idrivers/net/bonding -I../drivers/net/bonding -Ilib/member -I../lib/member -Ilib/pdcp -I../lib/pdcp -Ilib/pdump -I../lib/pdump -Ilib/rawdev -I../lib/rawdev -Ilib/stack -I../lib/stack -Ilib/pipeline -I../lib/pipeline -I/usr/local/include -fcolor-diagnostics -D_FILE_OFFSET_BITS=64 -Wall -Winvalid-pch -Wextra -Werror -std=c11 -O3 -include rte_config.h -Wcast-qual -Wdeprecated -Wformat -Wformat-nonliteral -Wformat-security -Wmissing-declarations -Wmissing-pr
ototypes -Wnested-externs -Wold-style-definition -Wpointer-arith -Wsign-compare -Wstrict-prototypes -Wundef -Wwrite-strings -Wno-address-of-packed-member -Wno-missing-field-initializers -D_GNU_SOURCE -D__BSD_VISIBLE -march=native -mrtm -DALLOW_EXPERIMENTAL_API -fno-strict-aliasing -DALLOW_INTERNAL_API -MD -MQ app/dpdk-test.p/test_test_cryptodev_asym.c.o -MF app/dpdk-test.p/test_test_cryptodev_asym.c.o.d -o app/dpdk-test.p/test_test_cryptodev_asym.c.o -c ../app/test/test_cryptodev_asym.c
../app/test/test_cryptodev_asym.c:2702:30: error: initializer element is not a compile-time constant
modex_group_test_cases[0].description,
~~~~~~~~~~~~~~~~~~~~~~~~~~^~~~~~~~~~~
../app/test/test.h:133:38: note: expanded from macro 'TEST_CASE_NAMED_WITH_DATA'
{ setup, teardown, NULL, testcase, name, 1, data }
^~~~
../app/test/test_cryptodev_asym.c:2777:30: error: initializer element is not a compile-time constant
modex_group_test_cases[0].description,
~~~~~~~~~~~~~~~~~~~~~~~~~~^~~~~~~~~~~
../app/test/test.h:133:38: note: expanded from macro 'TEST_CASE_NAMED_WITH_DATA'
{ setup, teardown, NULL, testcase, name, 1, data }
^~~~
2 errors generated.
[1739/1777] Compiling C object app/dpdk-test.p/test_test_ring_perf.c.o
[1740/1777] Compiling C object app/dpdk-test.p/test_test_ring_rts_stress.c.o
[1741/1777] Compiling C object app/dpdk-test.p/test_test_ring_st_peek_stress_zc.c.o
[1742/1777] Compiling C object app/dpdk-test.p/test_test_ring_st_peek_stress.c.o
[1743/1777] Compiling C object app/dpdk-test.p/test_test_ring_stress.c.o
ninja: build stopped: subcommand failed.
==== End log output ====
Debian Bullseye
Kernel: 5.4.0-122-generic
Compiler: gcc 10.2.1-6
CentOS Stream 9
Kernel: 4.18.0-240.10.1.el8_3.x86_64
Compiler: gcc 11.3.1 20220421
CentOS Stream 8
Kernel: 4.18.0-240.10.1.el8_3.x86_64
Compiler: gcc 8.4.1 20200928
Debian Buster
Kernel: 5.4.0-122-generic
Compiler: gcc 8.3.0-6
Fedora 37
Kernel: Depends on container host system
Compiler: gcc 12.3.1
Fedora 38
Kernel: Depends on container host
Compiler: gcc 13.1.1
Ubuntu 20.04
Kernel: 5.4.0-153-generic
Compiler: gcc 9.4.0-1ubuntu1~20.04.1
openSUSE Leap 15
Kernel: 4.18.0-240.10.1.el8_3.x86_64
Compiler: gcc 7.5.0
RHEL8
Kernel: 4.18.0-240.10.1.el8_3.x86_64
Compiler: gcc 8.3.1 20191121 (Red Hat 8.3.1-5)
FreeBSD 13
Kernel: 13.0
Compiler: clang 11.0.1
Alpine
Kernel: 5.4.0-73-generic
Compiler: gcc (Alpine 10.3.1_git20210424) 10.3.1 20210424
Windows Server 2019
Kernel: 10.0
Compiler: clang 14.0 and gcc 8.1.0 (MinGW)
Ubuntu 22.04
Kernel: 4.18.0-240.10.1.el8_3.x86_64
Compiler: gcc 11.3.0
To view detailed results, visit:
https://lab.dpdk.org/results/dashboard/patchsets/27702/
UNH-IOL DPDK Community Lab
To manage your email subscriptions, visit:
https://lab.dpdk.org/results/dashboard/preferences/subscriptions/
^ permalink raw reply [flat|nested] 33+ messages in thread
* |FAILURE| pw131844 [PATCH] app/test: add modexp group tests
@ 2023-09-23 12:03 dpdklab
0 siblings, 0 replies; 33+ messages in thread
From: dpdklab @ 2023-09-23 12:03 UTC (permalink / raw)
To: Test Report; +Cc: dpdk-test-reports, Gowrishankar Muthukrishnan
Test-Label: iol-compile-amd64-testing
Test-Status: FAILURE
http://dpdk.org/patch/131844
_Testing issues_
Submitter: Gowrishankar Muthukrishnan <gmuthukrishn@marvell.com>
Date: Saturday, September 23 2023 11:20:05
DPDK git baseline: Repo:dpdk
Branch: master
CommitID:2744cb6ef086435ae7d3d997b9b62a3c74cec224
131844 --> testing fail
Test environment and result as below:
+---------------------+--------------------+----------------------+
| Environment | dpdk_meson_compile | dpdk_mingw64_compile |
+=====================+====================+======================+
| Debian Bullseye | PASS | SKIPPED |
+---------------------+--------------------+----------------------+
| CentOS Stream 9 | PASS | SKIPPED |
+---------------------+--------------------+----------------------+
| CentOS Stream 8 | PASS | SKIPPED |
+---------------------+--------------------+----------------------+
| Debian Buster | PASS | SKIPPED |
+---------------------+--------------------+----------------------+
| Fedora 37 | PASS | SKIPPED |
+---------------------+--------------------+----------------------+
| Fedora 38 | PASS | SKIPPED |
+---------------------+--------------------+----------------------+
| Ubuntu 20.04 | PASS | SKIPPED |
+---------------------+--------------------+----------------------+
| openSUSE Leap 15 | FAIL | SKIPPED |
+---------------------+--------------------+----------------------+
| RHEL8 | PASS | SKIPPED |
+---------------------+--------------------+----------------------+
| FreeBSD 13 | FAIL | SKIPPED |
+---------------------+--------------------+----------------------+
| Alpine | PASS | SKIPPED |
+---------------------+--------------------+----------------------+
| Windows Server 2019 | PASS | PASS |
+---------------------+--------------------+----------------------+
==== 20 line log output for FreeBSD 13 (dpdk_meson_compile): ====
ccache cc -Iapp/dpdk-test.p -Iapp -I../app -Ilib/cmdline -I../lib/cmdline -I. -I.. -Iconfig -I../config -Ilib/eal/include -I../lib/eal/include -Ilib/eal/freebsd/include -I../lib/eal/freebsd/include -Ilib/eal/x86/include -I../lib/eal/x86/include -Ilib/eal/common -I../lib/eal/common -Ilib/eal -I../lib/eal -Ilib/kvargs -I../lib/kvargs -Ilib/log -I../lib/log -Ilib/metrics -I../lib/metrics -Ilib/telemetry -I../lib/telemetry -Ilib/net -I../lib/net -Ilib/mbuf -I../lib/mbuf -Ilib/mempool -I../lib/mempool -Ilib/ring -I../lib/ring -Idrivers/net/ring -I../drivers/net/ring -Ilib/ethdev -I../lib/ethdev -Ilib/meter -I../lib/meter -Idrivers/bus/pci -I../drivers/bus/pci -I../drivers/bus/pci/bsd -Ilib/pci -I../lib/pci -Idrivers/bus/vdev -I../drivers/bus/vdev -Ilib/acl -I../lib/acl -Ilib/hash -I../lib/hash -Ilib/rcu -I../lib/rcu -Ilib/bitratestats -I../lib/bitratestats -Ilib/bpf -I../lib/bpf -Ilib/compressdev -I../lib/compressdev -Ilib/cryptodev -I../lib/cryptodev -Idrivers/crypto/scheduler -I../drive
rs/crypto/scheduler -Ilib/reorder -I../lib/reorder -Ilib/security -I../lib/security -Ilib/distributor -I../lib/distributor -Ilib/dmadev -I../lib/dmadev -Ilib/efd -I../lib/efd -Ilib/eventdev -I../lib/eventdev -Ilib/timer -I../lib/timer -Ilib/fib -I../lib/fib -Ilib/rib -I../lib/rib -Ilib/table -I../lib/table -Ilib/port -I../lib/port -Ilib/sched -I../lib/sched -Ilib/ip_frag -I../lib/ip_frag -Ilib/lpm -I../lib/lpm -Ilib/graph -I../lib/graph -Ilib/pcapng -I../lib/pcapng -Ilib/ipsec -I../lib/ipsec -Ilib/latencystats -I../lib/latencystats -Idrivers/net/bonding -I../drivers/net/bonding -Ilib/member -I../lib/member -Ilib/pdcp -I../lib/pdcp -Ilib/pdump -I../lib/pdump -Ilib/rawdev -I../lib/rawdev -Ilib/stack -I../lib/stack -Ilib/pipeline -I../lib/pipeline -I/usr/local/include -fcolor-diagnostics -D_FILE_OFFSET_BITS=64 -Wall -Winvalid-pch -Wextra -Werror -std=c11 -O3 -include rte_config.h -Wcast-qual -Wdeprecated -Wformat -Wformat-nonliteral -Wformat-security -Wmissing-declarations -Wmissing-pr
ototypes -Wnested-externs -Wold-style-definition -Wpointer-arith -Wsign-compare -Wstrict-prototypes -Wundef -Wwrite-strings -Wno-address-of-packed-member -Wno-missing-field-initializers -D_GNU_SOURCE -D__BSD_VISIBLE -march=native -mrtm -DALLOW_EXPERIMENTAL_API -fno-strict-aliasing -DALLOW_INTERNAL_API -MD -MQ app/dpdk-test.p/test_test_cryptodev_asym.c.o -MF app/dpdk-test.p/test_test_cryptodev_asym.c.o.d -o app/dpdk-test.p/test_test_cryptodev_asym.c.o -c ../app/test/test_cryptodev_asym.c
../app/test/test_cryptodev_asym.c:2702:30: error: initializer element is not a compile-time constant
modex_group_test_cases[0].description,
~~~~~~~~~~~~~~~~~~~~~~~~~~^~~~~~~~~~~
../app/test/test.h:133:38: note: expanded from macro 'TEST_CASE_NAMED_WITH_DATA'
{ setup, teardown, NULL, testcase, name, 1, data }
^~~~
../app/test/test_cryptodev_asym.c:2777:30: error: initializer element is not a compile-time constant
modex_group_test_cases[0].description,
~~~~~~~~~~~~~~~~~~~~~~~~~~^~~~~~~~~~~
../app/test/test.h:133:38: note: expanded from macro 'TEST_CASE_NAMED_WITH_DATA'
{ setup, teardown, NULL, testcase, name, 1, data }
^~~~
2 errors generated.
[1739/1777] Compiling C object app/dpdk-test.p/test_test_ring_perf.c.o
[1740/1777] Compiling C object app/dpdk-test.p/test_test_ring_rts_stress.c.o
[1741/1777] Compiling C object app/dpdk-test.p/test_test_ring_st_peek_stress_zc.c.o
[1742/1777] Compiling C object app/dpdk-test.p/test_test_ring_st_peek_stress.c.o
[1743/1777] Compiling C object app/dpdk-test.p/test_test_ring_stress.c.o
ninja: build stopped: subcommand failed.
==== End log output ====
Debian Bullseye
Kernel: 5.4.0-122-generic
Compiler: gcc 10.2.1-6
CentOS Stream 9
Kernel: 4.18.0-240.10.1.el8_3.x86_64
Compiler: gcc 11.3.1 20220421
CentOS Stream 8
Kernel: 4.18.0-240.10.1.el8_3.x86_64
Compiler: gcc 8.4.1 20200928
Debian Buster
Kernel: 5.4.0-122-generic
Compiler: gcc 8.3.0-6
Fedora 37
Kernel: Depends on container host system
Compiler: gcc 12.3.1
Fedora 38
Kernel: Depends on container host
Compiler: gcc 13.1.1
Ubuntu 20.04
Kernel: 5.4.0-153-generic
Compiler: gcc 9.4.0-1ubuntu1~20.04.1
openSUSE Leap 15
Kernel: 4.18.0-240.10.1.el8_3.x86_64
Compiler: gcc 7.5.0
RHEL8
Kernel: 4.18.0-240.10.1.el8_3.x86_64
Compiler: gcc 8.3.1 20191121 (Red Hat 8.3.1-5)
FreeBSD 13
Kernel: 13.0
Compiler: clang 11.0.1
Alpine
Kernel: 5.4.0-73-generic
Compiler: gcc (Alpine 10.3.1_git20210424) 10.3.1 20210424
Windows Server 2019
Kernel: 10.0
Compiler: clang 14.0 and gcc 8.1.0 (MinGW)
To view detailed results, visit:
https://lab.dpdk.org/results/dashboard/patchsets/27702/
UNH-IOL DPDK Community Lab
To manage your email subscriptions, visit:
https://lab.dpdk.org/results/dashboard/preferences/subscriptions/
^ permalink raw reply [flat|nested] 33+ messages in thread
* |FAILURE| pw131844 [PATCH] app/test: add modexp group tests
@ 2023-09-23 12:03 dpdklab
0 siblings, 0 replies; 33+ messages in thread
From: dpdklab @ 2023-09-23 12:03 UTC (permalink / raw)
To: Test Report; +Cc: dpdk-test-reports, Gowrishankar Muthukrishnan
Test-Label: iol-compile-amd64-testing
Test-Status: FAILURE
http://dpdk.org/patch/131844
_Testing issues_
Submitter: Gowrishankar Muthukrishnan <gmuthukrishn@marvell.com>
Date: Saturday, September 23 2023 11:20:05
DPDK git baseline: Repo:dpdk
Branch: master
CommitID:2744cb6ef086435ae7d3d997b9b62a3c74cec224
131844 --> testing fail
Test environment and result as below:
+---------------------+--------------------+----------------------+
| Environment | dpdk_meson_compile | dpdk_mingw64_compile |
+=====================+====================+======================+
| Debian Bullseye | PASS | SKIPPED |
+---------------------+--------------------+----------------------+
| CentOS Stream 9 | PASS | SKIPPED |
+---------------------+--------------------+----------------------+
| CentOS Stream 8 | PASS | SKIPPED |
+---------------------+--------------------+----------------------+
| Debian Buster | PASS | SKIPPED |
+---------------------+--------------------+----------------------+
| Fedora 37 | PASS | SKIPPED |
+---------------------+--------------------+----------------------+
| Fedora 38 | PASS | SKIPPED |
+---------------------+--------------------+----------------------+
| Ubuntu 20.04 | PASS | SKIPPED |
+---------------------+--------------------+----------------------+
| openSUSE Leap 15 | FAIL | SKIPPED |
+---------------------+--------------------+----------------------+
| RHEL8 | PASS | SKIPPED |
+---------------------+--------------------+----------------------+
| FreeBSD 13 | FAIL | SKIPPED |
+---------------------+--------------------+----------------------+
| Alpine | PASS | SKIPPED |
+---------------------+--------------------+----------------------+
| Windows Server 2019 | PASS | PASS |
+---------------------+--------------------+----------------------+
==== 20 line log output for FreeBSD 13 (dpdk_meson_compile): ====
ccache cc -Iapp/dpdk-test.p -Iapp -I../app -Ilib/cmdline -I../lib/cmdline -I. -I.. -Iconfig -I../config -Ilib/eal/include -I../lib/eal/include -Ilib/eal/freebsd/include -I../lib/eal/freebsd/include -Ilib/eal/x86/include -I../lib/eal/x86/include -Ilib/eal/common -I../lib/eal/common -Ilib/eal -I../lib/eal -Ilib/kvargs -I../lib/kvargs -Ilib/log -I../lib/log -Ilib/metrics -I../lib/metrics -Ilib/telemetry -I../lib/telemetry -Ilib/net -I../lib/net -Ilib/mbuf -I../lib/mbuf -Ilib/mempool -I../lib/mempool -Ilib/ring -I../lib/ring -Idrivers/net/ring -I../drivers/net/ring -Ilib/ethdev -I../lib/ethdev -Ilib/meter -I../lib/meter -Idrivers/bus/pci -I../drivers/bus/pci -I../drivers/bus/pci/bsd -Ilib/pci -I../lib/pci -Idrivers/bus/vdev -I../drivers/bus/vdev -Ilib/acl -I../lib/acl -Ilib/hash -I../lib/hash -Ilib/rcu -I../lib/rcu -Ilib/bitratestats -I../lib/bitratestats -Ilib/bpf -I../lib/bpf -Ilib/compressdev -I../lib/compressdev -Ilib/cryptodev -I../lib/cryptodev -Idrivers/crypto/scheduler -I../drive
rs/crypto/scheduler -Ilib/reorder -I../lib/reorder -Ilib/security -I../lib/security -Ilib/distributor -I../lib/distributor -Ilib/dmadev -I../lib/dmadev -Ilib/efd -I../lib/efd -Ilib/eventdev -I../lib/eventdev -Ilib/timer -I../lib/timer -Ilib/fib -I../lib/fib -Ilib/rib -I../lib/rib -Ilib/table -I../lib/table -Ilib/port -I../lib/port -Ilib/sched -I../lib/sched -Ilib/ip_frag -I../lib/ip_frag -Ilib/lpm -I../lib/lpm -Ilib/graph -I../lib/graph -Ilib/pcapng -I../lib/pcapng -Ilib/ipsec -I../lib/ipsec -Ilib/latencystats -I../lib/latencystats -Idrivers/net/bonding -I../drivers/net/bonding -Ilib/member -I../lib/member -Ilib/pdcp -I../lib/pdcp -Ilib/pdump -I../lib/pdump -Ilib/rawdev -I../lib/rawdev -Ilib/stack -I../lib/stack -Ilib/pipeline -I../lib/pipeline -I/usr/local/include -fcolor-diagnostics -D_FILE_OFFSET_BITS=64 -Wall -Winvalid-pch -Wextra -Werror -std=c11 -O3 -include rte_config.h -Wcast-qual -Wdeprecated -Wformat -Wformat-nonliteral -Wformat-security -Wmissing-declarations -Wmissing-pr
ototypes -Wnested-externs -Wold-style-definition -Wpointer-arith -Wsign-compare -Wstrict-prototypes -Wundef -Wwrite-strings -Wno-address-of-packed-member -Wno-missing-field-initializers -D_GNU_SOURCE -D__BSD_VISIBLE -march=native -mrtm -DALLOW_EXPERIMENTAL_API -fno-strict-aliasing -DALLOW_INTERNAL_API -MD -MQ app/dpdk-test.p/test_test_cryptodev_asym.c.o -MF app/dpdk-test.p/test_test_cryptodev_asym.c.o.d -o app/dpdk-test.p/test_test_cryptodev_asym.c.o -c ../app/test/test_cryptodev_asym.c
../app/test/test_cryptodev_asym.c:2702:30: error: initializer element is not a compile-time constant
modex_group_test_cases[0].description,
~~~~~~~~~~~~~~~~~~~~~~~~~~^~~~~~~~~~~
../app/test/test.h:133:38: note: expanded from macro 'TEST_CASE_NAMED_WITH_DATA'
{ setup, teardown, NULL, testcase, name, 1, data }
^~~~
../app/test/test_cryptodev_asym.c:2777:30: error: initializer element is not a compile-time constant
modex_group_test_cases[0].description,
~~~~~~~~~~~~~~~~~~~~~~~~~~^~~~~~~~~~~
../app/test/test.h:133:38: note: expanded from macro 'TEST_CASE_NAMED_WITH_DATA'
{ setup, teardown, NULL, testcase, name, 1, data }
^~~~
2 errors generated.
[1739/1777] Compiling C object app/dpdk-test.p/test_test_ring_perf.c.o
[1740/1777] Compiling C object app/dpdk-test.p/test_test_ring_rts_stress.c.o
[1741/1777] Compiling C object app/dpdk-test.p/test_test_ring_st_peek_stress_zc.c.o
[1742/1777] Compiling C object app/dpdk-test.p/test_test_ring_st_peek_stress.c.o
[1743/1777] Compiling C object app/dpdk-test.p/test_test_ring_stress.c.o
ninja: build stopped: subcommand failed.
==== End log output ====
Debian Bullseye
Kernel: 5.4.0-122-generic
Compiler: gcc 10.2.1-6
CentOS Stream 9
Kernel: 4.18.0-240.10.1.el8_3.x86_64
Compiler: gcc 11.3.1 20220421
CentOS Stream 8
Kernel: 4.18.0-240.10.1.el8_3.x86_64
Compiler: gcc 8.4.1 20200928
Debian Buster
Kernel: 5.4.0-122-generic
Compiler: gcc 8.3.0-6
Fedora 37
Kernel: Depends on container host system
Compiler: gcc 12.3.1
Fedora 38
Kernel: Depends on container host
Compiler: gcc 13.1.1
Ubuntu 20.04
Kernel: 5.4.0-153-generic
Compiler: gcc 9.4.0-1ubuntu1~20.04.1
openSUSE Leap 15
Kernel: 4.18.0-240.10.1.el8_3.x86_64
Compiler: gcc 7.5.0
RHEL8
Kernel: 4.18.0-240.10.1.el8_3.x86_64
Compiler: gcc 8.3.1 20191121 (Red Hat 8.3.1-5)
FreeBSD 13
Kernel: 13.0
Compiler: clang 11.0.1
Alpine
Kernel: 5.4.0-73-generic
Compiler: gcc (Alpine 10.3.1_git20210424) 10.3.1 20210424
Windows Server 2019
Kernel: 10.0
Compiler: clang 14.0 and gcc 8.1.0 (MinGW)
To view detailed results, visit:
https://lab.dpdk.org/results/dashboard/patchsets/27702/
UNH-IOL DPDK Community Lab
To manage your email subscriptions, visit:
https://lab.dpdk.org/results/dashboard/preferences/subscriptions/
^ permalink raw reply [flat|nested] 33+ messages in thread
* |FAILURE| pw131844 [PATCH] app/test: add modexp group tests
@ 2023-09-23 12:02 dpdklab
0 siblings, 0 replies; 33+ messages in thread
From: dpdklab @ 2023-09-23 12:02 UTC (permalink / raw)
To: Test Report; +Cc: dpdk-test-reports, Gowrishankar Muthukrishnan
Test-Label: iol-compile-amd64-testing
Test-Status: FAILURE
http://dpdk.org/patch/131844
_Testing issues_
Submitter: Gowrishankar Muthukrishnan <gmuthukrishn@marvell.com>
Date: Saturday, September 23 2023 11:20:05
DPDK git baseline: Repo:dpdk
Branch: master
CommitID:2744cb6ef086435ae7d3d997b9b62a3c74cec224
131844 --> testing fail
Test environment and result as below:
+---------------------+--------------------+----------------------+
| Environment | dpdk_meson_compile | dpdk_mingw64_compile |
+=====================+====================+======================+
| Debian Bullseye | PASS | SKIPPED |
+---------------------+--------------------+----------------------+
| CentOS Stream 9 | PASS | SKIPPED |
+---------------------+--------------------+----------------------+
| CentOS Stream 8 | PASS | SKIPPED |
+---------------------+--------------------+----------------------+
| Debian Buster | PASS | SKIPPED |
+---------------------+--------------------+----------------------+
| Fedora 37 | PASS | SKIPPED |
+---------------------+--------------------+----------------------+
| Fedora 38 | PASS | SKIPPED |
+---------------------+--------------------+----------------------+
| Ubuntu 20.04 | PASS | SKIPPED |
+---------------------+--------------------+----------------------+
| openSUSE Leap 15 | FAIL | SKIPPED |
+---------------------+--------------------+----------------------+
| RHEL8 | PASS | SKIPPED |
+---------------------+--------------------+----------------------+
| FreeBSD 13 | FAIL | SKIPPED |
+---------------------+--------------------+----------------------+
| Alpine | PASS | SKIPPED |
+---------------------+--------------------+----------------------+
| Windows Server 2019 | PASS | PASS |
+---------------------+--------------------+----------------------+
==== 20 line log output for FreeBSD 13 (dpdk_meson_compile): ====
ccache cc -Iapp/dpdk-test.p -Iapp -I../app -Ilib/cmdline -I../lib/cmdline -I. -I.. -Iconfig -I../config -Ilib/eal/include -I../lib/eal/include -Ilib/eal/freebsd/include -I../lib/eal/freebsd/include -Ilib/eal/x86/include -I../lib/eal/x86/include -Ilib/eal/common -I../lib/eal/common -Ilib/eal -I../lib/eal -Ilib/kvargs -I../lib/kvargs -Ilib/log -I../lib/log -Ilib/metrics -I../lib/metrics -Ilib/telemetry -I../lib/telemetry -Ilib/net -I../lib/net -Ilib/mbuf -I../lib/mbuf -Ilib/mempool -I../lib/mempool -Ilib/ring -I../lib/ring -Idrivers/net/ring -I../drivers/net/ring -Ilib/ethdev -I../lib/ethdev -Ilib/meter -I../lib/meter -Idrivers/bus/pci -I../drivers/bus/pci -I../drivers/bus/pci/bsd -Ilib/pci -I../lib/pci -Idrivers/bus/vdev -I../drivers/bus/vdev -Ilib/acl -I../lib/acl -Ilib/hash -I../lib/hash -Ilib/rcu -I../lib/rcu -Ilib/bitratestats -I../lib/bitratestats -Ilib/bpf -I../lib/bpf -Ilib/compressdev -I../lib/compressdev -Ilib/cryptodev -I../lib/cryptodev -Idrivers/crypto/scheduler -I../drive
rs/crypto/scheduler -Ilib/reorder -I../lib/reorder -Ilib/security -I../lib/security -Ilib/distributor -I../lib/distributor -Ilib/dmadev -I../lib/dmadev -Ilib/efd -I../lib/efd -Ilib/eventdev -I../lib/eventdev -Ilib/timer -I../lib/timer -Ilib/fib -I../lib/fib -Ilib/rib -I../lib/rib -Ilib/table -I../lib/table -Ilib/port -I../lib/port -Ilib/sched -I../lib/sched -Ilib/ip_frag -I../lib/ip_frag -Ilib/lpm -I../lib/lpm -Ilib/graph -I../lib/graph -Ilib/pcapng -I../lib/pcapng -Ilib/ipsec -I../lib/ipsec -Ilib/latencystats -I../lib/latencystats -Idrivers/net/bonding -I../drivers/net/bonding -Ilib/member -I../lib/member -Ilib/pdcp -I../lib/pdcp -Ilib/pdump -I../lib/pdump -Ilib/rawdev -I../lib/rawdev -Ilib/stack -I../lib/stack -Ilib/pipeline -I../lib/pipeline -I/usr/local/include -fcolor-diagnostics -D_FILE_OFFSET_BITS=64 -Wall -Winvalid-pch -Wextra -Werror -std=c11 -O3 -include rte_config.h -Wcast-qual -Wdeprecated -Wformat -Wformat-nonliteral -Wformat-security -Wmissing-declarations -Wmissing-pr
ototypes -Wnested-externs -Wold-style-definition -Wpointer-arith -Wsign-compare -Wstrict-prototypes -Wundef -Wwrite-strings -Wno-address-of-packed-member -Wno-missing-field-initializers -D_GNU_SOURCE -D__BSD_VISIBLE -march=native -mrtm -DALLOW_EXPERIMENTAL_API -fno-strict-aliasing -DALLOW_INTERNAL_API -MD -MQ app/dpdk-test.p/test_test_cryptodev_asym.c.o -MF app/dpdk-test.p/test_test_cryptodev_asym.c.o.d -o app/dpdk-test.p/test_test_cryptodev_asym.c.o -c ../app/test/test_cryptodev_asym.c
../app/test/test_cryptodev_asym.c:2702:30: error: initializer element is not a compile-time constant
modex_group_test_cases[0].description,
~~~~~~~~~~~~~~~~~~~~~~~~~~^~~~~~~~~~~
../app/test/test.h:133:38: note: expanded from macro 'TEST_CASE_NAMED_WITH_DATA'
{ setup, teardown, NULL, testcase, name, 1, data }
^~~~
../app/test/test_cryptodev_asym.c:2777:30: error: initializer element is not a compile-time constant
modex_group_test_cases[0].description,
~~~~~~~~~~~~~~~~~~~~~~~~~~^~~~~~~~~~~
../app/test/test.h:133:38: note: expanded from macro 'TEST_CASE_NAMED_WITH_DATA'
{ setup, teardown, NULL, testcase, name, 1, data }
^~~~
2 errors generated.
[1739/1777] Compiling C object app/dpdk-test.p/test_test_ring_perf.c.o
[1740/1777] Compiling C object app/dpdk-test.p/test_test_ring_rts_stress.c.o
[1741/1777] Compiling C object app/dpdk-test.p/test_test_ring_st_peek_stress_zc.c.o
[1742/1777] Compiling C object app/dpdk-test.p/test_test_ring_st_peek_stress.c.o
[1743/1777] Compiling C object app/dpdk-test.p/test_test_ring_stress.c.o
ninja: build stopped: subcommand failed.
==== End log output ====
Debian Bullseye
Kernel: 5.4.0-122-generic
Compiler: gcc 10.2.1-6
CentOS Stream 9
Kernel: 4.18.0-240.10.1.el8_3.x86_64
Compiler: gcc 11.3.1 20220421
CentOS Stream 8
Kernel: 4.18.0-240.10.1.el8_3.x86_64
Compiler: gcc 8.4.1 20200928
Debian Buster
Kernel: 5.4.0-122-generic
Compiler: gcc 8.3.0-6
Fedora 37
Kernel: Depends on container host system
Compiler: gcc 12.3.1
Fedora 38
Kernel: Depends on container host
Compiler: gcc 13.1.1
Ubuntu 20.04
Kernel: 5.4.0-153-generic
Compiler: gcc 9.4.0-1ubuntu1~20.04.1
openSUSE Leap 15
Kernel: 4.18.0-240.10.1.el8_3.x86_64
Compiler: gcc 7.5.0
RHEL8
Kernel: 4.18.0-240.10.1.el8_3.x86_64
Compiler: gcc 8.3.1 20191121 (Red Hat 8.3.1-5)
FreeBSD 13
Kernel: 13.0
Compiler: clang 11.0.1
Alpine
Kernel: 5.4.0-73-generic
Compiler: gcc (Alpine 10.3.1_git20210424) 10.3.1 20210424
Windows Server 2019
Kernel: 10.0
Compiler: clang 14.0 and gcc 8.1.0 (MinGW)
To view detailed results, visit:
https://lab.dpdk.org/results/dashboard/patchsets/27702/
UNH-IOL DPDK Community Lab
To manage your email subscriptions, visit:
https://lab.dpdk.org/results/dashboard/preferences/subscriptions/
^ permalink raw reply [flat|nested] 33+ messages in thread
* |FAILURE| pw131844 [PATCH] app/test: add modexp group tests
@ 2023-09-23 12:02 dpdklab
0 siblings, 0 replies; 33+ messages in thread
From: dpdklab @ 2023-09-23 12:02 UTC (permalink / raw)
To: Test Report; +Cc: dpdk-test-reports, Gowrishankar Muthukrishnan
Test-Label: iol-compile-amd64-testing
Test-Status: FAILURE
http://dpdk.org/patch/131844
_Testing issues_
Submitter: Gowrishankar Muthukrishnan <gmuthukrishn@marvell.com>
Date: Saturday, September 23 2023 11:20:05
DPDK git baseline: Repo:dpdk
Branch: master
CommitID:2744cb6ef086435ae7d3d997b9b62a3c74cec224
131844 --> testing fail
Test environment and result as below:
+---------------------+--------------------+----------------------+
| Environment | dpdk_meson_compile | dpdk_mingw64_compile |
+=====================+====================+======================+
| Debian Bullseye | PASS | SKIPPED |
+---------------------+--------------------+----------------------+
| CentOS Stream 9 | PASS | SKIPPED |
+---------------------+--------------------+----------------------+
| CentOS Stream 8 | PASS | SKIPPED |
+---------------------+--------------------+----------------------+
| Debian Buster | PASS | SKIPPED |
+---------------------+--------------------+----------------------+
| Fedora 37 | PASS | SKIPPED |
+---------------------+--------------------+----------------------+
| Fedora 38 | PASS | SKIPPED |
+---------------------+--------------------+----------------------+
| Ubuntu 20.04 | PASS | SKIPPED |
+---------------------+--------------------+----------------------+
| openSUSE Leap 15 | FAIL | SKIPPED |
+---------------------+--------------------+----------------------+
| RHEL8 | PASS | SKIPPED |
+---------------------+--------------------+----------------------+
| FreeBSD 13 | FAIL | SKIPPED |
+---------------------+--------------------+----------------------+
| Alpine | PASS | SKIPPED |
+---------------------+--------------------+----------------------+
| Windows Server 2019 | SKIPPED | PASS |
+---------------------+--------------------+----------------------+
==== 20 line log output for FreeBSD 13 (dpdk_meson_compile): ====
ccache cc -Iapp/dpdk-test.p -Iapp -I../app -Ilib/cmdline -I../lib/cmdline -I. -I.. -Iconfig -I../config -Ilib/eal/include -I../lib/eal/include -Ilib/eal/freebsd/include -I../lib/eal/freebsd/include -Ilib/eal/x86/include -I../lib/eal/x86/include -Ilib/eal/common -I../lib/eal/common -Ilib/eal -I../lib/eal -Ilib/kvargs -I../lib/kvargs -Ilib/log -I../lib/log -Ilib/metrics -I../lib/metrics -Ilib/telemetry -I../lib/telemetry -Ilib/net -I../lib/net -Ilib/mbuf -I../lib/mbuf -Ilib/mempool -I../lib/mempool -Ilib/ring -I../lib/ring -Idrivers/net/ring -I../drivers/net/ring -Ilib/ethdev -I../lib/ethdev -Ilib/meter -I../lib/meter -Idrivers/bus/pci -I../drivers/bus/pci -I../drivers/bus/pci/bsd -Ilib/pci -I../lib/pci -Idrivers/bus/vdev -I../drivers/bus/vdev -Ilib/acl -I../lib/acl -Ilib/hash -I../lib/hash -Ilib/rcu -I../lib/rcu -Ilib/bitratestats -I../lib/bitratestats -Ilib/bpf -I../lib/bpf -Ilib/compressdev -I../lib/compressdev -Ilib/cryptodev -I../lib/cryptodev -Idrivers/crypto/scheduler -I../drive
rs/crypto/scheduler -Ilib/reorder -I../lib/reorder -Ilib/security -I../lib/security -Ilib/distributor -I../lib/distributor -Ilib/dmadev -I../lib/dmadev -Ilib/efd -I../lib/efd -Ilib/eventdev -I../lib/eventdev -Ilib/timer -I../lib/timer -Ilib/fib -I../lib/fib -Ilib/rib -I../lib/rib -Ilib/table -I../lib/table -Ilib/port -I../lib/port -Ilib/sched -I../lib/sched -Ilib/ip_frag -I../lib/ip_frag -Ilib/lpm -I../lib/lpm -Ilib/graph -I../lib/graph -Ilib/pcapng -I../lib/pcapng -Ilib/ipsec -I../lib/ipsec -Ilib/latencystats -I../lib/latencystats -Idrivers/net/bonding -I../drivers/net/bonding -Ilib/member -I../lib/member -Ilib/pdcp -I../lib/pdcp -Ilib/pdump -I../lib/pdump -Ilib/rawdev -I../lib/rawdev -Ilib/stack -I../lib/stack -Ilib/pipeline -I../lib/pipeline -I/usr/local/include -fcolor-diagnostics -D_FILE_OFFSET_BITS=64 -Wall -Winvalid-pch -Wextra -Werror -std=c11 -O3 -include rte_config.h -Wcast-qual -Wdeprecated -Wformat -Wformat-nonliteral -Wformat-security -Wmissing-declarations -Wmissing-pr
ototypes -Wnested-externs -Wold-style-definition -Wpointer-arith -Wsign-compare -Wstrict-prototypes -Wundef -Wwrite-strings -Wno-address-of-packed-member -Wno-missing-field-initializers -D_GNU_SOURCE -D__BSD_VISIBLE -march=native -mrtm -DALLOW_EXPERIMENTAL_API -fno-strict-aliasing -DALLOW_INTERNAL_API -MD -MQ app/dpdk-test.p/test_test_cryptodev_asym.c.o -MF app/dpdk-test.p/test_test_cryptodev_asym.c.o.d -o app/dpdk-test.p/test_test_cryptodev_asym.c.o -c ../app/test/test_cryptodev_asym.c
../app/test/test_cryptodev_asym.c:2702:30: error: initializer element is not a compile-time constant
modex_group_test_cases[0].description,
~~~~~~~~~~~~~~~~~~~~~~~~~~^~~~~~~~~~~
../app/test/test.h:133:38: note: expanded from macro 'TEST_CASE_NAMED_WITH_DATA'
{ setup, teardown, NULL, testcase, name, 1, data }
^~~~
../app/test/test_cryptodev_asym.c:2777:30: error: initializer element is not a compile-time constant
modex_group_test_cases[0].description,
~~~~~~~~~~~~~~~~~~~~~~~~~~^~~~~~~~~~~
../app/test/test.h:133:38: note: expanded from macro 'TEST_CASE_NAMED_WITH_DATA'
{ setup, teardown, NULL, testcase, name, 1, data }
^~~~
2 errors generated.
[1739/1777] Compiling C object app/dpdk-test.p/test_test_ring_perf.c.o
[1740/1777] Compiling C object app/dpdk-test.p/test_test_ring_rts_stress.c.o
[1741/1777] Compiling C object app/dpdk-test.p/test_test_ring_st_peek_stress_zc.c.o
[1742/1777] Compiling C object app/dpdk-test.p/test_test_ring_st_peek_stress.c.o
[1743/1777] Compiling C object app/dpdk-test.p/test_test_ring_stress.c.o
ninja: build stopped: subcommand failed.
==== End log output ====
Debian Bullseye
Kernel: 5.4.0-122-generic
Compiler: gcc 10.2.1-6
CentOS Stream 9
Kernel: 4.18.0-240.10.1.el8_3.x86_64
Compiler: gcc 11.3.1 20220421
CentOS Stream 8
Kernel: 4.18.0-240.10.1.el8_3.x86_64
Compiler: gcc 8.4.1 20200928
Debian Buster
Kernel: 5.4.0-122-generic
Compiler: gcc 8.3.0-6
Fedora 37
Kernel: Depends on container host system
Compiler: gcc 12.3.1
Fedora 38
Kernel: Depends on container host
Compiler: gcc 13.1.1
Ubuntu 20.04
Kernel: 5.4.0-153-generic
Compiler: gcc 9.4.0-1ubuntu1~20.04.1
openSUSE Leap 15
Kernel: 4.18.0-240.10.1.el8_3.x86_64
Compiler: gcc 7.5.0
RHEL8
Kernel: 4.18.0-240.10.1.el8_3.x86_64
Compiler: gcc 8.3.1 20191121 (Red Hat 8.3.1-5)
FreeBSD 13
Kernel: 13.0
Compiler: clang 11.0.1
Alpine
Kernel: 5.4.0-73-generic
Compiler: gcc (Alpine 10.3.1_git20210424) 10.3.1 20210424
Windows Server 2019
Kernel: 10.0
Compiler: clang 14.0 and gcc 8.1.0 (MinGW)
To view detailed results, visit:
https://lab.dpdk.org/results/dashboard/patchsets/27702/
UNH-IOL DPDK Community Lab
To manage your email subscriptions, visit:
https://lab.dpdk.org/results/dashboard/preferences/subscriptions/
^ permalink raw reply [flat|nested] 33+ messages in thread
* |FAILURE| pw131844 [PATCH] app/test: add modexp group tests
@ 2023-09-23 12:01 dpdklab
0 siblings, 0 replies; 33+ messages in thread
From: dpdklab @ 2023-09-23 12:01 UTC (permalink / raw)
To: Test Report; +Cc: dpdk-test-reports, Gowrishankar Muthukrishnan
Test-Label: iol-compile-amd64-testing
Test-Status: FAILURE
http://dpdk.org/patch/131844
_Testing issues_
Submitter: Gowrishankar Muthukrishnan <gmuthukrishn@marvell.com>
Date: Saturday, September 23 2023 11:20:05
DPDK git baseline: Repo:dpdk
Branch: master
CommitID:2744cb6ef086435ae7d3d997b9b62a3c74cec224
131844 --> testing fail
Test environment and result as below:
+---------------------+--------------------+----------------------+
| Environment | dpdk_meson_compile | dpdk_mingw64_compile |
+=====================+====================+======================+
| Debian Bullseye | PASS | SKIPPED |
+---------------------+--------------------+----------------------+
| CentOS Stream 9 | PASS | SKIPPED |
+---------------------+--------------------+----------------------+
| CentOS Stream 8 | PASS | SKIPPED |
+---------------------+--------------------+----------------------+
| Debian Buster | PASS | SKIPPED |
+---------------------+--------------------+----------------------+
| Fedora 37 | PASS | SKIPPED |
+---------------------+--------------------+----------------------+
| Fedora 38 | PASS | SKIPPED |
+---------------------+--------------------+----------------------+
| Ubuntu 20.04 | PASS | SKIPPED |
+---------------------+--------------------+----------------------+
| openSUSE Leap 15 | FAIL | SKIPPED |
+---------------------+--------------------+----------------------+
| RHEL8 | PASS | SKIPPED |
+---------------------+--------------------+----------------------+
| FreeBSD 13 | FAIL | SKIPPED |
+---------------------+--------------------+----------------------+
| Alpine | PASS | SKIPPED |
+---------------------+--------------------+----------------------+
| Windows Server 2019 | SKIPPED | PASS |
+---------------------+--------------------+----------------------+
==== 20 line log output for FreeBSD 13 (dpdk_meson_compile): ====
ccache cc -Iapp/dpdk-test.p -Iapp -I../app -Ilib/cmdline -I../lib/cmdline -I. -I.. -Iconfig -I../config -Ilib/eal/include -I../lib/eal/include -Ilib/eal/freebsd/include -I../lib/eal/freebsd/include -Ilib/eal/x86/include -I../lib/eal/x86/include -Ilib/eal/common -I../lib/eal/common -Ilib/eal -I../lib/eal -Ilib/kvargs -I../lib/kvargs -Ilib/log -I../lib/log -Ilib/metrics -I../lib/metrics -Ilib/telemetry -I../lib/telemetry -Ilib/net -I../lib/net -Ilib/mbuf -I../lib/mbuf -Ilib/mempool -I../lib/mempool -Ilib/ring -I../lib/ring -Idrivers/net/ring -I../drivers/net/ring -Ilib/ethdev -I../lib/ethdev -Ilib/meter -I../lib/meter -Idrivers/bus/pci -I../drivers/bus/pci -I../drivers/bus/pci/bsd -Ilib/pci -I../lib/pci -Idrivers/bus/vdev -I../drivers/bus/vdev -Ilib/acl -I../lib/acl -Ilib/hash -I../lib/hash -Ilib/rcu -I../lib/rcu -Ilib/bitratestats -I../lib/bitratestats -Ilib/bpf -I../lib/bpf -Ilib/compressdev -I../lib/compressdev -Ilib/cryptodev -I../lib/cryptodev -Idrivers/crypto/scheduler -I../drive
rs/crypto/scheduler -Ilib/reorder -I../lib/reorder -Ilib/security -I../lib/security -Ilib/distributor -I../lib/distributor -Ilib/dmadev -I../lib/dmadev -Ilib/efd -I../lib/efd -Ilib/eventdev -I../lib/eventdev -Ilib/timer -I../lib/timer -Ilib/fib -I../lib/fib -Ilib/rib -I../lib/rib -Ilib/table -I../lib/table -Ilib/port -I../lib/port -Ilib/sched -I../lib/sched -Ilib/ip_frag -I../lib/ip_frag -Ilib/lpm -I../lib/lpm -Ilib/graph -I../lib/graph -Ilib/pcapng -I../lib/pcapng -Ilib/ipsec -I../lib/ipsec -Ilib/latencystats -I../lib/latencystats -Idrivers/net/bonding -I../drivers/net/bonding -Ilib/member -I../lib/member -Ilib/pdcp -I../lib/pdcp -Ilib/pdump -I../lib/pdump -Ilib/rawdev -I../lib/rawdev -Ilib/stack -I../lib/stack -Ilib/pipeline -I../lib/pipeline -I/usr/local/include -fcolor-diagnostics -D_FILE_OFFSET_BITS=64 -Wall -Winvalid-pch -Wextra -Werror -std=c11 -O3 -include rte_config.h -Wcast-qual -Wdeprecated -Wformat -Wformat-nonliteral -Wformat-security -Wmissing-declarations -Wmissing-pr
ototypes -Wnested-externs -Wold-style-definition -Wpointer-arith -Wsign-compare -Wstrict-prototypes -Wundef -Wwrite-strings -Wno-address-of-packed-member -Wno-missing-field-initializers -D_GNU_SOURCE -D__BSD_VISIBLE -march=native -mrtm -DALLOW_EXPERIMENTAL_API -fno-strict-aliasing -DALLOW_INTERNAL_API -MD -MQ app/dpdk-test.p/test_test_cryptodev_asym.c.o -MF app/dpdk-test.p/test_test_cryptodev_asym.c.o.d -o app/dpdk-test.p/test_test_cryptodev_asym.c.o -c ../app/test/test_cryptodev_asym.c
../app/test/test_cryptodev_asym.c:2702:30: error: initializer element is not a compile-time constant
modex_group_test_cases[0].description,
~~~~~~~~~~~~~~~~~~~~~~~~~~^~~~~~~~~~~
../app/test/test.h:133:38: note: expanded from macro 'TEST_CASE_NAMED_WITH_DATA'
{ setup, teardown, NULL, testcase, name, 1, data }
^~~~
../app/test/test_cryptodev_asym.c:2777:30: error: initializer element is not a compile-time constant
modex_group_test_cases[0].description,
~~~~~~~~~~~~~~~~~~~~~~~~~~^~~~~~~~~~~
../app/test/test.h:133:38: note: expanded from macro 'TEST_CASE_NAMED_WITH_DATA'
{ setup, teardown, NULL, testcase, name, 1, data }
^~~~
2 errors generated.
[1739/1777] Compiling C object app/dpdk-test.p/test_test_ring_perf.c.o
[1740/1777] Compiling C object app/dpdk-test.p/test_test_ring_rts_stress.c.o
[1741/1777] Compiling C object app/dpdk-test.p/test_test_ring_st_peek_stress_zc.c.o
[1742/1777] Compiling C object app/dpdk-test.p/test_test_ring_st_peek_stress.c.o
[1743/1777] Compiling C object app/dpdk-test.p/test_test_ring_stress.c.o
ninja: build stopped: subcommand failed.
==== End log output ====
Debian Bullseye
Kernel: 5.4.0-122-generic
Compiler: gcc 10.2.1-6
CentOS Stream 9
Kernel: 4.18.0-240.10.1.el8_3.x86_64
Compiler: gcc 11.3.1 20220421
CentOS Stream 8
Kernel: 4.18.0-240.10.1.el8_3.x86_64
Compiler: gcc 8.4.1 20200928
Debian Buster
Kernel: 5.4.0-122-generic
Compiler: gcc 8.3.0-6
Fedora 37
Kernel: Depends on container host system
Compiler: gcc 12.3.1
Fedora 38
Kernel: Depends on container host
Compiler: gcc 13.1.1
Ubuntu 20.04
Kernel: 5.4.0-153-generic
Compiler: gcc 9.4.0-1ubuntu1~20.04.1
openSUSE Leap 15
Kernel: 4.18.0-240.10.1.el8_3.x86_64
Compiler: gcc 7.5.0
RHEL8
Kernel: 4.18.0-240.10.1.el8_3.x86_64
Compiler: gcc 8.3.1 20191121 (Red Hat 8.3.1-5)
FreeBSD 13
Kernel: 13.0
Compiler: clang 11.0.1
Alpine
Kernel: 5.4.0-73-generic
Compiler: gcc (Alpine 10.3.1_git20210424) 10.3.1 20210424
Windows Server 2019
Kernel: 10.0
Compiler: clang 14.0 and gcc 8.1.0 (MinGW)
To view detailed results, visit:
https://lab.dpdk.org/results/dashboard/patchsets/27702/
UNH-IOL DPDK Community Lab
To manage your email subscriptions, visit:
https://lab.dpdk.org/results/dashboard/preferences/subscriptions/
^ permalink raw reply [flat|nested] 33+ messages in thread
* |FAILURE| pw131844 [PATCH] app/test: add modexp group tests
@ 2023-09-23 12:01 dpdklab
0 siblings, 0 replies; 33+ messages in thread
From: dpdklab @ 2023-09-23 12:01 UTC (permalink / raw)
To: Test Report; +Cc: dpdk-test-reports, Gowrishankar Muthukrishnan
Test-Label: iol-compile-amd64-testing
Test-Status: FAILURE
http://dpdk.org/patch/131844
_Testing issues_
Submitter: Gowrishankar Muthukrishnan <gmuthukrishn@marvell.com>
Date: Saturday, September 23 2023 11:20:05
DPDK git baseline: Repo:dpdk
Branch: master
CommitID:2744cb6ef086435ae7d3d997b9b62a3c74cec224
131844 --> testing fail
Test environment and result as below:
+---------------------+--------------------+----------------------+
| Environment | dpdk_meson_compile | dpdk_mingw64_compile |
+=====================+====================+======================+
| Debian Bullseye | PASS | SKIPPED |
+---------------------+--------------------+----------------------+
| CentOS Stream 9 | PASS | SKIPPED |
+---------------------+--------------------+----------------------+
| CentOS Stream 8 | PASS | SKIPPED |
+---------------------+--------------------+----------------------+
| Debian Buster | PASS | SKIPPED |
+---------------------+--------------------+----------------------+
| Fedora 37 | PASS | SKIPPED |
+---------------------+--------------------+----------------------+
| Fedora 38 | PASS | SKIPPED |
+---------------------+--------------------+----------------------+
| Ubuntu 20.04 | PASS | SKIPPED |
+---------------------+--------------------+----------------------+
| openSUSE Leap 15 | FAIL | SKIPPED |
+---------------------+--------------------+----------------------+
| RHEL8 | PASS | SKIPPED |
+---------------------+--------------------+----------------------+
| FreeBSD 13 | FAIL | SKIPPED |
+---------------------+--------------------+----------------------+
| Alpine | PASS | SKIPPED |
+---------------------+--------------------+----------------------+
| Windows Server 2019 | SKIPPED | PASS |
+---------------------+--------------------+----------------------+
==== 20 line log output for FreeBSD 13 (dpdk_meson_compile): ====
ccache cc -Iapp/dpdk-test.p -Iapp -I../app -Ilib/cmdline -I../lib/cmdline -I. -I.. -Iconfig -I../config -Ilib/eal/include -I../lib/eal/include -Ilib/eal/freebsd/include -I../lib/eal/freebsd/include -Ilib/eal/x86/include -I../lib/eal/x86/include -Ilib/eal/common -I../lib/eal/common -Ilib/eal -I../lib/eal -Ilib/kvargs -I../lib/kvargs -Ilib/log -I../lib/log -Ilib/metrics -I../lib/metrics -Ilib/telemetry -I../lib/telemetry -Ilib/net -I../lib/net -Ilib/mbuf -I../lib/mbuf -Ilib/mempool -I../lib/mempool -Ilib/ring -I../lib/ring -Idrivers/net/ring -I../drivers/net/ring -Ilib/ethdev -I../lib/ethdev -Ilib/meter -I../lib/meter -Idrivers/bus/pci -I../drivers/bus/pci -I../drivers/bus/pci/bsd -Ilib/pci -I../lib/pci -Idrivers/bus/vdev -I../drivers/bus/vdev -Ilib/acl -I../lib/acl -Ilib/hash -I../lib/hash -Ilib/rcu -I../lib/rcu -Ilib/bitratestats -I../lib/bitratestats -Ilib/bpf -I../lib/bpf -Ilib/compressdev -I../lib/compressdev -Ilib/cryptodev -I../lib/cryptodev -Idrivers/crypto/scheduler -I../drive
rs/crypto/scheduler -Ilib/reorder -I../lib/reorder -Ilib/security -I../lib/security -Ilib/distributor -I../lib/distributor -Ilib/dmadev -I../lib/dmadev -Ilib/efd -I../lib/efd -Ilib/eventdev -I../lib/eventdev -Ilib/timer -I../lib/timer -Ilib/fib -I../lib/fib -Ilib/rib -I../lib/rib -Ilib/table -I../lib/table -Ilib/port -I../lib/port -Ilib/sched -I../lib/sched -Ilib/ip_frag -I../lib/ip_frag -Ilib/lpm -I../lib/lpm -Ilib/graph -I../lib/graph -Ilib/pcapng -I../lib/pcapng -Ilib/ipsec -I../lib/ipsec -Ilib/latencystats -I../lib/latencystats -Idrivers/net/bonding -I../drivers/net/bonding -Ilib/member -I../lib/member -Ilib/pdcp -I../lib/pdcp -Ilib/pdump -I../lib/pdump -Ilib/rawdev -I../lib/rawdev -Ilib/stack -I../lib/stack -Ilib/pipeline -I../lib/pipeline -I/usr/local/include -fcolor-diagnostics -D_FILE_OFFSET_BITS=64 -Wall -Winvalid-pch -Wextra -Werror -std=c11 -O3 -include rte_config.h -Wcast-qual -Wdeprecated -Wformat -Wformat-nonliteral -Wformat-security -Wmissing-declarations -Wmissing-pr
ototypes -Wnested-externs -Wold-style-definition -Wpointer-arith -Wsign-compare -Wstrict-prototypes -Wundef -Wwrite-strings -Wno-address-of-packed-member -Wno-missing-field-initializers -D_GNU_SOURCE -D__BSD_VISIBLE -march=native -mrtm -DALLOW_EXPERIMENTAL_API -fno-strict-aliasing -DALLOW_INTERNAL_API -MD -MQ app/dpdk-test.p/test_test_cryptodev_asym.c.o -MF app/dpdk-test.p/test_test_cryptodev_asym.c.o.d -o app/dpdk-test.p/test_test_cryptodev_asym.c.o -c ../app/test/test_cryptodev_asym.c
../app/test/test_cryptodev_asym.c:2702:30: error: initializer element is not a compile-time constant
modex_group_test_cases[0].description,
~~~~~~~~~~~~~~~~~~~~~~~~~~^~~~~~~~~~~
../app/test/test.h:133:38: note: expanded from macro 'TEST_CASE_NAMED_WITH_DATA'
{ setup, teardown, NULL, testcase, name, 1, data }
^~~~
../app/test/test_cryptodev_asym.c:2777:30: error: initializer element is not a compile-time constant
modex_group_test_cases[0].description,
~~~~~~~~~~~~~~~~~~~~~~~~~~^~~~~~~~~~~
../app/test/test.h:133:38: note: expanded from macro 'TEST_CASE_NAMED_WITH_DATA'
{ setup, teardown, NULL, testcase, name, 1, data }
^~~~
2 errors generated.
[1739/1777] Compiling C object app/dpdk-test.p/test_test_ring_perf.c.o
[1740/1777] Compiling C object app/dpdk-test.p/test_test_ring_rts_stress.c.o
[1741/1777] Compiling C object app/dpdk-test.p/test_test_ring_st_peek_stress_zc.c.o
[1742/1777] Compiling C object app/dpdk-test.p/test_test_ring_st_peek_stress.c.o
[1743/1777] Compiling C object app/dpdk-test.p/test_test_ring_stress.c.o
ninja: build stopped: subcommand failed.
==== End log output ====
Debian Bullseye
Kernel: 5.4.0-122-generic
Compiler: gcc 10.2.1-6
CentOS Stream 9
Kernel: 4.18.0-240.10.1.el8_3.x86_64
Compiler: gcc 11.3.1 20220421
CentOS Stream 8
Kernel: 4.18.0-240.10.1.el8_3.x86_64
Compiler: gcc 8.4.1 20200928
Debian Buster
Kernel: 5.4.0-122-generic
Compiler: gcc 8.3.0-6
Fedora 37
Kernel: Depends on container host system
Compiler: gcc 12.3.1
Fedora 38
Kernel: Depends on container host
Compiler: gcc 13.1.1
Ubuntu 20.04
Kernel: 5.4.0-153-generic
Compiler: gcc 9.4.0-1ubuntu1~20.04.1
openSUSE Leap 15
Kernel: 4.18.0-240.10.1.el8_3.x86_64
Compiler: gcc 7.5.0
RHEL8
Kernel: 4.18.0-240.10.1.el8_3.x86_64
Compiler: gcc 8.3.1 20191121 (Red Hat 8.3.1-5)
FreeBSD 13
Kernel: 13.0
Compiler: clang 11.0.1
Alpine
Kernel: 5.4.0-73-generic
Compiler: gcc (Alpine 10.3.1_git20210424) 10.3.1 20210424
Windows Server 2019
Kernel: 10.0
Compiler: clang 14.0 and gcc 8.1.0 (MinGW)
To view detailed results, visit:
https://lab.dpdk.org/results/dashboard/patchsets/27702/
UNH-IOL DPDK Community Lab
To manage your email subscriptions, visit:
https://lab.dpdk.org/results/dashboard/preferences/subscriptions/
^ permalink raw reply [flat|nested] 33+ messages in thread
* |FAILURE| pw131844 [PATCH] app/test: add modexp group tests
@ 2023-09-23 12:01 dpdklab
0 siblings, 0 replies; 33+ messages in thread
From: dpdklab @ 2023-09-23 12:01 UTC (permalink / raw)
To: Test Report; +Cc: dpdk-test-reports, Gowrishankar Muthukrishnan
Test-Label: iol-compile-arm64-testing
Test-Status: FAILURE
http://dpdk.org/patch/131844
_Testing issues_
Submitter: Gowrishankar Muthukrishnan <gmuthukrishn@marvell.com>
Date: Saturday, September 23 2023 11:20:05
DPDK git baseline: Repo:dpdk
Branch: master
CommitID:2744cb6ef086435ae7d3d997b9b62a3c74cec224
131844 --> testing fail
Test environment and result as below:
+--------------------------------------+--------------------+
| Environment | dpdk_meson_compile |
+======================================+====================+
| Ubuntu 20.04 ARM SVE | PASS |
+--------------------------------------+--------------------+
| Ubuntu 20.04 ARM Clang Cross Compile | FAIL |
+--------------------------------------+--------------------+
| Fedora 38 (ARM) | PASS |
+--------------------------------------+--------------------+
| Debian 11 (Buster) (ARM) | PASS |
+--------------------------------------+--------------------+
| CentOS Stream 9 (ARM) | PASS |
+--------------------------------------+--------------------+
==== 20 line log output for Ubuntu 20.04 ARM Clang Cross Compile (dpdk_meson_compile): ====
Ubuntu 20.04 ARM SVE
Kernel: 5.4.0-80-generic
Compiler: gcc 10.3.0 (Ubuntu 10.3.0-1ubuntu1~20.04)
Ubuntu 20.04 ARM Clang Cross Compile
Kernel: 5.4.0-72-generic
Compiler: clang version 10.0.0-4ubuntu1
Fedora 38 (ARM)
Kernel: Depends on container host
Compiler: gcc 13.1.1
Debian 11 (Buster) (ARM)
Kernel: Container Host Kernel
Compiler: gcc 10.2.1
CentOS Stream 9 (ARM)
Kernel: Container Host Kernel
Compiler: gcc 11.3.1
To view detailed results, visit:
https://lab.dpdk.org/results/dashboard/patchsets/27702/
UNH-IOL DPDK Community Lab
To manage your email subscriptions, visit:
https://lab.dpdk.org/results/dashboard/preferences/subscriptions/
^ permalink raw reply [flat|nested] 33+ messages in thread
* |FAILURE| pw131844 [PATCH] app/test: add modexp group tests
@ 2023-09-23 12:01 dpdklab
0 siblings, 0 replies; 33+ messages in thread
From: dpdklab @ 2023-09-23 12:01 UTC (permalink / raw)
To: Test Report; +Cc: dpdk-test-reports, Gowrishankar Muthukrishnan
Test-Label: iol-compile-amd64-testing
Test-Status: FAILURE
http://dpdk.org/patch/131844
_Testing issues_
Submitter: Gowrishankar Muthukrishnan <gmuthukrishn@marvell.com>
Date: Saturday, September 23 2023 11:20:05
DPDK git baseline: Repo:dpdk
Branch: master
CommitID:2744cb6ef086435ae7d3d997b9b62a3c74cec224
131844 --> testing fail
Test environment and result as below:
+---------------------+--------------------+----------------------+
| Environment | dpdk_meson_compile | dpdk_mingw64_compile |
+=====================+====================+======================+
| Debian Bullseye | PASS | SKIPPED |
+---------------------+--------------------+----------------------+
| CentOS Stream 9 | PASS | SKIPPED |
+---------------------+--------------------+----------------------+
| CentOS Stream 8 | PASS | SKIPPED |
+---------------------+--------------------+----------------------+
| Debian Buster | PASS | SKIPPED |
+---------------------+--------------------+----------------------+
| Fedora 37 | PASS | SKIPPED |
+---------------------+--------------------+----------------------+
| Fedora 38 | PASS | SKIPPED |
+---------------------+--------------------+----------------------+
| Ubuntu 20.04 | PASS | SKIPPED |
+---------------------+--------------------+----------------------+
| openSUSE Leap 15 | FAIL | SKIPPED |
+---------------------+--------------------+----------------------+
| RHEL8 | PASS | SKIPPED |
+---------------------+--------------------+----------------------+
| FreeBSD 13 | FAIL | SKIPPED |
+---------------------+--------------------+----------------------+
| Alpine | PASS | SKIPPED |
+---------------------+--------------------+----------------------+
| Windows Server 2019 | SKIPPED | PASS |
+---------------------+--------------------+----------------------+
==== 20 line log output for FreeBSD 13 (dpdk_meson_compile): ====
ccache cc -Iapp/dpdk-test.p -Iapp -I../app -Ilib/cmdline -I../lib/cmdline -I. -I.. -Iconfig -I../config -Ilib/eal/include -I../lib/eal/include -Ilib/eal/freebsd/include -I../lib/eal/freebsd/include -Ilib/eal/x86/include -I../lib/eal/x86/include -Ilib/eal/common -I../lib/eal/common -Ilib/eal -I../lib/eal -Ilib/kvargs -I../lib/kvargs -Ilib/log -I../lib/log -Ilib/metrics -I../lib/metrics -Ilib/telemetry -I../lib/telemetry -Ilib/net -I../lib/net -Ilib/mbuf -I../lib/mbuf -Ilib/mempool -I../lib/mempool -Ilib/ring -I../lib/ring -Idrivers/net/ring -I../drivers/net/ring -Ilib/ethdev -I../lib/ethdev -Ilib/meter -I../lib/meter -Idrivers/bus/pci -I../drivers/bus/pci -I../drivers/bus/pci/bsd -Ilib/pci -I../lib/pci -Idrivers/bus/vdev -I../drivers/bus/vdev -Ilib/acl -I../lib/acl -Ilib/hash -I../lib/hash -Ilib/rcu -I../lib/rcu -Ilib/bitratestats -I../lib/bitratestats -Ilib/bpf -I../lib/bpf -Ilib/compressdev -I../lib/compressdev -Ilib/cryptodev -I../lib/cryptodev -Idrivers/crypto/scheduler -I../drive
rs/crypto/scheduler -Ilib/reorder -I../lib/reorder -Ilib/security -I../lib/security -Ilib/distributor -I../lib/distributor -Ilib/dmadev -I../lib/dmadev -Ilib/efd -I../lib/efd -Ilib/eventdev -I../lib/eventdev -Ilib/timer -I../lib/timer -Ilib/fib -I../lib/fib -Ilib/rib -I../lib/rib -Ilib/table -I../lib/table -Ilib/port -I../lib/port -Ilib/sched -I../lib/sched -Ilib/ip_frag -I../lib/ip_frag -Ilib/lpm -I../lib/lpm -Ilib/graph -I../lib/graph -Ilib/pcapng -I../lib/pcapng -Ilib/ipsec -I../lib/ipsec -Ilib/latencystats -I../lib/latencystats -Idrivers/net/bonding -I../drivers/net/bonding -Ilib/member -I../lib/member -Ilib/pdcp -I../lib/pdcp -Ilib/pdump -I../lib/pdump -Ilib/rawdev -I../lib/rawdev -Ilib/stack -I../lib/stack -Ilib/pipeline -I../lib/pipeline -I/usr/local/include -fcolor-diagnostics -D_FILE_OFFSET_BITS=64 -Wall -Winvalid-pch -Wextra -Werror -std=c11 -O3 -include rte_config.h -Wcast-qual -Wdeprecated -Wformat -Wformat-nonliteral -Wformat-security -Wmissing-declarations -Wmissing-pr
ototypes -Wnested-externs -Wold-style-definition -Wpointer-arith -Wsign-compare -Wstrict-prototypes -Wundef -Wwrite-strings -Wno-address-of-packed-member -Wno-missing-field-initializers -D_GNU_SOURCE -D__BSD_VISIBLE -march=native -mrtm -DALLOW_EXPERIMENTAL_API -fno-strict-aliasing -DALLOW_INTERNAL_API -MD -MQ app/dpdk-test.p/test_test_cryptodev_asym.c.o -MF app/dpdk-test.p/test_test_cryptodev_asym.c.o.d -o app/dpdk-test.p/test_test_cryptodev_asym.c.o -c ../app/test/test_cryptodev_asym.c
../app/test/test_cryptodev_asym.c:2702:30: error: initializer element is not a compile-time constant
modex_group_test_cases[0].description,
~~~~~~~~~~~~~~~~~~~~~~~~~~^~~~~~~~~~~
../app/test/test.h:133:38: note: expanded from macro 'TEST_CASE_NAMED_WITH_DATA'
{ setup, teardown, NULL, testcase, name, 1, data }
^~~~
../app/test/test_cryptodev_asym.c:2777:30: error: initializer element is not a compile-time constant
modex_group_test_cases[0].description,
~~~~~~~~~~~~~~~~~~~~~~~~~~^~~~~~~~~~~
../app/test/test.h:133:38: note: expanded from macro 'TEST_CASE_NAMED_WITH_DATA'
{ setup, teardown, NULL, testcase, name, 1, data }
^~~~
2 errors generated.
[1739/1777] Compiling C object app/dpdk-test.p/test_test_ring_perf.c.o
[1740/1777] Compiling C object app/dpdk-test.p/test_test_ring_rts_stress.c.o
[1741/1777] Compiling C object app/dpdk-test.p/test_test_ring_st_peek_stress_zc.c.o
[1742/1777] Compiling C object app/dpdk-test.p/test_test_ring_st_peek_stress.c.o
[1743/1777] Compiling C object app/dpdk-test.p/test_test_ring_stress.c.o
ninja: build stopped: subcommand failed.
==== End log output ====
Debian Bullseye
Kernel: 5.4.0-122-generic
Compiler: gcc 10.2.1-6
CentOS Stream 9
Kernel: 4.18.0-240.10.1.el8_3.x86_64
Compiler: gcc 11.3.1 20220421
CentOS Stream 8
Kernel: 4.18.0-240.10.1.el8_3.x86_64
Compiler: gcc 8.4.1 20200928
Debian Buster
Kernel: 5.4.0-122-generic
Compiler: gcc 8.3.0-6
Fedora 37
Kernel: Depends on container host system
Compiler: gcc 12.3.1
Fedora 38
Kernel: Depends on container host
Compiler: gcc 13.1.1
Ubuntu 20.04
Kernel: 5.4.0-153-generic
Compiler: gcc 9.4.0-1ubuntu1~20.04.1
openSUSE Leap 15
Kernel: 4.18.0-240.10.1.el8_3.x86_64
Compiler: gcc 7.5.0
RHEL8
Kernel: 4.18.0-240.10.1.el8_3.x86_64
Compiler: gcc 8.3.1 20191121 (Red Hat 8.3.1-5)
FreeBSD 13
Kernel: 13.0
Compiler: clang 11.0.1
Alpine
Kernel: 5.4.0-73-generic
Compiler: gcc (Alpine 10.3.1_git20210424) 10.3.1 20210424
Windows Server 2019
Kernel: 10.0
Compiler: clang 14.0 and gcc 8.1.0 (MinGW)
To view detailed results, visit:
https://lab.dpdk.org/results/dashboard/patchsets/27702/
UNH-IOL DPDK Community Lab
To manage your email subscriptions, visit:
https://lab.dpdk.org/results/dashboard/preferences/subscriptions/
^ permalink raw reply [flat|nested] 33+ messages in thread
* |FAILURE| pw131844 [PATCH] app/test: add modexp group tests
@ 2023-09-23 12:01 dpdklab
0 siblings, 0 replies; 33+ messages in thread
From: dpdklab @ 2023-09-23 12:01 UTC (permalink / raw)
To: Test Report; +Cc: dpdk-test-reports, Gowrishankar Muthukrishnan
Test-Label: iol-compile-arm64-testing
Test-Status: FAILURE
http://dpdk.org/patch/131844
_Testing issues_
Submitter: Gowrishankar Muthukrishnan <gmuthukrishn@marvell.com>
Date: Saturday, September 23 2023 11:20:05
DPDK git baseline: Repo:dpdk
Branch: master
CommitID:2744cb6ef086435ae7d3d997b9b62a3c74cec224
131844 --> testing fail
Test environment and result as below:
+--------------------------------------+--------------------+
| Environment | dpdk_meson_compile |
+======================================+====================+
| Ubuntu 20.04 ARM SVE | PASS |
+--------------------------------------+--------------------+
| Ubuntu 20.04 ARM Clang Cross Compile | FAIL |
+--------------------------------------+--------------------+
| Fedora 38 (ARM) | PASS |
+--------------------------------------+--------------------+
| Debian 11 (Buster) (ARM) | PASS |
+--------------------------------------+--------------------+
| CentOS Stream 9 (ARM) | PASS |
+--------------------------------------+--------------------+
==== 20 line log output for Ubuntu 20.04 ARM Clang Cross Compile (dpdk_meson_compile): ====
Ubuntu 20.04 ARM SVE
Kernel: 5.4.0-80-generic
Compiler: gcc 10.3.0 (Ubuntu 10.3.0-1ubuntu1~20.04)
Ubuntu 20.04 ARM Clang Cross Compile
Kernel: 5.4.0-72-generic
Compiler: clang version 10.0.0-4ubuntu1
Fedora 38 (ARM)
Kernel: Depends on container host
Compiler: gcc 13.1.1
Debian 11 (Buster) (ARM)
Kernel: Container Host Kernel
Compiler: gcc 10.2.1
CentOS Stream 9 (ARM)
Kernel: Container Host Kernel
Compiler: gcc 11.3.1
To view detailed results, visit:
https://lab.dpdk.org/results/dashboard/patchsets/27702/
UNH-IOL DPDK Community Lab
To manage your email subscriptions, visit:
https://lab.dpdk.org/results/dashboard/preferences/subscriptions/
^ permalink raw reply [flat|nested] 33+ messages in thread
* |FAILURE| pw131844 [PATCH] app/test: add modexp group tests
@ 2023-09-23 12:00 dpdklab
0 siblings, 0 replies; 33+ messages in thread
From: dpdklab @ 2023-09-23 12:00 UTC (permalink / raw)
To: Test Report; +Cc: dpdk-test-reports, Gowrishankar Muthukrishnan
Test-Label: iol-compile-amd64-testing
Test-Status: FAILURE
http://dpdk.org/patch/131844
_Testing issues_
Submitter: Gowrishankar Muthukrishnan <gmuthukrishn@marvell.com>
Date: Saturday, September 23 2023 11:20:05
DPDK git baseline: Repo:dpdk
Branch: master
CommitID:2744cb6ef086435ae7d3d997b9b62a3c74cec224
131844 --> testing fail
Test environment and result as below:
+---------------------+--------------------+----------------------+
| Environment | dpdk_meson_compile | dpdk_mingw64_compile |
+=====================+====================+======================+
| Debian Bullseye | PASS | SKIPPED |
+---------------------+--------------------+----------------------+
| CentOS Stream 9 | PASS | SKIPPED |
+---------------------+--------------------+----------------------+
| CentOS Stream 8 | PASS | SKIPPED |
+---------------------+--------------------+----------------------+
| Debian Buster | PASS | SKIPPED |
+---------------------+--------------------+----------------------+
| Fedora 37 | PASS | SKIPPED |
+---------------------+--------------------+----------------------+
| Fedora 38 | PASS | SKIPPED |
+---------------------+--------------------+----------------------+
| Ubuntu 20.04 | PASS | SKIPPED |
+---------------------+--------------------+----------------------+
| openSUSE Leap 15 | FAIL | SKIPPED |
+---------------------+--------------------+----------------------+
| RHEL8 | PASS | SKIPPED |
+---------------------+--------------------+----------------------+
| Windows Server 2019 | SKIPPED | PASS |
+---------------------+--------------------+----------------------+
==== 20 line log output for openSUSE Leap 15 (dpdk_meson_compile): ====
^~~~
../app/test/test_cryptodev_asym.c:2793:4: note: (near initialization for 'cryptodev_octeontx_asym_testsuite.unit_test_cases[8].name')
modex_group_test_cases[4].description,
^
../app/test/test.h:133:38: note: in definition of macro 'TEST_CASE_NAMED_WITH_DATA'
{ setup, teardown, NULL, testcase, name, 1, data }
^~~~
../app/test/test_cryptodev_asym.c:2797:4: error: initializer element is not constant
modex_group_test_cases[5].description,
^
../app/test/test.h:133:38: note: in definition of macro 'TEST_CASE_NAMED_WITH_DATA'
{ setup, teardown, NULL, testcase, name, 1, data }
^~~~
../app/test/test_cryptodev_asym.c:2797:4: note: (near initialization for 'cryptodev_octeontx_asym_testsuite.unit_test_cases[9].name')
modex_group_test_cases[5].description,
^
../app/test/test.h:133:38: note: in definition of macro 'TEST_CASE_NAMED_WITH_DATA'
{ setup, teardown, NULL, testcase, name, 1, data }
^~~~
ninja: build stopped: subcommand failed.
==== End log output ====
Debian Bullseye
Kernel: 5.4.0-122-generic
Compiler: gcc 10.2.1-6
CentOS Stream 9
Kernel: 4.18.0-240.10.1.el8_3.x86_64
Compiler: gcc 11.3.1 20220421
CentOS Stream 8
Kernel: 4.18.0-240.10.1.el8_3.x86_64
Compiler: gcc 8.4.1 20200928
Debian Buster
Kernel: 5.4.0-122-generic
Compiler: gcc 8.3.0-6
Fedora 37
Kernel: Depends on container host system
Compiler: gcc 12.3.1
Fedora 38
Kernel: Depends on container host
Compiler: gcc 13.1.1
Ubuntu 20.04
Kernel: 5.4.0-153-generic
Compiler: gcc 9.4.0-1ubuntu1~20.04.1
openSUSE Leap 15
Kernel: 4.18.0-240.10.1.el8_3.x86_64
Compiler: gcc 7.5.0
RHEL8
Kernel: 4.18.0-240.10.1.el8_3.x86_64
Compiler: gcc 8.3.1 20191121 (Red Hat 8.3.1-5)
Windows Server 2019
Kernel: 10.0
Compiler: clang 14.0 and gcc 8.1.0 (MinGW)
To view detailed results, visit:
https://lab.dpdk.org/results/dashboard/patchsets/27702/
UNH-IOL DPDK Community Lab
To manage your email subscriptions, visit:
https://lab.dpdk.org/results/dashboard/preferences/subscriptions/
^ permalink raw reply [flat|nested] 33+ messages in thread
* |FAILURE| pw131844 [PATCH] app/test: add modexp group tests
@ 2023-09-23 12:00 dpdklab
0 siblings, 0 replies; 33+ messages in thread
From: dpdklab @ 2023-09-23 12:00 UTC (permalink / raw)
To: Test Report; +Cc: dpdk-test-reports, Gowrishankar Muthukrishnan
Test-Label: iol-compile-arm64-testing
Test-Status: FAILURE
http://dpdk.org/patch/131844
_Testing issues_
Submitter: Gowrishankar Muthukrishnan <gmuthukrishn@marvell.com>
Date: Saturday, September 23 2023 11:20:05
DPDK git baseline: Repo:dpdk
Branch: master
CommitID:2744cb6ef086435ae7d3d997b9b62a3c74cec224
131844 --> testing fail
Test environment and result as below:
+--------------------------------------+--------------------+
| Environment | dpdk_meson_compile |
+======================================+====================+
| Ubuntu 20.04 ARM SVE | PASS |
+--------------------------------------+--------------------+
| Ubuntu 20.04 ARM Clang Cross Compile | FAIL |
+--------------------------------------+--------------------+
| Fedora 38 (ARM) | PASS |
+--------------------------------------+--------------------+
| Debian 11 (Buster) (ARM) | PASS |
+--------------------------------------+--------------------+
| CentOS Stream 9 (ARM) | PASS |
+--------------------------------------+--------------------+
==== 20 line log output for Ubuntu 20.04 ARM Clang Cross Compile (dpdk_meson_compile): ====
Ubuntu 20.04 ARM SVE
Kernel: 5.4.0-80-generic
Compiler: gcc 10.3.0 (Ubuntu 10.3.0-1ubuntu1~20.04)
Ubuntu 20.04 ARM Clang Cross Compile
Kernel: 5.4.0-72-generic
Compiler: clang version 10.0.0-4ubuntu1
Fedora 38 (ARM)
Kernel: Depends on container host
Compiler: gcc 13.1.1
Debian 11 (Buster) (ARM)
Kernel: Container Host Kernel
Compiler: gcc 10.2.1
CentOS Stream 9 (ARM)
Kernel: Container Host Kernel
Compiler: gcc 11.3.1
To view detailed results, visit:
https://lab.dpdk.org/results/dashboard/patchsets/27702/
UNH-IOL DPDK Community Lab
To manage your email subscriptions, visit:
https://lab.dpdk.org/results/dashboard/preferences/subscriptions/
^ permalink raw reply [flat|nested] 33+ messages in thread
* |FAILURE| pw131844 [PATCH] app/test: add modexp group tests
@ 2023-09-23 12:00 dpdklab
0 siblings, 0 replies; 33+ messages in thread
From: dpdklab @ 2023-09-23 12:00 UTC (permalink / raw)
To: Test Report; +Cc: dpdk-test-reports, Gowrishankar Muthukrishnan
Test-Label: iol-compile-amd64-testing
Test-Status: FAILURE
http://dpdk.org/patch/131844
_Testing issues_
Submitter: Gowrishankar Muthukrishnan <gmuthukrishn@marvell.com>
Date: Saturday, September 23 2023 11:20:05
DPDK git baseline: Repo:dpdk
Branch: master
CommitID:2744cb6ef086435ae7d3d997b9b62a3c74cec224
131844 --> testing fail
Test environment and result as below:
+---------------------+--------------------+----------------------+
| Environment | dpdk_meson_compile | dpdk_mingw64_compile |
+=====================+====================+======================+
| Debian Bullseye | PASS | SKIPPED |
+---------------------+--------------------+----------------------+
| CentOS Stream 9 | PASS | SKIPPED |
+---------------------+--------------------+----------------------+
| CentOS Stream 8 | PASS | SKIPPED |
+---------------------+--------------------+----------------------+
| Debian Buster | PASS | SKIPPED |
+---------------------+--------------------+----------------------+
| Fedora 37 | PASS | SKIPPED |
+---------------------+--------------------+----------------------+
| Fedora 38 | PASS | SKIPPED |
+---------------------+--------------------+----------------------+
| Ubuntu 20.04 | PASS | SKIPPED |
+---------------------+--------------------+----------------------+
| openSUSE Leap 15 | FAIL | SKIPPED |
+---------------------+--------------------+----------------------+
| RHEL8 | PASS | SKIPPED |
+---------------------+--------------------+----------------------+
| Windows Server 2019 | SKIPPED | PASS |
+---------------------+--------------------+----------------------+
==== 20 line log output for openSUSE Leap 15 (dpdk_meson_compile): ====
^~~~
../app/test/test_cryptodev_asym.c:2793:4: note: (near initialization for 'cryptodev_octeontx_asym_testsuite.unit_test_cases[8].name')
modex_group_test_cases[4].description,
^
../app/test/test.h:133:38: note: in definition of macro 'TEST_CASE_NAMED_WITH_DATA'
{ setup, teardown, NULL, testcase, name, 1, data }
^~~~
../app/test/test_cryptodev_asym.c:2797:4: error: initializer element is not constant
modex_group_test_cases[5].description,
^
../app/test/test.h:133:38: note: in definition of macro 'TEST_CASE_NAMED_WITH_DATA'
{ setup, teardown, NULL, testcase, name, 1, data }
^~~~
../app/test/test_cryptodev_asym.c:2797:4: note: (near initialization for 'cryptodev_octeontx_asym_testsuite.unit_test_cases[9].name')
modex_group_test_cases[5].description,
^
../app/test/test.h:133:38: note: in definition of macro 'TEST_CASE_NAMED_WITH_DATA'
{ setup, teardown, NULL, testcase, name, 1, data }
^~~~
ninja: build stopped: subcommand failed.
==== End log output ====
Debian Bullseye
Kernel: 5.4.0-122-generic
Compiler: gcc 10.2.1-6
CentOS Stream 9
Kernel: 4.18.0-240.10.1.el8_3.x86_64
Compiler: gcc 11.3.1 20220421
CentOS Stream 8
Kernel: 4.18.0-240.10.1.el8_3.x86_64
Compiler: gcc 8.4.1 20200928
Debian Buster
Kernel: 5.4.0-122-generic
Compiler: gcc 8.3.0-6
Fedora 37
Kernel: Depends on container host system
Compiler: gcc 12.3.1
Fedora 38
Kernel: Depends on container host
Compiler: gcc 13.1.1
Ubuntu 20.04
Kernel: 5.4.0-153-generic
Compiler: gcc 9.4.0-1ubuntu1~20.04.1
openSUSE Leap 15
Kernel: 4.18.0-240.10.1.el8_3.x86_64
Compiler: gcc 7.5.0
RHEL8
Kernel: 4.18.0-240.10.1.el8_3.x86_64
Compiler: gcc 8.3.1 20191121 (Red Hat 8.3.1-5)
Windows Server 2019
Kernel: 10.0
Compiler: clang 14.0 and gcc 8.1.0 (MinGW)
To view detailed results, visit:
https://lab.dpdk.org/results/dashboard/patchsets/27702/
UNH-IOL DPDK Community Lab
To manage your email subscriptions, visit:
https://lab.dpdk.org/results/dashboard/preferences/subscriptions/
^ permalink raw reply [flat|nested] 33+ messages in thread
* |FAILURE| pw131844 [PATCH] app/test: add modexp group tests
@ 2023-09-23 12:00 dpdklab
0 siblings, 0 replies; 33+ messages in thread
From: dpdklab @ 2023-09-23 12:00 UTC (permalink / raw)
To: Test Report; +Cc: dpdk-test-reports, Gowrishankar Muthukrishnan
Test-Label: iol-compile-amd64-testing
Test-Status: FAILURE
http://dpdk.org/patch/131844
_Testing issues_
Submitter: Gowrishankar Muthukrishnan <gmuthukrishn@marvell.com>
Date: Saturday, September 23 2023 11:20:05
DPDK git baseline: Repo:dpdk
Branch: master
CommitID:2744cb6ef086435ae7d3d997b9b62a3c74cec224
131844 --> testing fail
Test environment and result as below:
+---------------------+--------------------+----------------------+
| Environment | dpdk_meson_compile | dpdk_mingw64_compile |
+=====================+====================+======================+
| Debian Bullseye | PASS | SKIPPED |
+---------------------+--------------------+----------------------+
| CentOS Stream 9 | PASS | SKIPPED |
+---------------------+--------------------+----------------------+
| CentOS Stream 8 | PASS | SKIPPED |
+---------------------+--------------------+----------------------+
| Debian Buster | PASS | SKIPPED |
+---------------------+--------------------+----------------------+
| Fedora 37 | PASS | SKIPPED |
+---------------------+--------------------+----------------------+
| Fedora 38 | PASS | SKIPPED |
+---------------------+--------------------+----------------------+
| Ubuntu 20.04 | PASS | SKIPPED |
+---------------------+--------------------+----------------------+
| openSUSE Leap 15 | FAIL | SKIPPED |
+---------------------+--------------------+----------------------+
| RHEL8 | PASS | SKIPPED |
+---------------------+--------------------+----------------------+
| Windows Server 2019 | SKIPPED | PASS |
+---------------------+--------------------+----------------------+
==== 20 line log output for openSUSE Leap 15 (dpdk_meson_compile): ====
^~~~
../app/test/test_cryptodev_asym.c:2793:4: note: (near initialization for 'cryptodev_octeontx_asym_testsuite.unit_test_cases[8].name')
modex_group_test_cases[4].description,
^
../app/test/test.h:133:38: note: in definition of macro 'TEST_CASE_NAMED_WITH_DATA'
{ setup, teardown, NULL, testcase, name, 1, data }
^~~~
../app/test/test_cryptodev_asym.c:2797:4: error: initializer element is not constant
modex_group_test_cases[5].description,
^
../app/test/test.h:133:38: note: in definition of macro 'TEST_CASE_NAMED_WITH_DATA'
{ setup, teardown, NULL, testcase, name, 1, data }
^~~~
../app/test/test_cryptodev_asym.c:2797:4: note: (near initialization for 'cryptodev_octeontx_asym_testsuite.unit_test_cases[9].name')
modex_group_test_cases[5].description,
^
../app/test/test.h:133:38: note: in definition of macro 'TEST_CASE_NAMED_WITH_DATA'
{ setup, teardown, NULL, testcase, name, 1, data }
^~~~
ninja: build stopped: subcommand failed.
==== End log output ====
Debian Bullseye
Kernel: 5.4.0-122-generic
Compiler: gcc 10.2.1-6
CentOS Stream 9
Kernel: 4.18.0-240.10.1.el8_3.x86_64
Compiler: gcc 11.3.1 20220421
CentOS Stream 8
Kernel: 4.18.0-240.10.1.el8_3.x86_64
Compiler: gcc 8.4.1 20200928
Debian Buster
Kernel: 5.4.0-122-generic
Compiler: gcc 8.3.0-6
Fedora 37
Kernel: Depends on container host system
Compiler: gcc 12.3.1
Fedora 38
Kernel: Depends on container host
Compiler: gcc 13.1.1
Ubuntu 20.04
Kernel: 5.4.0-153-generic
Compiler: gcc 9.4.0-1ubuntu1~20.04.1
openSUSE Leap 15
Kernel: 4.18.0-240.10.1.el8_3.x86_64
Compiler: gcc 7.5.0
RHEL8
Kernel: 4.18.0-240.10.1.el8_3.x86_64
Compiler: gcc 8.3.1 20191121 (Red Hat 8.3.1-5)
Windows Server 2019
Kernel: 10.0
Compiler: clang 14.0 and gcc 8.1.0 (MinGW)
To view detailed results, visit:
https://lab.dpdk.org/results/dashboard/patchsets/27702/
UNH-IOL DPDK Community Lab
To manage your email subscriptions, visit:
https://lab.dpdk.org/results/dashboard/preferences/subscriptions/
^ permalink raw reply [flat|nested] 33+ messages in thread
* |FAILURE| pw131844 [PATCH] app/test: add modexp group tests
@ 2023-09-23 12:00 dpdklab
0 siblings, 0 replies; 33+ messages in thread
From: dpdklab @ 2023-09-23 12:00 UTC (permalink / raw)
To: Test Report; +Cc: dpdk-test-reports, Gowrishankar Muthukrishnan
Test-Label: iol-compile-amd64-testing
Test-Status: FAILURE
http://dpdk.org/patch/131844
_Testing issues_
Submitter: Gowrishankar Muthukrishnan <gmuthukrishn@marvell.com>
Date: Saturday, September 23 2023 11:20:05
DPDK git baseline: Repo:dpdk
Branch: master
CommitID:2744cb6ef086435ae7d3d997b9b62a3c74cec224
131844 --> testing fail
Test environment and result as below:
+---------------------+--------------------+----------------------+
| Environment | dpdk_meson_compile | dpdk_mingw64_compile |
+=====================+====================+======================+
| Debian Bullseye | PASS | SKIPPED |
+---------------------+--------------------+----------------------+
| CentOS Stream 9 | PASS | SKIPPED |
+---------------------+--------------------+----------------------+
| CentOS Stream 8 | PASS | SKIPPED |
+---------------------+--------------------+----------------------+
| Debian Buster | PASS | SKIPPED |
+---------------------+--------------------+----------------------+
| Fedora 37 | PASS | SKIPPED |
+---------------------+--------------------+----------------------+
| Fedora 38 | PASS | SKIPPED |
+---------------------+--------------------+----------------------+
| Ubuntu 20.04 | PASS | SKIPPED |
+---------------------+--------------------+----------------------+
| openSUSE Leap 15 | FAIL | SKIPPED |
+---------------------+--------------------+----------------------+
| RHEL8 | PASS | SKIPPED |
+---------------------+--------------------+----------------------+
| Windows Server 2019 | SKIPPED | PASS |
+---------------------+--------------------+----------------------+
==== 20 line log output for openSUSE Leap 15 (dpdk_meson_compile): ====
^~~~
../app/test/test_cryptodev_asym.c:2793:4: note: (near initialization for 'cryptodev_octeontx_asym_testsuite.unit_test_cases[8].name')
modex_group_test_cases[4].description,
^
../app/test/test.h:133:38: note: in definition of macro 'TEST_CASE_NAMED_WITH_DATA'
{ setup, teardown, NULL, testcase, name, 1, data }
^~~~
../app/test/test_cryptodev_asym.c:2797:4: error: initializer element is not constant
modex_group_test_cases[5].description,
^
../app/test/test.h:133:38: note: in definition of macro 'TEST_CASE_NAMED_WITH_DATA'
{ setup, teardown, NULL, testcase, name, 1, data }
^~~~
../app/test/test_cryptodev_asym.c:2797:4: note: (near initialization for 'cryptodev_octeontx_asym_testsuite.unit_test_cases[9].name')
modex_group_test_cases[5].description,
^
../app/test/test.h:133:38: note: in definition of macro 'TEST_CASE_NAMED_WITH_DATA'
{ setup, teardown, NULL, testcase, name, 1, data }
^~~~
ninja: build stopped: subcommand failed.
==== End log output ====
Debian Bullseye
Kernel: 5.4.0-122-generic
Compiler: gcc 10.2.1-6
CentOS Stream 9
Kernel: 4.18.0-240.10.1.el8_3.x86_64
Compiler: gcc 11.3.1 20220421
CentOS Stream 8
Kernel: 4.18.0-240.10.1.el8_3.x86_64
Compiler: gcc 8.4.1 20200928
Debian Buster
Kernel: 5.4.0-122-generic
Compiler: gcc 8.3.0-6
Fedora 37
Kernel: Depends on container host system
Compiler: gcc 12.3.1
Fedora 38
Kernel: Depends on container host
Compiler: gcc 13.1.1
Ubuntu 20.04
Kernel: 5.4.0-153-generic
Compiler: gcc 9.4.0-1ubuntu1~20.04.1
openSUSE Leap 15
Kernel: 4.18.0-240.10.1.el8_3.x86_64
Compiler: gcc 7.5.0
RHEL8
Kernel: 4.18.0-240.10.1.el8_3.x86_64
Compiler: gcc 8.3.1 20191121 (Red Hat 8.3.1-5)
Windows Server 2019
Kernel: 10.0
Compiler: clang 14.0 and gcc 8.1.0 (MinGW)
To view detailed results, visit:
https://lab.dpdk.org/results/dashboard/patchsets/27702/
UNH-IOL DPDK Community Lab
To manage your email subscriptions, visit:
https://lab.dpdk.org/results/dashboard/preferences/subscriptions/
^ permalink raw reply [flat|nested] 33+ messages in thread
* |FAILURE| pw131844 [PATCH] app/test: add modexp group tests
@ 2023-09-23 11:59 dpdklab
0 siblings, 0 replies; 33+ messages in thread
From: dpdklab @ 2023-09-23 11:59 UTC (permalink / raw)
To: Test Report; +Cc: dpdk-test-reports, Gowrishankar Muthukrishnan
Test-Label: iol-compile-arm64-testing
Test-Status: FAILURE
http://dpdk.org/patch/131844
_Testing issues_
Submitter: Gowrishankar Muthukrishnan <gmuthukrishn@marvell.com>
Date: Saturday, September 23 2023 11:20:05
DPDK git baseline: Repo:dpdk
Branch: master
CommitID:2744cb6ef086435ae7d3d997b9b62a3c74cec224
131844 --> testing fail
Test environment and result as below:
+--------------------------------------+--------------------+
| Environment | dpdk_meson_compile |
+======================================+====================+
| Ubuntu 20.04 ARM SVE | PASS |
+--------------------------------------+--------------------+
| Ubuntu 20.04 ARM Clang Cross Compile | FAIL |
+--------------------------------------+--------------------+
| Fedora 38 (ARM) | PASS |
+--------------------------------------+--------------------+
| Debian 11 (Buster) (ARM) | PASS |
+--------------------------------------+--------------------+
| CentOS Stream 9 (ARM) | PASS |
+--------------------------------------+--------------------+
==== 20 line log output for Ubuntu 20.04 ARM Clang Cross Compile (dpdk_meson_compile): ====
Ubuntu 20.04 ARM SVE
Kernel: 5.4.0-80-generic
Compiler: gcc 10.3.0 (Ubuntu 10.3.0-1ubuntu1~20.04)
Ubuntu 20.04 ARM Clang Cross Compile
Kernel: 5.4.0-72-generic
Compiler: clang version 10.0.0-4ubuntu1
Fedora 38 (ARM)
Kernel: Depends on container host
Compiler: gcc 13.1.1
Debian 11 (Buster) (ARM)
Kernel: Container Host Kernel
Compiler: gcc 10.2.1
CentOS Stream 9 (ARM)
Kernel: Container Host Kernel
Compiler: gcc 11.3.1
To view detailed results, visit:
https://lab.dpdk.org/results/dashboard/patchsets/27702/
UNH-IOL DPDK Community Lab
To manage your email subscriptions, visit:
https://lab.dpdk.org/results/dashboard/preferences/subscriptions/
^ permalink raw reply [flat|nested] 33+ messages in thread
* |FAILURE| pw131844 [PATCH] app/test: add modexp group tests
@ 2023-09-23 11:58 dpdklab
0 siblings, 0 replies; 33+ messages in thread
From: dpdklab @ 2023-09-23 11:58 UTC (permalink / raw)
To: Test Report; +Cc: dpdk-test-reports, Gowrishankar Muthukrishnan
Test-Label: iol-compile-arm64-testing
Test-Status: FAILURE
http://dpdk.org/patch/131844
_Testing issues_
Submitter: Gowrishankar Muthukrishnan <gmuthukrishn@marvell.com>
Date: Saturday, September 23 2023 11:20:05
DPDK git baseline: Repo:dpdk
Branch: master
CommitID:2744cb6ef086435ae7d3d997b9b62a3c74cec224
131844 --> testing fail
Test environment and result as below:
+--------------------------------------+--------------------+
| Environment | dpdk_meson_compile |
+======================================+====================+
| Ubuntu 20.04 ARM SVE | PASS |
+--------------------------------------+--------------------+
| Ubuntu 20.04 ARM Clang Cross Compile | FAIL |
+--------------------------------------+--------------------+
| Fedora 38 (ARM) | PASS |
+--------------------------------------+--------------------+
| Debian 11 (Buster) (ARM) | PASS |
+--------------------------------------+--------------------+
| CentOS Stream 9 (ARM) | PASS |
+--------------------------------------+--------------------+
==== 20 line log output for Ubuntu 20.04 ARM Clang Cross Compile (dpdk_meson_compile): ====
Ubuntu 20.04 ARM SVE
Kernel: 5.4.0-80-generic
Compiler: gcc 10.3.0 (Ubuntu 10.3.0-1ubuntu1~20.04)
Ubuntu 20.04 ARM Clang Cross Compile
Kernel: 5.4.0-72-generic
Compiler: clang version 10.0.0-4ubuntu1
Fedora 38 (ARM)
Kernel: Depends on container host
Compiler: gcc 13.1.1
Debian 11 (Buster) (ARM)
Kernel: Container Host Kernel
Compiler: gcc 10.2.1
CentOS Stream 9 (ARM)
Kernel: Container Host Kernel
Compiler: gcc 11.3.1
To view detailed results, visit:
https://lab.dpdk.org/results/dashboard/patchsets/27702/
UNH-IOL DPDK Community Lab
To manage your email subscriptions, visit:
https://lab.dpdk.org/results/dashboard/preferences/subscriptions/
^ permalink raw reply [flat|nested] 33+ messages in thread
end of thread, other threads:[~2023-09-23 13:34 UTC | newest]
Thread overview: 33+ messages (download: mbox.gz / follow: Atom feed)
-- links below jump to the message on this page --
[not found] <20230923112005.308-1-gmuthukrishn@marvell.com>
2023-09-23 11:01 ` |SUCCESS| pw131844 [PATCH] app/test: add modexp group tests qemudev
2023-09-23 11:05 ` qemudev
2023-09-23 11:21 ` checkpatch
2023-09-23 12:27 ` |FAILURE| " 0-day Robot
2023-09-23 13:34 dpdklab
-- strict thread matches above, loose matches on Subject: below --
2023-09-23 13:19 dpdklab
2023-09-23 13:08 dpdklab
2023-09-23 12:42 dpdklab
2023-09-23 12:26 dpdklab
2023-09-23 12:23 dpdklab
2023-09-23 12:21 dpdklab
2023-09-23 12:19 dpdklab
2023-09-23 12:16 dpdklab
2023-09-23 12:15 dpdklab
2023-09-23 12:15 dpdklab
2023-09-23 12:05 dpdklab
2023-09-23 12:05 dpdklab
2023-09-23 12:03 dpdklab
2023-09-23 12:03 dpdklab
2023-09-23 12:02 dpdklab
2023-09-23 12:02 dpdklab
2023-09-23 12:01 dpdklab
2023-09-23 12:01 dpdklab
2023-09-23 12:01 dpdklab
2023-09-23 12:01 dpdklab
2023-09-23 12:01 dpdklab
2023-09-23 12:00 dpdklab
2023-09-23 12:00 dpdklab
2023-09-23 12:00 dpdklab
2023-09-23 12:00 dpdklab
2023-09-23 12:00 dpdklab
2023-09-23 11:59 dpdklab
2023-09-23 11:58 dpdklab
This is a public inbox, see mirroring instructions
for how to clone and mirror all data and code used for this inbox;
as well as URLs for NNTP newsgroup(s).