* |SUCCESS| pw131986-131987 [PATCH v4 2/2] node: add UDP v4 support
[not found] <20230927092135.4006394-2-rkudurumalla@marvell.com>
@ 2023-09-27 9:04 ` qemudev
2023-09-27 9:08 ` qemudev
` (2 subsequent siblings)
3 siblings, 0 replies; 4+ messages in thread
From: qemudev @ 2023-09-27 9:04 UTC (permalink / raw)
To: test-report
Test-Label: loongarch-compilation
Test-Status: SUCCESS
http://dpdk.org/patch/131987
_Compilation OK_
Submitter: Rakesh Kudurumalla <rkudurumalla@marvell.com>
Date: Wed, 27 Sep 2023 14:51:34 +0530
DPDK git baseline: Repo:dpdk
Branch: main
CommitID: d58c97481a136ad5342c9d8717b22bdaa5eccd43
131986-131987 --> meson & ninja build successfully
Test environment and result as below:
+---------------------+----------------+
| Environment | compilation |
+---------------------+----------------+
| Loongnix-Server 8.3 | PASS |
+---------------------+----------------+
Loongnix-Server 8.3
Kernel: 4.19.190+
Compiler: gcc 8.3
^ permalink raw reply [flat|nested] 4+ messages in thread
* |SUCCESS| pw131986-131987 [PATCH v4 2/2] node: add UDP v4 support
[not found] <20230927092135.4006394-2-rkudurumalla@marvell.com>
2023-09-27 9:04 ` |SUCCESS| pw131986-131987 [PATCH v4 2/2] node: add UDP v4 support qemudev
@ 2023-09-27 9:08 ` qemudev
2023-09-27 9:22 ` |WARNING| pw131987 " checkpatch
2023-09-27 9:59 ` |FAILURE| " 0-day Robot
3 siblings, 0 replies; 4+ messages in thread
From: qemudev @ 2023-09-27 9:08 UTC (permalink / raw)
To: test-report
Test-Label: loongarch-unit-testing
Test-Status: SUCCESS
http://dpdk.org/patch/131987
_Unit Testing PASS_
Submitter: Rakesh Kudurumalla <rkudurumalla@marvell.com>
Date: Wed, 27 Sep 2023 14:51:34 +0530
DPDK git baseline: Repo:dpdk
Branch: main
CommitID: d58c97481a136ad5342c9d8717b22bdaa5eccd43
131986-131987 --> testing pass
Test environment and result as below:
+---------------------+----------------+
| Environment | dpdk_unit_test |
+---------------------+----------------+
| Loongnix-Server 8.3 | PASS |
+---------------------+----------------+
Loongnix-Server 8.3
Kernel: 4.19.190+
Compiler: gcc 8.3
Test result details:
1/107 DPDK:fast-tests / acl_autotest OK 3.33s
2/107 DPDK:fast-tests / atomic_autotest OK 7.28s
3/107 DPDK:fast-tests / bitcount_autotest OK 0.52s
4/107 DPDK:fast-tests / bitmap_autotest OK 0.52s
5/107 DPDK:fast-tests / bitops_autotest OK 0.52s
6/107 DPDK:fast-tests / bitratestats_autotest OK 0.52s
7/107 DPDK:fast-tests / bpf_autotest OK 0.52s
8/107 DPDK:fast-tests / bpf_convert_autotest OK 0.52s
9/107 DPDK:fast-tests / byteorder_autotest OK 0.52s
10/107 DPDK:fast-tests / cksum_autotest OK 0.52s
11/107 DPDK:fast-tests / cmdline_autotest OK 0.52s
12/107 DPDK:fast-tests / common_autotest OK 1.37s
13/107 DPDK:fast-tests / compressdev_autotest SKIP 0.12s exit status 77
14/107 DPDK:fast-tests / cpuflags_autotest OK 0.52s
15/107 DPDK:fast-tests / crc_autotest OK 0.52s
16/107 DPDK:fast-tests / user_delay_us OK 0.52s
17/107 DPDK:fast-tests / debug_autotest OK 14.16s
18/107 DPDK:fast-tests / devargs_autotest OK 0.52s
19/107 DPDK:fast-tests / distributor_autotest OK 1.27s
20/107 DPDK:fast-tests / eal_flags_c_opt_autotest OK 1.17s
21/107 DPDK:fast-tests / eal_flags_main_opt_autotest OK 0.32s
22/107 DPDK:fast-tests / eal_flags_n_opt_autotest OK 0.27s
23/107 DPDK:fast-tests / eal_flags_hpet_autotest OK 0.17s
24/107 DPDK:fast-tests / eal_flags_no_huge_autotest OK 0.32s
25/107 DPDK:fast-tests / eal_flags_a_opt_autotest OK 0.42s
26/107 DPDK:fast-tests / eal_flags_b_opt_autotest OK 0.37s
27/107 DPDK:fast-tests / eal_flags_vdev_opt_autotest OK 0.27s
28/107 DPDK:fast-tests / eal_flags_r_opt_autotest OK 0.27s
29/107 DPDK:fast-tests / eal_flags_mem_autotest OK 0.72s
30/107 DPDK:fast-tests / eal_flags_file_prefix_autotest OK 22.37s
31/107 DPDK:fast-tests / eal_flags_misc_autotest OK 1.12s
32/107 DPDK:fast-tests / eal_fs_autotest OK 0.52s
33/107 DPDK:fast-tests / errno_autotest OK 0.52s
34/107 DPDK:fast-tests / ethdev_link_status OK 0.52s
35/107 DPDK:fast-tests / event_eth_tx_adapter_autotest OK 1.72s
36/107 DPDK:fast-tests / event_ring_autotest OK 0.52s
37/107 DPDK:fast-tests / eventdev_common_autotest OK 0.52s
38/107 DPDK:fast-tests / fbarray_autotest OK 0.52s
39/107 DPDK:fast-tests / fib_autotest OK 1.22s
40/107 DPDK:fast-tests / fib6_autotest OK 1.22s
41/107 DPDK:fast-tests / func_reentrancy_autotest OK 2.18s
42/107 DPDK:fast-tests / graph_autotest OK 0.52s
43/107 DPDK:fast-tests / node_list_dump OK 0.52s
44/107 DPDK:fast-tests / hash_autotest OK 1.47s
45/107 DPDK:fast-tests / hash_readwrite_func_autotest OK 6.49s
46/107 DPDK:fast-tests / interrupt_autotest OK 1.82s
47/107 DPDK:fast-tests / ipfrag_autotest OK 0.12s
48/107 DPDK:fast-tests / ipsec_autotest SKIP 0.52s exit status 77
49/107 DPDK:fast-tests / kvargs_autotest OK 0.52s
50/107 DPDK:fast-tests / latencystats_autotest OK 0.52s
51/107 DPDK:fast-tests / lcores_autotest OK 5.53s
52/107 DPDK:fast-tests / logs_autotest OK 0.52s
53/107 DPDK:fast-tests / lpm_autotest OK 2.58s
54/107 DPDK:fast-tests / lpm6_autotest OK 5.75s
55/107 DPDK:fast-tests / malloc_autotest OK 62.60s
56/107 DPDK:fast-tests / mbuf_autotest OK 4.62s
57/107 DPDK:fast-tests / mcslock_autotest OK 2.87s
58/107 DPDK:fast-tests / member_autotest OK 1.72s
59/107 DPDK:fast-tests / memcpy_autotest OK 7.08s
60/107 DPDK:fast-tests / memory_autotest OK 0.12s
61/107 DPDK:fast-tests / mempool_autotest OK 0.47s
62/107 DPDK:fast-tests / memzone_autotest OK 0.17s
63/107 DPDK:fast-tests / meter_autotest OK 0.52s
64/107 DPDK:fast-tests / metrics_autotest OK 0.52s
65/107 DPDK:fast-tests / multiprocess_autotest OK 0.27s
66/107 DPDK:fast-tests / pdcp_autotest SKIP 0.07s exit status 77
67/107 DPDK:fast-tests / pdump_autotest OK 0.62s
68/107 DPDK:fast-tests / per_lcore_autotest OK 0.62s
69/107 DPDK:fast-tests / pflock_autotest OK 1.32s
70/107 DPDK:fast-tests / pie_autotest OK 0.52s
71/107 DPDK:fast-tests / ring_pmd_autotest OK 0.52s
72/107 DPDK:fast-tests / power_autotest OK 0.52s
73/107 DPDK:fast-tests / power_cpufreq_autotest SKIP 0.12s exit status 77
74/107 DPDK:fast-tests / power_intel_uncore_autotest SKIP 0.52s exit status 77
75/107 DPDK:fast-tests / power_kvm_vm_autotest SKIP 0.12s exit status 77
76/107 DPDK:fast-tests / prefetch_autotest OK 0.52s
77/107 DPDK:fast-tests / rawdev_autotest OK 0.52s
78/107 DPDK:fast-tests / rcu_qsbr_autotest OK 1.02s
79/107 DPDK:fast-tests / reorder_autotest OK 0.57s
80/107 DPDK:fast-tests / rib_autotest OK 9.19s
81/107 DPDK:fast-tests / rib6_autotest OK 9.19s
82/107 DPDK:fast-tests / ring_autotest OK 0.52s
83/107 DPDK:fast-tests / rwlock_test1_autotest OK 1.27s
84/107 DPDK:fast-tests / rwlock_rda_autotest OK 5.53s
85/107 DPDK:fast-tests / rwlock_rds_wrm_autotest OK 5.53s
86/107 DPDK:fast-tests / rwlock_rde_wro_autotest OK 5.78s
87/107 DPDK:fast-tests / sched_autotest OK 0.52s
88/107 DPDK:fast-tests / security_autotest OK 0.12s
89/107 DPDK:fast-tests / seqlock_autotest OK 2.52s
90/107 DPDK:fast-tests / service_autotest OK 3.22s
91/107 DPDK:fast-tests / spinlock_autotest OK 0.57s
92/107 DPDK:fast-tests / stack_autotest OK 0.92s
93/107 DPDK:fast-tests / stack_lf_autotest SKIP 0.07s exit status 77
94/107 DPDK:fast-tests / string_autotest OK 0.52s
95/107 DPDK:fast-tests / table_autotest OK 7.64s
96/107 DPDK:fast-tests / tailq_autotest OK 0.52s
97/107 DPDK:fast-tests / telemetry_data_autotest OK 0.52s
98/107 DPDK:fast-tests / telemetry_json_autotest OK 0.52s
99/107 DPDK:fast-tests / thash_autotest OK 0.52s
100/107 DPDK:fast-tests / threads_autotest OK 0.67s
101/107 DPDK:fast-tests / ticketlock_autotest OK 0.67s
102/107 DPDK:fast-tests / timer_autotest OK 4.03s
103/107 DPDK:fast-tests / trace_autotest OK 0.52s
104/107 DPDK:fast-tests / trace_autotest_with_traces OK 0.52s
105/107 DPDK:fast-tests / vdev_autotest OK 0.52s
106/107 DPDK:fast-tests / version_autotest OK 0.52s
107/107 DPDK:fast-tests / telemetry_all OK 1.42s
Ok: 100
Expected Fail: 0
Fail: 0
Unexpected Pass: 0
Skipped: 7
Timeout: 0
^ permalink raw reply [flat|nested] 4+ messages in thread
* |WARNING| pw131987 [PATCH v4 2/2] node: add UDP v4 support
[not found] <20230927092135.4006394-2-rkudurumalla@marvell.com>
2023-09-27 9:04 ` |SUCCESS| pw131986-131987 [PATCH v4 2/2] node: add UDP v4 support qemudev
2023-09-27 9:08 ` qemudev
@ 2023-09-27 9:22 ` checkpatch
2023-09-27 9:59 ` |FAILURE| " 0-day Robot
3 siblings, 0 replies; 4+ messages in thread
From: checkpatch @ 2023-09-27 9:22 UTC (permalink / raw)
To: test-report; +Cc: Rakesh Kudurumalla
Test-Label: checkpatch
Test-Status: WARNING
http://dpdk.org/patch/131987
_coding style issues_
WARNING:REPEATED_WORD: Possible repeated word: 'text'
#173: FILE: doc/guides/prog_guide/img/graph_inbuilt_node_flow.svg:60:
+<text text-anchor="middle" x="261.95" y="-407.3" font-family="Times,serif" font-size="14.00">ethdev_rx</text>
WARNING:REPEATED_WORD: Possible repeated word: 'text'
#181: FILE: doc/guides/prog_guide/img/graph_inbuilt_node_flow.svg:66:
+<text text-anchor="middle" x="261.95" y="-334.3" font-family="Times,serif" font-size="14.00">pkt_cls</text>
WARNING:REPEATED_WORD: Possible repeated word: 'text'
#197: FILE: doc/guides/prog_guide/img/graph_inbuilt_node_flow.svg:78:
+<text text-anchor="middle" x="53.95" y="-174.3" font-family="Times,serif" font-size="14.00">kernel_rx</text>
WARNING:REPEATED_WORD: Possible repeated word: 'text'
#213: FILE: doc/guides/prog_guide/img/graph_inbuilt_node_flow.svg:90:
+<text text-anchor="middle" x="347.95" y="-87.3" font-family="Times,serif" font-size="14.00">ethdev_tx</text>
WARNING:REPEATED_WORD: Possible repeated word: 'text'
#221: FILE: doc/guides/prog_guide/img/graph_inbuilt_node_flow.svg:96:
+<text text-anchor="middle" x="404.95" y="-14.3" font-family="Times,serif" font-size="14.00">pkt_drop</text>
WARNING:REPEATED_WORD: Possible repeated word: 'text'
#237: FILE: doc/guides/prog_guide/img/graph_inbuilt_node_flow.svg:108:
+<text text-anchor="middle" x="53.95" y="-247.3" font-family="Times,serif" font-size="14.00">kernel_tx</text>
WARNING:REPEATED_WORD: Possible repeated word: 'text'
#263: FILE: doc/guides/prog_guide/img/graph_inbuilt_node_flow.svg:127:
+<text text-anchor="middle" x="107.45" y="-290.8" font-family="Times,serif" font-size="14.00">exception pkts</text>
WARNING:REPEATED_WORD: Possible repeated word: 'text'
#271: FILE: doc/guides/prog_guide/img/graph_inbuilt_node_flow.svg:133:
+<text text-anchor="middle" x="261.95" y="-247.3" font-family="Times,serif" font-size="14.00">ip4_lookup</text>
WARNING:REPEATED_WORD: Possible repeated word: 'text'
#281: FILE: doc/guides/prog_guide/img/graph_inbuilt_node_flow.svg:140:
+<text text-anchor="middle" x="277.45" y="-290.8" font-family="Times,serif" font-size="14.00">ipv4</text>
WARNING:REPEATED_WORD: Possible repeated word: 'text'
#289: FILE: doc/guides/prog_guide/img/graph_inbuilt_node_flow.svg:146:
+<text text-anchor="middle" x="492.95" y="-247.3" font-family="Times,serif" font-size="14.00">ip6_lookup</text>
WARNING:REPEATED_WORD: Possible repeated word: 'text'
#299: FILE: doc/guides/prog_guide/img/graph_inbuilt_node_flow.svg:153:
+<text text-anchor="middle" x="407.45" y="-290.8" font-family="Times,serif" font-size="14.00">ipv6</text>
WARNING:REPEATED_WORD: Possible repeated word: 'text'
#315: FILE: doc/guides/prog_guide/img/graph_inbuilt_node_flow.svg:165:
+<text text-anchor="middle" x="347.95" y="-174.3" font-family="Times,serif" font-size="14.00">ip4_rewrite</text>
WARNING:REPEATED_WORD: Possible repeated word: 'text'
#331: FILE: doc/guides/prog_guide/img/graph_inbuilt_node_flow.svg:177:
+<text text-anchor="middle" x="176.95" y="-174.3" font-family="Times,serif" font-size="14.00">ip4_local</text>
WARNING:REPEATED_WORD: Possible repeated word: 'text'
#355: FILE: doc/guides/prog_guide/img/graph_inbuilt_node_flow.svg:195:
+<text text-anchor="middle" x="492.95" y="-174.3" font-family="Times,serif" font-size="14.00">ip6_rewrite</text>
WARNING:REPEATED_WORD: Possible repeated word: 'text'
#409: FILE: doc/guides/prog_guide/img/graph_inbuilt_node_flow.svg:237:
+<text text-anchor="middle" x="126.95" y="-87.3" font-family="Times,serif" font-size="14.00">udp4_input</text>
WARNING:REPEATED_WORD: Possible repeated word: 'text'
#416: FILE: doc/guides/prog_guide/img/graph_inbuilt_node_flow.svg:244:
+<text text-anchor="middle" x="177.45" y="-130.8" font-family="Times,serif" font-size="14.00">udpv4</text>
WARNING:REPEATED_WORD: Possible repeated word: 'text'
#428: FILE: doc/guides/prog_guide/img/graph_inbuilt_node_flow.svg:256:
+<text text-anchor="middle" x="126.95" y="-14.3" font-family="Times,serif" font-size="14.00">udp_user_node</text>
total: 0 errors, 17 warnings, 636 lines checked
^ permalink raw reply [flat|nested] 4+ messages in thread
* |FAILURE| pw131987 [PATCH v4 2/2] node: add UDP v4 support
[not found] <20230927092135.4006394-2-rkudurumalla@marvell.com>
` (2 preceding siblings ...)
2023-09-27 9:22 ` |WARNING| pw131987 " checkpatch
@ 2023-09-27 9:59 ` 0-day Robot
3 siblings, 0 replies; 4+ messages in thread
From: 0-day Robot @ 2023-09-27 9:59 UTC (permalink / raw)
To: test-report; +Cc: rkudurumalla, robot
From: robot@bytheb.org
Test-Label: github-robot: build
Test-Status: FAILURE
http://patchwork.dpdk.org/patch/131987/
_github build: failed_
Build URL: https://github.com/ovsrobot/dpdk/actions/runs/6324177784
Build Logs:
-----------------------Summary of failed steps-----------------------
"ubuntu-20.04-gcc-debug+doc+examples+tests" failed at step Build and test
"ubuntu-20.04-clang-asan+doc+tests" failed at step Build and test
"ubuntu-20.04-gcc-static-i386" failed at step Build and test
"ubuntu-20.04-gcc-shared-aarch64" failed at step Build and test
"ubuntu-20.04-gcc-ppc64le" failed at step Build and test
"ubuntu-20.04-gcc-riscv64" failed at step Build and test
"fedora:37-gcc" failed at step Build
"fedora:37-clang" failed at step Build
----------------------End summary of failed steps--------------------
-------------------------------BEGIN LOGS----------------------------
####################################################################################
#### [Begin job log] "ubuntu-20.04-gcc-debug+doc+examples+tests" at step Build and test
####################################################################################
[3288/3820] Compiling C object 'buildtools/chkincs/fe389a9@@chkincs@exe/meson-generated_rte_table_hash_func.c.o'.
[3289/3820] Compiling C object 'buildtools/chkincs/fe389a9@@chkincs@exe/meson-generated_rte_table_lpm.c.o'.
[3290/3820] Compiling C object 'buildtools/chkincs/fe389a9@@chkincs@exe/meson-generated_rte_table_lpm_ipv6.c.o'.
[3291/3820] Compiling C object 'buildtools/chkincs/fe389a9@@chkincs@exe/meson-generated_rte_pipeline.c.o'.
[3292/3820] Compiling C object 'buildtools/chkincs/fe389a9@@chkincs@exe/meson-generated_rte_table_stub.c.o'.
[3293/3820] Compiling C object 'buildtools/chkincs/fe389a9@@chkincs@exe/meson-generated_rte_table_action.c.o'.
[3294/3820] Compiling C object 'buildtools/chkincs/fe389a9@@chkincs@exe/meson-generated_rte_swx_pipeline.c.o'.
[3295/3820] Compiling C object 'buildtools/chkincs/fe389a9@@chkincs@exe/meson-generated_rte_port_in_action.c.o'.
[3296/3820] Compiling C object 'buildtools/chkincs/fe389a9@@chkincs@exe/meson-generated_rte_swx_extern.c.o'.
[3297/3820] Compiling C object 'buildtools/chkincs/fe389a9@@chkincs@exe/meson-generated_rte_swx_ctl.c.o'.
[3298/3820] Compiling C object 'buildtools/chkincs/fe389a9@@chkincs@exe/meson-generated_rte_swx_ipsec.c.o'.
[3299/3820] Compiling C object 'buildtools/chkincs/fe389a9@@chkincs@exe/meson-generated_rte_graph.c.o'.
[3300/3820] Compiling C object 'buildtools/chkincs/fe389a9@@chkincs@exe/meson-generated_rte_node_ip4_api.c.o'.
[3301/3820] Compiling C object 'buildtools/chkincs/fe389a9@@chkincs@exe/meson-generated_rte_node_ip6_api.c.o'.
[3302/3820] Compiling C object 'buildtools/chkincs/fe389a9@@chkincs@exe/meson-generated_rte_node_udp4_input_api.c.o'.
FAILED: buildtools/chkincs/fe389a9@@chkincs@exe/meson-generated_rte_node_udp4_input_api.c.o
ccache gcc -Ibuildtools/chkincs/fe389a9@@chkincs@exe -Ibuildtools/chkincs -I../buildtools/chkincs -Iexamples/l3fwd -I../examples/l3fwd -I../examples/common -Idrivers/bus/vdev -I../drivers/bus/vdev -I. -I../ -Iconfig -I../config -Ilib/eal/include -I../lib/eal/include -Ilib/eal/linux/include -I../lib/eal/linux/include -Ilib/eal/x86/include -I../lib/eal/x86/include -Ilib/eal/common -I../lib/eal/common -Ilib/eal -I../lib/eal -Ilib/kvargs -I../lib/kvargs -Ilib/log -I../lib/log -Ilib/telemetry/../metrics -I../lib/telemetry/../metrics -Ilib/telemetry -I../lib/telemetry -Idrivers/bus/pci -I../drivers/bus/pci -I../drivers/bus/pci/linux -Ilib/pci -I../lib/pci -Ilib/ring -I../lib/ring -Ilib/rcu -I../lib/rcu -Ilib/mempool -I../lib/mempool -Ilib/mbuf -I../lib/mbuf -Ilib/net -I../lib/net -Ilib/meter -I../lib/meter -Ilib/ethdev -I../lib/ethdev -Ilib/cmdline -I../lib/cmdline -Ilib/metrics -I../lib/metrics -Ilib/hash -I../lib/hash -Ilib/timer -I../lib/timer -Ilib/acl -I../lib/acl -Ilib/bbdev -I../lib/bbdev -Ilib/bitratestats -I../lib/bitratestats -Ilib/bpf -I../lib/bpf -Ilib/cfgfile -I../lib/cfgfile -Ilib/compressdev -I../lib/compressdev -Ilib/cryptodev -I../lib/cryptodev -Ilib/distributor -I../lib/distributor -Ilib/efd -I../lib/efd -Ilib/eventdev -I../lib/eventdev -Ilib/gpudev -I../lib/gpudev -Ilib/gro -I../lib/gro -Ilib/gso -I../lib/gso -Ilib/ip_frag -I../lib/ip_frag -Ilib/jobstats -I../lib/jobstats -Ilib/latencystats -I../lib/latencystats -Ilib/lpm -I../lib/lpm -Ilib/member -I../lib/member -Ilib/pcapng -I../lib/pcapng -Ilib/power -I../lib/power -Ilib/rawdev -I../lib/rawdev -Ilib/regexdev -I../lib/regexdev -Ilib/mldev -I../lib/mldev -Ilib/dmadev -I../lib/dmadev -Ilib/rib -I../lib/rib -Ilib/reorder -I../lib/reorder -Ilib/sched -I../lib/sched -Ilib/security -I../lib/security -Ilib/stack -I../lib/stack -Ilib/vhost -I../lib/vhost -Ilib/ipsec -I../lib/ipsec -Ilib/pdcp -I../lib/pdcp -Ilib/fib -I../lib/fib -Ilib/port -I../lib/port -Ilib/pdump -I../lib/pdump -Ilib/table -I../lib/table -Ilib/pipeline -I../lib/pipeline -Ilib/graph -I../lib/graph -Ilib/node -I../lib/node -fdiagnostics-color=always -pipe -D_FILE_OFFSET_BITS=64 -Wall -Winvalid-pch -Wextra -Werror -std=c11 -g -include rte_config.h -Wcast-qual -Wdeprecated -Wformat -Wformat-nonliteral -Wformat-security -Wmissing-declarations -Wmissing-prototypes -Wnested-externs -Wold-style-definition -Wpointer-arith -Wsign-compare -Wstrict-prototypes -Wundef -Wwrite-strings -Wno-address-of-packed-member -Wno-packed-not-aligned -Wno-missing-field-initializers -D_GNU_SOURCE -march=corei7 -mrtm -DALLOW_EXPERIMENTAL_API -DALLOW_INTERNAL_API -MD -MQ 'buildtools/chkincs/fe389a9@@chkincs@exe/meson-generated_rte_node_udp4_input_api.c.o' -MF 'buildtools/chkincs/fe389a9@@chkincs@exe/meson-generated_rte_node_udp4_input_api.c.o.d' -o 'buildtools/chkincs/fe389a9@@chkincs@exe/meson-generated_rte_node_udp4_input_api.c.o' -c 'buildtools/chkincs/fe389a9@@chkincs@exe/rte_node_udp4_input_api.c'
In file included from buildtools/chkincs/fe389a9@@chkincs@exe/rte_node_udp4_input_api.c:1:
/home/runner/work/dpdk/dpdk/lib/node/rte_node_udp4_input_api.h:54:51: error: unknown type name ‘rte_edge_t’
54 | int rte_node_udp4_dst_port_add(uint32_t dst_port, rte_edge_t next_node);
| ^~~~~~~~~~
[3303/3820] Compiling C object 'buildtools/chkincs/fe389a9@@chkincs@exe/meson-generated_rte_graph_worker.c.o'.
[3304/3820] Compiling C object 'buildtools/chkincs/fe389a9@@chkincs@exe/meson-generated_rte_node_eth_api.c.o'.
ninja: build stopped: subcommand failed.
##[error]Process completed with exit code 1.
####################################################################################
#### [End job log] "ubuntu-20.04-gcc-debug+doc+examples+tests" at step Build and test
####################################################################################
####################################################################################
#### [Begin job log] "ubuntu-20.04-clang-asan+doc+tests" at step Build and test
####################################################################################
[3296/3820] Compiling C object 'buildtools/chkincs/fe389a9@@chkincs@exe/meson-generated_rte_swx_ctl.c.o'.
[3297/3820] Compiling C object 'buildtools/chkincs/fe389a9@@chkincs@exe/meson-generated_rte_graph.c.o'.
[3298/3820] Compiling C object 'buildtools/chkincs/fe389a9@@chkincs@exe/meson-generated_rte_swx_ipsec.c.o'.
[3299/3820] Generating 'buildtools/chkincs/fe389a9@@chkincs-cpp@exe/ethdev_pci.cpp'.
[3300/3820] Compiling C object 'buildtools/chkincs/fe389a9@@chkincs@exe/meson-generated_rte_graph_worker.c.o'.
[3301/3820] Generating 'buildtools/chkincs/fe389a9@@chkincs-cpp@exe/ethdev_vdev.cpp'.
[3302/3820] Compiling C object 'buildtools/chkincs/fe389a9@@chkincs@exe/meson-generated_rte_node_eth_api.c.o'.
[3303/3820] Generating 'buildtools/chkincs/fe389a9@@chkincs-cpp@exe/rte_pci.cpp'.
[3304/3820] Compiling C object 'buildtools/chkincs/fe389a9@@chkincs@exe/meson-generated_rte_node_ip6_api.c.o'.
[3305/3820] Compiling C object 'buildtools/chkincs/fe389a9@@chkincs@exe/main.c.o'.
[3306/3820] Generating 'buildtools/chkincs/fe389a9@@chkincs-cpp@exe/rte_ethdev_trace_fp.cpp'.
[3307/3820] Generating 'buildtools/chkincs/fe389a9@@chkincs-cpp@exe/ethdev_driver.cpp'.
[3308/3820] Generating 'buildtools/chkincs/fe389a9@@chkincs-cpp@exe/rte_ethdev.cpp'.
[3309/3820] Compiling C object 'buildtools/chkincs/fe389a9@@chkincs@exe/meson-generated_rte_node_udp4_input_api.c.o'.
FAILED: buildtools/chkincs/fe389a9@@chkincs@exe/meson-generated_rte_node_udp4_input_api.c.o
ccache clang -Ibuildtools/chkincs/fe389a9@@chkincs@exe -Ibuildtools/chkincs -I../buildtools/chkincs -Iexamples/l3fwd -I../examples/l3fwd -I../examples/common -Idrivers/bus/vdev -I../drivers/bus/vdev -I. -I../ -Iconfig -I../config -Ilib/eal/include -I../lib/eal/include -Ilib/eal/linux/include -I../lib/eal/linux/include -Ilib/eal/x86/include -I../lib/eal/x86/include -Ilib/eal/common -I../lib/eal/common -Ilib/eal -I../lib/eal -Ilib/kvargs -I../lib/kvargs -Ilib/log -I../lib/log -Ilib/telemetry/../metrics -I../lib/telemetry/../metrics -Ilib/telemetry -I../lib/telemetry -Idrivers/bus/pci -I../drivers/bus/pci -I../drivers/bus/pci/linux -Ilib/pci -I../lib/pci -Ilib/ring -I../lib/ring -Ilib/rcu -I../lib/rcu -Ilib/mempool -I../lib/mempool -Ilib/mbuf -I../lib/mbuf -Ilib/net -I../lib/net -Ilib/meter -I../lib/meter -Ilib/ethdev -I../lib/ethdev -Ilib/cmdline -I../lib/cmdline -Ilib/metrics -I../lib/metrics -Ilib/hash -I../lib/hash -Ilib/timer -I../lib/timer -Ilib/acl -I../lib/acl -Ilib/bbdev -I../lib/bbdev -Ilib/bitratestats -I../lib/bitratestats -Ilib/bpf -I../lib/bpf -Ilib/cfgfile -I../lib/cfgfile -Ilib/compressdev -I../lib/compressdev -Ilib/cryptodev -I../lib/cryptodev -Ilib/distributor -I../lib/distributor -Ilib/efd -I../lib/efd -Ilib/eventdev -I../lib/eventdev -Ilib/gpudev -I../lib/gpudev -Ilib/gro -I../lib/gro -Ilib/gso -I../lib/gso -Ilib/ip_frag -I../lib/ip_frag -Ilib/jobstats -I../lib/jobstats -Ilib/latencystats -I../lib/latencystats -Ilib/lpm -I../lib/lpm -Ilib/member -I../lib/member -Ilib/pcapng -I../lib/pcapng -Ilib/power -I../lib/power -Ilib/rawdev -I../lib/rawdev -Ilib/regexdev -I../lib/regexdev -Ilib/mldev -I../lib/mldev -Ilib/dmadev -I../lib/dmadev -Ilib/rib -I../lib/rib -Ilib/reorder -I../lib/reorder -Ilib/sched -I../lib/sched -Ilib/security -I../lib/security -Ilib/stack -I../lib/stack -Ilib/vhost -I../lib/vhost -Ilib/ipsec -I../lib/ipsec -Ilib/pdcp -I../lib/pdcp -Ilib/fib -I../lib/fib -Ilib/port -I../lib/port -Ilib/pdump -I../lib/pdump -Ilib/table -I../lib/table -Ilib/pipeline -I../lib/pipeline -Ilib/graph -I../lib/graph -Ilib/node -I../lib/node -Xclang -fcolor-diagnostics -fsanitize=address -fno-omit-frame-pointer -pipe -D_FILE_OFFSET_BITS=64 -Wall -Winvalid-pch -Wextra -Werror -std=c11 -O2 -g -include rte_config.h -Wcast-qual -Wdeprecated -Wformat -Wformat-nonliteral -Wformat-security -Wmissing-declarations -Wmissing-prototypes -Wnested-externs -Wold-style-definition -Wpointer-arith -Wsign-compare -Wstrict-prototypes -Wundef -Wwrite-strings -Wno-address-of-packed-member -Wno-missing-field-initializers -D_GNU_SOURCE -march=corei7 -mrtm -DALLOW_EXPERIMENTAL_API -DALLOW_INTERNAL_API -MD -MQ 'buildtools/chkincs/fe389a9@@chkincs@exe/meson-generated_rte_node_udp4_input_api.c.o' -MF 'buildtools/chkincs/fe389a9@@chkincs@exe/meson-generated_rte_node_udp4_input_api.c.o.d' -o 'buildtools/chkincs/fe389a9@@chkincs@exe/meson-generated_rte_node_udp4_input_api.c.o' -c 'buildtools/chkincs/fe389a9@@chkincs@exe/rte_node_udp4_input_api.c'
In file included from buildtools/chkincs/fe389a9@@chkincs@exe/rte_node_udp4_input_api.c:1:
/home/runner/work/dpdk/dpdk/lib/node/rte_node_udp4_input_api.h:54:51: error: unknown type name 'rte_edge_t'
int rte_node_udp4_dst_port_add(uint32_t dst_port, rte_edge_t next_node);
^
1 error generated.
[3310/3820] Generating 'buildtools/chkincs/fe389a9@@chkincs-cpp@exe/rte_mtr.cpp'.
[3311/3820] Compiling C object 'buildtools/chkincs/fe389a9@@chkincs@exe/meson-generated_rte_node_ip4_api.c.o'.
ninja: build stopped: subcommand failed.
##[error]Process completed with exit code 1.
####################################################################################
#### [End job log] "ubuntu-20.04-clang-asan+doc+tests" at step Build and test
####################################################################################
####################################################################################
#### [Begin job log] "ubuntu-20.04-gcc-static-i386" at step Build and test
####################################################################################
[2549/3079] Compiling C object 'buildtools/chkincs/fe389a9@@chkincs@exe/meson-generated_rte_table_lpm.c.o'.
[2550/3079] Compiling C object 'buildtools/chkincs/fe389a9@@chkincs@exe/meson-generated_rte_table_lpm_ipv6.c.o'.
[2551/3079] Compiling C object 'buildtools/chkincs/fe389a9@@chkincs@exe/meson-generated_rte_pipeline.c.o'.
[2552/3079] Compiling C object 'buildtools/chkincs/fe389a9@@chkincs@exe/meson-generated_rte_table_stub.c.o'.
[2553/3079] Compiling C object 'buildtools/chkincs/fe389a9@@chkincs@exe/meson-generated_rte_port_in_action.c.o'.
[2554/3079] Compiling C object 'buildtools/chkincs/fe389a9@@chkincs@exe/meson-generated_rte_table_action.c.o'.
[2555/3079] Compiling C object 'buildtools/chkincs/fe389a9@@chkincs@exe/meson-generated_rte_swx_pipeline.c.o'.
[2556/3079] Compiling C object 'buildtools/chkincs/fe389a9@@chkincs@exe/meson-generated_rte_swx_extern.c.o'.
[2557/3079] Compiling C object 'buildtools/chkincs/fe389a9@@chkincs@exe/meson-generated_rte_swx_ctl.c.o'.
[2558/3079] Compiling C object 'buildtools/chkincs/fe389a9@@chkincs@exe/meson-generated_rte_graph.c.o'.
[2559/3079] Compiling C object 'buildtools/chkincs/fe389a9@@chkincs@exe/meson-generated_rte_swx_ipsec.c.o'.
[2560/3079] Compiling C object 'buildtools/chkincs/fe389a9@@chkincs@exe/meson-generated_rte_node_ip4_api.c.o'.
[2561/3079] Compiling C object 'buildtools/chkincs/fe389a9@@chkincs@exe/meson-generated_rte_node_ip6_api.c.o'.
[2562/3079] Compiling C object 'buildtools/chkincs/fe389a9@@chkincs@exe/meson-generated_rte_graph_worker.c.o'.
[2563/3079] Compiling C object 'buildtools/chkincs/fe389a9@@chkincs@exe/meson-generated_rte_node_udp4_input_api.c.o'.
FAILED: buildtools/chkincs/fe389a9@@chkincs@exe/meson-generated_rte_node_udp4_input_api.c.o
ccache gcc -Ibuildtools/chkincs/fe389a9@@chkincs@exe -Ibuildtools/chkincs -I../buildtools/chkincs -Iexamples/l3fwd -I../examples/l3fwd -I../examples/common -Idrivers/bus/vdev -I../drivers/bus/vdev -I. -I../ -Iconfig -I../config -Ilib/eal/include -I../lib/eal/include -Ilib/eal/linux/include -I../lib/eal/linux/include -Ilib/eal/x86/include -I../lib/eal/x86/include -Ilib/eal/common -I../lib/eal/common -Ilib/eal -I../lib/eal -Ilib/kvargs -I../lib/kvargs -Ilib/log -I../lib/log -Ilib/telemetry/../metrics -I../lib/telemetry/../metrics -Ilib/telemetry -I../lib/telemetry -Idrivers/bus/pci -I../drivers/bus/pci -I../drivers/bus/pci/linux -Ilib/pci -I../lib/pci -Ilib/ring -I../lib/ring -Ilib/rcu -I../lib/rcu -Ilib/mempool -I../lib/mempool -Ilib/mbuf -I../lib/mbuf -Ilib/net -I../lib/net -Ilib/meter -I../lib/meter -Ilib/ethdev -I../lib/ethdev -Ilib/cmdline -I../lib/cmdline -Ilib/metrics -I../lib/metrics -Ilib/hash -I../lib/hash -Ilib/timer -I../lib/timer -Ilib/acl -I../lib/acl -Ilib/bbdev -I../lib/bbdev -Ilib/bitratestats -I../lib/bitratestats -Ilib/bpf -I../lib/bpf -Ilib/cfgfile -I../lib/cfgfile -Ilib/compressdev -I../lib/compressdev -Ilib/cryptodev -I../lib/cryptodev -Ilib/distributor -I../lib/distributor -Ilib/efd -I../lib/efd -Ilib/eventdev -I../lib/eventdev -Ilib/gpudev -I../lib/gpudev -Ilib/gro -I../lib/gro -Ilib/gso -I../lib/gso -Ilib/ip_frag -I../lib/ip_frag -Ilib/jobstats -I../lib/jobstats -Ilib/latencystats -I../lib/latencystats -Ilib/lpm -I../lib/lpm -Ilib/member -I../lib/member -Ilib/pcapng -I../lib/pcapng -Ilib/power -I../lib/power -Ilib/rawdev -I../lib/rawdev -Ilib/regexdev -I../lib/regexdev -Ilib/mldev -I../lib/mldev -Ilib/dmadev -I../lib/dmadev -Ilib/rib -I../lib/rib -Ilib/reorder -I../lib/reorder -Ilib/sched -I../lib/sched -Ilib/security -I../lib/security -Ilib/stack -I../lib/stack -Ilib/vhost -I../lib/vhost -Ilib/ipsec -I../lib/ipsec -Ilib/pdcp -I../lib/pdcp -Ilib/fib -I../lib/fib -Ilib/port -I../lib/port -Ilib/pdump -I../lib/pdump -Ilib/table -I../lib/table -Ilib/pipeline -I../lib/pipeline -Ilib/graph -I../lib/graph -Ilib/node -I../lib/node -fdiagnostics-color=always -pipe -D_FILE_OFFSET_BITS=64 -Wall -Winvalid-pch -Wextra -Werror -std=c11 -O2 -g -include rte_config.h -Wcast-qual -Wdeprecated -Wformat -Wformat-nonliteral -Wformat-security -Wmissing-declarations -Wmissing-prototypes -Wnested-externs -Wold-style-definition -Wpointer-arith -Wsign-compare -Wstrict-prototypes -Wundef -Wwrite-strings -Wno-address-of-packed-member -Wno-packed-not-aligned -Wno-missing-field-initializers -Wno-pointer-to-int-cast -D_GNU_SOURCE -m32 -march=corei7 -mrtm -DALLOW_EXPERIMENTAL_API -DALLOW_INTERNAL_API -MD -MQ 'buildtools/chkincs/fe389a9@@chkincs@exe/meson-generated_rte_node_udp4_input_api.c.o' -MF 'buildtools/chkincs/fe389a9@@chkincs@exe/meson-generated_rte_node_udp4_input_api.c.o.d' -o 'buildtools/chkincs/fe389a9@@chkincs@exe/meson-generated_rte_node_udp4_input_api.c.o' -c 'buildtools/chkincs/fe389a9@@chkincs@exe/rte_node_udp4_input_api.c'
In file included from buildtools/chkincs/fe389a9@@chkincs@exe/rte_node_udp4_input_api.c:1:
/home/runner/work/dpdk/dpdk/lib/node/rte_node_udp4_input_api.h:54:51: error: unknown type name ‘rte_edge_t’
54 | int rte_node_udp4_dst_port_add(uint32_t dst_port, rte_edge_t next_node);
| ^~~~~~~~~~
[2564/3079] Compiling C object 'buildtools/chkincs/fe389a9@@chkincs@exe/main.c.o'.
[2565/3079] Compiling C object 'buildtools/chkincs/fe389a9@@chkincs@exe/meson-generated_rte_node_eth_api.c.o'.
ninja: build stopped: subcommand failed.
##[error]Process completed with exit code 1.
####################################################################################
#### [End job log] "ubuntu-20.04-gcc-static-i386" at step Build and test
####################################################################################
####################################################################################
#### [Begin job log] "ubuntu-20.04-gcc-shared-aarch64" at step Build and test
####################################################################################
[3487/3989] Compiling C object 'buildtools/chkincs/fe389a9@@chkincs@exe/meson-generated_rte_swx_pipeline.c.o'.
[3488/3989] Compiling C object 'buildtools/chkincs/fe389a9@@chkincs@exe/meson-generated_rte_table_action.c.o'.
[3489/3989] Compiling C object 'buildtools/chkincs/fe389a9@@chkincs@exe/meson-generated_rte_swx_extern.c.o'.
[3490/3989] Compiling C object 'buildtools/chkincs/fe389a9@@chkincs@exe/meson-generated_rte_swx_ctl.c.o'.
[3491/3989] Compiling C object 'buildtools/chkincs/fe389a9@@chkincs@exe/meson-generated_rte_graph.c.o'.
[3492/3989] Compiling C object 'buildtools/chkincs/fe389a9@@chkincs@exe/meson-generated_rte_swx_ipsec.c.o'.
[3493/3989] Compiling C object 'buildtools/chkincs/fe389a9@@chkincs@exe/meson-generated_rte_graph_worker.c.o'.
[3494/3989] Compiling C object 'buildtools/chkincs/fe389a9@@chkincs@exe/meson-generated_rte_node_eth_api.c.o'.
[3495/3989] Generating 'buildtools/chkincs/fe389a9@@chkincs-cpp@exe/rte_hexdump.cpp'.
[3496/3989] Generating 'buildtools/chkincs/fe389a9@@chkincs-cpp@exe/rte_hypervisor.cpp'.
[3497/3989] Compiling C object 'buildtools/chkincs/fe389a9@@chkincs@exe/meson-generated_rte_node_ip6_api.c.o'.
[3498/3989] Generating 'buildtools/chkincs/fe389a9@@chkincs-cpp@exe/rte_interrupts.cpp'.
[3499/3989] Compiling C object 'buildtools/chkincs/fe389a9@@chkincs@exe/main.c.o'.
[3500/3989] Generating 'buildtools/chkincs/fe389a9@@chkincs-cpp@exe/rte_eal_memconfig.cpp'.
[3501/3989] Compiling C object 'buildtools/chkincs/fe389a9@@chkincs@exe/meson-generated_rte_node_udp4_input_api.c.o'.
FAILED: buildtools/chkincs/fe389a9@@chkincs@exe/meson-generated_rte_node_udp4_input_api.c.o
ccache aarch64-linux-gnu-gcc -Ibuildtools/chkincs/fe389a9@@chkincs@exe -Ibuildtools/chkincs -I../buildtools/chkincs -Iexamples/vmdq_dcb -I../examples/vmdq_dcb -I../examples/common -Idrivers/bus/vdev -I../drivers/bus/vdev -I. -I../ -Iconfig -I../config -Ilib/eal/include -I../lib/eal/include -Ilib/eal/linux/include -I../lib/eal/linux/include -Ilib/eal/arm/include -I../lib/eal/arm/include -Ilib/eal/common -I../lib/eal/common -Ilib/eal -I../lib/eal -Ilib/kvargs -I../lib/kvargs -Ilib/log -I../lib/log -Ilib/telemetry/../metrics -I../lib/telemetry/../metrics -Ilib/telemetry -I../lib/telemetry -Idrivers/bus/pci -I../drivers/bus/pci -I../drivers/bus/pci/linux -Ilib/pci -I../lib/pci -Ilib/ring -I../lib/ring -Ilib/rcu -I../lib/rcu -Ilib/mempool -I../lib/mempool -Ilib/mbuf -I../lib/mbuf -Ilib/net -I../lib/net -Ilib/meter -I../lib/meter -Ilib/ethdev -I../lib/ethdev -Ilib/cmdline -I../lib/cmdline -Ilib/metrics -I../lib/metrics -Ilib/hash -I../lib/hash -Ilib/timer -I../lib/timer -Ilib/acl -I../lib/acl -Ilib/bbdev -I../lib/bbdev -Ilib/bitratestats -I../lib/bitratestats -Ilib/bpf -I../lib/bpf -Ilib/cfgfile -I../lib/cfgfile -Ilib/compressdev -I../lib/compressdev -Ilib/cryptodev -I../lib/cryptodev -Ilib/distributor -I../lib/distributor -Ilib/efd -I../lib/efd -Ilib/eventdev -I../lib/eventdev -Ilib/gpudev -I../lib/gpudev -Ilib/gro -I../lib/gro -Ilib/gso -I../lib/gso -Ilib/ip_frag -I../lib/ip_frag -Ilib/jobstats -I../lib/jobstats -Ilib/latencystats -I../lib/latencystats -Ilib/lpm -I../lib/lpm -Ilib/member -I../lib/member -Ilib/pcapng -I../lib/pcapng -Ilib/power -I../lib/power -Ilib/rawdev -I../lib/rawdev -Ilib/regexdev -I../lib/regexdev -Ilib/mldev -I../lib/mldev -Ilib/dmadev -I../lib/dmadev -Ilib/rib -I../lib/rib -Ilib/reorder -I../lib/reorder -Ilib/sched -I../lib/sched -Ilib/security -I../lib/security -Ilib/stack -I../lib/stack -Ilib/vhost -I../lib/vhost -Ilib/ipsec -I../lib/ipsec -Ilib/pdcp -I../lib/pdcp -Ilib/fib -I../lib/fib -Ilib/port -I../lib/port -Ilib/pdump -I../lib/pdump -Ilib/table -I../lib/table -Ilib/pipeline -I../lib/pipeline -Ilib/graph -I../lib/graph -Ilib/node -I../lib/node -fdiagnostics-color=always -pipe -D_FILE_OFFSET_BITS=64 -Wall -Winvalid-pch -Wextra -Werror -std=c11 -O2 -g -include rte_config.h -Wcast-qual -Wdeprecated -Wformat -Wformat-nonliteral -Wformat-security -Wmissing-declarations -Wmissing-prototypes -Wnested-externs -Wold-style-definition -Wpointer-arith -Wsign-compare -Wstrict-prototypes -Wundef -Wwrite-strings -Wno-address-of-packed-member -Wno-packed-not-aligned -Wno-missing-field-initializers -D_GNU_SOURCE -march=armv8-a+crc -moutline-atomics -DALLOW_EXPERIMENTAL_API -DALLOW_INTERNAL_API -MD -MQ 'buildtools/chkincs/fe389a9@@chkincs@exe/meson-generated_rte_node_udp4_input_api.c.o' -MF 'buildtools/chkincs/fe389a9@@chkincs@exe/meson-generated_rte_node_udp4_input_api.c.o.d' -o 'buildtools/chkincs/fe389a9@@chkincs@exe/meson-generated_rte_node_udp4_input_api.c.o' -c 'buildtools/chkincs/fe389a9@@chkincs@exe/rte_node_udp4_input_api.c'
In file included from buildtools/chkincs/fe389a9@@chkincs@exe/rte_node_udp4_input_api.c:1:
/home/runner/work/dpdk/dpdk/lib/node/rte_node_udp4_input_api.h:54:51: error: unknown type name ‘rte_edge_t’
54 | int rte_node_udp4_dst_port_add(uint32_t dst_port, rte_edge_t next_node);
| ^~~~~~~~~~
[3502/3989] Compiling C object 'buildtools/chkincs/fe389a9@@chkincs@exe/meson-generated_rte_node_ip4_api.c.o'.
[3503/3989] Generating 'buildtools/chkincs/fe389a9@@chkincs-cpp@exe/rte_keepalive.cpp'.
ninja: build stopped: subcommand failed.
##[error]Process completed with exit code 1.
####################################################################################
#### [End job log] "ubuntu-20.04-gcc-shared-aarch64" at step Build and test
####################################################################################
####################################################################################
#### [Begin job log] "ubuntu-20.04-gcc-ppc64le" at step Build and test
####################################################################################
[2796/3296] Compiling C object 'buildtools/chkincs/fe389a9@@chkincs@exe/meson-generated_rte_pipeline.c.o'.
[2797/3296] Compiling C object 'buildtools/chkincs/fe389a9@@chkincs@exe/meson-generated_rte_port_in_action.c.o'.
[2798/3296] Compiling C object 'buildtools/chkincs/fe389a9@@chkincs@exe/meson-generated_rte_swx_pipeline.c.o'.
[2799/3296] Compiling C object 'buildtools/chkincs/fe389a9@@chkincs@exe/meson-generated_rte_table_action.c.o'.
[2800/3296] Compiling C object 'buildtools/chkincs/fe389a9@@chkincs@exe/meson-generated_rte_swx_extern.c.o'.
[2801/3296] Compiling C object 'buildtools/chkincs/fe389a9@@chkincs@exe/meson-generated_rte_swx_ctl.c.o'.
[2802/3296] Compiling C object 'buildtools/chkincs/fe389a9@@chkincs@exe/meson-generated_rte_graph.c.o'.
[2803/3296] Compiling C object 'buildtools/chkincs/fe389a9@@chkincs@exe/meson-generated_rte_swx_ipsec.c.o'.
[2804/3296] Compiling C object 'buildtools/chkincs/fe389a9@@chkincs@exe/meson-generated_rte_graph_worker.c.o'.
[2805/3296] Compiling C object 'buildtools/chkincs/fe389a9@@chkincs@exe/meson-generated_rte_node_ip6_api.c.o'.
[2806/3296] Compiling C object 'buildtools/chkincs/fe389a9@@chkincs@exe/meson-generated_rte_node_eth_api.c.o'.
[2807/3296] Compiling C object 'buildtools/chkincs/fe389a9@@chkincs@exe/main.c.o'.
[2808/3296] Compiling C object 'buildtools/chkincs/fe389a9@@chkincs@exe/meson-generated_rte_node_ip4_api.c.o'.
[2809/3296] Generating 'buildtools/chkincs/fe389a9@@chkincs-cpp@exe/rte_eal.cpp'.
[2810/3296] Compiling C object 'buildtools/chkincs/fe389a9@@chkincs@exe/meson-generated_rte_node_udp4_input_api.c.o'.
FAILED: buildtools/chkincs/fe389a9@@chkincs@exe/meson-generated_rte_node_udp4_input_api.c.o
ccache powerpc64le-linux-gnu-gcc -Ibuildtools/chkincs/fe389a9@@chkincs@exe -Ibuildtools/chkincs -I../buildtools/chkincs -Iexamples/l3fwd -I../examples/l3fwd -I../examples/common -Idrivers/bus/vdev -I../drivers/bus/vdev -I. -I../ -Iconfig -I../config -Ilib/eal/include -I../lib/eal/include -Ilib/eal/linux/include -I../lib/eal/linux/include -Ilib/eal/ppc/include -I../lib/eal/ppc/include -Ilib/eal/common -I../lib/eal/common -Ilib/eal -I../lib/eal -Ilib/kvargs -I../lib/kvargs -Ilib/log -I../lib/log -Ilib/telemetry/../metrics -I../lib/telemetry/../metrics -Ilib/telemetry -I../lib/telemetry -Idrivers/bus/pci -I../drivers/bus/pci -I../drivers/bus/pci/linux -Ilib/pci -I../lib/pci -Ilib/ring -I../lib/ring -Ilib/rcu -I../lib/rcu -Ilib/mempool -I../lib/mempool -Ilib/mbuf -I../lib/mbuf -Ilib/net -I../lib/net -Ilib/meter -I../lib/meter -Ilib/ethdev -I../lib/ethdev -Ilib/cmdline -I../lib/cmdline -Ilib/metrics -I../lib/metrics -Ilib/hash -I../lib/hash -Ilib/timer -I../lib/timer -Ilib/acl -I../lib/acl -Ilib/bbdev -I../lib/bbdev -Ilib/bitratestats -I../lib/bitratestats -Ilib/bpf -I../lib/bpf -Ilib/cfgfile -I../lib/cfgfile -Ilib/compressdev -I../lib/compressdev -Ilib/cryptodev -I../lib/cryptodev -Ilib/distributor -I../lib/distributor -Ilib/efd -I../lib/efd -Ilib/eventdev -I../lib/eventdev -Ilib/gpudev -I../lib/gpudev -Ilib/gro -I../lib/gro -Ilib/gso -I../lib/gso -Ilib/ip_frag -I../lib/ip_frag -Ilib/jobstats -I../lib/jobstats -Ilib/latencystats -I../lib/latencystats -Ilib/lpm -I../lib/lpm -Ilib/member -I../lib/member -Ilib/pcapng -I../lib/pcapng -Ilib/power -I../lib/power -Ilib/rawdev -I../lib/rawdev -Ilib/regexdev -I../lib/regexdev -Ilib/mldev -I../lib/mldev -Ilib/dmadev -I../lib/dmadev -Ilib/rib -I../lib/rib -Ilib/reorder -I../lib/reorder -Ilib/sched -I../lib/sched -Ilib/security -I../lib/security -Ilib/stack -I../lib/stack -Ilib/vhost -I../lib/vhost -Ilib/ipsec -I../lib/ipsec -Ilib/pdcp -I../lib/pdcp -Ilib/fib -I../lib/fib -Ilib/port -I../lib/port -Ilib/pdump -I../lib/pdump -Ilib/table -I../lib/table -Ilib/pipeline -I../lib/pipeline -Ilib/graph -I../lib/graph -Ilib/node -I../lib/node -fdiagnostics-color=always -pipe -D_FILE_OFFSET_BITS=64 -Wall -Winvalid-pch -Wextra -Werror -std=c11 -O2 -g -include rte_config.h -Wcast-qual -Wdeprecated -Wformat -Wformat-nonliteral -Wformat-security -Wmissing-declarations -Wmissing-prototypes -Wnested-externs -Wold-style-definition -Wpointer-arith -Wsign-compare -Wstrict-prototypes -Wundef -Wwrite-strings -Wno-address-of-packed-member -Wno-packed-not-aligned -Wno-missing-field-initializers -D_GNU_SOURCE -mcpu=power8 -mtune=power8 -DALLOW_EXPERIMENTAL_API -DALLOW_INTERNAL_API -MD -MQ 'buildtools/chkincs/fe389a9@@chkincs@exe/meson-generated_rte_node_udp4_input_api.c.o' -MF 'buildtools/chkincs/fe389a9@@chkincs@exe/meson-generated_rte_node_udp4_input_api.c.o.d' -o 'buildtools/chkincs/fe389a9@@chkincs@exe/meson-generated_rte_node_udp4_input_api.c.o' -c 'buildtools/chkincs/fe389a9@@chkincs@exe/rte_node_udp4_input_api.c'
In file included from buildtools/chkincs/fe389a9@@chkincs@exe/rte_node_udp4_input_api.c:1:
/home/runner/work/dpdk/dpdk/lib/node/rte_node_udp4_input_api.h:54:51: error: unknown type name ‘rte_edge_t’
54 | int rte_node_udp4_dst_port_add(uint32_t dst_port, rte_edge_t next_node);
| ^~~~~~~~~~
[2811/3296] Generating 'buildtools/chkincs/fe389a9@@chkincs-cpp@exe/rte_eal_trace.cpp'.
[2812/3296] Generating 'buildtools/chkincs/fe389a9@@chkincs-cpp@exe/rte_errno.cpp'.
ninja: build stopped: subcommand failed.
##[error]Process completed with exit code 1.
####################################################################################
#### [End job log] "ubuntu-20.04-gcc-ppc64le" at step Build and test
####################################################################################
####################################################################################
#### [Begin job log] "ubuntu-20.04-gcc-riscv64" at step Build and test
####################################################################################
[2766/3268] Compiling C object 'buildtools/chkincs/fe389a9@@chkincs@exe/meson-generated_rte_table_stub.c.o'.
[2767/3268] Compiling C object 'buildtools/chkincs/fe389a9@@chkincs@exe/meson-generated_rte_pipeline.c.o'.
[2768/3268] Compiling C object 'buildtools/chkincs/fe389a9@@chkincs@exe/meson-generated_rte_port_in_action.c.o'.
[2769/3268] Compiling C object 'buildtools/chkincs/fe389a9@@chkincs@exe/meson-generated_rte_swx_pipeline.c.o'.
[2770/3268] Compiling C object 'buildtools/chkincs/fe389a9@@chkincs@exe/meson-generated_rte_table_action.c.o'.
[2771/3268] Compiling C object 'buildtools/chkincs/fe389a9@@chkincs@exe/meson-generated_rte_swx_extern.c.o'.
[2772/3268] Compiling C object 'buildtools/chkincs/fe389a9@@chkincs@exe/meson-generated_rte_swx_ctl.c.o'.
[2773/3268] Compiling C object 'buildtools/chkincs/fe389a9@@chkincs@exe/meson-generated_rte_graph.c.o'.
[2774/3268] Compiling C object 'buildtools/chkincs/fe389a9@@chkincs@exe/meson-generated_rte_swx_ipsec.c.o'.
[2775/3268] Compiling C object 'buildtools/chkincs/fe389a9@@chkincs@exe/meson-generated_rte_node_eth_api.c.o'.
[2776/3268] Compiling C object 'buildtools/chkincs/fe389a9@@chkincs@exe/meson-generated_rte_graph_worker.c.o'.
[2777/3268] Compiling C object 'buildtools/chkincs/fe389a9@@chkincs@exe/meson-generated_rte_node_ip6_api.c.o'.
[2778/3268] Compiling C object 'buildtools/chkincs/fe389a9@@chkincs@exe/main.c.o'.
[2779/3268] Compiling C object 'buildtools/chkincs/fe389a9@@chkincs@exe/meson-generated_rte_node_ip4_api.c.o'.
[2780/3268] Compiling C object 'buildtools/chkincs/fe389a9@@chkincs@exe/meson-generated_rte_node_udp4_input_api.c.o'.
FAILED: buildtools/chkincs/fe389a9@@chkincs@exe/meson-generated_rte_node_udp4_input_api.c.o
ccache riscv64-linux-gnu-gcc -Ibuildtools/chkincs/fe389a9@@chkincs@exe -Ibuildtools/chkincs -I../buildtools/chkincs -Iexamples/l3fwd -I../examples/l3fwd -I../examples/common -Idrivers/bus/vdev -I../drivers/bus/vdev -I. -I../ -Iconfig -I../config -Ilib/eal/include -I../lib/eal/include -Ilib/eal/linux/include -I../lib/eal/linux/include -Ilib/eal/riscv/include -I../lib/eal/riscv/include -Ilib/eal/common -I../lib/eal/common -Ilib/eal -I../lib/eal -Ilib/kvargs -I../lib/kvargs -Ilib/log -I../lib/log -Ilib/telemetry/../metrics -I../lib/telemetry/../metrics -Ilib/telemetry -I../lib/telemetry -Idrivers/bus/pci -I../drivers/bus/pci -I../drivers/bus/pci/linux -Ilib/pci -I../lib/pci -Ilib/ring -I../lib/ring -Ilib/rcu -I../lib/rcu -Ilib/mempool -I../lib/mempool -Ilib/mbuf -I../lib/mbuf -Ilib/net -I../lib/net -Ilib/meter -I../lib/meter -Ilib/ethdev -I../lib/ethdev -Ilib/cmdline -I../lib/cmdline -Ilib/metrics -I../lib/metrics -Ilib/hash -I../lib/hash -Ilib/timer -I../lib/timer -Ilib/acl -I../lib/acl -Ilib/bbdev -I../lib/bbdev -Ilib/bitratestats -I../lib/bitratestats -Ilib/bpf -I../lib/bpf -Ilib/cfgfile -I../lib/cfgfile -Ilib/compressdev -I../lib/compressdev -Ilib/cryptodev -I../lib/cryptodev -Ilib/distributor -I../lib/distributor -Ilib/efd -I../lib/efd -Ilib/eventdev -I../lib/eventdev -Ilib/gpudev -I../lib/gpudev -Ilib/gro -I../lib/gro -Ilib/gso -I../lib/gso -Ilib/ip_frag -I../lib/ip_frag -Ilib/jobstats -I../lib/jobstats -Ilib/latencystats -I../lib/latencystats -Ilib/lpm -I../lib/lpm -Ilib/member -I../lib/member -Ilib/pcapng -I../lib/pcapng -Ilib/power -I../lib/power -Ilib/rawdev -I../lib/rawdev -Ilib/regexdev -I../lib/regexdev -Ilib/mldev -I../lib/mldev -Ilib/dmadev -I../lib/dmadev -Ilib/rib -I../lib/rib -Ilib/reorder -I../lib/reorder -Ilib/sched -I../lib/sched -Ilib/security -I../lib/security -Ilib/stack -I../lib/stack -Ilib/vhost -I../lib/vhost -Ilib/ipsec -I../lib/ipsec -Ilib/pdcp -I../lib/pdcp -Ilib/fib -I../lib/fib -Ilib/port -I../lib/port -Ilib/pdump -I../lib/pdump -Ilib/table -I../lib/table -Ilib/pipeline -I../lib/pipeline -Ilib/graph -I../lib/graph -Ilib/node -I../lib/node -fdiagnostics-color=always -pipe -D_FILE_OFFSET_BITS=64 -Wall -Winvalid-pch -Wextra -Werror -std=c11 -O2 -g -include rte_config.h -Wcast-qual -Wdeprecated -Wformat -Wformat-nonliteral -Wformat-security -Wmissing-declarations -Wmissing-prototypes -Wnested-externs -Wold-style-definition -Wpointer-arith -Wsign-compare -Wstrict-prototypes -Wundef -Wwrite-strings -Wno-address-of-packed-member -Wno-packed-not-aligned -Wno-missing-field-initializers -D_GNU_SOURCE -march=rv64gc -DALLOW_EXPERIMENTAL_API -DALLOW_INTERNAL_API -MD -MQ 'buildtools/chkincs/fe389a9@@chkincs@exe/meson-generated_rte_node_udp4_input_api.c.o' -MF 'buildtools/chkincs/fe389a9@@chkincs@exe/meson-generated_rte_node_udp4_input_api.c.o.d' -o 'buildtools/chkincs/fe389a9@@chkincs@exe/meson-generated_rte_node_udp4_input_api.c.o' -c 'buildtools/chkincs/fe389a9@@chkincs@exe/rte_node_udp4_input_api.c'
In file included from buildtools/chkincs/fe389a9@@chkincs@exe/rte_node_udp4_input_api.c:1:
/home/runner/work/dpdk/dpdk/lib/node/rte_node_udp4_input_api.h:54:51: error: unknown type name ‘rte_edge_t’
54 | int rte_node_udp4_dst_port_add(uint32_t dst_port, rte_edge_t next_node);
| ^~~~~~~~~~
[2781/3268] Generating 'buildtools/chkincs/fe389a9@@chkincs-cpp@exe/rte_eal_trace.cpp'.
[2782/3268] Generating 'buildtools/chkincs/fe389a9@@chkincs-cpp@exe/rte_eal.cpp'.
ninja: build stopped: subcommand failed.
##[error]Process completed with exit code 1.
####################################################################################
#### [End job log] "ubuntu-20.04-gcc-riscv64" at step Build and test
####################################################################################
####################################################################################
#### [Begin job log] "fedora:37-gcc" at step Build
####################################################################################
####################################################################################
#### [End job log] "fedora:37-gcc" at step Build
####################################################################################
####################################################################################
#### [Begin job log] "fedora:37-clang" at step Build
####################################################################################
####################################################################################
#### [End job log] "fedora:37-clang" at step Build
####################################################################################
--------------------------------END LOGS-----------------------------
^ permalink raw reply [flat|nested] 4+ messages in thread