automatic DPDK test reports
 help / color / mirror / Atom feed
From: qemudev@loongson.cn
To: test-report@dpdk.org
Subject: |SUCCESS| pw145708 [PATCH] doc: correct definition of Stats per queue feature
Date: Fri, 11 Oct 2024 09:11:08 +0800	[thread overview]
Message-ID: <202410110111.49B1B8Nu3173505@localhost.localdomain> (raw)
In-Reply-To: <20241011013827.5945-1-stephen@networkplumber.org>

Test-Label: loongarch-compilation
Test-Status: SUCCESS
http://dpdk.org/patch/145708

_Compilation OK_

Submitter: Stephen Hemminger <stephen@networkplumber.org>
Date: Thu, 10 Oct 2024 18:38:27 -0700
DPDK git baseline: Repo:dpdk
  Branch: main
  CommitID: e0bf217330a89c30505f218ce89005cfb662af7c

145708 --> meson & ninja build successfully

Test environment and result as below:

+---------------------+----------------+
|     Environment     | compilation    |
+---------------------+----------------+
| Loongnix-Server 8.3 | PASS           |
+---------------------+----------------+

Loongnix-Server 8.3
    Kernel: 4.19.190+
    Compiler: gcc 8.3


       reply	other threads:[~2024-10-11  1:40 UTC|newest]

Thread overview: 44+ messages / expand[flat|nested]  mbox.gz  Atom feed  top
     [not found] <20241011013827.5945-1-stephen@networkplumber.org>
2024-10-11  1:11 ` qemudev [this message]
2024-10-11  1:15 ` qemudev
2024-10-11  1:40 ` checkpatch
2024-10-11  2:43 ` 0-day Robot
2024-10-15  2:14 ` |SUCCESS| pw145708 [PATCH] doc: correct definition of Stats per queu dpdklab
2024-10-15  2:25 ` dpdklab
2024-10-15  3:17 ` dpdklab
2024-10-15  4:37 ` dpdklab
2024-10-15  5:20 ` dpdklab
2024-10-15  6:20 ` dpdklab
2024-10-15  6:40 ` dpdklab
2024-10-15  7:38 ` dpdklab
2024-10-15 10:17 ` dpdklab
2024-10-15 10:22 ` dpdklab
2024-10-15 16:59 ` |FAILURE| " dpdklab
2024-10-17  6:07 ` |SUCCESS| " dpdklab
2024-10-20 20:32 ` |WARNING| " dpdklab
2024-10-20 21:01 ` dpdklab
2024-10-20 21:02 ` dpdklab
2024-10-20 21:07 ` dpdklab
2024-10-20 21:12 ` dpdklab
2024-10-20 21:20 ` dpdklab
2024-10-20 21:20 ` dpdklab
2024-10-20 21:20 ` dpdklab
2024-10-20 21:26 ` dpdklab
2024-10-20 21:33 ` dpdklab
2024-10-20 21:36 ` dpdklab
2024-10-20 21:37 ` dpdklab
2024-10-20 21:42 ` dpdklab
2024-10-20 21:51 ` dpdklab
2024-10-20 22:01 ` dpdklab
2024-10-20 22:05 ` dpdklab
2024-10-20 22:11 ` dpdklab
2024-10-20 23:08 ` |FAILURE| " dpdklab
2024-10-21  0:20 ` |PENDING| " dpdklab
2024-10-21  0:28 ` |FAILURE| " dpdklab
2024-10-21  1:39 ` dpdklab
2024-10-21  3:02 ` |PENDING| " dpdklab
2024-10-21  3:54 ` |FAILURE| " dpdklab
2024-10-21  9:54 ` |PENDING| " dpdklab
2024-10-22 11:34 ` |SUCCESS| " dpdklab
2024-10-23  4:15 ` dpdklab
2024-10-23  5:02 ` dpdklab
2024-10-29  0:09 ` |WARNING| " dpdklab

Reply instructions:

You may reply publicly to this message via plain-text email
using any one of the following methods:

* Save the following mbox file, import it into your mail client,
  and reply-to-all from there: mbox

  Avoid top-posting and favor interleaved quoting:
  https://en.wikipedia.org/wiki/Posting_style#Interleaved_style

* Reply using the --to, --cc, and --in-reply-to
  switches of git-send-email(1):

  git send-email \
    --in-reply-to=202410110111.49B1B8Nu3173505@localhost.localdomain \
    --to=qemudev@loongson.cn \
    --cc=test-report@dpdk.org \
    /path/to/YOUR_REPLY

  https://kernel.org/pub/software/scm/git/docs/git-send-email.html

* If your mail client supports setting the In-Reply-To header
  via mailto: links, try the mailto: link
Be sure your reply has a Subject: header at the top and a blank line before the message body.
This is a public inbox, see mirroring instructions
for how to clone and mirror all data and code used for this inbox;
as well as URLs for NNTP newsgroup(s).