automatic DPDK test reports
 help / color / mirror / Atom feed
From: qemudev@loongson.cn
To: test-report@dpdk.org
Subject: |SUCCESS| pw150794-150795 [PATCH v4 2/2] common/idpf: enable AVX2 for single queue Tx
Date: Mon, 3 Feb 2025 12:44:25 +0800	[thread overview]
Message-ID: <202502030444.5134iPko643094@localhost.localdomain> (raw)
In-Reply-To: <20250203052430.1243485-3-shaiq.wani@intel.com>

Test-Label: loongarch-compilation
Test-Status: SUCCESS
http://dpdk.org/patch/150795

_Compilation OK_

Submitter: Shaiq Wani <shaiq.wani@intel.com>
Date: Mon,  3 Feb 2025 10:54:29 +0530
DPDK git baseline: Repo:dpdk-next-net-intel
  Branch: main
  CommitID: abf3b7b7b361f8aa8d75ae00d449b588a0cdcda3

150794-150795 --> meson & ninja build successfully

Test environment and result as below:

+---------------------+----------------+
|     Environment     | compilation    |
+---------------------+----------------+
| Loongnix-Server 8.3 | PASS           |
+---------------------+----------------+

Loongnix-Server 8.3
    Kernel: 4.19.190+
    Compiler: gcc 8.3


       reply	other threads:[~2025-02-03  5:20 UTC|newest]

Thread overview: 30+ messages / expand[flat|nested]  mbox.gz  Atom feed  top
     [not found] <20250203052430.1243485-3-shaiq.wani@intel.com>
2025-02-03  4:44 ` qemudev [this message]
2025-02-03  4:48 ` qemudev
2025-02-03  5:10 ` |SUCCESS| pw150795 " checkpatch
2025-02-03  6:04 ` |FAILURE| " 0-day Robot
2025-02-03  7:58 ` |SUCCESS| pw150794-150795 [PATCH] [v4,2/2] common/idpf: enable AVX2 dpdklab
2025-02-03  8:08 ` dpdklab
2025-02-03  8:20 ` |FAILURE| " dpdklab
2025-02-03  8:20 ` |PENDING| " dpdklab
2025-02-03  8:20 ` |FAILURE| " dpdklab
2025-02-03  8:26 ` |SUCCESS| " dpdklab
2025-02-03  8:28 ` |FAILURE| " dpdklab
2025-02-03  8:43 ` dpdklab
2025-02-03  8:50 ` dpdklab
2025-02-03  8:55 ` dpdklab
2025-02-03  8:57 ` |WARNING| " dpdklab
2025-02-03  8:59 ` |FAILURE| " dpdklab
2025-02-03  8:59 ` dpdklab
2025-02-03  8:59 ` dpdklab
2025-02-03  9:00 ` dpdklab
2025-02-03  9:00 ` dpdklab
2025-02-03  9:01 ` dpdklab
2025-02-03  9:01 ` dpdklab
2025-02-03  9:04 ` dpdklab
2025-02-03  9:04 ` dpdklab
2025-02-03  9:17 ` dpdklab
2025-02-03  9:21 ` |SUCCESS| " dpdklab
2025-02-03  9:28 ` |FAILURE| " dpdklab
2025-02-03 10:07 ` |SUCCESS| " dpdklab
2025-02-03 10:32 ` |WARNING| " dpdklab
2025-02-03 11:53 ` |SUCCESS| " dpdklab

Reply instructions:

You may reply publicly to this message via plain-text email
using any one of the following methods:

* Save the following mbox file, import it into your mail client,
  and reply-to-all from there: mbox

  Avoid top-posting and favor interleaved quoting:
  https://en.wikipedia.org/wiki/Posting_style#Interleaved_style

* Reply using the --to, --cc, and --in-reply-to
  switches of git-send-email(1):

  git send-email \
    --in-reply-to=202502030444.5134iPko643094@localhost.localdomain \
    --to=qemudev@loongson.cn \
    --cc=test-report@dpdk.org \
    /path/to/YOUR_REPLY

  https://kernel.org/pub/software/scm/git/docs/git-send-email.html

* If your mail client supports setting the In-Reply-To header
  via mailto: links, try the mailto: link
Be sure your reply has a Subject: header at the top and a blank line before the message body.
This is a public inbox, see mirroring instructions
for how to clone and mirror all data and code used for this inbox;
as well as URLs for NNTP newsgroup(s).