* |SUCCESS| pw150794-150795 [PATCH v4 2/2] common/idpf: enable AVX2 for single queue Tx
[not found] <20250203052430.1243485-3-shaiq.wani@intel.com>
@ 2025-02-03 4:44 ` qemudev
2025-02-03 4:48 ` qemudev
` (28 subsequent siblings)
29 siblings, 0 replies; 30+ messages in thread
From: qemudev @ 2025-02-03 4:44 UTC (permalink / raw)
To: test-report
Test-Label: loongarch-compilation
Test-Status: SUCCESS
http://dpdk.org/patch/150795
_Compilation OK_
Submitter: Shaiq Wani <shaiq.wani@intel.com>
Date: Mon, 3 Feb 2025 10:54:29 +0530
DPDK git baseline: Repo:dpdk-next-net-intel
Branch: main
CommitID: abf3b7b7b361f8aa8d75ae00d449b588a0cdcda3
150794-150795 --> meson & ninja build successfully
Test environment and result as below:
+---------------------+----------------+
| Environment | compilation |
+---------------------+----------------+
| Loongnix-Server 8.3 | PASS |
+---------------------+----------------+
Loongnix-Server 8.3
Kernel: 4.19.190+
Compiler: gcc 8.3
^ permalink raw reply [flat|nested] 30+ messages in thread
* |SUCCESS| pw150794-150795 [PATCH v4 2/2] common/idpf: enable AVX2 for single queue Tx
[not found] <20250203052430.1243485-3-shaiq.wani@intel.com>
2025-02-03 4:44 ` |SUCCESS| pw150794-150795 [PATCH v4 2/2] common/idpf: enable AVX2 for single queue Tx qemudev
@ 2025-02-03 4:48 ` qemudev
2025-02-03 5:10 ` |SUCCESS| pw150795 " checkpatch
` (27 subsequent siblings)
29 siblings, 0 replies; 30+ messages in thread
From: qemudev @ 2025-02-03 4:48 UTC (permalink / raw)
To: test-report
Test-Label: loongarch-unit-testing
Test-Status: SUCCESS
http://dpdk.org/patch/150795
_Unit Testing PASS_
Submitter: Shaiq Wani <shaiq.wani@intel.com>
Date: Mon, 3 Feb 2025 10:54:29 +0530
DPDK git baseline: Repo:dpdk-next-net-intel
Branch: main
CommitID: abf3b7b7b361f8aa8d75ae00d449b588a0cdcda3
150794-150795 --> testing pass
Test environment and result as below:
+---------------------+----------------+
| Environment | dpdk_unit_test |
+---------------------+----------------+
| Loongnix-Server 8.3 | PASS |
+---------------------+----------------+
Loongnix-Server 8.3
Kernel: 4.19.190+
Compiler: gcc 8.3
Test result details:
1/119 DPDK:fast-tests / acl_autotest OK 3.36s
2/119 DPDK:fast-tests / alarm_autotest OK 1.53s
3/119 DPDK:fast-tests / argparse_autotest OK 0.54s
4/119 DPDK:fast-tests / atomic_autotest OK 7.09s
5/119 DPDK:fast-tests / bitcount_autotest OK 0.40s
6/119 DPDK:fast-tests / bitmap_autotest OK 0.60s
7/119 DPDK:fast-tests / bitops_autotest OK 2.10s
8/119 DPDK:fast-tests / bitratestats_autotest OK 0.61s
9/119 DPDK:fast-tests / bitset_autotest OK 3.20s
10/119 DPDK:fast-tests / bpf_autotest OK 0.60s
11/119 DPDK:fast-tests / bpf_convert_autotest OK 0.60s
12/119 DPDK:fast-tests / byteorder_autotest OK 0.64s
13/119 DPDK:fast-tests / cfgfile_autotest OK 0.61s
14/119 DPDK:fast-tests / cksum_autotest OK 0.60s
15/119 DPDK:fast-tests / cmdline_autotest OK 0.60s
16/119 DPDK:fast-tests / common_autotest OK 1.49s
17/119 DPDK:fast-tests / compressdev_autotest SKIP 0.06s exit status 77
18/119 DPDK:fast-tests / cpuflags_autotest OK 0.30s
19/119 DPDK:fast-tests / crc_autotest OK 0.31s
20/119 DPDK:fast-tests / user_delay_us OK 0.31s
21/119 DPDK:fast-tests / debug_autotest OK 16.38s
22/119 DPDK:fast-tests / devargs_autotest OK 0.30s
23/119 DPDK:fast-tests / dispatcher_autotest OK 2.53s
24/119 DPDK:fast-tests / distributor_autotest OK 1.20s
25/119 DPDK:fast-tests / eal_flags_c_opt_autotest OK 0.81s
26/119 DPDK:fast-tests / eal_flags_main_opt_autotest OK 0.22s
27/119 DPDK:fast-tests / eal_flags_n_opt_autotest OK 0.20s
28/119 DPDK:fast-tests / eal_flags_hpet_autotest OK 0.13s
29/119 DPDK:fast-tests / eal_flags_no_huge_autotest OK 0.22s
30/119 DPDK:fast-tests / eal_flags_a_opt_autotest OK 0.31s
31/119 DPDK:fast-tests / eal_flags_b_opt_autotest OK 0.25s
32/119 DPDK:fast-tests / eal_flags_vdev_opt_autotest OK 0.20s
33/119 DPDK:fast-tests / eal_flags_r_opt_autotest OK 0.19s
34/119 DPDK:fast-tests / eal_flags_mem_autotest OK 0.60s
35/119 DPDK:fast-tests / eal_flags_file_prefix_autotest OK 22.28s
36/119 DPDK:fast-tests / eal_flags_misc_autotest OK 1.07s
37/119 DPDK:fast-tests / eal_fs_autotest OK 0.31s
38/119 DPDK:fast-tests / errno_autotest OK 0.31s
39/119 DPDK:fast-tests / ethdev_link_status OK 0.31s
40/119 DPDK:fast-tests / event_eth_tx_adapter_autotest OK 1.68s
41/119 DPDK:fast-tests / event_ring_autotest OK 0.31s
42/119 DPDK:fast-tests / eventdev_common_autotest OK 0.31s
43/119 DPDK:fast-tests / eventdev_selftest_sw OK 7.18s
44/119 DPDK:fast-tests / fbarray_autotest OK 0.31s
45/119 DPDK:fast-tests / fib_autotest OK 1.21s
46/119 DPDK:fast-tests / fib6_autotest OK 0.99s
47/119 DPDK:fast-tests / func_reentrancy_autotest OK 2.14s
48/119 DPDK:fast-tests / graph_autotest OK 0.31s
49/119 DPDK:fast-tests / node_list_dump OK 0.31s
50/119 DPDK:fast-tests / hash_autotest OK 0.93s
51/119 DPDK:fast-tests / hash_readwrite_func_autotest OK 6.44s
52/119 DPDK:fast-tests / interrupt_autotest OK 1.61s
53/119 DPDK:fast-tests / ipfrag_autotest OK 0.07s
54/119 DPDK:fast-tests / ipsec_autotest SKIP 0.31s exit status 77
55/119 DPDK:fast-tests / kvargs_autotest OK 0.31s
56/119 DPDK:fast-tests / latencystats_autotest OK 0.31s
57/119 DPDK:fast-tests / lcore_var_autotest OK 0.45s
58/119 DPDK:fast-tests / lcores_autotest OK 5.22s
59/119 DPDK:fast-tests / logs_autotest OK 0.41s
60/119 DPDK:fast-tests / lpm_autotest OK 2.43s
61/119 DPDK:fast-tests / lpm6_autotest OK 5.58s
62/119 DPDK:fast-tests / malloc_autotest OK 59.74s
63/119 DPDK:fast-tests / mbuf_autotest OK 4.77s
64/119 DPDK:fast-tests / mcslock_autotest OK 2.73s
65/119 DPDK:fast-tests / member_autotest OK 1.53s
66/119 DPDK:fast-tests / memcpy_autotest OK 6.86s
67/119 DPDK:fast-tests / memory_autotest OK 0.08s
68/119 DPDK:fast-tests / mempool_autotest OK 0.43s
69/119 DPDK:fast-tests / memzone_autotest OK 0.14s
70/119 DPDK:fast-tests / meter_autotest OK 0.31s
71/119 DPDK:fast-tests / metrics_autotest OK 0.31s
72/119 DPDK:fast-tests / multiprocess_autotest OK 0.18s
73/119 DPDK:fast-tests / net_ether_autotest OK 0.97s
74/119 DPDK:fast-tests / net_ipv6_autotest OK 0.31s
75/119 DPDK:fast-tests / pcapng_autotest OK 6.52s
76/119 DPDK:fast-tests / pdcp_autotest SKIP 0.06s exit status 77
77/119 DPDK:fast-tests / pdump_autotest OK 0.41s
78/119 DPDK:fast-tests / per_lcore_autotest OK 0.41s
79/119 DPDK:fast-tests / pflock_autotest OK 1.12s
80/119 DPDK:fast-tests / pie_autotest OK 0.31s
81/119 DPDK:fast-tests / ring_pmd_autotest OK 0.31s
82/119 DPDK:fast-tests / power_autotest OK 0.31s
83/119 DPDK:fast-tests / power_cpufreq_autotest SKIP 0.06s exit status 77
84/119 DPDK:fast-tests / power_intel_uncore_autotest SKIP 0.30s exit status 77
85/119 DPDK:fast-tests / power_kvm_vm_autotest SKIP 0.06s exit status 77
86/119 DPDK:fast-tests / prefetch_autotest OK 0.31s
87/119 DPDK:fast-tests / ptr_compress_autotest OK 0.31s
88/119 DPDK:fast-tests / rawdev_autotest OK 0.31s
89/119 DPDK:fast-tests / rcu_qsbr_autotest OK 0.83s
90/119 DPDK:fast-tests / reorder_autotest OK 0.36s
91/119 DPDK:fast-tests / rib_autotest OK 8.96s
92/119 DPDK:fast-tests / rib6_autotest OK 8.97s
93/119 DPDK:fast-tests / ring_autotest OK 0.34s
94/119 DPDK:fast-tests / rwlock_test1_autotest OK 1.06s
95/119 DPDK:fast-tests / rwlock_rda_autotest OK 5.31s
96/119 DPDK:fast-tests / rwlock_rds_wrm_autotest OK 5.31s
97/119 DPDK:fast-tests / rwlock_rde_wro_autotest OK 5.31s
98/119 DPDK:fast-tests / sched_autotest OK 0.31s
99/119 DPDK:fast-tests / security_autotest OK 0.06s
100/119 DPDK:fast-tests / seqlock_autotest OK 2.40s
101/119 DPDK:fast-tests / service_autotest OK 3.10s
102/119 DPDK:fast-tests / soring_autotest OK 0.40s
103/119 DPDK:fast-tests / spinlock_autotest OK 0.48s
104/119 DPDK:fast-tests / stack_autotest OK 0.87s
105/119 DPDK:fast-tests / stack_lf_autotest SKIP 0.06s exit status 77
106/119 DPDK:fast-tests / string_autotest OK 0.39s
107/119 DPDK:fast-tests / table_autotest OK 7.46s
108/119 DPDK:fast-tests / tailq_autotest OK 0.39s
109/119 DPDK:fast-tests / telemetry_data_autotest OK 0.40s
110/119 DPDK:fast-tests / telemetry_json_autotest OK 0.40s
111/119 DPDK:fast-tests / thash_autotest OK 0.41s
112/119 DPDK:fast-tests / threads_autotest OK 0.57s
113/119 DPDK:fast-tests / ticketlock_autotest OK 0.55s
114/119 DPDK:fast-tests / timer_autotest OK 3.90s
115/119 DPDK:fast-tests / trace_autotest OK 0.40s
116/119 DPDK:fast-tests / trace_autotest_with_traces OK 0.40s
117/119 DPDK:fast-tests / vdev_autotest OK 0.39s
118/119 DPDK:fast-tests / version_autotest OK 0.40s
119/119 DPDK:fast-tests / telemetry_all OK 1.25s
Ok: 112
Expected Fail: 0
Fail: 0
Unexpected Pass: 0
Skipped: 7
Timeout: 0
^ permalink raw reply [flat|nested] 30+ messages in thread
* |SUCCESS| pw150795 [PATCH v4 2/2] common/idpf: enable AVX2 for single queue Tx
[not found] <20250203052430.1243485-3-shaiq.wani@intel.com>
2025-02-03 4:44 ` |SUCCESS| pw150794-150795 [PATCH v4 2/2] common/idpf: enable AVX2 for single queue Tx qemudev
2025-02-03 4:48 ` qemudev
@ 2025-02-03 5:10 ` checkpatch
2025-02-03 6:04 ` |FAILURE| " 0-day Robot
` (26 subsequent siblings)
29 siblings, 0 replies; 30+ messages in thread
From: checkpatch @ 2025-02-03 5:10 UTC (permalink / raw)
To: test-report
Test-Label: checkpatch
Test-Status: SUCCESS
http://dpdk.org/patch/150795
_coding style OK_
^ permalink raw reply [flat|nested] 30+ messages in thread
* |FAILURE| pw150795 [PATCH v4 2/2] common/idpf: enable AVX2 for single queue Tx
[not found] <20250203052430.1243485-3-shaiq.wani@intel.com>
` (2 preceding siblings ...)
2025-02-03 5:10 ` |SUCCESS| pw150795 " checkpatch
@ 2025-02-03 6:04 ` 0-day Robot
2025-02-03 7:58 ` |SUCCESS| pw150794-150795 [PATCH] [v4,2/2] common/idpf: enable AVX2 dpdklab
` (25 subsequent siblings)
29 siblings, 0 replies; 30+ messages in thread
From: 0-day Robot @ 2025-02-03 6:04 UTC (permalink / raw)
To: test-report; +Cc: shaiq.wani, robot
From: robot@bytheb.org
Test-Label: github-robot: build
Test-Status: FAILURE
http://patchwork.dpdk.org/patch/150795/
_github build: failed_
Build URL: https://github.com/ovsrobot/dpdk/actions/runs/13106977058
Build Logs:
-----------------------Summary of failed steps-----------------------
"ubuntu-22.04-gcc-stdatomic" failed at step Build and test
"ubuntu-22.04-clang-stdatomic" failed at step Build and test
"ubuntu-22.04-gcc-abi+debug+doc+examples+tests" failed at step Build and test
"ubuntu-22.04-clang-asan+doc+tests" failed at step Build and test
"ubuntu-22.04-gcc-static-i386" failed at step Build and test
"ubuntu-22.04-gcc-static-mingw" failed at step Build and test
"fedora:39-gcc" failed at step Build
"fedora:39-clang" failed at step Build
----------------------End summary of failed steps--------------------
-------------------------------BEGIN LOGS----------------------------
####################################################################################
#### [Begin job log] "ubuntu-22.04-gcc-stdatomic" at step Build and test
####################################################################################
[564/3218] Compiling C object drivers/libtmp_rte_common_iavf.a.p/common_iavf_iavf_adminq.c.o
[565/3218] Linking target lib/librte_pipeline.so.25.1
[566/3218] Linking static target drivers/libtmp_rte_common_iavf.a
[567/3218] Compiling C object drivers/common/idpf/libidpf_avx2_lib.a.p/idpf_common_rxtx_avx2.c.o
FAILED: drivers/common/idpf/libidpf_avx2_lib.a.p/idpf_common_rxtx_avx2.c.o
ccache gcc -Idrivers/common/idpf/libidpf_avx2_lib.a.p -Idrivers/common/idpf -I../drivers/common/idpf -Idrivers/common/iavf -I../drivers/common/iavf -Ilib/ethdev -I../lib/ethdev -I. -I.. -Iconfig -I../config -Ilib/eal/include -I../lib/eal/include -Ilib/eal/linux/include -I../lib/eal/linux/include -Ilib/eal/x86/include -I../lib/eal/x86/include -I../kernel/linux -Ilib/eal/common -I../lib/eal/common -Ilib/eal -I../lib/eal -Ilib/kvargs -I../lib/kvargs -Ilib/log -I../lib/log -Ilib/metrics -I../lib/metrics -Ilib/telemetry -I../lib/telemetry -Ilib/net -I../lib/net -Ilib/mbuf -I../lib/mbuf -Ilib/mempool -I../lib/mempool -Ilib/ring -I../lib/ring -Ilib/meter -I../lib/meter -Ilib/hash -I../lib/hash -Ilib/rcu -I../lib/rcu -fdiagnostics-color=always -pipe -D_FILE_OFFSET_BITS=64 -Wall -Winvalid-pch -Wextra -Werror -std=c11 -O2 -g -include rte_config.h -Wcast-qual -Wdeprecated -Wformat -Wformat-nonliteral -Wformat-security -Wmissing-declarations -Wmissing-prototypes -Wnested-externs -Wold-style-definition -Wpointer-arith -Wsign-compare -Wstrict-prototypes -Wundef -Wwrite-strings -Wno-packed-not-aligned -Wno-missing-field-initializers -D_GNU_SOURCE -fPIC -march=corei7 -mrtm -DALLOW_EXPERIMENTAL_API -DALLOW_INTERNAL_API -Wno-format-truncation -Wno-address-of-packed-member -mavx2 -MD -MQ drivers/common/idpf/libidpf_avx2_lib.a.p/idpf_common_rxtx_avx2.c.o -MF drivers/common/idpf/libidpf_avx2_lib.a.p/idpf_common_rxtx_avx2.c.o.d -o drivers/common/idpf/libidpf_avx2_lib.a.p/idpf_common_rxtx_avx2.c.o -c ../drivers/common/idpf/idpf_common_rxtx_avx2.c
../drivers/common/idpf/idpf_common_rxtx_avx2.c: In function ‘idpf_singleq_vtx1’:
../drivers/common/idpf/idpf_common_rxtx_avx2.c:559:25: error: cast discards ‘volatile’ qualifier from pointer target type [-Werror=cast-qual]
559 | _mm_store_si128((__m128i *)txdp, descriptor);
| ^
../drivers/common/idpf/idpf_common_rxtx_avx2.c: In function ‘idpf_singleq_vtx’:
../drivers/common/idpf/idpf_common_rxtx_avx2.c:606:36: error: cast discards ‘volatile’ qualifier from pointer target type [-Werror=cast-qual]
606 | _mm256_store_si256((void *)(txdp + 2), desc2_3);
| ^
../drivers/common/idpf/idpf_common_rxtx_avx2.c:607:36: error: cast discards ‘volatile’ qualifier from pointer target type [-Werror=cast-qual]
607 | _mm256_store_si256((void *)txdp, desc0_1);
| ^
cc1: all warnings being treated as errors
[568/3218] Generating symbol file drivers/librte_common_dpaax.so.25.1.p/librte_common_dpaax.so.25.1.symbols
[569/3218] Generating rte_common_iavf.pmd.c with a custom command
[570/3218] Generating symbol file lib/librte_pipeline.so.25.1.p/librte_pipeline.so.25.1.symbols
[571/3218] Compiling C object drivers/common/idpf/libidpf_common_avx512_lib.a.p/idpf_common_rxtx_avx512.c.o
[572/3218] Compiling C object lib/librte_vhost.a.p/vhost_virtio_net.c.o
ninja: build stopped: subcommand failed.
##[error]Process completed with exit code 1.
####################################################################################
#### [End job log] "ubuntu-22.04-gcc-stdatomic" at step Build and test
####################################################################################
####################################################################################
#### [Begin job log] "ubuntu-22.04-clang-stdatomic" at step Build and test
####################################################################################
[556/3218] Generating symbol file drivers/librte_common_cpt.so.25.1.p/librte_common_cpt.so.25.1.symbols
[557/3218] Compiling C object drivers/libtmp_rte_common_iavf.a.p/common_iavf_iavf_adminq.c.o
[558/3218] Compiling C object drivers/libtmp_rte_common_iavf.a.p/common_iavf_iavf_impl.c.o
[559/3218] Compiling C object drivers/libtmp_rte_common_iavf.a.p/common_iavf_iavf_common.c.o
[560/3218] Linking static target drivers/libtmp_rte_common_iavf.a
[561/3218] Compiling C object drivers/common/idpf/libidpf_avx2_lib.a.p/idpf_common_rxtx_avx2.c.o
FAILED: drivers/common/idpf/libidpf_avx2_lib.a.p/idpf_common_rxtx_avx2.c.o
ccache clang -Idrivers/common/idpf/libidpf_avx2_lib.a.p -Idrivers/common/idpf -I../drivers/common/idpf -Idrivers/common/iavf -I../drivers/common/iavf -Ilib/ethdev -I../lib/ethdev -I. -I.. -Iconfig -I../config -Ilib/eal/include -I../lib/eal/include -Ilib/eal/linux/include -I../lib/eal/linux/include -Ilib/eal/x86/include -I../lib/eal/x86/include -I../kernel/linux -Ilib/eal/common -I../lib/eal/common -Ilib/eal -I../lib/eal -Ilib/kvargs -I../lib/kvargs -Ilib/log -I../lib/log -Ilib/metrics -I../lib/metrics -Ilib/telemetry -I../lib/telemetry -Ilib/net -I../lib/net -Ilib/mbuf -I../lib/mbuf -Ilib/mempool -I../lib/mempool -Ilib/ring -I../lib/ring -Ilib/meter -I../lib/meter -Ilib/hash -I../lib/hash -Ilib/rcu -I../lib/rcu -Xclang -fcolor-diagnostics -pipe -D_FILE_OFFSET_BITS=64 -Wall -Winvalid-pch -Wextra -Werror -std=c11 -O2 -g -include rte_config.h -Wcast-qual -Wdeprecated -Wformat -Wformat-nonliteral -Wformat-security -Wmissing-declarations -Wmissing-prototypes -Wnested-externs -Wold-style-definition -Wpointer-arith -Wsign-compare -Wstrict-prototypes -Wundef -Wwrite-strings -Wno-missing-field-initializers -D_GNU_SOURCE -fPIC -march=corei7 -mrtm -DALLOW_EXPERIMENTAL_API -DALLOW_INTERNAL_API -Wno-address-of-packed-member -mavx2 -MD -MQ drivers/common/idpf/libidpf_avx2_lib.a.p/idpf_common_rxtx_avx2.c.o -MF drivers/common/idpf/libidpf_avx2_lib.a.p/idpf_common_rxtx_avx2.c.o.d -o drivers/common/idpf/libidpf_avx2_lib.a.p/idpf_common_rxtx_avx2.c.o -c ../drivers/common/idpf/idpf_common_rxtx_avx2.c
../drivers/common/idpf/idpf_common_rxtx_avx2.c:559:29: error: cast from 'volatile struct idpf_base_tx_desc *' to '__attribute__((__vector_size__(2 * sizeof(long long)))) long long *' drops volatile qualifier [-Werror,-Wcast-qual]
_mm_store_si128((__m128i *)txdp, descriptor);
^
../drivers/common/idpf/idpf_common_rxtx_avx2.c:606:30: error: cast from 'volatile struct idpf_base_tx_desc *' to 'void *' drops volatile qualifier [-Werror,-Wcast-qual]
_mm256_store_si256((void *)(txdp + 2), desc2_3);
^
../drivers/common/idpf/idpf_common_rxtx_avx2.c:607:30: error: cast from 'volatile struct idpf_base_tx_desc *' to 'void *' drops volatile qualifier [-Werror,-Wcast-qual]
_mm256_store_si256((void *)txdp, desc0_1);
^
3 errors generated.
[562/3218] Generating rte_common_iavf.pmd.c with a custom command
[563/3218] Generating rte_common_dpaax.sym_chk with a custom command (wrapped by meson to capture output)
[564/3218] Compiling C object drivers/common/idpf/libidpf_common_avx512_lib.a.p/idpf_common_rxtx_avx512.c.o
[565/3218] Compiling C object lib/librte_vhost.a.p/vhost_virtio_net.c.o
[566/3218] Compiling C object lib/librte_pipeline.a.p/pipeline_rte_table_action.c.o
ninja: build stopped: subcommand failed.
##[error]Process completed with exit code 1.
####################################################################################
#### [End job log] "ubuntu-22.04-clang-stdatomic" at step Build and test
####################################################################################
####################################################################################
#### [Begin job log] "ubuntu-22.04-gcc-abi+debug+doc+examples+tests" at step Build and test
####################################################################################
[584/6654] Linking static target drivers/librte_common_iavf.a
[585/6654] Generating symbol file lib/librte_node.so.25.1.p/librte_node.so.25.1.symbols
[586/6654] Compiling C object drivers/librte_common_iavf.so.25.1.p/meson-generated_.._rte_common_iavf.pmd.c.o
[587/6654] Compiling C object drivers/common/idpf/libidpf_avx2_lib.a.p/idpf_common_rxtx_avx2.c.o
FAILED: drivers/common/idpf/libidpf_avx2_lib.a.p/idpf_common_rxtx_avx2.c.o
ccache gcc -Idrivers/common/idpf/libidpf_avx2_lib.a.p -Idrivers/common/idpf -I../drivers/common/idpf -Idrivers/common/iavf -I../drivers/common/iavf -Ilib/ethdev -I../lib/ethdev -I. -I.. -Iconfig -I../config -Ilib/eal/include -I../lib/eal/include -Ilib/eal/linux/include -I../lib/eal/linux/include -Ilib/eal/x86/include -I../lib/eal/x86/include -I../kernel/linux -Ilib/eal/common -I../lib/eal/common -Ilib/eal -I../lib/eal -Ilib/kvargs -I../lib/kvargs -Ilib/log -I../lib/log -Ilib/metrics -I../lib/metrics -Ilib/telemetry -I../lib/telemetry -Ilib/net -I../lib/net -Ilib/mbuf -I../lib/mbuf -Ilib/mempool -I../lib/mempool -Ilib/ring -I../lib/ring -Ilib/meter -I../lib/meter -Ilib/hash -I../lib/hash -Ilib/rcu -I../lib/rcu -fdiagnostics-color=always -pipe -D_FILE_OFFSET_BITS=64 -Wall -Winvalid-pch -Wextra -Werror -std=c11 -g -include rte_config.h -Wcast-qual -Wdeprecated -Wformat -Wformat-nonliteral -Wformat-security -Wmissing-declarations -Wmissing-prototypes -Wnested-externs -Wold-style-definition -Wpointer-arith -Wsign-compare -Wstrict-prototypes -Wundef -Wwrite-strings -Wno-packed-not-aligned -Wno-missing-field-initializers -D_GNU_SOURCE -fPIC -march=corei7 -mrtm -DALLOW_EXPERIMENTAL_API -DALLOW_INTERNAL_API -Wno-format-truncation -Wno-address-of-packed-member -mavx2 -MD -MQ drivers/common/idpf/libidpf_avx2_lib.a.p/idpf_common_rxtx_avx2.c.o -MF drivers/common/idpf/libidpf_avx2_lib.a.p/idpf_common_rxtx_avx2.c.o.d -o drivers/common/idpf/libidpf_avx2_lib.a.p/idpf_common_rxtx_avx2.c.o -c ../drivers/common/idpf/idpf_common_rxtx_avx2.c
../drivers/common/idpf/idpf_common_rxtx_avx2.c: In function ‘idpf_singleq_vtx1’:
../drivers/common/idpf/idpf_common_rxtx_avx2.c:559:25: error: cast discards ‘volatile’ qualifier from pointer target type [-Werror=cast-qual]
559 | _mm_store_si128((__m128i *)txdp, descriptor);
| ^
../drivers/common/idpf/idpf_common_rxtx_avx2.c: In function ‘idpf_singleq_vtx’:
../drivers/common/idpf/idpf_common_rxtx_avx2.c:606:36: error: cast discards ‘volatile’ qualifier from pointer target type [-Werror=cast-qual]
606 | _mm256_store_si256((void *)(txdp + 2), desc2_3);
| ^
../drivers/common/idpf/idpf_common_rxtx_avx2.c:607:36: error: cast discards ‘volatile’ qualifier from pointer target type [-Werror=cast-qual]
607 | _mm256_store_si256((void *)txdp, desc0_1);
| ^
cc1: all warnings being treated as errors
[588/6654] Generating rte_common_dpaax.sym_chk with a custom command (wrapped by meson to capture output)
[589/6654] Generating rte_common_iavf.sym_chk with a custom command (wrapped by meson to capture output)
[590/6654] Compiling C object drivers/common/idpf/libidpf_common_avx512_lib.a.p/idpf_common_rxtx_avx512.c.o
[591/6654] Compiling C object drivers/libtmp_rte_common_idpf.a.p/common_idpf_idpf_common_device.c.o
[592/6654] Compiling C object lib/librte_pipeline.a.p/pipeline_rte_table_action.c.o
ninja: build stopped: subcommand failed.
##[error]Process completed with exit code 1.
####################################################################################
#### [End job log] "ubuntu-22.04-gcc-abi+debug+doc+examples+tests" at step Build and test
####################################################################################
####################################################################################
#### [Begin job log] "ubuntu-22.04-clang-asan+doc+tests" at step Build and test
####################################################################################
[570/6654] Compiling C object drivers/librte_common_dpaax.so.25.1.p/meson-generated_.._rte_common_dpaax.pmd.c.o
[571/6654] Linking target drivers/librte_common_dpaax.so.25.1
[572/6654] Generating symbol file drivers/librte_common_dpaax.so.25.1.p/librte_common_dpaax.so.25.1.symbols
[573/6654] Compiling C object drivers/libtmp_rte_common_iavf.a.p/common_iavf_iavf_common.c.o
[574/6654] Compiling C object drivers/libtmp_rte_common_iavf.a.p/common_iavf_iavf_impl.c.o
[575/6654] Compiling C object drivers/common/idpf/libidpf_avx2_lib.a.p/idpf_common_rxtx_avx2.c.o
FAILED: drivers/common/idpf/libidpf_avx2_lib.a.p/idpf_common_rxtx_avx2.c.o
ccache clang -Idrivers/common/idpf/libidpf_avx2_lib.a.p -Idrivers/common/idpf -I../drivers/common/idpf -Idrivers/common/iavf -I../drivers/common/iavf -Ilib/ethdev -I../lib/ethdev -I. -I.. -Iconfig -I../config -Ilib/eal/include -I../lib/eal/include -Ilib/eal/linux/include -I../lib/eal/linux/include -Ilib/eal/x86/include -I../lib/eal/x86/include -I../kernel/linux -Ilib/eal/common -I../lib/eal/common -Ilib/eal -I../lib/eal -Ilib/kvargs -I../lib/kvargs -Ilib/log -I../lib/log -Ilib/metrics -I../lib/metrics -Ilib/telemetry -I../lib/telemetry -Ilib/net -I../lib/net -Ilib/mbuf -I../lib/mbuf -Ilib/mempool -I../lib/mempool -Ilib/ring -I../lib/ring -Ilib/meter -I../lib/meter -Ilib/hash -I../lib/hash -Ilib/rcu -I../lib/rcu -Xclang -fcolor-diagnostics -fsanitize=address -fno-omit-frame-pointer -pipe -D_FILE_OFFSET_BITS=64 -Wall -Winvalid-pch -Wextra -Werror -std=c11 -O2 -g -include rte_config.h -Wcast-qual -Wdeprecated -Wformat -Wformat-nonliteral -Wformat-security -Wmissing-declarations -Wmissing-prototypes -Wnested-externs -Wold-style-definition -Wpointer-arith -Wsign-compare -Wstrict-prototypes -Wundef -Wwrite-strings -Wno-missing-field-initializers -D_GNU_SOURCE -fPIC -march=corei7 -mrtm -DALLOW_EXPERIMENTAL_API -DALLOW_INTERNAL_API -Wno-address-of-packed-member -mavx2 -MD -MQ drivers/common/idpf/libidpf_avx2_lib.a.p/idpf_common_rxtx_avx2.c.o -MF drivers/common/idpf/libidpf_avx2_lib.a.p/idpf_common_rxtx_avx2.c.o.d -o drivers/common/idpf/libidpf_avx2_lib.a.p/idpf_common_rxtx_avx2.c.o -c ../drivers/common/idpf/idpf_common_rxtx_avx2.c
../drivers/common/idpf/idpf_common_rxtx_avx2.c:559:29: error: cast from 'volatile struct idpf_base_tx_desc *' to '__attribute__((__vector_size__(2 * sizeof(long long)))) long long *' drops volatile qualifier [-Werror,-Wcast-qual]
_mm_store_si128((__m128i *)txdp, descriptor);
^
../drivers/common/idpf/idpf_common_rxtx_avx2.c:606:30: error: cast from 'volatile struct idpf_base_tx_desc *' to 'void *' drops volatile qualifier [-Werror,-Wcast-qual]
_mm256_store_si256((void *)(txdp + 2), desc2_3);
^
../drivers/common/idpf/idpf_common_rxtx_avx2.c:607:30: error: cast from 'volatile struct idpf_base_tx_desc *' to 'void *' drops volatile qualifier [-Werror,-Wcast-qual]
_mm256_store_si256((void *)txdp, desc0_1);
^
3 errors generated.
[576/6654] Compiling C object drivers/libtmp_rte_common_iavf.a.p/common_iavf_iavf_adminq.c.o
[577/6654] Compiling C object lib/librte_node.a.p/node_ip6_rewrite.c.o
[578/6654] Compiling C object lib/librte_node.a.p/node_ip4_rewrite.c.o
[579/6654] Compiling C object lib/librte_pipeline.a.p/pipeline_rte_table_action.c.o
[580/6654] Compiling C object lib/librte_vhost.a.p/vhost_virtio_net.c.o
ninja: build stopped: subcommand failed.
##[error]Process completed with exit code 1.
####################################################################################
#### [End job log] "ubuntu-22.04-clang-asan+doc+tests" at step Build and test
####################################################################################
####################################################################################
#### [Begin job log] "ubuntu-22.04-gcc-static-i386" at step Build and test
####################################################################################
[547/5605] Linking static target drivers/librte_common_iavf.a
[548/5605] Generating symbol file drivers/librte_common_dpaax.so.25.1.p/librte_common_dpaax.so.25.1.symbols
[549/5605] Compiling C object drivers/librte_common_iavf.so.25.1.p/meson-generated_.._rte_common_iavf.pmd.c.o
[550/5605] Compiling C object drivers/common/idpf/libidpf_avx2_lib.a.p/idpf_common_rxtx_avx2.c.o
FAILED: drivers/common/idpf/libidpf_avx2_lib.a.p/idpf_common_rxtx_avx2.c.o
ccache gcc -Idrivers/common/idpf/libidpf_avx2_lib.a.p -Idrivers/common/idpf -I../drivers/common/idpf -Idrivers/common/iavf -I../drivers/common/iavf -Ilib/ethdev -I../lib/ethdev -I. -I.. -Iconfig -I../config -Ilib/eal/include -I../lib/eal/include -Ilib/eal/linux/include -I../lib/eal/linux/include -Ilib/eal/x86/include -I../lib/eal/x86/include -I../kernel/linux -Ilib/eal/common -I../lib/eal/common -Ilib/eal -I../lib/eal -Ilib/kvargs -I../lib/kvargs -Ilib/log -I../lib/log -Ilib/metrics -I../lib/metrics -Ilib/telemetry -I../lib/telemetry -Ilib/net -I../lib/net -Ilib/mbuf -I../lib/mbuf -Ilib/mempool -I../lib/mempool -Ilib/ring -I../lib/ring -Ilib/meter -I../lib/meter -Ilib/hash -I../lib/hash -Ilib/rcu -I../lib/rcu -fdiagnostics-color=always -pipe -D_FILE_OFFSET_BITS=64 -Wall -Winvalid-pch -Wextra -Werror -std=c11 -O2 -g -include rte_config.h -Wcast-qual -Wdeprecated -Wformat -Wformat-nonliteral -Wformat-security -Wmissing-declarations -Wmissing-prototypes -Wnested-externs -Wold-style-definition -Wpointer-arith -Wsign-compare -Wstrict-prototypes -Wundef -Wwrite-strings -Wno-packed-not-aligned -Wno-missing-field-initializers -Wno-pointer-to-int-cast -D_GNU_SOURCE -m32 -fPIC -march=corei7 -mrtm -DALLOW_EXPERIMENTAL_API -DALLOW_INTERNAL_API -Wno-format-truncation -Wno-address-of-packed-member -mavx2 -MD -MQ drivers/common/idpf/libidpf_avx2_lib.a.p/idpf_common_rxtx_avx2.c.o -MF drivers/common/idpf/libidpf_avx2_lib.a.p/idpf_common_rxtx_avx2.c.o.d -o drivers/common/idpf/libidpf_avx2_lib.a.p/idpf_common_rxtx_avx2.c.o -c ../drivers/common/idpf/idpf_common_rxtx_avx2.c
../drivers/common/idpf/idpf_common_rxtx_avx2.c: In function ‘idpf_singleq_vtx1’:
../drivers/common/idpf/idpf_common_rxtx_avx2.c:559:25: error: cast discards ‘volatile’ qualifier from pointer target type [-Werror=cast-qual]
559 | _mm_store_si128((__m128i *)txdp, descriptor);
| ^
../drivers/common/idpf/idpf_common_rxtx_avx2.c: In function ‘idpf_singleq_vtx’:
../drivers/common/idpf/idpf_common_rxtx_avx2.c:606:36: error: cast discards ‘volatile’ qualifier from pointer target type [-Werror=cast-qual]
606 | _mm256_store_si256((void *)(txdp + 2), desc2_3);
| ^
../drivers/common/idpf/idpf_common_rxtx_avx2.c:607:36: error: cast discards ‘volatile’ qualifier from pointer target type [-Werror=cast-qual]
607 | _mm256_store_si256((void *)txdp, desc0_1);
| ^
cc1: all warnings being treated as errors
[551/5605] Compiling C object drivers/common/idpf/libidpf_common_avx512_lib.a.p/idpf_common_rxtx_avx512.c.o
[552/5605] Generating rte_common_iavf.sym_chk with a custom command (wrapped by meson to capture output)
[553/5605] Compiling C object drivers/libtmp_rte_common_idpf.a.p/common_idpf_idpf_common_rxtx.c.o
[554/5605] Compiling C object lib/librte_vhost.a.p/vhost_virtio_net.c.o
[555/5605] Compiling C object lib/librte_pipeline.a.p/pipeline_rte_table_action.c.o
ninja: build stopped: subcommand failed.
##[error]Process completed with exit code 1.
####################################################################################
#### [End job log] "ubuntu-22.04-gcc-static-i386" at step Build and test
####################################################################################
####################################################################################
#### [Begin job log] "ubuntu-22.04-gcc-static-mingw" at step Build and test
####################################################################################
[321/2991] Compiling C object drivers/librte_common_iavf-25.dll.p/meson-generated_.._rte_common_iavf.pmd.c.obj
[322/2991] Linking target drivers/librte_common_iavf-25.dll
[323/2991] Compiling C object drivers/libtmp_rte_common_idpf.a.p/common_idpf_base_idpf_controlq_setup.c.obj
[324/2991] Compiling C object drivers/common/idpf/libidpf_avx2_lib.a.p/idpf_common_rxtx_avx2.c.obj
FAILED: drivers/common/idpf/libidpf_avx2_lib.a.p/idpf_common_rxtx_avx2.c.obj
ccache x86_64-w64-mingw32-gcc -Idrivers/common/idpf/libidpf_avx2_lib.a.p -Idrivers/common/idpf -I../drivers/common/idpf -Idrivers/common/iavf -I../drivers/common/iavf -Ilib/ethdev -I../lib/ethdev -I. -I.. -Iconfig -I../config -Ilib/eal/include -I../lib/eal/include -Ilib/eal/windows/include -I../lib/eal/windows/include -Ilib/eal/x86/include -I../lib/eal/x86/include -Ilib/eal/common -I../lib/eal/common -Ilib/eal -I../lib/eal -Ilib/log -I../lib/log -Ilib/kvargs -I../lib/kvargs -Ilib/net -I../lib/net -Ilib/mbuf -I../lib/mbuf -Ilib/mempool -I../lib/mempool -Ilib/ring -I../lib/ring -Ilib/metrics -I../lib/metrics -Ilib/telemetry -I../lib/telemetry -Ilib/meter -I../lib/meter -Ilib/hash -I../lib/hash -Ilib/rcu -I../lib/rcu -fdiagnostics-color=always -pipe -D_FILE_OFFSET_BITS=64 -Wall -Winvalid-pch -Wextra -Werror -std=c11 -O2 -g -include rte_config.h -Wcast-qual -Wdeprecated -Wformat -Wformat-nonliteral -Wformat-security -Wmissing-declarations -Wmissing-prototypes -Wnested-externs -Wold-style-definition -Wpointer-arith -Wsign-compare -Wstrict-prototypes -Wundef -Wwrite-strings -Wno-packed-not-aligned -Wno-missing-field-initializers -D_GNU_SOURCE -D_WIN32_WINNT=0x0A00 -D__USE_MINGW_ANSI_STDIO -march=native -mrtm -DALLOW_EXPERIMENTAL_API -DALLOW_INTERNAL_API -Wno-format-truncation -Wno-address-of-packed-member -mavx2 -MD -MQ drivers/common/idpf/libidpf_avx2_lib.a.p/idpf_common_rxtx_avx2.c.obj -MF drivers/common/idpf/libidpf_avx2_lib.a.p/idpf_common_rxtx_avx2.c.obj.d -o drivers/common/idpf/libidpf_avx2_lib.a.p/idpf_common_rxtx_avx2.c.obj -c ../drivers/common/idpf/idpf_common_rxtx_avx2.c
../drivers/common/idpf/idpf_common_rxtx_avx2.c: In function ‘idpf_singleq_vtx1’:
../drivers/common/idpf/idpf_common_rxtx_avx2.c:559:18: error: cast discards ‘volatile’ qualifier from pointer target type [-Werror=cast-qual]
559 | _mm_store_si128((__m128i *)txdp, descriptor);
| ^
../drivers/common/idpf/idpf_common_rxtx_avx2.c: In function ‘idpf_singleq_vtx’:
../drivers/common/idpf/idpf_common_rxtx_avx2.c:606:22: error: cast discards ‘volatile’ qualifier from pointer target type [-Werror=cast-qual]
606 | _mm256_store_si256((void *)(txdp + 2), desc2_3);
| ^
../drivers/common/idpf/idpf_common_rxtx_avx2.c:607:22: error: cast discards ‘volatile’ qualifier from pointer target type [-Werror=cast-qual]
607 | _mm256_store_si256((void *)txdp, desc0_1);
| ^
cc1: all warnings being treated as errors
[325/2991] Generating symbol file lib/librte_fib-25.dll.p/librte_fib-25.dll.symbols
[326/2991] Generating symbol file drivers/librte_common_iavf-25.dll.p/librte_common_iavf-25.dll.symbols
[327/2991] Compiling C object app/dpdk-testpmd.exe.p/test-pmd_shared_rxq_fwd.c.obj
[328/2991] Compiling C object app/dpdk-testpmd.exe.p/test-pmd_rxonly.c.obj
[329/2991] Compiling C object drivers/libtmp_rte_common_idpf.a.p/common_idpf_idpf_common_virtchnl.c.obj
ninja: build stopped: subcommand failed.
##[error]Process completed with exit code 1.
####################################################################################
#### [End job log] "ubuntu-22.04-gcc-static-mingw" at step Build and test
####################################################################################
####################################################################################
#### [Begin job log] "fedora:39-gcc" at step Build
####################################################################################
####################################################################################
#### [End job log] "fedora:39-gcc" at step Build
####################################################################################
####################################################################################
#### [Begin job log] "fedora:39-clang" at step Build
####################################################################################
####################################################################################
#### [End job log] "fedora:39-clang" at step Build
####################################################################################
--------------------------------END LOGS-----------------------------
^ permalink raw reply [flat|nested] 30+ messages in thread
* |SUCCESS| pw150794-150795 [PATCH] [v4,2/2] common/idpf: enable AVX2
[not found] <20250203052430.1243485-3-shaiq.wani@intel.com>
` (3 preceding siblings ...)
2025-02-03 6:04 ` |FAILURE| " 0-day Robot
@ 2025-02-03 7:58 ` dpdklab
2025-02-03 8:08 ` dpdklab
` (24 subsequent siblings)
29 siblings, 0 replies; 30+ messages in thread
From: dpdklab @ 2025-02-03 7:58 UTC (permalink / raw)
To: Test Report; +Cc: dpdk-test-reports
Test-Label: iol-sample-apps-testing
Test-Status: SUCCESS
http://dpdk.org/patch/150795
_Testing PASS_
Submitter: Shaiq Wani <shaiq.wani@intel.com>
Date: Monday, February 03 2025 05:24:30
DPDK git baseline: Repo:dpdk
Branch: master
CommitID:abf3b7b7b361f8aa8d75ae00d449b588a0cdcda3
150794-150795 --> testing pass
Upstream job id: Template-DTS-Pipeline#210319
Test environment and result as below:
+--------------------+----------------------+
| Environment | compressdev_zlib_pmd |
+====================+======================+
| Ubuntu 22.04 (ARM) | PASS |
+--------------------+----------------------+
Ubuntu 22.04 (ARM)
Kernel: 5.15.0-97-generic
Compiler: gcc gcc (Ubuntu 11.4.0-1ubuntu1~22.04) 11.4.0
To view detailed results, visit:
https://lab.dpdk.org/results/dashboard/patchsets/32480/
UNH-IOL DPDK Community Lab
To manage your email subscriptions, visit:
https://lab.dpdk.org/results/dashboard/preferences/subscriptions/
^ permalink raw reply [flat|nested] 30+ messages in thread
* |SUCCESS| pw150794-150795 [PATCH] [v4,2/2] common/idpf: enable AVX2
[not found] <20250203052430.1243485-3-shaiq.wani@intel.com>
` (4 preceding siblings ...)
2025-02-03 7:58 ` |SUCCESS| pw150794-150795 [PATCH] [v4,2/2] common/idpf: enable AVX2 dpdklab
@ 2025-02-03 8:08 ` dpdklab
2025-02-03 8:20 ` |FAILURE| " dpdklab
` (23 subsequent siblings)
29 siblings, 0 replies; 30+ messages in thread
From: dpdklab @ 2025-02-03 8:08 UTC (permalink / raw)
To: Test Report; +Cc: dpdk-test-reports
Test-Label: iol-marvell-Functional
Test-Status: SUCCESS
http://dpdk.org/patch/150795
_Functional Testing PASS_
Submitter: Shaiq Wani <shaiq.wani@intel.com>
Date: Monday, February 03 2025 05:24:30
DPDK git baseline: Repo:dpdk
Branch: master
CommitID:abf3b7b7b361f8aa8d75ae00d449b588a0cdcda3
150794-150795 --> functional testing pass
Upstream job id: Template-DTS-Pipeline#210317
Test environment and result as below:
Ubuntu 20.04.6
Kernel: 5.4.105
Compiler: gcc 9.4
NIC: Marvell CN106XX 50000 Mbps
Target: arm64-native-linuxapp-gcc
Aggregate Results by Test Suite
+-----------------+--------+
| Test Suite | Result |
+=================+========+
| cmdline | PASS |
+-----------------+--------+
| ipv4_reassembly | PASS |
+-----------------+--------+
| rxtx_callbacks | PASS |
+-----------------+--------+
| tso | PASS |
+-----------------+--------+
To view detailed results, visit:
https://lab.dpdk.org/results/dashboard/patchsets/32480/
UNH-IOL DPDK Community Lab
To manage your email subscriptions, visit:
https://lab.dpdk.org/results/dashboard/preferences/subscriptions/
^ permalink raw reply [flat|nested] 30+ messages in thread
* |FAILURE| pw150794-150795 [PATCH] [v4,2/2] common/idpf: enable AVX2
[not found] <20250203052430.1243485-3-shaiq.wani@intel.com>
` (5 preceding siblings ...)
2025-02-03 8:08 ` dpdklab
@ 2025-02-03 8:20 ` dpdklab
2025-02-03 8:20 ` |PENDING| " dpdklab
` (22 subsequent siblings)
29 siblings, 0 replies; 30+ messages in thread
From: dpdklab @ 2025-02-03 8:20 UTC (permalink / raw)
To: Test Report; +Cc: dpdk-test-reports, Shaiq Wani
Test-Label: iol-compile-amd64-testing
Test-Status: FAILURE
http://dpdk.org/patch/150795
_Testing issues_
Submitter: Shaiq Wani <shaiq.wani@intel.com>
Date: Monday, February 03 2025 05:24:30
DPDK git baseline: Repo:dpdk
Branch: master
CommitID:abf3b7b7b361f8aa8d75ae00d449b588a0cdcda3
150794-150795 --> testing issues
Upstream job id: Windows-Compile-DPDK-VS#4795
Test environment and result as below:
+---------------------+--------------------+------------------+-------------------+-------------------+
| Environment | dpdk_meson_compile | dpdk_compile_ovs | dpdk_compile_spdk | dpdk_msvc_compile |
+=====================+====================+==================+===================+===================+
| CentOS Stream 9 | PEND | PEND | PEND | SKIPPED |
+---------------------+--------------------+------------------+-------------------+-------------------+
| Debian Bullseye | PEND | PEND | PEND | SKIPPED |
+---------------------+--------------------+------------------+-------------------+-------------------+
| Debian 12 | PEND | PEND | PEND | SKIPPED |
+---------------------+--------------------+------------------+-------------------+-------------------+
| Fedora 40 (Clang) | PEND | PEND | PEND | SKIPPED |
+---------------------+--------------------+------------------+-------------------+-------------------+
| Fedora 40 | PEND | PEND | PEND | SKIPPED |
+---------------------+--------------------+------------------+-------------------+-------------------+
| Fedora 41 | PEND | PEND | PEND | SKIPPED |
+---------------------+--------------------+------------------+-------------------+-------------------+
| Fedora 41 (Clang) | PEND | PEND | PEND | SKIPPED |
+---------------------+--------------------+------------------+-------------------+-------------------+
| openSUSE Leap 15 | PEND | SKIPPED | SKIPPED | SKIPPED |
+---------------------+--------------------+------------------+-------------------+-------------------+
| RHEL8 | PEND | PEND | SKIPPED | SKIPPED |
+---------------------+--------------------+------------------+-------------------+-------------------+
| RHEL9 | PEND | PEND | SKIPPED | SKIPPED |
+---------------------+--------------------+------------------+-------------------+-------------------+
| Ubuntu 20.04 | PEND | PEND | SKIPPED | SKIPPED |
+---------------------+--------------------+------------------+-------------------+-------------------+
| Ubuntu 22.04 | PEND | PEND | PEND | SKIPPED |
+---------------------+--------------------+------------------+-------------------+-------------------+
| Alpine | PEND | PEND | SKIPPED | SKIPPED |
+---------------------+--------------------+------------------+-------------------+-------------------+
| FreeBSD 13.4 | FAIL | SKIPPED | SKIPPED | SKIPPED |
+---------------------+--------------------+------------------+-------------------+-------------------+
| Windows Server 2022 | SKIPPED | SKIPPED | SKIPPED | PASS |
+---------------------+--------------------+------------------+-------------------+-------------------+
==== 20 line log output for FreeBSD 13.4 (dpdk_meson_compile): ====
[462/1943] Generating drivers/rte_bus_auxiliary.pmd.c with a custom command
[463/1943] Compiling C object drivers/common/idpf/libidpf_avx2_lib.a.p/idpf_common_rxtx_avx2.c.o
FAILED: drivers/common/idpf/libidpf_avx2_lib.a.p/idpf_common_rxtx_avx2.c.o
ccache cc -Idrivers/common/idpf/libidpf_avx2_lib.a.p -Idrivers/common/idpf -I../drivers/common/idpf -Idrivers/common/iavf -I../drivers/common/iavf -Ilib/ethdev -I../lib/ethdev -I. -I.. -Iconfig -I../config -Ilib/eal/include -I../lib/eal/include -Ilib/eal/freebsd/include -I../lib/eal/freebsd/include -Ilib/eal/x86/include -I../lib/eal/x86/include -Ilib/eal/common -I../lib/eal/common -Ilib/eal -I../lib/eal -Ilib/kvargs -I../lib/kvargs -Ilib/log -I../lib/log -Ilib/metrics -I../lib/metrics -Ilib/telemetry -I../lib/telemetry -Ilib/net -I../lib/net -Ilib/mbuf -I../lib/mbuf -Ilib/mempool -I../lib/mempool -Ilib/ring -I../lib/ring -Ilib/meter -I../lib/meter -Ilib/hash -I../lib/hash -Ilib/rcu -I../lib/rcu -I/usr/local/include -fdiagnostics-color=always -D_FILE_OFFSET_BITS=64 -Wall -Winvalid-pch -Wextra -Werror -std=c11 -O3 -include rte_config.h -Wcast-qual -Wdeprecated -Wformat -Wformat-nonliteral -Wformat-security -Wmissing-declarations -Wmissing-prototypes -Wnested-externs -Wold-style-definit
ion -Wpointer-arith -Wsign-compare -Wstrict-prototypes -Wundef -Wwrite-strings -Wno-missing-field-initializers -D_GNU_SOURCE -D__BSD_VISIBLE -fPIC -march=native -mrtm -DALLOW_EXPERIMENTAL_API -DALLOW_INTERNAL_API -Wno-format-truncation -Wno-address-of-packed-member -mavx2 -MD -MQ drivers/common/idpf/libidpf_avx2_lib.a.p/idpf_common_rxtx_avx2.c.o -MF drivers/common/idpf/libidpf_avx2_lib.a.p/idpf_common_rxtx_avx2.c.o.d -o drivers/common/idpf/libidpf_avx2_lib.a.p/idpf_common_rxtx_avx2.c.o -c ../drivers/common/idpf/idpf_common_rxtx_avx2.c
../drivers/common/idpf/idpf_common_rxtx_avx2.c:559:29: error: cast from 'volatile struct idpf_base_tx_desc *' to '__attribute__((__vector_size__(2 * sizeof(long long)))) long long *' drops volatile qualifier [-Werror,-Wcast-qual]
559 | _mm_store_si128((__m128i *)txdp, descriptor);
| ^
../drivers/common/idpf/idpf_common_rxtx_avx2.c:606:30: error: cast from 'volatile struct idpf_base_tx_desc *' to 'void *' drops volatile qualifier [-Werror,-Wcast-qual]
606 | _mm256_store_si256((void *)(txdp + 2), desc2_3);
| ^
../drivers/common/idpf/idpf_common_rxtx_avx2.c:607:30: error: cast from 'volatile struct idpf_base_tx_desc *' to 'void *' drops volatile qualifier [-Werror,-Wcast-qual]
607 | _mm256_store_si256((void *)txdp, desc0_1);
| ^
3 errors generated.
[464/1943] Compiling C object drivers/librte_bus_auxiliary.a.p/meson-generated_.._rte_bus_auxiliary.pmd.c.o
[465/1943] Generating drivers/rte_common_ionic.sym_chk with a custom command (wrapped by meson to capture output)
[466/1943] Generating drivers/rte_bus_ifpga.pmd.c with a custom command
[467/1943] Generating lib/eal.sym_chk with a custom command (wrapped by meson to capture output)
[468/1943] Generating lib/pipeline.sym_chk with a custom command (wrapped by meson to capture output)
ninja: build stopped: subcommand failed.
==== End log output ====
CentOS Stream 9
Kernel: Depends on container host
Compiler: gcc 11.5.0 20240719 (Red Hat 11.5.0-2)
Debian Bullseye
Kernel: Depends on container host
Compiler: gcc (Debian 10.2.1-6) 10.2.1 20210110
Debian 12
Kernel: Depends on container host
Compiler: gcc (Debian 12.2.0-14) 12.2.0
Fedora 40 (Clang)
Kernel: Depends on container host
Compiler: clang 18.1.8 (Fedora 18.1.8-1.fc40)
Fedora 40
Kernel: Depends on container host
Compiler: gcc 14.2.1 20240912 (Red Hat 14.2.1-3)
Fedora 41
Kernel: Depends on container host
Compiler: gcc 14.2.1 20240912 (Red Hat 14.2.1-3)
Fedora 41 (Clang)
Kernel: Depends on container host
Compiler: clang 19.1.5 (Fedora 19.1.5-1.fc41)
openSUSE Leap 15
Kernel: Depends on container host
Compiler: gcc (SUSE Linux) 7.5.0
RHEL8
Kernel: Depends on container host
Compiler: gcc 8.5.0 20210514 (Red Hat 8.5.0-22)
RHEL9
Kernel: Depends on container host
Compiler: gcc 11.5.0 20240719 (Red Hat 11.5.0-2)
Ubuntu 20.04
Kernel: Depends on container host
Compiler: gcc (Ubuntu 9.4.0-1ubuntu1~20.04.2) 9.4.0
Ubuntu 22.04
Kernel: Depends on container host
Compiler: gcc (Ubuntu 11.4.0-1ubuntu1~22.04) 11.4.0
Alpine
Kernel: Depends on container host
Compiler: gcc (Alpine 14.2.0) 14.2.0
FreeBSD 13.4
Kernel: 13.4-RELEASE-p1
Compiler: clang 18.1.6
Windows Server 2022
Kernel: 10.0.20348.2031
Compiler: clang 15.0.7, gcc 14.1.0 (MinGW), and MSVC VS 19.39.33521
To view detailed results, visit:
https://lab.dpdk.org/results/dashboard/patchsets/32480/
UNH-IOL DPDK Community Lab
To manage your email subscriptions, visit:
https://lab.dpdk.org/results/dashboard/preferences/subscriptions/
^ permalink raw reply [flat|nested] 30+ messages in thread
* |PENDING| pw150794-150795 [PATCH] [v4,2/2] common/idpf: enable AVX2
[not found] <20250203052430.1243485-3-shaiq.wani@intel.com>
` (6 preceding siblings ...)
2025-02-03 8:20 ` |FAILURE| " dpdklab
@ 2025-02-03 8:20 ` dpdklab
2025-02-03 8:20 ` |FAILURE| " dpdklab
` (21 subsequent siblings)
29 siblings, 0 replies; 30+ messages in thread
From: dpdklab @ 2025-02-03 8:20 UTC (permalink / raw)
To: Test Report; +Cc: dpdk-test-reports
Test-Label: iol-unit-arm64-testing
Test-Status: PENDING
http://dpdk.org/patch/150795
_Testing pending_
Submitter: Shaiq Wani <shaiq.wani@intel.com>
Date: Monday, February 03 2025 05:24:30
DPDK git baseline: Repo:dpdk
Branch: master
CommitID:abf3b7b7b361f8aa8d75ae00d449b588a0cdcda3
150794-150795 --> testing pending
Upstream job id: Aarch32-Unit-Test#5175
Test environment and result as below:
+-----------------------------+----------------+--------------+---------------------------+------------------------------+
| Environment | dpdk_unit_test | lpm_autotest | cryptodev_sw_zuc_autotest | cryptodev_sw_snow3g_autotest |
+=============================+================+==============+===========================+==============================+
| 32-bit Ubuntu 22.04.4 (ARM) | PASS | SKIPPED | SKIPPED | SKIPPED |
+-----------------------------+----------------+--------------+---------------------------+------------------------------+
| CentOS Stream 9 (ARM) | PEND | SKIPPED | SKIPPED | SKIPPED |
+-----------------------------+----------------+--------------+---------------------------+------------------------------+
| Debian 12 (arm) | PEND | SKIPPED | PEND | PEND |
+-----------------------------+----------------+--------------+---------------------------+------------------------------+
| Debian 11 (Buster) (ARM) | PEND | SKIPPED | SKIPPED | SKIPPED |
+-----------------------------+----------------+--------------+---------------------------+------------------------------+
| Fedora 40 (ARM Clang) | PEND | SKIPPED | SKIPPED | SKIPPED |
+-----------------------------+----------------+--------------+---------------------------+------------------------------+
| Fedora 41 (ARM) | PEND | SKIPPED | SKIPPED | SKIPPED |
+-----------------------------+----------------+--------------+---------------------------+------------------------------+
| Fedora 40 (ARM) | PEND | SKIPPED | SKIPPED | SKIPPED |
+-----------------------------+----------------+--------------+---------------------------+------------------------------+
| Fedora 41 (ARM Clang) | PEND | SKIPPED | SKIPPED | SKIPPED |
+-----------------------------+----------------+--------------+---------------------------+------------------------------+
| RHEL9 (ARM) | PEND | SKIPPED | SKIPPED | SKIPPED |
+-----------------------------+----------------+--------------+---------------------------+------------------------------+
| Ubuntu 20.04 (ARM) | PEND | SKIPPED | SKIPPED | SKIPPED |
+-----------------------------+----------------+--------------+---------------------------+------------------------------+
| Ubuntu 22.04 (ARM) | PEND | SKIPPED | SKIPPED | SKIPPED |
+-----------------------------+----------------+--------------+---------------------------+------------------------------+
| Ubuntu 24.04 (ARM) | PEND | SKIPPED | SKIPPED | SKIPPED |
+-----------------------------+----------------+--------------+---------------------------+------------------------------+
| Ubuntu 20.04 ARM SVE | SKIPPED | PEND | SKIPPED | SKIPPED |
+-----------------------------+----------------+--------------+---------------------------+------------------------------+
32-bit Ubuntu 22.04.4 (ARM)
Kernel: 5.15.83+ aarch64
Compiler: gcc (Ubuntu 11.4.0-1ubuntu1~22.04) 11.4.0
CentOS Stream 9 (ARM)
Kernel: Depends on container host
Compiler: gcc 11.5.0 20240719 (Red Hat 11.5.0-2)
Debian 12 (arm)
Kernel: Depends on container host
Compiler: gcc (Debian 12.2.0-14) 12.2.0
Debian 11 (Buster) (ARM)
Kernel: Depends on container host
Compiler: gcc (Debian 10.2.1-6) 10.2.1 20210110
Fedora 40 (ARM Clang)
Kernel: Depends on container host
Compiler: clang 18.1.8 (Fedora 18.1.8-1.fc40)
Fedora 41 (ARM)
Kernel: Depends on container host
Compiler: gcc 14.2.1 20240912 (Red Hat 14.2.1-3)
Fedora 40 (ARM)
Kernel: Depends on container host
Compiler: gcc 14.2.1 20240912 (Red Hat 14.2.1-3)
Fedora 41 (ARM Clang)
Kernel: Depends on container host
Compiler: clang 19.1.5 (Fedora 19.1.5-1.fc41)
RHEL9 (ARM)
Kernel: Depends on container host
Compiler: gcc 11.5.0 20240719 (Red Hat 11.5.0-2)
Ubuntu 20.04 (ARM)
Kernel: Depends on container host
Compiler: gcc (Ubuntu 9.4.0-1ubuntu1~20.04.2) 9.4.0
Ubuntu 22.04 (ARM)
Kernel: Depends on container host
Compiler: gcc (Ubuntu 11.4.0-1ubuntu1~22.04) 11.4.0
Ubuntu 24.04 (ARM)
Kernel: Depends on container host
Compiler: gcc (Ubuntu 13.3.0-6ubuntu2~24.04) 13.3.0
Ubuntu 20.04 ARM SVE
Kernel: Depends on container host
Compiler: gcc (Ubuntu 10.5.0-1ubuntu1~20.04) 10.5.0
To view detailed results, visit:
https://lab.dpdk.org/results/dashboard/patchsets/32480/
UNH-IOL DPDK Community Lab
To manage your email subscriptions, visit:
https://lab.dpdk.org/results/dashboard/preferences/subscriptions/
^ permalink raw reply [flat|nested] 30+ messages in thread
* |FAILURE| pw150794-150795 [PATCH] [v4,2/2] common/idpf: enable AVX2
[not found] <20250203052430.1243485-3-shaiq.wani@intel.com>
` (7 preceding siblings ...)
2025-02-03 8:20 ` |PENDING| " dpdklab
@ 2025-02-03 8:20 ` dpdklab
2025-02-03 8:26 ` |SUCCESS| " dpdklab
` (20 subsequent siblings)
29 siblings, 0 replies; 30+ messages in thread
From: dpdklab @ 2025-02-03 8:20 UTC (permalink / raw)
To: Test Report; +Cc: dpdk-test-reports, Shaiq Wani
Test-Label: iol-compile-amd64-testing
Test-Status: FAILURE
http://dpdk.org/patch/150795
_Testing issues_
Submitter: Shaiq Wani <shaiq.wani@intel.com>
Date: Monday, February 03 2025 05:24:30
DPDK git baseline: Repo:dpdk
Branch: master
CommitID:abf3b7b7b361f8aa8d75ae00d449b588a0cdcda3
150794-150795 --> testing issues
Upstream job id: Generic-VM-DPDK-Compile-Meson#33003
Test environment and result as below:
+---------------------+--------------------+------------------+-------------------+-------------------+
| Environment | dpdk_meson_compile | dpdk_compile_ovs | dpdk_compile_spdk | dpdk_msvc_compile |
+=====================+====================+==================+===================+===================+
| CentOS Stream 9 | PEND | PEND | PEND | SKIPPED |
+---------------------+--------------------+------------------+-------------------+-------------------+
| Debian Bullseye | PEND | PEND | PEND | SKIPPED |
+---------------------+--------------------+------------------+-------------------+-------------------+
| Debian 12 | PEND | PEND | PEND | SKIPPED |
+---------------------+--------------------+------------------+-------------------+-------------------+
| Fedora 40 (Clang) | PEND | PEND | PEND | SKIPPED |
+---------------------+--------------------+------------------+-------------------+-------------------+
| Fedora 40 | PEND | PEND | PEND | SKIPPED |
+---------------------+--------------------+------------------+-------------------+-------------------+
| Fedora 41 | PEND | PEND | PEND | SKIPPED |
+---------------------+--------------------+------------------+-------------------+-------------------+
| Fedora 41 (Clang) | PEND | PEND | PEND | SKIPPED |
+---------------------+--------------------+------------------+-------------------+-------------------+
| openSUSE Leap 15 | PEND | SKIPPED | SKIPPED | SKIPPED |
+---------------------+--------------------+------------------+-------------------+-------------------+
| RHEL8 | PEND | PEND | SKIPPED | SKIPPED |
+---------------------+--------------------+------------------+-------------------+-------------------+
| RHEL9 | PEND | PEND | SKIPPED | SKIPPED |
+---------------------+--------------------+------------------+-------------------+-------------------+
| Ubuntu 20.04 | PEND | PEND | SKIPPED | SKIPPED |
+---------------------+--------------------+------------------+-------------------+-------------------+
| Ubuntu 22.04 | PEND | PEND | PEND | SKIPPED |
+---------------------+--------------------+------------------+-------------------+-------------------+
| Alpine | PEND | PEND | SKIPPED | SKIPPED |
+---------------------+--------------------+------------------+-------------------+-------------------+
| FreeBSD 13.4 | FAIL | SKIPPED | SKIPPED | SKIPPED |
+---------------------+--------------------+------------------+-------------------+-------------------+
| FreeBSD 14.2 | PEND | SKIPPED | SKIPPED | SKIPPED |
+---------------------+--------------------+------------------+-------------------+-------------------+
| Windows Server 2022 | SKIPPED | SKIPPED | SKIPPED | PASS |
+---------------------+--------------------+------------------+-------------------+-------------------+
==== 20 line log output for FreeBSD 13.4 (dpdk_meson_compile): ====
[462/1943] Generating drivers/rte_bus_auxiliary.pmd.c with a custom command
[463/1943] Compiling C object drivers/common/idpf/libidpf_avx2_lib.a.p/idpf_common_rxtx_avx2.c.o
FAILED: drivers/common/idpf/libidpf_avx2_lib.a.p/idpf_common_rxtx_avx2.c.o
ccache cc -Idrivers/common/idpf/libidpf_avx2_lib.a.p -Idrivers/common/idpf -I../drivers/common/idpf -Idrivers/common/iavf -I../drivers/common/iavf -Ilib/ethdev -I../lib/ethdev -I. -I.. -Iconfig -I../config -Ilib/eal/include -I../lib/eal/include -Ilib/eal/freebsd/include -I../lib/eal/freebsd/include -Ilib/eal/x86/include -I../lib/eal/x86/include -Ilib/eal/common -I../lib/eal/common -Ilib/eal -I../lib/eal -Ilib/kvargs -I../lib/kvargs -Ilib/log -I../lib/log -Ilib/metrics -I../lib/metrics -Ilib/telemetry -I../lib/telemetry -Ilib/net -I../lib/net -Ilib/mbuf -I../lib/mbuf -Ilib/mempool -I../lib/mempool -Ilib/ring -I../lib/ring -Ilib/meter -I../lib/meter -Ilib/hash -I../lib/hash -Ilib/rcu -I../lib/rcu -I/usr/local/include -fdiagnostics-color=always -D_FILE_OFFSET_BITS=64 -Wall -Winvalid-pch -Wextra -Werror -std=c11 -O3 -include rte_config.h -Wcast-qual -Wdeprecated -Wformat -Wformat-nonliteral -Wformat-security -Wmissing-declarations -Wmissing-prototypes -Wnested-externs -Wold-style-definit
ion -Wpointer-arith -Wsign-compare -Wstrict-prototypes -Wundef -Wwrite-strings -Wno-missing-field-initializers -D_GNU_SOURCE -D__BSD_VISIBLE -fPIC -march=native -mrtm -DALLOW_EXPERIMENTAL_API -DALLOW_INTERNAL_API -Wno-format-truncation -Wno-address-of-packed-member -mavx2 -MD -MQ drivers/common/idpf/libidpf_avx2_lib.a.p/idpf_common_rxtx_avx2.c.o -MF drivers/common/idpf/libidpf_avx2_lib.a.p/idpf_common_rxtx_avx2.c.o.d -o drivers/common/idpf/libidpf_avx2_lib.a.p/idpf_common_rxtx_avx2.c.o -c ../drivers/common/idpf/idpf_common_rxtx_avx2.c
../drivers/common/idpf/idpf_common_rxtx_avx2.c:559:29: error: cast from 'volatile struct idpf_base_tx_desc *' to '__attribute__((__vector_size__(2 * sizeof(long long)))) long long *' drops volatile qualifier [-Werror,-Wcast-qual]
559 | _mm_store_si128((__m128i *)txdp, descriptor);
| ^
../drivers/common/idpf/idpf_common_rxtx_avx2.c:606:30: error: cast from 'volatile struct idpf_base_tx_desc *' to 'void *' drops volatile qualifier [-Werror,-Wcast-qual]
606 | _mm256_store_si256((void *)(txdp + 2), desc2_3);
| ^
../drivers/common/idpf/idpf_common_rxtx_avx2.c:607:30: error: cast from 'volatile struct idpf_base_tx_desc *' to 'void *' drops volatile qualifier [-Werror,-Wcast-qual]
607 | _mm256_store_si256((void *)txdp, desc0_1);
| ^
3 errors generated.
[464/1943] Compiling C object drivers/librte_bus_auxiliary.a.p/meson-generated_.._rte_bus_auxiliary.pmd.c.o
[465/1943] Generating drivers/rte_common_ionic.sym_chk with a custom command (wrapped by meson to capture output)
[466/1943] Generating drivers/rte_bus_ifpga.pmd.c with a custom command
[467/1943] Generating lib/eal.sym_chk with a custom command (wrapped by meson to capture output)
[468/1943] Generating lib/pipeline.sym_chk with a custom command (wrapped by meson to capture output)
ninja: build stopped: subcommand failed.
==== End log output ====
CentOS Stream 9
Kernel: Depends on container host
Compiler: gcc 11.5.0 20240719 (Red Hat 11.5.0-2)
Debian Bullseye
Kernel: Depends on container host
Compiler: gcc (Debian 10.2.1-6) 10.2.1 20210110
Debian 12
Kernel: Depends on container host
Compiler: gcc (Debian 12.2.0-14) 12.2.0
Fedora 40 (Clang)
Kernel: Depends on container host
Compiler: clang 18.1.8 (Fedora 18.1.8-1.fc40)
Fedora 40
Kernel: Depends on container host
Compiler: gcc 14.2.1 20240912 (Red Hat 14.2.1-3)
Fedora 41
Kernel: Depends on container host
Compiler: gcc 14.2.1 20240912 (Red Hat 14.2.1-3)
Fedora 41 (Clang)
Kernel: Depends on container host
Compiler: clang 19.1.5 (Fedora 19.1.5-1.fc41)
openSUSE Leap 15
Kernel: Depends on container host
Compiler: gcc (SUSE Linux) 7.5.0
RHEL8
Kernel: Depends on container host
Compiler: gcc 8.5.0 20210514 (Red Hat 8.5.0-22)
RHEL9
Kernel: Depends on container host
Compiler: gcc 11.5.0 20240719 (Red Hat 11.5.0-2)
Ubuntu 20.04
Kernel: Depends on container host
Compiler: gcc (Ubuntu 9.4.0-1ubuntu1~20.04.2) 9.4.0
Ubuntu 22.04
Kernel: Depends on container host
Compiler: gcc (Ubuntu 11.4.0-1ubuntu1~22.04) 11.4.0
Alpine
Kernel: Depends on container host
Compiler: gcc (Alpine 14.2.0) 14.2.0
FreeBSD 13.4
Kernel: 13.4-RELEASE-p1
Compiler: clang 18.1.6
FreeBSD 14.2
Kernel: 14.2-RELEASE
Compiler: clang 18.1.6
Windows Server 2022
Kernel: 10.0.20348.2031
Compiler: clang 15.0.7, gcc 14.1.0 (MinGW), and MSVC VS 19.39.33521
To view detailed results, visit:
https://lab.dpdk.org/results/dashboard/patchsets/32480/
UNH-IOL DPDK Community Lab
To manage your email subscriptions, visit:
https://lab.dpdk.org/results/dashboard/preferences/subscriptions/
^ permalink raw reply [flat|nested] 30+ messages in thread
* |SUCCESS| pw150794-150795 [PATCH] [v4,2/2] common/idpf: enable AVX2
[not found] <20250203052430.1243485-3-shaiq.wani@intel.com>
` (8 preceding siblings ...)
2025-02-03 8:20 ` |FAILURE| " dpdklab
@ 2025-02-03 8:26 ` dpdklab
2025-02-03 8:28 ` |FAILURE| " dpdklab
` (19 subsequent siblings)
29 siblings, 0 replies; 30+ messages in thread
From: dpdklab @ 2025-02-03 8:26 UTC (permalink / raw)
To: Test Report; +Cc: dpdk-test-reports
Test-Label: iol-sample-apps-testing
Test-Status: SUCCESS
http://dpdk.org/patch/150795
_Testing PASS_
Submitter: Shaiq Wani <shaiq.wani@intel.com>
Date: Monday, February 03 2025 05:24:30
DPDK git baseline: Repo:dpdk
Branch: master
CommitID:abf3b7b7b361f8aa8d75ae00d449b588a0cdcda3
150794-150795 --> testing pass
Upstream job id: Template-DTS-Pipeline#210318
Test environment and result as below:
+--------------------+----------------------+
| Environment | compressdev_zlib_pmd |
+====================+======================+
| Ubuntu 22.04 (ARM) | PASS |
+--------------------+----------------------+
| Ubuntu 22.04 | PASS |
+--------------------+----------------------+
Ubuntu 22.04 (ARM)
Kernel: 5.15.0-97-generic
Compiler: gcc gcc (Ubuntu 11.4.0-1ubuntu1~22.04) 11.4.0
Ubuntu 22.04
Kernel: 5.15.0-100-generic
Compiler: gcc gcc (Ubuntu 11.4.0-1ubuntu1~22.04) 11.4.0
To view detailed results, visit:
https://lab.dpdk.org/results/dashboard/patchsets/32480/
UNH-IOL DPDK Community Lab
To manage your email subscriptions, visit:
https://lab.dpdk.org/results/dashboard/preferences/subscriptions/
^ permalink raw reply [flat|nested] 30+ messages in thread
* |FAILURE| pw150794-150795 [PATCH] [v4,2/2] common/idpf: enable AVX2
[not found] <20250203052430.1243485-3-shaiq.wani@intel.com>
` (9 preceding siblings ...)
2025-02-03 8:26 ` |SUCCESS| " dpdklab
@ 2025-02-03 8:28 ` dpdklab
2025-02-03 8:43 ` dpdklab
` (18 subsequent siblings)
29 siblings, 0 replies; 30+ messages in thread
From: dpdklab @ 2025-02-03 8:28 UTC (permalink / raw)
To: Test Report; +Cc: dpdk-test-reports, Shaiq Wani
Test-Label: iol-compile-amd64-testing
Test-Status: FAILURE
http://dpdk.org/patch/150795
_Testing issues_
Submitter: Shaiq Wani <shaiq.wani@intel.com>
Date: Monday, February 03 2025 05:24:30
DPDK git baseline: Repo:dpdk
Branch: master
CommitID:abf3b7b7b361f8aa8d75ae00d449b588a0cdcda3
150794-150795 --> testing issues
Upstream job id: Generic-VM-DPDK-Compile-Meson#33004
Test environment and result as below:
+---------------------+--------------------+------------------+-------------------+-------------------+
| Environment | dpdk_meson_compile | dpdk_compile_ovs | dpdk_compile_spdk | dpdk_msvc_compile |
+=====================+====================+==================+===================+===================+
| CentOS Stream 9 | PEND | PEND | PEND | SKIPPED |
+---------------------+--------------------+------------------+-------------------+-------------------+
| Debian Bullseye | PEND | PEND | PEND | SKIPPED |
+---------------------+--------------------+------------------+-------------------+-------------------+
| Debian 12 | PEND | PEND | PEND | SKIPPED |
+---------------------+--------------------+------------------+-------------------+-------------------+
| Fedora 40 (Clang) | PEND | PEND | PEND | SKIPPED |
+---------------------+--------------------+------------------+-------------------+-------------------+
| Fedora 40 | PEND | PEND | PEND | SKIPPED |
+---------------------+--------------------+------------------+-------------------+-------------------+
| Fedora 41 | PEND | PEND | PEND | SKIPPED |
+---------------------+--------------------+------------------+-------------------+-------------------+
| Fedora 41 (Clang) | PEND | PEND | PEND | SKIPPED |
+---------------------+--------------------+------------------+-------------------+-------------------+
| openSUSE Leap 15 | PEND | SKIPPED | SKIPPED | SKIPPED |
+---------------------+--------------------+------------------+-------------------+-------------------+
| RHEL8 | PEND | PEND | SKIPPED | SKIPPED |
+---------------------+--------------------+------------------+-------------------+-------------------+
| RHEL9 | PEND | PEND | SKIPPED | SKIPPED |
+---------------------+--------------------+------------------+-------------------+-------------------+
| Ubuntu 20.04 | PEND | PEND | SKIPPED | SKIPPED |
+---------------------+--------------------+------------------+-------------------+-------------------+
| Ubuntu 22.04 | PEND | PEND | PEND | SKIPPED |
+---------------------+--------------------+------------------+-------------------+-------------------+
| Alpine | PEND | PEND | SKIPPED | SKIPPED |
+---------------------+--------------------+------------------+-------------------+-------------------+
| FreeBSD 13.4 | FAIL | SKIPPED | SKIPPED | SKIPPED |
+---------------------+--------------------+------------------+-------------------+-------------------+
| FreeBSD 14.2 | FAIL | SKIPPED | SKIPPED | SKIPPED |
+---------------------+--------------------+------------------+-------------------+-------------------+
| Windows Server 2022 | SKIPPED | SKIPPED | SKIPPED | PASS |
+---------------------+--------------------+------------------+-------------------+-------------------+
==== 20 line log output for FreeBSD 14.2 (dpdk_meson_compile): ====
[516/1937] Linking static target drivers/librte_common_iavf.a
[517/1937] Compiling C object drivers/common/idpf/libidpf_avx2_lib.a.p/idpf_common_rxtx_avx2.c.o
FAILED: drivers/common/idpf/libidpf_avx2_lib.a.p/idpf_common_rxtx_avx2.c.o
cc -Idrivers/common/idpf/libidpf_avx2_lib.a.p -Idrivers/common/idpf -I../drivers/common/idpf -Idrivers/common/iavf -I../drivers/common/iavf -Ilib/ethdev -I../lib/ethdev -I. -I.. -Iconfig -I../config -Ilib/eal/include -I../lib/eal/include -Ilib/eal/freebsd/include -I../lib/eal/freebsd/include -Ilib/eal/x86/include -I../lib/eal/x86/include -Ilib/eal/common -I../lib/eal/common -Ilib/eal -I../lib/eal -Ilib/kvargs -I../lib/kvargs -Ilib/log -I../lib/log -Ilib/metrics -I../lib/metrics -Ilib/telemetry -I../lib/telemetry -Ilib/net -I../lib/net -Ilib/mbuf -I../lib/mbuf -Ilib/mempool -I../lib/mempool -Ilib/ring -I../lib/ring -Ilib/meter -I../lib/meter -Ilib/hash -I../lib/hash -Ilib/rcu -I../lib/rcu -fdiagnostics-color=always -D_FILE_OFFSET_BITS=64 -Wall -Winvalid-pch -Wextra -Werror -std=c11 -O3 -include rte_config.h -Wcast-qual -Wdeprecated -Wformat -Wformat-nonliteral -Wformat-security -Wmissing-declarations -Wmissing-prototypes -Wnested-externs -Wold-style-definition -Wpointer-arith -Wsign-c
ompare -Wstrict-prototypes -Wundef -Wwrite-strings -Wno-missing-field-initializers -D_GNU_SOURCE -D__BSD_VISIBLE -fPIC -march=native -mrtm -DALLOW_EXPERIMENTAL_API -DALLOW_INTERNAL_API -Wno-format-truncation -Wno-address-of-packed-member -mavx2 -MD -MQ drivers/common/idpf/libidpf_avx2_lib.a.p/idpf_common_rxtx_avx2.c.o -MF drivers/common/idpf/libidpf_avx2_lib.a.p/idpf_common_rxtx_avx2.c.o.d -o drivers/common/idpf/libidpf_avx2_lib.a.p/idpf_common_rxtx_avx2.c.o -c ../drivers/common/idpf/idpf_common_rxtx_avx2.c
../drivers/common/idpf/idpf_common_rxtx_avx2.c:559:29: error: cast from 'volatile struct idpf_base_tx_desc *' to '__attribute__((__vector_size__(2 * sizeof(long long)))) long long *' drops volatile qualifier [-Werror,-Wcast-qual]
559 | _mm_store_si128((__m128i *)txdp, descriptor);
| ^
../drivers/common/idpf/idpf_common_rxtx_avx2.c:606:30: error: cast from 'volatile struct idpf_base_tx_desc *' to 'void *' drops volatile qualifier [-Werror,-Wcast-qual]
606 | _mm256_store_si256((void *)(txdp + 2), desc2_3);
| ^
../drivers/common/idpf/idpf_common_rxtx_avx2.c:607:30: error: cast from 'volatile struct idpf_base_tx_desc *' to 'void *' drops volatile qualifier [-Werror,-Wcast-qual]
607 | _mm256_store_si256((void *)txdp, desc0_1);
| ^
3 errors generated.
[518/1937] Generating lib/graph.sym_chk with a custom command (wrapped by meson to capture output)
[519/1937] Generating drivers/rte_common_iavf.sym_chk with a custom command (wrapped by meson to capture output)
[520/1937] Compiling C object drivers/libtmp_rte_common_idpf.a.p/common_idpf_idpf_common_device.c.o
[521/1937] Compiling C object drivers/common/idpf/libidpf_common_avx512_lib.a.p/idpf_common_rxtx_avx512.c.o
[522/1937] Generating lib/pipeline.sym_chk with a custom command (wrapped by meson to capture output)
ninja: build stopped: subcommand failed.
==== End log output ====
CentOS Stream 9
Kernel: Depends on container host
Compiler: gcc 11.5.0 20240719 (Red Hat 11.5.0-2)
Debian Bullseye
Kernel: Depends on container host
Compiler: gcc (Debian 10.2.1-6) 10.2.1 20210110
Debian 12
Kernel: Depends on container host
Compiler: gcc (Debian 12.2.0-14) 12.2.0
Fedora 40 (Clang)
Kernel: Depends on container host
Compiler: clang 18.1.8 (Fedora 18.1.8-1.fc40)
Fedora 40
Kernel: Depends on container host
Compiler: gcc 14.2.1 20240912 (Red Hat 14.2.1-3)
Fedora 41
Kernel: Depends on container host
Compiler: gcc 14.2.1 20240912 (Red Hat 14.2.1-3)
Fedora 41 (Clang)
Kernel: Depends on container host
Compiler: clang 19.1.5 (Fedora 19.1.5-1.fc41)
openSUSE Leap 15
Kernel: Depends on container host
Compiler: gcc (SUSE Linux) 7.5.0
RHEL8
Kernel: Depends on container host
Compiler: gcc 8.5.0 20210514 (Red Hat 8.5.0-22)
RHEL9
Kernel: Depends on container host
Compiler: gcc 11.5.0 20240719 (Red Hat 11.5.0-2)
Ubuntu 20.04
Kernel: Depends on container host
Compiler: gcc (Ubuntu 9.4.0-1ubuntu1~20.04.2) 9.4.0
Ubuntu 22.04
Kernel: Depends on container host
Compiler: gcc (Ubuntu 11.4.0-1ubuntu1~22.04) 11.4.0
Alpine
Kernel: Depends on container host
Compiler: gcc (Alpine 14.2.0) 14.2.0
FreeBSD 13.4
Kernel: 13.4-RELEASE-p1
Compiler: clang 18.1.6
FreeBSD 14.2
Kernel: 14.2-RELEASE
Compiler: clang 18.1.6
Windows Server 2022
Kernel: 10.0.20348.2031
Compiler: clang 15.0.7, gcc 14.1.0 (MinGW), and MSVC VS 19.39.33521
To view detailed results, visit:
https://lab.dpdk.org/results/dashboard/patchsets/32480/
UNH-IOL DPDK Community Lab
To manage your email subscriptions, visit:
https://lab.dpdk.org/results/dashboard/preferences/subscriptions/
^ permalink raw reply [flat|nested] 30+ messages in thread
* |FAILURE| pw150794-150795 [PATCH] [v4,2/2] common/idpf: enable AVX2
[not found] <20250203052430.1243485-3-shaiq.wani@intel.com>
` (10 preceding siblings ...)
2025-02-03 8:28 ` |FAILURE| " dpdklab
@ 2025-02-03 8:43 ` dpdklab
2025-02-03 8:50 ` dpdklab
` (17 subsequent siblings)
29 siblings, 0 replies; 30+ messages in thread
From: dpdklab @ 2025-02-03 8:43 UTC (permalink / raw)
To: Test Report; +Cc: dpdk-test-reports, Shaiq Wani
Test-Label: iol-unit-amd64-testing
Test-Status: FAILURE
http://dpdk.org/patch/150795
_Testing issues_
Submitter: Shaiq Wani <shaiq.wani@intel.com>
Date: Monday, February 03 2025 05:24:30
DPDK git baseline: Repo:dpdk
Branch: master
CommitID:abf3b7b7b361f8aa8d75ae00d449b588a0cdcda3
150794-150795 --> testing issues
Upstream job id: Generic-Unit-Test-DPDK#311164
Test environment and result as below:
+-------------------+----------------+
| Environment | dpdk_unit_test |
+===================+================+
| CentOS Stream 9 | WARN |
+-------------------+----------------+
| Debian Bullseye | PEND |
+-------------------+----------------+
| Fedora 40 | PEND |
+-------------------+----------------+
| Fedora 40 (Clang) | PEND |
+-------------------+----------------+
| Debian 12 | PEND |
+-------------------+----------------+
| Fedora 41 | PEND |
+-------------------+----------------+
| Fedora 41 (Clang) | PEND |
+-------------------+----------------+
| RHEL8 | PEND |
+-------------------+----------------+
| RHEL9 | PEND |
+-------------------+----------------+
| Ubuntu 22.04 | PEND |
+-------------------+----------------+
| Ubuntu 20.04 | PEND |
+-------------------+----------------+
| Ubuntu 24.04 | PEND |
+-------------------+----------------+
==== 20 line log output for CentOS Stream 9 (dpdk_unit_test): ====
[561/3149] Linking static target drivers/librte_common_iavf.a
[562/3149] Compiling C object drivers/common/idpf/libidpf_avx2_lib.a.p/idpf_common_rxtx_avx2.c.o
FAILED: drivers/common/idpf/libidpf_avx2_lib.a.p/idpf_common_rxtx_avx2.c.o
ccache cc -Idrivers/common/idpf/libidpf_avx2_lib.a.p -Idrivers/common/idpf -I../drivers/common/idpf -Idrivers/common/iavf -I../drivers/common/iavf -Ilib/ethdev -I../lib/ethdev -I. -I.. -Iconfig -I../config -Ilib/eal/include -I../lib/eal/include -Ilib/eal/linux/include -I../lib/eal/linux/include -Ilib/eal/x86/include -I../lib/eal/x86/include -I../kernel/linux -Ilib/eal/common -I../lib/eal/common -Ilib/eal -I../lib/eal -Ilib/kvargs -I../lib/kvargs -Ilib/log -I../lib/log -Ilib/metrics -I../lib/metrics -Ilib/telemetry -I../lib/telemetry -Ilib/net -I../lib/net -Ilib/mbuf -I../lib/mbuf -Ilib/mempool -I../lib/mempool -Ilib/ring -I../lib/ring -Ilib/meter -I../lib/meter -Ilib/hash -I../lib/hash -Ilib/rcu -I../lib/rcu -fdiagnostics-color=always -pipe -D_FILE_OFFSET_BITS=64 -Wall -Winvalid-pch -Wextra -Werror -std=c11 -O3 -include rte_config.h -Wcast-qual -Wdeprecated -Wformat -Wformat-nonliteral -Wformat-security -Wmissing-declarations -Wmissing-prototypes -Wnested-externs -Wold-style-definiti
on -Wpointer-arith -Wsign-compare -Wstrict-prototypes -Wundef -Wwrite-strings -Wno-packed-not-aligned -Wno-missing-field-initializers -D_GNU_SOURCE -fPIC -march=native -mrtm -DALLOW_EXPERIMENTAL_API -DALLOW_INTERNAL_API -Wno-format-truncation -Wno-address-of-packed-member -mavx2 -MD -MQ drivers/common/idpf/libidpf_avx2_lib.a.p/idpf_common_rxtx_avx2.c.o -MF drivers/common/idpf/libidpf_avx2_lib.a.p/idpf_common_rxtx_avx2.c.o.d -o drivers/common/idpf/libidpf_avx2_lib.a.p/idpf_common_rxtx_avx2.c.o -c ../drivers/common/idpf/idpf_common_rxtx_avx2.c
../drivers/common/idpf/idpf_common_rxtx_avx2.c: In function 'idpf_singleq_vtx1':
../drivers/common/idpf/idpf_common_rxtx_avx2.c:559:25: error: cast discards 'volatile' qualifier from pointer target type [-Werror=cast-qual]
559 | _mm_store_si128((__m128i *)txdp, descriptor);
| ^
../drivers/common/idpf/idpf_common_rxtx_avx2.c: In function 'idpf_singleq_vtx':
../drivers/common/idpf/idpf_common_rxtx_avx2.c:606:36: error: cast discards 'volatile' qualifier from pointer target type [-Werror=cast-qual]
606 | _mm256_store_si256((void *)(txdp + 2), desc2_3);
| ^
../drivers/common/idpf/idpf_common_rxtx_avx2.c:607:36: error: cast discards 'volatile' qualifier from pointer target type [-Werror=cast-qual]
607 | _mm256_store_si256((void *)txdp, desc0_1);
| ^
cc1: all warnings being treated as errors
[563/3149] Generating rte_common_iavf.sym_chk with a custom command (wrapped by meson to capture output)
[564/3149] Generating rte_common_dpaax.sym_chk with a custom command (wrapped by meson to capture output)
[565/3149] Generating pipeline.sym_chk with a custom command (wrapped by meson to capture output)
ninja: build stopped: subcommand failed.
==== End log output ====
CentOS Stream 9
Kernel: Depends on container host
Compiler: gcc 11.5.0 20240719 (Red Hat 11.5.0-2)
Debian Bullseye
Kernel: Depends on container host
Compiler: gcc (Debian 10.2.1-6) 10.2.1 20210110
Fedora 40
Kernel: Depends on container host
Compiler: gcc 14.2.1 20240912 (Red Hat 14.2.1-3)
Fedora 40 (Clang)
Kernel: Depends on container host
Compiler: clang 18.1.8 (Fedora 18.1.8-1.fc40)
Debian 12
Kernel: Depends on container host
Compiler: gcc (Debian 12.2.0-14) 12.2.0
Fedora 41
Kernel: Depends on container host
Compiler: gcc 14.2.1 20240912 (Red Hat 14.2.1-3)
Fedora 41 (Clang)
Kernel: Depends on container host
Compiler: clang 19.1.5 (Fedora 19.1.5-1.fc41)
RHEL8
Kernel: Depends on container host
Compiler: gcc 8.5.0 20210514 (Red Hat 8.5.0-22)
RHEL9
Kernel: Depends on container host
Compiler: gcc 11.5.0 20240719 (Red Hat 11.5.0-2)
Ubuntu 22.04
Kernel: Depends on container host
Compiler: gcc (Ubuntu 11.4.0-1ubuntu1~22.04) 11.4.0
Ubuntu 20.04
Kernel: Depends on container host
Compiler: gcc (Ubuntu 9.4.0-1ubuntu1~20.04.2) 9.4.0
Ubuntu 24.04
Kernel: Depends on container host
Compiler: gcc (Ubuntu 13.3.0-6ubuntu2~24.04) 13.3.0
To view detailed results, visit:
https://lab.dpdk.org/results/dashboard/patchsets/32480/
UNH-IOL DPDK Community Lab
To manage your email subscriptions, visit:
https://lab.dpdk.org/results/dashboard/preferences/subscriptions/
^ permalink raw reply [flat|nested] 30+ messages in thread
* |FAILURE| pw150794-150795 [PATCH] [v4,2/2] common/idpf: enable AVX2
[not found] <20250203052430.1243485-3-shaiq.wani@intel.com>
` (11 preceding siblings ...)
2025-02-03 8:43 ` dpdklab
@ 2025-02-03 8:50 ` dpdklab
2025-02-03 8:55 ` dpdklab
` (16 subsequent siblings)
29 siblings, 0 replies; 30+ messages in thread
From: dpdklab @ 2025-02-03 8:50 UTC (permalink / raw)
To: Test Report; +Cc: dpdk-test-reports, Shaiq Wani
Test-Label: iol-compile-amd64-testing
Test-Status: FAILURE
http://dpdk.org/patch/150795
_Testing issues_
Submitter: Shaiq Wani <shaiq.wani@intel.com>
Date: Monday, February 03 2025 05:24:30
DPDK git baseline: Repo:dpdk
Branch: master
CommitID:abf3b7b7b361f8aa8d75ae00d449b588a0cdcda3
150794-150795 --> testing issues
Upstream job id: Generic-DPDK-Compile-Meson#357270
Test environment and result as below:
+---------------------+--------------------+------------------+-------------------+-------------------+
| Environment | dpdk_meson_compile | dpdk_compile_ovs | dpdk_compile_spdk | dpdk_msvc_compile |
+=====================+====================+==================+===================+===================+
| CentOS Stream 9 | FAIL | WARN | WARN | SKIPPED |
+---------------------+--------------------+------------------+-------------------+-------------------+
| Debian Bullseye | FAIL | PEND | PEND | SKIPPED |
+---------------------+--------------------+------------------+-------------------+-------------------+
| Debian 12 | FAIL | WARN | WARN | SKIPPED |
+---------------------+--------------------+------------------+-------------------+-------------------+
| Fedora 40 (Clang) | PEND | PEND | PEND | SKIPPED |
+---------------------+--------------------+------------------+-------------------+-------------------+
| Fedora 40 | PEND | PEND | PEND | SKIPPED |
+---------------------+--------------------+------------------+-------------------+-------------------+
| Fedora 41 | PEND | PEND | PEND | SKIPPED |
+---------------------+--------------------+------------------+-------------------+-------------------+
| Fedora 41 (Clang) | PEND | PEND | PEND | SKIPPED |
+---------------------+--------------------+------------------+-------------------+-------------------+
| openSUSE Leap 15 | PEND | SKIPPED | SKIPPED | SKIPPED |
+---------------------+--------------------+------------------+-------------------+-------------------+
| RHEL8 | PEND | PEND | SKIPPED | SKIPPED |
+---------------------+--------------------+------------------+-------------------+-------------------+
| RHEL9 | PEND | PEND | SKIPPED | SKIPPED |
+---------------------+--------------------+------------------+-------------------+-------------------+
| Ubuntu 20.04 | PEND | PEND | SKIPPED | SKIPPED |
+---------------------+--------------------+------------------+-------------------+-------------------+
| Ubuntu 22.04 | PEND | PEND | PEND | SKIPPED |
+---------------------+--------------------+------------------+-------------------+-------------------+
| Alpine | PEND | PEND | SKIPPED | SKIPPED |
+---------------------+--------------------+------------------+-------------------+-------------------+
| FreeBSD 13.4 | FAIL | SKIPPED | SKIPPED | SKIPPED |
+---------------------+--------------------+------------------+-------------------+-------------------+
| FreeBSD 14.2 | FAIL | SKIPPED | SKIPPED | SKIPPED |
+---------------------+--------------------+------------------+-------------------+-------------------+
| Windows Server 2022 | SKIPPED | SKIPPED | SKIPPED | PASS |
+---------------------+--------------------+------------------+-------------------+-------------------+
==== 20 line log output for FreeBSD 14.2 (dpdk_meson_compile): ====
[516/1937] Linking static target drivers/librte_common_iavf.a
[517/1937] Compiling C object drivers/common/idpf/libidpf_avx2_lib.a.p/idpf_common_rxtx_avx2.c.o
FAILED: drivers/common/idpf/libidpf_avx2_lib.a.p/idpf_common_rxtx_avx2.c.o
cc -Idrivers/common/idpf/libidpf_avx2_lib.a.p -Idrivers/common/idpf -I../drivers/common/idpf -Idrivers/common/iavf -I../drivers/common/iavf -Ilib/ethdev -I../lib/ethdev -I. -I.. -Iconfig -I../config -Ilib/eal/include -I../lib/eal/include -Ilib/eal/freebsd/include -I../lib/eal/freebsd/include -Ilib/eal/x86/include -I../lib/eal/x86/include -Ilib/eal/common -I../lib/eal/common -Ilib/eal -I../lib/eal -Ilib/kvargs -I../lib/kvargs -Ilib/log -I../lib/log -Ilib/metrics -I../lib/metrics -Ilib/telemetry -I../lib/telemetry -Ilib/net -I../lib/net -Ilib/mbuf -I../lib/mbuf -Ilib/mempool -I../lib/mempool -Ilib/ring -I../lib/ring -Ilib/meter -I../lib/meter -Ilib/hash -I../lib/hash -Ilib/rcu -I../lib/rcu -fdiagnostics-color=always -D_FILE_OFFSET_BITS=64 -Wall -Winvalid-pch -Wextra -Werror -std=c11 -O3 -include rte_config.h -Wcast-qual -Wdeprecated -Wformat -Wformat-nonliteral -Wformat-security -Wmissing-declarations -Wmissing-prototypes -Wnested-externs -Wold-style-definition -Wpointer-arith -Wsign-c
ompare -Wstrict-prototypes -Wundef -Wwrite-strings -Wno-missing-field-initializers -D_GNU_SOURCE -D__BSD_VISIBLE -fPIC -march=native -mrtm -DALLOW_EXPERIMENTAL_API -DALLOW_INTERNAL_API -Wno-format-truncation -Wno-address-of-packed-member -mavx2 -MD -MQ drivers/common/idpf/libidpf_avx2_lib.a.p/idpf_common_rxtx_avx2.c.o -MF drivers/common/idpf/libidpf_avx2_lib.a.p/idpf_common_rxtx_avx2.c.o.d -o drivers/common/idpf/libidpf_avx2_lib.a.p/idpf_common_rxtx_avx2.c.o -c ../drivers/common/idpf/idpf_common_rxtx_avx2.c
../drivers/common/idpf/idpf_common_rxtx_avx2.c:559:29: error: cast from 'volatile struct idpf_base_tx_desc *' to '__attribute__((__vector_size__(2 * sizeof(long long)))) long long *' drops volatile qualifier [-Werror,-Wcast-qual]
559 | _mm_store_si128((__m128i *)txdp, descriptor);
| ^
../drivers/common/idpf/idpf_common_rxtx_avx2.c:606:30: error: cast from 'volatile struct idpf_base_tx_desc *' to 'void *' drops volatile qualifier [-Werror,-Wcast-qual]
606 | _mm256_store_si256((void *)(txdp + 2), desc2_3);
| ^
../drivers/common/idpf/idpf_common_rxtx_avx2.c:607:30: error: cast from 'volatile struct idpf_base_tx_desc *' to 'void *' drops volatile qualifier [-Werror,-Wcast-qual]
607 | _mm256_store_si256((void *)txdp, desc0_1);
| ^
3 errors generated.
[518/1937] Generating lib/graph.sym_chk with a custom command (wrapped by meson to capture output)
[519/1937] Generating drivers/rte_common_iavf.sym_chk with a custom command (wrapped by meson to capture output)
[520/1937] Compiling C object drivers/libtmp_rte_common_idpf.a.p/common_idpf_idpf_common_device.c.o
[521/1937] Compiling C object drivers/common/idpf/libidpf_common_avx512_lib.a.p/idpf_common_rxtx_avx512.c.o
[522/1937] Generating lib/pipeline.sym_chk with a custom command (wrapped by meson to capture output)
ninja: build stopped: subcommand failed.
==== End log output ====
CentOS Stream 9
Kernel: Depends on container host
Compiler: gcc 11.5.0 20240719 (Red Hat 11.5.0-2)
Debian Bullseye
Kernel: Depends on container host
Compiler: gcc (Debian 10.2.1-6) 10.2.1 20210110
Debian 12
Kernel: Depends on container host
Compiler: gcc (Debian 12.2.0-14) 12.2.0
Fedora 40 (Clang)
Kernel: Depends on container host
Compiler: clang 18.1.8 (Fedora 18.1.8-1.fc40)
Fedora 40
Kernel: Depends on container host
Compiler: gcc 14.2.1 20240912 (Red Hat 14.2.1-3)
Fedora 41
Kernel: Depends on container host
Compiler: gcc 14.2.1 20240912 (Red Hat 14.2.1-3)
Fedora 41 (Clang)
Kernel: Depends on container host
Compiler: clang 19.1.5 (Fedora 19.1.5-1.fc41)
openSUSE Leap 15
Kernel: Depends on container host
Compiler: gcc (SUSE Linux) 7.5.0
RHEL8
Kernel: Depends on container host
Compiler: gcc 8.5.0 20210514 (Red Hat 8.5.0-22)
RHEL9
Kernel: Depends on container host
Compiler: gcc 11.5.0 20240719 (Red Hat 11.5.0-2)
Ubuntu 20.04
Kernel: Depends on container host
Compiler: gcc (Ubuntu 9.4.0-1ubuntu1~20.04.2) 9.4.0
Ubuntu 22.04
Kernel: Depends on container host
Compiler: gcc (Ubuntu 11.4.0-1ubuntu1~22.04) 11.4.0
Alpine
Kernel: Depends on container host
Compiler: gcc (Alpine 14.2.0) 14.2.0
FreeBSD 13.4
Kernel: 13.4-RELEASE-p1
Compiler: clang 18.1.6
FreeBSD 14.2
Kernel: 14.2-RELEASE
Compiler: clang 18.1.6
Windows Server 2022
Kernel: 10.0.20348.2031
Compiler: clang 15.0.7, gcc 14.1.0 (MinGW), and MSVC VS 19.39.33521
To view detailed results, visit:
https://lab.dpdk.org/results/dashboard/patchsets/32480/
UNH-IOL DPDK Community Lab
To manage your email subscriptions, visit:
https://lab.dpdk.org/results/dashboard/preferences/subscriptions/
^ permalink raw reply [flat|nested] 30+ messages in thread
* |FAILURE| pw150794-150795 [PATCH] [v4,2/2] common/idpf: enable AVX2
[not found] <20250203052430.1243485-3-shaiq.wani@intel.com>
` (12 preceding siblings ...)
2025-02-03 8:50 ` dpdklab
@ 2025-02-03 8:55 ` dpdklab
2025-02-03 8:57 ` |WARNING| " dpdklab
` (15 subsequent siblings)
29 siblings, 0 replies; 30+ messages in thread
From: dpdklab @ 2025-02-03 8:55 UTC (permalink / raw)
To: Test Report; +Cc: dpdk-test-reports, Shaiq Wani
Test-Label: iol-compile-amd64-testing
Test-Status: FAILURE
http://dpdk.org/patch/150795
_Testing issues_
Submitter: Shaiq Wani <shaiq.wani@intel.com>
Date: Monday, February 03 2025 05:24:30
DPDK git baseline: Repo:dpdk
Branch: master
CommitID:abf3b7b7b361f8aa8d75ae00d449b588a0cdcda3
150794-150795 --> testing issues
Upstream job id: Generic-DPDK-Compile-Meson#357272
Test environment and result as below:
+---------------------+--------------------+------------------+-------------------+-------------------+
| Environment | dpdk_meson_compile | dpdk_compile_ovs | dpdk_compile_spdk | dpdk_msvc_compile |
+=====================+====================+==================+===================+===================+
| CentOS Stream 9 | FAIL | WARN | WARN | SKIPPED |
+---------------------+--------------------+------------------+-------------------+-------------------+
| Debian Bullseye | FAIL | WARN | WARN | SKIPPED |
+---------------------+--------------------+------------------+-------------------+-------------------+
| Debian 12 | FAIL | WARN | WARN | SKIPPED |
+---------------------+--------------------+------------------+-------------------+-------------------+
| Fedora 40 (Clang) | PEND | PEND | PEND | SKIPPED |
+---------------------+--------------------+------------------+-------------------+-------------------+
| Fedora 40 | PEND | PEND | PEND | SKIPPED |
+---------------------+--------------------+------------------+-------------------+-------------------+
| Fedora 41 | FAIL | PEND | PEND | SKIPPED |
+---------------------+--------------------+------------------+-------------------+-------------------+
| Fedora 41 (Clang) | FAIL | WARN | PEND | SKIPPED |
+---------------------+--------------------+------------------+-------------------+-------------------+
| openSUSE Leap 15 | PEND | SKIPPED | SKIPPED | SKIPPED |
+---------------------+--------------------+------------------+-------------------+-------------------+
| RHEL8 | PEND | PEND | SKIPPED | SKIPPED |
+---------------------+--------------------+------------------+-------------------+-------------------+
| RHEL9 | PEND | PEND | SKIPPED | SKIPPED |
+---------------------+--------------------+------------------+-------------------+-------------------+
| Ubuntu 20.04 | PEND | PEND | SKIPPED | SKIPPED |
+---------------------+--------------------+------------------+-------------------+-------------------+
| Ubuntu 22.04 | PEND | PEND | PEND | SKIPPED |
+---------------------+--------------------+------------------+-------------------+-------------------+
| Alpine | PEND | PEND | SKIPPED | SKIPPED |
+---------------------+--------------------+------------------+-------------------+-------------------+
| FreeBSD 13.4 | FAIL | SKIPPED | SKIPPED | SKIPPED |
+---------------------+--------------------+------------------+-------------------+-------------------+
| FreeBSD 14.2 | FAIL | SKIPPED | SKIPPED | SKIPPED |
+---------------------+--------------------+------------------+-------------------+-------------------+
| Ubuntu 24.04 | PEND | PEND | PEND | SKIPPED |
+---------------------+--------------------+------------------+-------------------+-------------------+
| Windows Server 2022 | SKIPPED | SKIPPED | SKIPPED | PASS |
+---------------------+--------------------+------------------+-------------------+-------------------+
==== 20 line log output for FreeBSD 14.2 (dpdk_meson_compile): ====
[516/1937] Linking static target drivers/librte_common_iavf.a
[517/1937] Compiling C object drivers/common/idpf/libidpf_avx2_lib.a.p/idpf_common_rxtx_avx2.c.o
FAILED: drivers/common/idpf/libidpf_avx2_lib.a.p/idpf_common_rxtx_avx2.c.o
cc -Idrivers/common/idpf/libidpf_avx2_lib.a.p -Idrivers/common/idpf -I../drivers/common/idpf -Idrivers/common/iavf -I../drivers/common/iavf -Ilib/ethdev -I../lib/ethdev -I. -I.. -Iconfig -I../config -Ilib/eal/include -I../lib/eal/include -Ilib/eal/freebsd/include -I../lib/eal/freebsd/include -Ilib/eal/x86/include -I../lib/eal/x86/include -Ilib/eal/common -I../lib/eal/common -Ilib/eal -I../lib/eal -Ilib/kvargs -I../lib/kvargs -Ilib/log -I../lib/log -Ilib/metrics -I../lib/metrics -Ilib/telemetry -I../lib/telemetry -Ilib/net -I../lib/net -Ilib/mbuf -I../lib/mbuf -Ilib/mempool -I../lib/mempool -Ilib/ring -I../lib/ring -Ilib/meter -I../lib/meter -Ilib/hash -I../lib/hash -Ilib/rcu -I../lib/rcu -fdiagnostics-color=always -D_FILE_OFFSET_BITS=64 -Wall -Winvalid-pch -Wextra -Werror -std=c11 -O3 -include rte_config.h -Wcast-qual -Wdeprecated -Wformat -Wformat-nonliteral -Wformat-security -Wmissing-declarations -Wmissing-prototypes -Wnested-externs -Wold-style-definition -Wpointer-arith -Wsign-c
ompare -Wstrict-prototypes -Wundef -Wwrite-strings -Wno-missing-field-initializers -D_GNU_SOURCE -D__BSD_VISIBLE -fPIC -march=native -mrtm -DALLOW_EXPERIMENTAL_API -DALLOW_INTERNAL_API -Wno-format-truncation -Wno-address-of-packed-member -mavx2 -MD -MQ drivers/common/idpf/libidpf_avx2_lib.a.p/idpf_common_rxtx_avx2.c.o -MF drivers/common/idpf/libidpf_avx2_lib.a.p/idpf_common_rxtx_avx2.c.o.d -o drivers/common/idpf/libidpf_avx2_lib.a.p/idpf_common_rxtx_avx2.c.o -c ../drivers/common/idpf/idpf_common_rxtx_avx2.c
../drivers/common/idpf/idpf_common_rxtx_avx2.c:559:29: error: cast from 'volatile struct idpf_base_tx_desc *' to '__attribute__((__vector_size__(2 * sizeof(long long)))) long long *' drops volatile qualifier [-Werror,-Wcast-qual]
559 | _mm_store_si128((__m128i *)txdp, descriptor);
| ^
../drivers/common/idpf/idpf_common_rxtx_avx2.c:606:30: error: cast from 'volatile struct idpf_base_tx_desc *' to 'void *' drops volatile qualifier [-Werror,-Wcast-qual]
606 | _mm256_store_si256((void *)(txdp + 2), desc2_3);
| ^
../drivers/common/idpf/idpf_common_rxtx_avx2.c:607:30: error: cast from 'volatile struct idpf_base_tx_desc *' to 'void *' drops volatile qualifier [-Werror,-Wcast-qual]
607 | _mm256_store_si256((void *)txdp, desc0_1);
| ^
3 errors generated.
[518/1937] Generating lib/graph.sym_chk with a custom command (wrapped by meson to capture output)
[519/1937] Generating drivers/rte_common_iavf.sym_chk with a custom command (wrapped by meson to capture output)
[520/1937] Compiling C object drivers/libtmp_rte_common_idpf.a.p/common_idpf_idpf_common_device.c.o
[521/1937] Compiling C object drivers/common/idpf/libidpf_common_avx512_lib.a.p/idpf_common_rxtx_avx512.c.o
[522/1937] Generating lib/pipeline.sym_chk with a custom command (wrapped by meson to capture output)
ninja: build stopped: subcommand failed.
==== End log output ====
CentOS Stream 9
Kernel: Depends on container host
Compiler: gcc 11.5.0 20240719 (Red Hat 11.5.0-2)
Debian Bullseye
Kernel: Depends on container host
Compiler: gcc (Debian 10.2.1-6) 10.2.1 20210110
Debian 12
Kernel: Depends on container host
Compiler: gcc (Debian 12.2.0-14) 12.2.0
Fedora 40 (Clang)
Kernel: Depends on container host
Compiler: clang 18.1.8 (Fedora 18.1.8-1.fc40)
Fedora 40
Kernel: Depends on container host
Compiler: gcc 14.2.1 20240912 (Red Hat 14.2.1-3)
Fedora 41
Kernel: Depends on container host
Compiler: gcc 14.2.1 20240912 (Red Hat 14.2.1-3)
Fedora 41 (Clang)
Kernel: Depends on container host
Compiler: clang 19.1.5 (Fedora 19.1.5-1.fc41)
openSUSE Leap 15
Kernel: Depends on container host
Compiler: gcc (SUSE Linux) 7.5.0
RHEL8
Kernel: Depends on container host
Compiler: gcc 8.5.0 20210514 (Red Hat 8.5.0-22)
RHEL9
Kernel: Depends on container host
Compiler: gcc 11.5.0 20240719 (Red Hat 11.5.0-2)
Ubuntu 20.04
Kernel: Depends on container host
Compiler: gcc (Ubuntu 9.4.0-1ubuntu1~20.04.2) 9.4.0
Ubuntu 22.04
Kernel: Depends on container host
Compiler: gcc (Ubuntu 11.4.0-1ubuntu1~22.04) 11.4.0
Alpine
Kernel: Depends on container host
Compiler: gcc (Alpine 14.2.0) 14.2.0
FreeBSD 13.4
Kernel: 13.4-RELEASE-p1
Compiler: clang 18.1.6
FreeBSD 14.2
Kernel: 14.2-RELEASE
Compiler: clang 18.1.6
Ubuntu 24.04
Kernel: Depends on container host
Compiler: gcc (Ubuntu 13.3.0-6ubuntu2~24.04) 13.3.0
Windows Server 2022
Kernel: 10.0.20348.2031
Compiler: clang 15.0.7, gcc 14.1.0 (MinGW), and MSVC VS 19.39.33521
To view detailed results, visit:
https://lab.dpdk.org/results/dashboard/patchsets/32480/
UNH-IOL DPDK Community Lab
To manage your email subscriptions, visit:
https://lab.dpdk.org/results/dashboard/preferences/subscriptions/
^ permalink raw reply [flat|nested] 30+ messages in thread
* |WARNING| pw150794-150795 [PATCH] [v4,2/2] common/idpf: enable AVX2
[not found] <20250203052430.1243485-3-shaiq.wani@intel.com>
` (13 preceding siblings ...)
2025-02-03 8:55 ` dpdklab
@ 2025-02-03 8:57 ` dpdklab
2025-02-03 8:59 ` |FAILURE| " dpdklab
` (14 subsequent siblings)
29 siblings, 0 replies; 30+ messages in thread
From: dpdklab @ 2025-02-03 8:57 UTC (permalink / raw)
To: Test Report; +Cc: dpdk-test-reports
Test-Label: iol-unit-amd64-testing
Test-Status: WARNING
http://dpdk.org/patch/150795
_Testing issues_
Submitter: Shaiq Wani <shaiq.wani@intel.com>
Date: Monday, February 03 2025 05:24:30
DPDK git baseline: Repo:dpdk
Branch: master
CommitID:abf3b7b7b361f8aa8d75ae00d449b588a0cdcda3
150794-150795 --> testing issues
Upstream job id: Generic-Unit-Test-DPDK#311183
Test environment and result as below:
+-------------------+----------------+
| Environment | dpdk_unit_test |
+===================+================+
| CentOS Stream 9 | WARN |
+-------------------+----------------+
| Debian Bullseye | WARN |
+-------------------+----------------+
| Fedora 40 | WARN |
+-------------------+----------------+
| Fedora 40 (Clang) | WARN |
+-------------------+----------------+
| Debian 12 | WARN |
+-------------------+----------------+
| Fedora 41 | WARN |
+-------------------+----------------+
| Fedora 41 (Clang) | WARN |
+-------------------+----------------+
| RHEL8 | WARN |
+-------------------+----------------+
| RHEL9 | WARN |
+-------------------+----------------+
| Ubuntu 22.04 | WARN |
+-------------------+----------------+
| Ubuntu 20.04 | WARN |
+-------------------+----------------+
| Ubuntu 24.04 | WARN |
+-------------------+----------------+
==== 20 line log output for Ubuntu 24.04 (dpdk_unit_test): ====
[559/3149] Linking static target drivers/librte_common_iavf.a
[560/3149] Compiling C object drivers/common/idpf/libidpf_avx2_lib.a.p/idpf_common_rxtx_avx2.c.o
FAILED: drivers/common/idpf/libidpf_avx2_lib.a.p/idpf_common_rxtx_avx2.c.o
ccache cc -Idrivers/common/idpf/libidpf_avx2_lib.a.p -Idrivers/common/idpf -I../drivers/common/idpf -Idrivers/common/iavf -I../drivers/common/iavf -Ilib/ethdev -I../lib/ethdev -I. -I.. -Iconfig -I../config -Ilib/eal/include -I../lib/eal/include -Ilib/eal/linux/include -I../lib/eal/linux/include -Ilib/eal/x86/include -I../lib/eal/x86/include -I../kernel/linux -Ilib/eal/common -I../lib/eal/common -Ilib/eal -I../lib/eal -Ilib/kvargs -I../lib/kvargs -Ilib/log -I../lib/log -Ilib/metrics -I../lib/metrics -Ilib/telemetry -I../lib/telemetry -Ilib/net -I../lib/net -Ilib/mbuf -I../lib/mbuf -Ilib/mempool -I../lib/mempool -Ilib/ring -I../lib/ring -Ilib/meter -I../lib/meter -Ilib/hash -I../lib/hash -Ilib/rcu -I../lib/rcu -fdiagnostics-color=always -pipe -D_FILE_OFFSET_BITS=64 -Wall -Winvalid-pch -Wextra -Werror -std=c11 -O3 -include rte_config.h -Wcast-qual -Wdeprecated -Wformat -Wformat-nonliteral -Wformat-security -Wmissing-declarations -Wmissing-prototypes -Wnested-externs -Wold-style-definiti
on -Wpointer-arith -Wsign-compare -Wstrict-prototypes -Wundef -Wwrite-strings -Wno-packed-not-aligned -Wno-missing-field-initializers -D_GNU_SOURCE -fPIC -march=native -mrtm -DALLOW_EXPERIMENTAL_API -DALLOW_INTERNAL_API -Wno-format-truncation -Wno-address-of-packed-member -mavx2 -MD -MQ drivers/common/idpf/libidpf_avx2_lib.a.p/idpf_common_rxtx_avx2.c.o -MF drivers/common/idpf/libidpf_avx2_lib.a.p/idpf_common_rxtx_avx2.c.o.d -o drivers/common/idpf/libidpf_avx2_lib.a.p/idpf_common_rxtx_avx2.c.o -c ../drivers/common/idpf/idpf_common_rxtx_avx2.c
../drivers/common/idpf/idpf_common_rxtx_avx2.c: In function 'idpf_singleq_vtx1':
../drivers/common/idpf/idpf_common_rxtx_avx2.c:559:25: error: cast discards 'volatile' qualifier from pointer target type [-Werror=cast-qual]
559 | _mm_store_si128((__m128i *)txdp, descriptor);
| ^
../drivers/common/idpf/idpf_common_rxtx_avx2.c: In function 'idpf_singleq_vtx':
../drivers/common/idpf/idpf_common_rxtx_avx2.c:606:36: error: cast discards 'volatile' qualifier from pointer target type [-Werror=cast-qual]
606 | _mm256_store_si256((void *)(txdp + 2), desc2_3);
| ^
../drivers/common/idpf/idpf_common_rxtx_avx2.c:607:36: error: cast discards 'volatile' qualifier from pointer target type [-Werror=cast-qual]
607 | _mm256_store_si256((void *)txdp, desc0_1);
| ^
cc1: all warnings being treated as errors
[561/3149] Generating rte_common_dpaax.sym_chk with a custom command (wrapped by meson to capture output)
[562/3149] Generating rte_common_iavf.sym_chk with a custom command (wrapped by meson to capture output)
[563/3149] Compiling C object lib/librte_pipeline.a.p/pipeline_rte_table_action.c.o
ninja: build stopped: subcommand failed.
==== End log output ====
CentOS Stream 9
Kernel: Depends on container host
Compiler: gcc 11.5.0 20240719 (Red Hat 11.5.0-2)
Debian Bullseye
Kernel: Depends on container host
Compiler: gcc (Debian 10.2.1-6) 10.2.1 20210110
Fedora 40
Kernel: Depends on container host
Compiler: gcc 14.2.1 20240912 (Red Hat 14.2.1-3)
Fedora 40 (Clang)
Kernel: Depends on container host
Compiler: clang 18.1.8 (Fedora 18.1.8-1.fc40)
Debian 12
Kernel: Depends on container host
Compiler: gcc (Debian 12.2.0-14) 12.2.0
Fedora 41
Kernel: Depends on container host
Compiler: gcc 14.2.1 20240912 (Red Hat 14.2.1-3)
Fedora 41 (Clang)
Kernel: Depends on container host
Compiler: clang 19.1.5 (Fedora 19.1.5-1.fc41)
RHEL8
Kernel: Depends on container host
Compiler: gcc 8.5.0 20210514 (Red Hat 8.5.0-22)
RHEL9
Kernel: Depends on container host
Compiler: gcc 11.5.0 20240719 (Red Hat 11.5.0-2)
Ubuntu 22.04
Kernel: Depends on container host
Compiler: gcc (Ubuntu 11.4.0-1ubuntu1~22.04) 11.4.0
Ubuntu 20.04
Kernel: Depends on container host
Compiler: gcc (Ubuntu 9.4.0-1ubuntu1~20.04.2) 9.4.0
Ubuntu 24.04
Kernel: Depends on container host
Compiler: gcc (Ubuntu 13.3.0-6ubuntu2~24.04) 13.3.0
To view detailed results, visit:
https://lab.dpdk.org/results/dashboard/patchsets/32480/
UNH-IOL DPDK Community Lab
To manage your email subscriptions, visit:
https://lab.dpdk.org/results/dashboard/preferences/subscriptions/
^ permalink raw reply [flat|nested] 30+ messages in thread
* |FAILURE| pw150794-150795 [PATCH] [v4,2/2] common/idpf: enable AVX2
[not found] <20250203052430.1243485-3-shaiq.wani@intel.com>
` (14 preceding siblings ...)
2025-02-03 8:57 ` |WARNING| " dpdklab
@ 2025-02-03 8:59 ` dpdklab
2025-02-03 8:59 ` dpdklab
` (13 subsequent siblings)
29 siblings, 0 replies; 30+ messages in thread
From: dpdklab @ 2025-02-03 8:59 UTC (permalink / raw)
To: Test Report; +Cc: dpdk-test-reports, Shaiq Wani
Test-Label: iol-compile-amd64-testing
Test-Status: FAILURE
http://dpdk.org/patch/150795
_Testing issues_
Submitter: Shaiq Wani <shaiq.wani@intel.com>
Date: Monday, February 03 2025 05:24:30
DPDK git baseline: Repo:dpdk
Branch: master
CommitID:abf3b7b7b361f8aa8d75ae00d449b588a0cdcda3
150794-150795 --> testing issues
Upstream job id: Generic-DPDK-Compile-Meson#357275
Test environment and result as below:
+---------------------+--------------------+------------------+-------------------+-------------------+
| Environment | dpdk_meson_compile | dpdk_compile_ovs | dpdk_compile_spdk | dpdk_msvc_compile |
+=====================+====================+==================+===================+===================+
| CentOS Stream 9 | FAIL | WARN | WARN | SKIPPED |
+---------------------+--------------------+------------------+-------------------+-------------------+
| Debian Bullseye | FAIL | WARN | WARN | SKIPPED |
+---------------------+--------------------+------------------+-------------------+-------------------+
| Debian 12 | FAIL | WARN | WARN | SKIPPED |
+---------------------+--------------------+------------------+-------------------+-------------------+
| Fedora 40 (Clang) | FAIL | WARN | WARN | SKIPPED |
+---------------------+--------------------+------------------+-------------------+-------------------+
| Fedora 40 | FAIL | WARN | WARN | SKIPPED |
+---------------------+--------------------+------------------+-------------------+-------------------+
| Fedora 41 | FAIL | WARN | WARN | SKIPPED |
+---------------------+--------------------+------------------+-------------------+-------------------+
| Fedora 41 (Clang) | FAIL | WARN | WARN | SKIPPED |
+---------------------+--------------------+------------------+-------------------+-------------------+
| openSUSE Leap 15 | FAIL | SKIPPED | SKIPPED | SKIPPED |
+---------------------+--------------------+------------------+-------------------+-------------------+
| RHEL8 | FAIL | WARN | SKIPPED | SKIPPED |
+---------------------+--------------------+------------------+-------------------+-------------------+
| RHEL9 | PEND | PEND | SKIPPED | SKIPPED |
+---------------------+--------------------+------------------+-------------------+-------------------+
| Ubuntu 20.04 | FAIL | WARN | SKIPPED | SKIPPED |
+---------------------+--------------------+------------------+-------------------+-------------------+
| Ubuntu 22.04 | FAIL | PEND | PEND | SKIPPED |
+---------------------+--------------------+------------------+-------------------+-------------------+
| Alpine | PEND | PEND | SKIPPED | SKIPPED |
+---------------------+--------------------+------------------+-------------------+-------------------+
| FreeBSD 13.4 | FAIL | SKIPPED | SKIPPED | SKIPPED |
+---------------------+--------------------+------------------+-------------------+-------------------+
| FreeBSD 14.2 | FAIL | SKIPPED | SKIPPED | SKIPPED |
+---------------------+--------------------+------------------+-------------------+-------------------+
| Ubuntu 24.04 | PEND | PEND | PEND | SKIPPED |
+---------------------+--------------------+------------------+-------------------+-------------------+
| Windows Server 2022 | SKIPPED | SKIPPED | SKIPPED | PASS |
+---------------------+--------------------+------------------+-------------------+-------------------+
==== 20 line log output for FreeBSD 14.2 (dpdk_meson_compile): ====
[516/1937] Linking static target drivers/librte_common_iavf.a
[517/1937] Compiling C object drivers/common/idpf/libidpf_avx2_lib.a.p/idpf_common_rxtx_avx2.c.o
FAILED: drivers/common/idpf/libidpf_avx2_lib.a.p/idpf_common_rxtx_avx2.c.o
cc -Idrivers/common/idpf/libidpf_avx2_lib.a.p -Idrivers/common/idpf -I../drivers/common/idpf -Idrivers/common/iavf -I../drivers/common/iavf -Ilib/ethdev -I../lib/ethdev -I. -I.. -Iconfig -I../config -Ilib/eal/include -I../lib/eal/include -Ilib/eal/freebsd/include -I../lib/eal/freebsd/include -Ilib/eal/x86/include -I../lib/eal/x86/include -Ilib/eal/common -I../lib/eal/common -Ilib/eal -I../lib/eal -Ilib/kvargs -I../lib/kvargs -Ilib/log -I../lib/log -Ilib/metrics -I../lib/metrics -Ilib/telemetry -I../lib/telemetry -Ilib/net -I../lib/net -Ilib/mbuf -I../lib/mbuf -Ilib/mempool -I../lib/mempool -Ilib/ring -I../lib/ring -Ilib/meter -I../lib/meter -Ilib/hash -I../lib/hash -Ilib/rcu -I../lib/rcu -fdiagnostics-color=always -D_FILE_OFFSET_BITS=64 -Wall -Winvalid-pch -Wextra -Werror -std=c11 -O3 -include rte_config.h -Wcast-qual -Wdeprecated -Wformat -Wformat-nonliteral -Wformat-security -Wmissing-declarations -Wmissing-prototypes -Wnested-externs -Wold-style-definition -Wpointer-arith -Wsign-c
ompare -Wstrict-prototypes -Wundef -Wwrite-strings -Wno-missing-field-initializers -D_GNU_SOURCE -D__BSD_VISIBLE -fPIC -march=native -mrtm -DALLOW_EXPERIMENTAL_API -DALLOW_INTERNAL_API -Wno-format-truncation -Wno-address-of-packed-member -mavx2 -MD -MQ drivers/common/idpf/libidpf_avx2_lib.a.p/idpf_common_rxtx_avx2.c.o -MF drivers/common/idpf/libidpf_avx2_lib.a.p/idpf_common_rxtx_avx2.c.o.d -o drivers/common/idpf/libidpf_avx2_lib.a.p/idpf_common_rxtx_avx2.c.o -c ../drivers/common/idpf/idpf_common_rxtx_avx2.c
../drivers/common/idpf/idpf_common_rxtx_avx2.c:559:29: error: cast from 'volatile struct idpf_base_tx_desc *' to '__attribute__((__vector_size__(2 * sizeof(long long)))) long long *' drops volatile qualifier [-Werror,-Wcast-qual]
559 | _mm_store_si128((__m128i *)txdp, descriptor);
| ^
../drivers/common/idpf/idpf_common_rxtx_avx2.c:606:30: error: cast from 'volatile struct idpf_base_tx_desc *' to 'void *' drops volatile qualifier [-Werror,-Wcast-qual]
606 | _mm256_store_si256((void *)(txdp + 2), desc2_3);
| ^
../drivers/common/idpf/idpf_common_rxtx_avx2.c:607:30: error: cast from 'volatile struct idpf_base_tx_desc *' to 'void *' drops volatile qualifier [-Werror,-Wcast-qual]
607 | _mm256_store_si256((void *)txdp, desc0_1);
| ^
3 errors generated.
[518/1937] Generating lib/graph.sym_chk with a custom command (wrapped by meson to capture output)
[519/1937] Generating drivers/rte_common_iavf.sym_chk with a custom command (wrapped by meson to capture output)
[520/1937] Compiling C object drivers/libtmp_rte_common_idpf.a.p/common_idpf_idpf_common_device.c.o
[521/1937] Compiling C object drivers/common/idpf/libidpf_common_avx512_lib.a.p/idpf_common_rxtx_avx512.c.o
[522/1937] Generating lib/pipeline.sym_chk with a custom command (wrapped by meson to capture output)
ninja: build stopped: subcommand failed.
==== End log output ====
CentOS Stream 9
Kernel: Depends on container host
Compiler: gcc 11.5.0 20240719 (Red Hat 11.5.0-2)
Debian Bullseye
Kernel: Depends on container host
Compiler: gcc (Debian 10.2.1-6) 10.2.1 20210110
Debian 12
Kernel: Depends on container host
Compiler: gcc (Debian 12.2.0-14) 12.2.0
Fedora 40 (Clang)
Kernel: Depends on container host
Compiler: clang 18.1.8 (Fedora 18.1.8-1.fc40)
Fedora 40
Kernel: Depends on container host
Compiler: gcc 14.2.1 20240912 (Red Hat 14.2.1-3)
Fedora 41
Kernel: Depends on container host
Compiler: gcc 14.2.1 20240912 (Red Hat 14.2.1-3)
Fedora 41 (Clang)
Kernel: Depends on container host
Compiler: clang 19.1.5 (Fedora 19.1.5-1.fc41)
openSUSE Leap 15
Kernel: Depends on container host
Compiler: gcc (SUSE Linux) 7.5.0
RHEL8
Kernel: Depends on container host
Compiler: gcc 8.5.0 20210514 (Red Hat 8.5.0-22)
RHEL9
Kernel: Depends on container host
Compiler: gcc 11.5.0 20240719 (Red Hat 11.5.0-2)
Ubuntu 20.04
Kernel: Depends on container host
Compiler: gcc (Ubuntu 9.4.0-1ubuntu1~20.04.2) 9.4.0
Ubuntu 22.04
Kernel: Depends on container host
Compiler: gcc (Ubuntu 11.4.0-1ubuntu1~22.04) 11.4.0
Alpine
Kernel: Depends on container host
Compiler: gcc (Alpine 14.2.0) 14.2.0
FreeBSD 13.4
Kernel: 13.4-RELEASE-p1
Compiler: clang 18.1.6
FreeBSD 14.2
Kernel: 14.2-RELEASE
Compiler: clang 18.1.6
Ubuntu 24.04
Kernel: Depends on container host
Compiler: gcc (Ubuntu 13.3.0-6ubuntu2~24.04) 13.3.0
Windows Server 2022
Kernel: 10.0.20348.2031
Compiler: clang 15.0.7, gcc 14.1.0 (MinGW), and MSVC VS 19.39.33521
To view detailed results, visit:
https://lab.dpdk.org/results/dashboard/patchsets/32480/
UNH-IOL DPDK Community Lab
To manage your email subscriptions, visit:
https://lab.dpdk.org/results/dashboard/preferences/subscriptions/
^ permalink raw reply [flat|nested] 30+ messages in thread
* |FAILURE| pw150794-150795 [PATCH] [v4,2/2] common/idpf: enable AVX2
[not found] <20250203052430.1243485-3-shaiq.wani@intel.com>
` (15 preceding siblings ...)
2025-02-03 8:59 ` |FAILURE| " dpdklab
@ 2025-02-03 8:59 ` dpdklab
2025-02-03 8:59 ` dpdklab
` (12 subsequent siblings)
29 siblings, 0 replies; 30+ messages in thread
From: dpdklab @ 2025-02-03 8:59 UTC (permalink / raw)
To: Test Report; +Cc: dpdk-test-reports, Shaiq Wani
Test-Label: iol-compile-amd64-testing
Test-Status: FAILURE
http://dpdk.org/patch/150795
_Testing issues_
Submitter: Shaiq Wani <shaiq.wani@intel.com>
Date: Monday, February 03 2025 05:24:30
DPDK git baseline: Repo:dpdk
Branch: master
CommitID:abf3b7b7b361f8aa8d75ae00d449b588a0cdcda3
150794-150795 --> testing issues
Upstream job id: Generic-DPDK-Compile-Meson#357273
Test environment and result as below:
+---------------------+--------------------+------------------+-------------------+-------------------+
| Environment | dpdk_meson_compile | dpdk_compile_ovs | dpdk_compile_spdk | dpdk_msvc_compile |
+=====================+====================+==================+===================+===================+
| CentOS Stream 9 | FAIL | WARN | WARN | SKIPPED |
+---------------------+--------------------+------------------+-------------------+-------------------+
| Debian Bullseye | FAIL | WARN | WARN | SKIPPED |
+---------------------+--------------------+------------------+-------------------+-------------------+
| Debian 12 | FAIL | WARN | WARN | SKIPPED |
+---------------------+--------------------+------------------+-------------------+-------------------+
| Fedora 40 (Clang) | FAIL | WARN | WARN | SKIPPED |
+---------------------+--------------------+------------------+-------------------+-------------------+
| Fedora 40 | FAIL | WARN | WARN | SKIPPED |
+---------------------+--------------------+------------------+-------------------+-------------------+
| Fedora 41 | FAIL | WARN | WARN | SKIPPED |
+---------------------+--------------------+------------------+-------------------+-------------------+
| Fedora 41 (Clang) | FAIL | WARN | WARN | SKIPPED |
+---------------------+--------------------+------------------+-------------------+-------------------+
| openSUSE Leap 15 | FAIL | SKIPPED | SKIPPED | SKIPPED |
+---------------------+--------------------+------------------+-------------------+-------------------+
| RHEL8 | FAIL | WARN | SKIPPED | SKIPPED |
+---------------------+--------------------+------------------+-------------------+-------------------+
| RHEL9 | PEND | PEND | SKIPPED | SKIPPED |
+---------------------+--------------------+------------------+-------------------+-------------------+
| Ubuntu 20.04 | FAIL | WARN | SKIPPED | SKIPPED |
+---------------------+--------------------+------------------+-------------------+-------------------+
| Ubuntu 22.04 | FAIL | WARN | PEND | SKIPPED |
+---------------------+--------------------+------------------+-------------------+-------------------+
| Alpine | PEND | PEND | SKIPPED | SKIPPED |
+---------------------+--------------------+------------------+-------------------+-------------------+
| FreeBSD 13.4 | FAIL | SKIPPED | SKIPPED | SKIPPED |
+---------------------+--------------------+------------------+-------------------+-------------------+
| FreeBSD 14.2 | FAIL | SKIPPED | SKIPPED | SKIPPED |
+---------------------+--------------------+------------------+-------------------+-------------------+
| Ubuntu 24.04 | PEND | PEND | PEND | SKIPPED |
+---------------------+--------------------+------------------+-------------------+-------------------+
| Windows Server 2022 | SKIPPED | SKIPPED | SKIPPED | PASS |
+---------------------+--------------------+------------------+-------------------+-------------------+
==== 20 line log output for FreeBSD 14.2 (dpdk_meson_compile): ====
[516/1937] Linking static target drivers/librte_common_iavf.a
[517/1937] Compiling C object drivers/common/idpf/libidpf_avx2_lib.a.p/idpf_common_rxtx_avx2.c.o
FAILED: drivers/common/idpf/libidpf_avx2_lib.a.p/idpf_common_rxtx_avx2.c.o
cc -Idrivers/common/idpf/libidpf_avx2_lib.a.p -Idrivers/common/idpf -I../drivers/common/idpf -Idrivers/common/iavf -I../drivers/common/iavf -Ilib/ethdev -I../lib/ethdev -I. -I.. -Iconfig -I../config -Ilib/eal/include -I../lib/eal/include -Ilib/eal/freebsd/include -I../lib/eal/freebsd/include -Ilib/eal/x86/include -I../lib/eal/x86/include -Ilib/eal/common -I../lib/eal/common -Ilib/eal -I../lib/eal -Ilib/kvargs -I../lib/kvargs -Ilib/log -I../lib/log -Ilib/metrics -I../lib/metrics -Ilib/telemetry -I../lib/telemetry -Ilib/net -I../lib/net -Ilib/mbuf -I../lib/mbuf -Ilib/mempool -I../lib/mempool -Ilib/ring -I../lib/ring -Ilib/meter -I../lib/meter -Ilib/hash -I../lib/hash -Ilib/rcu -I../lib/rcu -fdiagnostics-color=always -D_FILE_OFFSET_BITS=64 -Wall -Winvalid-pch -Wextra -Werror -std=c11 -O3 -include rte_config.h -Wcast-qual -Wdeprecated -Wformat -Wformat-nonliteral -Wformat-security -Wmissing-declarations -Wmissing-prototypes -Wnested-externs -Wold-style-definition -Wpointer-arith -Wsign-c
ompare -Wstrict-prototypes -Wundef -Wwrite-strings -Wno-missing-field-initializers -D_GNU_SOURCE -D__BSD_VISIBLE -fPIC -march=native -mrtm -DALLOW_EXPERIMENTAL_API -DALLOW_INTERNAL_API -Wno-format-truncation -Wno-address-of-packed-member -mavx2 -MD -MQ drivers/common/idpf/libidpf_avx2_lib.a.p/idpf_common_rxtx_avx2.c.o -MF drivers/common/idpf/libidpf_avx2_lib.a.p/idpf_common_rxtx_avx2.c.o.d -o drivers/common/idpf/libidpf_avx2_lib.a.p/idpf_common_rxtx_avx2.c.o -c ../drivers/common/idpf/idpf_common_rxtx_avx2.c
../drivers/common/idpf/idpf_common_rxtx_avx2.c:559:29: error: cast from 'volatile struct idpf_base_tx_desc *' to '__attribute__((__vector_size__(2 * sizeof(long long)))) long long *' drops volatile qualifier [-Werror,-Wcast-qual]
559 | _mm_store_si128((__m128i *)txdp, descriptor);
| ^
../drivers/common/idpf/idpf_common_rxtx_avx2.c:606:30: error: cast from 'volatile struct idpf_base_tx_desc *' to 'void *' drops volatile qualifier [-Werror,-Wcast-qual]
606 | _mm256_store_si256((void *)(txdp + 2), desc2_3);
| ^
../drivers/common/idpf/idpf_common_rxtx_avx2.c:607:30: error: cast from 'volatile struct idpf_base_tx_desc *' to 'void *' drops volatile qualifier [-Werror,-Wcast-qual]
607 | _mm256_store_si256((void *)txdp, desc0_1);
| ^
3 errors generated.
[518/1937] Generating lib/graph.sym_chk with a custom command (wrapped by meson to capture output)
[519/1937] Generating drivers/rte_common_iavf.sym_chk with a custom command (wrapped by meson to capture output)
[520/1937] Compiling C object drivers/libtmp_rte_common_idpf.a.p/common_idpf_idpf_common_device.c.o
[521/1937] Compiling C object drivers/common/idpf/libidpf_common_avx512_lib.a.p/idpf_common_rxtx_avx512.c.o
[522/1937] Generating lib/pipeline.sym_chk with a custom command (wrapped by meson to capture output)
ninja: build stopped: subcommand failed.
==== End log output ====
CentOS Stream 9
Kernel: Depends on container host
Compiler: gcc 11.5.0 20240719 (Red Hat 11.5.0-2)
Debian Bullseye
Kernel: Depends on container host
Compiler: gcc (Debian 10.2.1-6) 10.2.1 20210110
Debian 12
Kernel: Depends on container host
Compiler: gcc (Debian 12.2.0-14) 12.2.0
Fedora 40 (Clang)
Kernel: Depends on container host
Compiler: clang 18.1.8 (Fedora 18.1.8-1.fc40)
Fedora 40
Kernel: Depends on container host
Compiler: gcc 14.2.1 20240912 (Red Hat 14.2.1-3)
Fedora 41
Kernel: Depends on container host
Compiler: gcc 14.2.1 20240912 (Red Hat 14.2.1-3)
Fedora 41 (Clang)
Kernel: Depends on container host
Compiler: clang 19.1.5 (Fedora 19.1.5-1.fc41)
openSUSE Leap 15
Kernel: Depends on container host
Compiler: gcc (SUSE Linux) 7.5.0
RHEL8
Kernel: Depends on container host
Compiler: gcc 8.5.0 20210514 (Red Hat 8.5.0-22)
RHEL9
Kernel: Depends on container host
Compiler: gcc 11.5.0 20240719 (Red Hat 11.5.0-2)
Ubuntu 20.04
Kernel: Depends on container host
Compiler: gcc (Ubuntu 9.4.0-1ubuntu1~20.04.2) 9.4.0
Ubuntu 22.04
Kernel: Depends on container host
Compiler: gcc (Ubuntu 11.4.0-1ubuntu1~22.04) 11.4.0
Alpine
Kernel: Depends on container host
Compiler: gcc (Alpine 14.2.0) 14.2.0
FreeBSD 13.4
Kernel: 13.4-RELEASE-p1
Compiler: clang 18.1.6
FreeBSD 14.2
Kernel: 14.2-RELEASE
Compiler: clang 18.1.6
Ubuntu 24.04
Kernel: Depends on container host
Compiler: gcc (Ubuntu 13.3.0-6ubuntu2~24.04) 13.3.0
Windows Server 2022
Kernel: 10.0.20348.2031
Compiler: clang 15.0.7, gcc 14.1.0 (MinGW), and MSVC VS 19.39.33521
To view detailed results, visit:
https://lab.dpdk.org/results/dashboard/patchsets/32480/
UNH-IOL DPDK Community Lab
To manage your email subscriptions, visit:
https://lab.dpdk.org/results/dashboard/preferences/subscriptions/
^ permalink raw reply [flat|nested] 30+ messages in thread
* |FAILURE| pw150794-150795 [PATCH] [v4,2/2] common/idpf: enable AVX2
[not found] <20250203052430.1243485-3-shaiq.wani@intel.com>
` (16 preceding siblings ...)
2025-02-03 8:59 ` dpdklab
@ 2025-02-03 8:59 ` dpdklab
2025-02-03 9:00 ` dpdklab
` (11 subsequent siblings)
29 siblings, 0 replies; 30+ messages in thread
From: dpdklab @ 2025-02-03 8:59 UTC (permalink / raw)
To: Test Report; +Cc: dpdk-test-reports, Shaiq Wani
Test-Label: iol-compile-amd64-testing
Test-Status: FAILURE
http://dpdk.org/patch/150795
_Testing issues_
Submitter: Shaiq Wani <shaiq.wani@intel.com>
Date: Monday, February 03 2025 05:24:30
DPDK git baseline: Repo:dpdk
Branch: master
CommitID:abf3b7b7b361f8aa8d75ae00d449b588a0cdcda3
150794-150795 --> testing issues
Upstream job id: Generic-DPDK-Compile-Meson#357280
Test environment and result as below:
+---------------------+--------------------+------------------+-------------------+-------------------+
| Environment | dpdk_meson_compile | dpdk_compile_ovs | dpdk_compile_spdk | dpdk_msvc_compile |
+=====================+====================+==================+===================+===================+
| CentOS Stream 9 | FAIL | WARN | WARN | SKIPPED |
+---------------------+--------------------+------------------+-------------------+-------------------+
| Debian Bullseye | FAIL | WARN | WARN | SKIPPED |
+---------------------+--------------------+------------------+-------------------+-------------------+
| Debian 12 | FAIL | WARN | WARN | SKIPPED |
+---------------------+--------------------+------------------+-------------------+-------------------+
| Fedora 40 (Clang) | FAIL | WARN | WARN | SKIPPED |
+---------------------+--------------------+------------------+-------------------+-------------------+
| Fedora 40 | FAIL | WARN | WARN | SKIPPED |
+---------------------+--------------------+------------------+-------------------+-------------------+
| Fedora 41 | FAIL | WARN | WARN | SKIPPED |
+---------------------+--------------------+------------------+-------------------+-------------------+
| Fedora 41 (Clang) | FAIL | WARN | WARN | SKIPPED |
+---------------------+--------------------+------------------+-------------------+-------------------+
| openSUSE Leap 15 | FAIL | SKIPPED | SKIPPED | SKIPPED |
+---------------------+--------------------+------------------+-------------------+-------------------+
| RHEL8 | FAIL | WARN | SKIPPED | SKIPPED |
+---------------------+--------------------+------------------+-------------------+-------------------+
| RHEL9 | PEND | PEND | SKIPPED | SKIPPED |
+---------------------+--------------------+------------------+-------------------+-------------------+
| Ubuntu 20.04 | FAIL | WARN | SKIPPED | SKIPPED |
+---------------------+--------------------+------------------+-------------------+-------------------+
| Ubuntu 22.04 | FAIL | WARN | WARN | SKIPPED |
+---------------------+--------------------+------------------+-------------------+-------------------+
| Alpine | PEND | PEND | SKIPPED | SKIPPED |
+---------------------+--------------------+------------------+-------------------+-------------------+
| FreeBSD 13.4 | FAIL | SKIPPED | SKIPPED | SKIPPED |
+---------------------+--------------------+------------------+-------------------+-------------------+
| FreeBSD 14.2 | FAIL | SKIPPED | SKIPPED | SKIPPED |
+---------------------+--------------------+------------------+-------------------+-------------------+
| Ubuntu 24.04 | PEND | PEND | PEND | SKIPPED |
+---------------------+--------------------+------------------+-------------------+-------------------+
| Windows Server 2022 | SKIPPED | SKIPPED | SKIPPED | PASS |
+---------------------+--------------------+------------------+-------------------+-------------------+
==== 20 line log output for FreeBSD 14.2 (dpdk_meson_compile): ====
[516/1937] Linking static target drivers/librte_common_iavf.a
[517/1937] Compiling C object drivers/common/idpf/libidpf_avx2_lib.a.p/idpf_common_rxtx_avx2.c.o
FAILED: drivers/common/idpf/libidpf_avx2_lib.a.p/idpf_common_rxtx_avx2.c.o
cc -Idrivers/common/idpf/libidpf_avx2_lib.a.p -Idrivers/common/idpf -I../drivers/common/idpf -Idrivers/common/iavf -I../drivers/common/iavf -Ilib/ethdev -I../lib/ethdev -I. -I.. -Iconfig -I../config -Ilib/eal/include -I../lib/eal/include -Ilib/eal/freebsd/include -I../lib/eal/freebsd/include -Ilib/eal/x86/include -I../lib/eal/x86/include -Ilib/eal/common -I../lib/eal/common -Ilib/eal -I../lib/eal -Ilib/kvargs -I../lib/kvargs -Ilib/log -I../lib/log -Ilib/metrics -I../lib/metrics -Ilib/telemetry -I../lib/telemetry -Ilib/net -I../lib/net -Ilib/mbuf -I../lib/mbuf -Ilib/mempool -I../lib/mempool -Ilib/ring -I../lib/ring -Ilib/meter -I../lib/meter -Ilib/hash -I../lib/hash -Ilib/rcu -I../lib/rcu -fdiagnostics-color=always -D_FILE_OFFSET_BITS=64 -Wall -Winvalid-pch -Wextra -Werror -std=c11 -O3 -include rte_config.h -Wcast-qual -Wdeprecated -Wformat -Wformat-nonliteral -Wformat-security -Wmissing-declarations -Wmissing-prototypes -Wnested-externs -Wold-style-definition -Wpointer-arith -Wsign-c
ompare -Wstrict-prototypes -Wundef -Wwrite-strings -Wno-missing-field-initializers -D_GNU_SOURCE -D__BSD_VISIBLE -fPIC -march=native -mrtm -DALLOW_EXPERIMENTAL_API -DALLOW_INTERNAL_API -Wno-format-truncation -Wno-address-of-packed-member -mavx2 -MD -MQ drivers/common/idpf/libidpf_avx2_lib.a.p/idpf_common_rxtx_avx2.c.o -MF drivers/common/idpf/libidpf_avx2_lib.a.p/idpf_common_rxtx_avx2.c.o.d -o drivers/common/idpf/libidpf_avx2_lib.a.p/idpf_common_rxtx_avx2.c.o -c ../drivers/common/idpf/idpf_common_rxtx_avx2.c
../drivers/common/idpf/idpf_common_rxtx_avx2.c:559:29: error: cast from 'volatile struct idpf_base_tx_desc *' to '__attribute__((__vector_size__(2 * sizeof(long long)))) long long *' drops volatile qualifier [-Werror,-Wcast-qual]
559 | _mm_store_si128((__m128i *)txdp, descriptor);
| ^
../drivers/common/idpf/idpf_common_rxtx_avx2.c:606:30: error: cast from 'volatile struct idpf_base_tx_desc *' to 'void *' drops volatile qualifier [-Werror,-Wcast-qual]
606 | _mm256_store_si256((void *)(txdp + 2), desc2_3);
| ^
../drivers/common/idpf/idpf_common_rxtx_avx2.c:607:30: error: cast from 'volatile struct idpf_base_tx_desc *' to 'void *' drops volatile qualifier [-Werror,-Wcast-qual]
607 | _mm256_store_si256((void *)txdp, desc0_1);
| ^
3 errors generated.
[518/1937] Generating lib/graph.sym_chk with a custom command (wrapped by meson to capture output)
[519/1937] Generating drivers/rte_common_iavf.sym_chk with a custom command (wrapped by meson to capture output)
[520/1937] Compiling C object drivers/libtmp_rte_common_idpf.a.p/common_idpf_idpf_common_device.c.o
[521/1937] Compiling C object drivers/common/idpf/libidpf_common_avx512_lib.a.p/idpf_common_rxtx_avx512.c.o
[522/1937] Generating lib/pipeline.sym_chk with a custom command (wrapped by meson to capture output)
ninja: build stopped: subcommand failed.
==== End log output ====
CentOS Stream 9
Kernel: Depends on container host
Compiler: gcc 11.5.0 20240719 (Red Hat 11.5.0-2)
Debian Bullseye
Kernel: Depends on container host
Compiler: gcc (Debian 10.2.1-6) 10.2.1 20210110
Debian 12
Kernel: Depends on container host
Compiler: gcc (Debian 12.2.0-14) 12.2.0
Fedora 40 (Clang)
Kernel: Depends on container host
Compiler: clang 18.1.8 (Fedora 18.1.8-1.fc40)
Fedora 40
Kernel: Depends on container host
Compiler: gcc 14.2.1 20240912 (Red Hat 14.2.1-3)
Fedora 41
Kernel: Depends on container host
Compiler: gcc 14.2.1 20240912 (Red Hat 14.2.1-3)
Fedora 41 (Clang)
Kernel: Depends on container host
Compiler: clang 19.1.5 (Fedora 19.1.5-1.fc41)
openSUSE Leap 15
Kernel: Depends on container host
Compiler: gcc (SUSE Linux) 7.5.0
RHEL8
Kernel: Depends on container host
Compiler: gcc 8.5.0 20210514 (Red Hat 8.5.0-22)
RHEL9
Kernel: Depends on container host
Compiler: gcc 11.5.0 20240719 (Red Hat 11.5.0-2)
Ubuntu 20.04
Kernel: Depends on container host
Compiler: gcc (Ubuntu 9.4.0-1ubuntu1~20.04.2) 9.4.0
Ubuntu 22.04
Kernel: Depends on container host
Compiler: gcc (Ubuntu 11.4.0-1ubuntu1~22.04) 11.4.0
Alpine
Kernel: Depends on container host
Compiler: gcc (Alpine 14.2.0) 14.2.0
FreeBSD 13.4
Kernel: 13.4-RELEASE-p1
Compiler: clang 18.1.6
FreeBSD 14.2
Kernel: 14.2-RELEASE
Compiler: clang 18.1.6
Ubuntu 24.04
Kernel: Depends on container host
Compiler: gcc (Ubuntu 13.3.0-6ubuntu2~24.04) 13.3.0
Windows Server 2022
Kernel: 10.0.20348.2031
Compiler: clang 15.0.7, gcc 14.1.0 (MinGW), and MSVC VS 19.39.33521
To view detailed results, visit:
https://lab.dpdk.org/results/dashboard/patchsets/32480/
UNH-IOL DPDK Community Lab
To manage your email subscriptions, visit:
https://lab.dpdk.org/results/dashboard/preferences/subscriptions/
^ permalink raw reply [flat|nested] 30+ messages in thread
* |FAILURE| pw150794-150795 [PATCH] [v4,2/2] common/idpf: enable AVX2
[not found] <20250203052430.1243485-3-shaiq.wani@intel.com>
` (17 preceding siblings ...)
2025-02-03 8:59 ` dpdklab
@ 2025-02-03 9:00 ` dpdklab
2025-02-03 9:00 ` dpdklab
` (10 subsequent siblings)
29 siblings, 0 replies; 30+ messages in thread
From: dpdklab @ 2025-02-03 9:00 UTC (permalink / raw)
To: Test Report; +Cc: dpdk-test-reports, Shaiq Wani
Test-Label: iol-compile-amd64-testing
Test-Status: FAILURE
http://dpdk.org/patch/150795
_Testing issues_
Submitter: Shaiq Wani <shaiq.wani@intel.com>
Date: Monday, February 03 2025 05:24:30
DPDK git baseline: Repo:dpdk
Branch: master
CommitID:abf3b7b7b361f8aa8d75ae00d449b588a0cdcda3
150794-150795 --> testing issues
Upstream job id: Generic-DPDK-Compile-Meson#357277
Test environment and result as below:
+---------------------+--------------------+------------------+-------------------+-------------------+
| Environment | dpdk_meson_compile | dpdk_compile_ovs | dpdk_compile_spdk | dpdk_msvc_compile |
+=====================+====================+==================+===================+===================+
| CentOS Stream 9 | FAIL | WARN | WARN | SKIPPED |
+---------------------+--------------------+------------------+-------------------+-------------------+
| Debian Bullseye | FAIL | WARN | WARN | SKIPPED |
+---------------------+--------------------+------------------+-------------------+-------------------+
| Debian 12 | FAIL | WARN | WARN | SKIPPED |
+---------------------+--------------------+------------------+-------------------+-------------------+
| Fedora 40 (Clang) | FAIL | WARN | WARN | SKIPPED |
+---------------------+--------------------+------------------+-------------------+-------------------+
| Fedora 40 | FAIL | WARN | WARN | SKIPPED |
+---------------------+--------------------+------------------+-------------------+-------------------+
| Fedora 41 | FAIL | WARN | WARN | SKIPPED |
+---------------------+--------------------+------------------+-------------------+-------------------+
| Fedora 41 (Clang) | FAIL | WARN | WARN | SKIPPED |
+---------------------+--------------------+------------------+-------------------+-------------------+
| openSUSE Leap 15 | FAIL | SKIPPED | SKIPPED | SKIPPED |
+---------------------+--------------------+------------------+-------------------+-------------------+
| RHEL8 | FAIL | WARN | SKIPPED | SKIPPED |
+---------------------+--------------------+------------------+-------------------+-------------------+
| RHEL9 | PEND | PEND | SKIPPED | SKIPPED |
+---------------------+--------------------+------------------+-------------------+-------------------+
| Ubuntu 20.04 | FAIL | WARN | SKIPPED | SKIPPED |
+---------------------+--------------------+------------------+-------------------+-------------------+
| Ubuntu 22.04 | FAIL | WARN | WARN | SKIPPED |
+---------------------+--------------------+------------------+-------------------+-------------------+
| Alpine | PEND | PEND | SKIPPED | SKIPPED |
+---------------------+--------------------+------------------+-------------------+-------------------+
| FreeBSD 13.4 | FAIL | SKIPPED | SKIPPED | SKIPPED |
+---------------------+--------------------+------------------+-------------------+-------------------+
| FreeBSD 14.2 | FAIL | SKIPPED | SKIPPED | SKIPPED |
+---------------------+--------------------+------------------+-------------------+-------------------+
| Ubuntu 24.04 | PEND | PEND | PEND | SKIPPED |
+---------------------+--------------------+------------------+-------------------+-------------------+
| Windows Server 2022 | SKIPPED | SKIPPED | SKIPPED | PASS |
+---------------------+--------------------+------------------+-------------------+-------------------+
==== 20 line log output for FreeBSD 14.2 (dpdk_meson_compile): ====
[516/1937] Linking static target drivers/librte_common_iavf.a
[517/1937] Compiling C object drivers/common/idpf/libidpf_avx2_lib.a.p/idpf_common_rxtx_avx2.c.o
FAILED: drivers/common/idpf/libidpf_avx2_lib.a.p/idpf_common_rxtx_avx2.c.o
cc -Idrivers/common/idpf/libidpf_avx2_lib.a.p -Idrivers/common/idpf -I../drivers/common/idpf -Idrivers/common/iavf -I../drivers/common/iavf -Ilib/ethdev -I../lib/ethdev -I. -I.. -Iconfig -I../config -Ilib/eal/include -I../lib/eal/include -Ilib/eal/freebsd/include -I../lib/eal/freebsd/include -Ilib/eal/x86/include -I../lib/eal/x86/include -Ilib/eal/common -I../lib/eal/common -Ilib/eal -I../lib/eal -Ilib/kvargs -I../lib/kvargs -Ilib/log -I../lib/log -Ilib/metrics -I../lib/metrics -Ilib/telemetry -I../lib/telemetry -Ilib/net -I../lib/net -Ilib/mbuf -I../lib/mbuf -Ilib/mempool -I../lib/mempool -Ilib/ring -I../lib/ring -Ilib/meter -I../lib/meter -Ilib/hash -I../lib/hash -Ilib/rcu -I../lib/rcu -fdiagnostics-color=always -D_FILE_OFFSET_BITS=64 -Wall -Winvalid-pch -Wextra -Werror -std=c11 -O3 -include rte_config.h -Wcast-qual -Wdeprecated -Wformat -Wformat-nonliteral -Wformat-security -Wmissing-declarations -Wmissing-prototypes -Wnested-externs -Wold-style-definition -Wpointer-arith -Wsign-c
ompare -Wstrict-prototypes -Wundef -Wwrite-strings -Wno-missing-field-initializers -D_GNU_SOURCE -D__BSD_VISIBLE -fPIC -march=native -mrtm -DALLOW_EXPERIMENTAL_API -DALLOW_INTERNAL_API -Wno-format-truncation -Wno-address-of-packed-member -mavx2 -MD -MQ drivers/common/idpf/libidpf_avx2_lib.a.p/idpf_common_rxtx_avx2.c.o -MF drivers/common/idpf/libidpf_avx2_lib.a.p/idpf_common_rxtx_avx2.c.o.d -o drivers/common/idpf/libidpf_avx2_lib.a.p/idpf_common_rxtx_avx2.c.o -c ../drivers/common/idpf/idpf_common_rxtx_avx2.c
../drivers/common/idpf/idpf_common_rxtx_avx2.c:559:29: error: cast from 'volatile struct idpf_base_tx_desc *' to '__attribute__((__vector_size__(2 * sizeof(long long)))) long long *' drops volatile qualifier [-Werror,-Wcast-qual]
559 | _mm_store_si128((__m128i *)txdp, descriptor);
| ^
../drivers/common/idpf/idpf_common_rxtx_avx2.c:606:30: error: cast from 'volatile struct idpf_base_tx_desc *' to 'void *' drops volatile qualifier [-Werror,-Wcast-qual]
606 | _mm256_store_si256((void *)(txdp + 2), desc2_3);
| ^
../drivers/common/idpf/idpf_common_rxtx_avx2.c:607:30: error: cast from 'volatile struct idpf_base_tx_desc *' to 'void *' drops volatile qualifier [-Werror,-Wcast-qual]
607 | _mm256_store_si256((void *)txdp, desc0_1);
| ^
3 errors generated.
[518/1937] Generating lib/graph.sym_chk with a custom command (wrapped by meson to capture output)
[519/1937] Generating drivers/rte_common_iavf.sym_chk with a custom command (wrapped by meson to capture output)
[520/1937] Compiling C object drivers/libtmp_rte_common_idpf.a.p/common_idpf_idpf_common_device.c.o
[521/1937] Compiling C object drivers/common/idpf/libidpf_common_avx512_lib.a.p/idpf_common_rxtx_avx512.c.o
[522/1937] Generating lib/pipeline.sym_chk with a custom command (wrapped by meson to capture output)
ninja: build stopped: subcommand failed.
==== End log output ====
CentOS Stream 9
Kernel: Depends on container host
Compiler: gcc 11.5.0 20240719 (Red Hat 11.5.0-2)
Debian Bullseye
Kernel: Depends on container host
Compiler: gcc (Debian 10.2.1-6) 10.2.1 20210110
Debian 12
Kernel: Depends on container host
Compiler: gcc (Debian 12.2.0-14) 12.2.0
Fedora 40 (Clang)
Kernel: Depends on container host
Compiler: clang 18.1.8 (Fedora 18.1.8-1.fc40)
Fedora 40
Kernel: Depends on container host
Compiler: gcc 14.2.1 20240912 (Red Hat 14.2.1-3)
Fedora 41
Kernel: Depends on container host
Compiler: gcc 14.2.1 20240912 (Red Hat 14.2.1-3)
Fedora 41 (Clang)
Kernel: Depends on container host
Compiler: clang 19.1.5 (Fedora 19.1.5-1.fc41)
openSUSE Leap 15
Kernel: Depends on container host
Compiler: gcc (SUSE Linux) 7.5.0
RHEL8
Kernel: Depends on container host
Compiler: gcc 8.5.0 20210514 (Red Hat 8.5.0-22)
RHEL9
Kernel: Depends on container host
Compiler: gcc 11.5.0 20240719 (Red Hat 11.5.0-2)
Ubuntu 20.04
Kernel: Depends on container host
Compiler: gcc (Ubuntu 9.4.0-1ubuntu1~20.04.2) 9.4.0
Ubuntu 22.04
Kernel: Depends on container host
Compiler: gcc (Ubuntu 11.4.0-1ubuntu1~22.04) 11.4.0
Alpine
Kernel: Depends on container host
Compiler: gcc (Alpine 14.2.0) 14.2.0
FreeBSD 13.4
Kernel: 13.4-RELEASE-p1
Compiler: clang 18.1.6
FreeBSD 14.2
Kernel: 14.2-RELEASE
Compiler: clang 18.1.6
Ubuntu 24.04
Kernel: Depends on container host
Compiler: gcc (Ubuntu 13.3.0-6ubuntu2~24.04) 13.3.0
Windows Server 2022
Kernel: 10.0.20348.2031
Compiler: clang 15.0.7, gcc 14.1.0 (MinGW), and MSVC VS 19.39.33521
To view detailed results, visit:
https://lab.dpdk.org/results/dashboard/patchsets/32480/
UNH-IOL DPDK Community Lab
To manage your email subscriptions, visit:
https://lab.dpdk.org/results/dashboard/preferences/subscriptions/
^ permalink raw reply [flat|nested] 30+ messages in thread
* |FAILURE| pw150794-150795 [PATCH] [v4,2/2] common/idpf: enable AVX2
[not found] <20250203052430.1243485-3-shaiq.wani@intel.com>
` (18 preceding siblings ...)
2025-02-03 9:00 ` dpdklab
@ 2025-02-03 9:00 ` dpdklab
2025-02-03 9:01 ` dpdklab
` (9 subsequent siblings)
29 siblings, 0 replies; 30+ messages in thread
From: dpdklab @ 2025-02-03 9:00 UTC (permalink / raw)
To: Test Report; +Cc: dpdk-test-reports, Shaiq Wani
Test-Label: iol-compile-amd64-testing
Test-Status: FAILURE
http://dpdk.org/patch/150795
_Testing issues_
Submitter: Shaiq Wani <shaiq.wani@intel.com>
Date: Monday, February 03 2025 05:24:30
DPDK git baseline: Repo:dpdk
Branch: master
CommitID:abf3b7b7b361f8aa8d75ae00d449b588a0cdcda3
150794-150795 --> testing issues
Upstream job id: Generic-DPDK-Compile-Meson#357274
Test environment and result as below:
+---------------------+--------------------+------------------+-------------------+-------------------+
| Environment | dpdk_meson_compile | dpdk_compile_ovs | dpdk_compile_spdk | dpdk_msvc_compile |
+=====================+====================+==================+===================+===================+
| CentOS Stream 9 | FAIL | WARN | WARN | SKIPPED |
+---------------------+--------------------+------------------+-------------------+-------------------+
| Debian Bullseye | FAIL | WARN | WARN | SKIPPED |
+---------------------+--------------------+------------------+-------------------+-------------------+
| Debian 12 | FAIL | WARN | WARN | SKIPPED |
+---------------------+--------------------+------------------+-------------------+-------------------+
| Fedora 40 (Clang) | FAIL | WARN | WARN | SKIPPED |
+---------------------+--------------------+------------------+-------------------+-------------------+
| Fedora 40 | FAIL | WARN | WARN | SKIPPED |
+---------------------+--------------------+------------------+-------------------+-------------------+
| Fedora 41 | FAIL | WARN | WARN | SKIPPED |
+---------------------+--------------------+------------------+-------------------+-------------------+
| Fedora 41 (Clang) | FAIL | WARN | WARN | SKIPPED |
+---------------------+--------------------+------------------+-------------------+-------------------+
| openSUSE Leap 15 | FAIL | SKIPPED | SKIPPED | SKIPPED |
+---------------------+--------------------+------------------+-------------------+-------------------+
| RHEL8 | FAIL | WARN | SKIPPED | SKIPPED |
+---------------------+--------------------+------------------+-------------------+-------------------+
| RHEL9 | PEND | PEND | SKIPPED | SKIPPED |
+---------------------+--------------------+------------------+-------------------+-------------------+
| Ubuntu 20.04 | FAIL | WARN | SKIPPED | SKIPPED |
+---------------------+--------------------+------------------+-------------------+-------------------+
| Ubuntu 22.04 | FAIL | WARN | WARN | SKIPPED |
+---------------------+--------------------+------------------+-------------------+-------------------+
| Alpine | PEND | PEND | SKIPPED | SKIPPED |
+---------------------+--------------------+------------------+-------------------+-------------------+
| FreeBSD 13.4 | FAIL | SKIPPED | SKIPPED | SKIPPED |
+---------------------+--------------------+------------------+-------------------+-------------------+
| FreeBSD 14.2 | FAIL | SKIPPED | SKIPPED | SKIPPED |
+---------------------+--------------------+------------------+-------------------+-------------------+
| Ubuntu 24.04 | PEND | PEND | PEND | SKIPPED |
+---------------------+--------------------+------------------+-------------------+-------------------+
| Windows Server 2022 | SKIPPED | SKIPPED | SKIPPED | PASS |
+---------------------+--------------------+------------------+-------------------+-------------------+
==== 20 line log output for FreeBSD 14.2 (dpdk_meson_compile): ====
[516/1937] Linking static target drivers/librte_common_iavf.a
[517/1937] Compiling C object drivers/common/idpf/libidpf_avx2_lib.a.p/idpf_common_rxtx_avx2.c.o
FAILED: drivers/common/idpf/libidpf_avx2_lib.a.p/idpf_common_rxtx_avx2.c.o
cc -Idrivers/common/idpf/libidpf_avx2_lib.a.p -Idrivers/common/idpf -I../drivers/common/idpf -Idrivers/common/iavf -I../drivers/common/iavf -Ilib/ethdev -I../lib/ethdev -I. -I.. -Iconfig -I../config -Ilib/eal/include -I../lib/eal/include -Ilib/eal/freebsd/include -I../lib/eal/freebsd/include -Ilib/eal/x86/include -I../lib/eal/x86/include -Ilib/eal/common -I../lib/eal/common -Ilib/eal -I../lib/eal -Ilib/kvargs -I../lib/kvargs -Ilib/log -I../lib/log -Ilib/metrics -I../lib/metrics -Ilib/telemetry -I../lib/telemetry -Ilib/net -I../lib/net -Ilib/mbuf -I../lib/mbuf -Ilib/mempool -I../lib/mempool -Ilib/ring -I../lib/ring -Ilib/meter -I../lib/meter -Ilib/hash -I../lib/hash -Ilib/rcu -I../lib/rcu -fdiagnostics-color=always -D_FILE_OFFSET_BITS=64 -Wall -Winvalid-pch -Wextra -Werror -std=c11 -O3 -include rte_config.h -Wcast-qual -Wdeprecated -Wformat -Wformat-nonliteral -Wformat-security -Wmissing-declarations -Wmissing-prototypes -Wnested-externs -Wold-style-definition -Wpointer-arith -Wsign-c
ompare -Wstrict-prototypes -Wundef -Wwrite-strings -Wno-missing-field-initializers -D_GNU_SOURCE -D__BSD_VISIBLE -fPIC -march=native -mrtm -DALLOW_EXPERIMENTAL_API -DALLOW_INTERNAL_API -Wno-format-truncation -Wno-address-of-packed-member -mavx2 -MD -MQ drivers/common/idpf/libidpf_avx2_lib.a.p/idpf_common_rxtx_avx2.c.o -MF drivers/common/idpf/libidpf_avx2_lib.a.p/idpf_common_rxtx_avx2.c.o.d -o drivers/common/idpf/libidpf_avx2_lib.a.p/idpf_common_rxtx_avx2.c.o -c ../drivers/common/idpf/idpf_common_rxtx_avx2.c
../drivers/common/idpf/idpf_common_rxtx_avx2.c:559:29: error: cast from 'volatile struct idpf_base_tx_desc *' to '__attribute__((__vector_size__(2 * sizeof(long long)))) long long *' drops volatile qualifier [-Werror,-Wcast-qual]
559 | _mm_store_si128((__m128i *)txdp, descriptor);
| ^
../drivers/common/idpf/idpf_common_rxtx_avx2.c:606:30: error: cast from 'volatile struct idpf_base_tx_desc *' to 'void *' drops volatile qualifier [-Werror,-Wcast-qual]
606 | _mm256_store_si256((void *)(txdp + 2), desc2_3);
| ^
../drivers/common/idpf/idpf_common_rxtx_avx2.c:607:30: error: cast from 'volatile struct idpf_base_tx_desc *' to 'void *' drops volatile qualifier [-Werror,-Wcast-qual]
607 | _mm256_store_si256((void *)txdp, desc0_1);
| ^
3 errors generated.
[518/1937] Generating lib/graph.sym_chk with a custom command (wrapped by meson to capture output)
[519/1937] Generating drivers/rte_common_iavf.sym_chk with a custom command (wrapped by meson to capture output)
[520/1937] Compiling C object drivers/libtmp_rte_common_idpf.a.p/common_idpf_idpf_common_device.c.o
[521/1937] Compiling C object drivers/common/idpf/libidpf_common_avx512_lib.a.p/idpf_common_rxtx_avx512.c.o
[522/1937] Generating lib/pipeline.sym_chk with a custom command (wrapped by meson to capture output)
ninja: build stopped: subcommand failed.
==== End log output ====
CentOS Stream 9
Kernel: Depends on container host
Compiler: gcc 11.5.0 20240719 (Red Hat 11.5.0-2)
Debian Bullseye
Kernel: Depends on container host
Compiler: gcc (Debian 10.2.1-6) 10.2.1 20210110
Debian 12
Kernel: Depends on container host
Compiler: gcc (Debian 12.2.0-14) 12.2.0
Fedora 40 (Clang)
Kernel: Depends on container host
Compiler: clang 18.1.8 (Fedora 18.1.8-1.fc40)
Fedora 40
Kernel: Depends on container host
Compiler: gcc 14.2.1 20240912 (Red Hat 14.2.1-3)
Fedora 41
Kernel: Depends on container host
Compiler: gcc 14.2.1 20240912 (Red Hat 14.2.1-3)
Fedora 41 (Clang)
Kernel: Depends on container host
Compiler: clang 19.1.5 (Fedora 19.1.5-1.fc41)
openSUSE Leap 15
Kernel: Depends on container host
Compiler: gcc (SUSE Linux) 7.5.0
RHEL8
Kernel: Depends on container host
Compiler: gcc 8.5.0 20210514 (Red Hat 8.5.0-22)
RHEL9
Kernel: Depends on container host
Compiler: gcc 11.5.0 20240719 (Red Hat 11.5.0-2)
Ubuntu 20.04
Kernel: Depends on container host
Compiler: gcc (Ubuntu 9.4.0-1ubuntu1~20.04.2) 9.4.0
Ubuntu 22.04
Kernel: Depends on container host
Compiler: gcc (Ubuntu 11.4.0-1ubuntu1~22.04) 11.4.0
Alpine
Kernel: Depends on container host
Compiler: gcc (Alpine 14.2.0) 14.2.0
FreeBSD 13.4
Kernel: 13.4-RELEASE-p1
Compiler: clang 18.1.6
FreeBSD 14.2
Kernel: 14.2-RELEASE
Compiler: clang 18.1.6
Ubuntu 24.04
Kernel: Depends on container host
Compiler: gcc (Ubuntu 13.3.0-6ubuntu2~24.04) 13.3.0
Windows Server 2022
Kernel: 10.0.20348.2031
Compiler: clang 15.0.7, gcc 14.1.0 (MinGW), and MSVC VS 19.39.33521
To view detailed results, visit:
https://lab.dpdk.org/results/dashboard/patchsets/32480/
UNH-IOL DPDK Community Lab
To manage your email subscriptions, visit:
https://lab.dpdk.org/results/dashboard/preferences/subscriptions/
^ permalink raw reply [flat|nested] 30+ messages in thread
* |FAILURE| pw150794-150795 [PATCH] [v4,2/2] common/idpf: enable AVX2
[not found] <20250203052430.1243485-3-shaiq.wani@intel.com>
` (19 preceding siblings ...)
2025-02-03 9:00 ` dpdklab
@ 2025-02-03 9:01 ` dpdklab
2025-02-03 9:01 ` dpdklab
` (8 subsequent siblings)
29 siblings, 0 replies; 30+ messages in thread
From: dpdklab @ 2025-02-03 9:01 UTC (permalink / raw)
To: Test Report; +Cc: dpdk-test-reports, Shaiq Wani
Test-Label: iol-unit-amd64-testing
Test-Status: FAILURE
http://dpdk.org/patch/150795
_Testing issues_
Submitter: Shaiq Wani <shaiq.wani@intel.com>
Date: Monday, February 03 2025 05:24:30
DPDK git baseline: Repo:dpdk
Branch: master
CommitID:abf3b7b7b361f8aa8d75ae00d449b588a0cdcda3
150794-150795 --> testing issues
Upstream job id: Generic-VM-Unit-Test-DPDK#27083
Test environment and result as below:
+---------------------+----------------+
| Environment | dpdk_unit_test |
+=====================+================+
| CentOS Stream 9 | WARN |
+---------------------+----------------+
| Debian Bullseye | WARN |
+---------------------+----------------+
| Fedora 40 | WARN |
+---------------------+----------------+
| Fedora 40 (Clang) | WARN |
+---------------------+----------------+
| Debian 12 | WARN |
+---------------------+----------------+
| Fedora 41 | WARN |
+---------------------+----------------+
| Fedora 41 (Clang) | WARN |
+---------------------+----------------+
| RHEL8 | WARN |
+---------------------+----------------+
| RHEL9 | WARN |
+---------------------+----------------+
| Ubuntu 22.04 | WARN |
+---------------------+----------------+
| Ubuntu 20.04 | WARN |
+---------------------+----------------+
| Ubuntu 24.04 | WARN |
+---------------------+----------------+
| Windows Server 2022 | FAIL |
+---------------------+----------------+
==== Unit test summary for Windows Server 2022 (dpdk_unit_test): ====
Failed to get the unit test results.
Displaying the unit test results is not supported for some environments,
such as our aarch32 testing, where meson is not used to run the tests.
Download the logs available on our CI site.
==== End log output ====
CentOS Stream 9
Kernel: Depends on container host
Compiler: gcc 11.5.0 20240719 (Red Hat 11.5.0-2)
Debian Bullseye
Kernel: Depends on container host
Compiler: gcc (Debian 10.2.1-6) 10.2.1 20210110
Fedora 40
Kernel: Depends on container host
Compiler: gcc 14.2.1 20240912 (Red Hat 14.2.1-3)
Fedora 40 (Clang)
Kernel: Depends on container host
Compiler: clang 18.1.8 (Fedora 18.1.8-1.fc40)
Debian 12
Kernel: Depends on container host
Compiler: gcc (Debian 12.2.0-14) 12.2.0
Fedora 41
Kernel: Depends on container host
Compiler: gcc 14.2.1 20240912 (Red Hat 14.2.1-3)
Fedora 41 (Clang)
Kernel: Depends on container host
Compiler: clang 19.1.5 (Fedora 19.1.5-1.fc41)
RHEL8
Kernel: Depends on container host
Compiler: gcc 8.5.0 20210514 (Red Hat 8.5.0-22)
RHEL9
Kernel: Depends on container host
Compiler: gcc 11.5.0 20240719 (Red Hat 11.5.0-2)
Ubuntu 22.04
Kernel: Depends on container host
Compiler: gcc (Ubuntu 11.4.0-1ubuntu1~22.04) 11.4.0
Ubuntu 20.04
Kernel: Depends on container host
Compiler: gcc (Ubuntu 9.4.0-1ubuntu1~20.04.2) 9.4.0
Ubuntu 24.04
Kernel: Depends on container host
Compiler: gcc (Ubuntu 13.3.0-6ubuntu2~24.04) 13.3.0
Windows Server 2022
Kernel: 10.0.20348.2031
Compiler: clang 15.0.7, gcc 14.1.0 (MinGW), and MSVC VS 19.39.33521
To view detailed results, visit:
https://lab.dpdk.org/results/dashboard/patchsets/32480/
UNH-IOL DPDK Community Lab
To manage your email subscriptions, visit:
https://lab.dpdk.org/results/dashboard/preferences/subscriptions/
^ permalink raw reply [flat|nested] 30+ messages in thread
* |FAILURE| pw150794-150795 [PATCH] [v4,2/2] common/idpf: enable AVX2
[not found] <20250203052430.1243485-3-shaiq.wani@intel.com>
` (20 preceding siblings ...)
2025-02-03 9:01 ` dpdklab
@ 2025-02-03 9:01 ` dpdklab
2025-02-03 9:04 ` dpdklab
` (7 subsequent siblings)
29 siblings, 0 replies; 30+ messages in thread
From: dpdklab @ 2025-02-03 9:01 UTC (permalink / raw)
To: Test Report; +Cc: dpdk-test-reports, Shaiq Wani
Test-Label: iol-compile-amd64-testing
Test-Status: FAILURE
http://dpdk.org/patch/150795
_Testing issues_
Submitter: Shaiq Wani <shaiq.wani@intel.com>
Date: Monday, February 03 2025 05:24:30
DPDK git baseline: Repo:dpdk
Branch: master
CommitID:abf3b7b7b361f8aa8d75ae00d449b588a0cdcda3
150794-150795 --> testing issues
Upstream job id: Generic-DPDK-Compile-Meson#357281
Test environment and result as below:
+---------------------+--------------------+------------------+-------------------+-------------------+
| Environment | dpdk_meson_compile | dpdk_compile_ovs | dpdk_compile_spdk | dpdk_msvc_compile |
+=====================+====================+==================+===================+===================+
| CentOS Stream 9 | FAIL | WARN | WARN | SKIPPED |
+---------------------+--------------------+------------------+-------------------+-------------------+
| Debian Bullseye | FAIL | WARN | WARN | SKIPPED |
+---------------------+--------------------+------------------+-------------------+-------------------+
| Debian 12 | FAIL | WARN | WARN | SKIPPED |
+---------------------+--------------------+------------------+-------------------+-------------------+
| Fedora 40 (Clang) | FAIL | WARN | WARN | SKIPPED |
+---------------------+--------------------+------------------+-------------------+-------------------+
| Fedora 40 | FAIL | WARN | WARN | SKIPPED |
+---------------------+--------------------+------------------+-------------------+-------------------+
| Fedora 41 | FAIL | WARN | WARN | SKIPPED |
+---------------------+--------------------+------------------+-------------------+-------------------+
| Fedora 41 (Clang) | FAIL | WARN | WARN | SKIPPED |
+---------------------+--------------------+------------------+-------------------+-------------------+
| openSUSE Leap 15 | FAIL | SKIPPED | SKIPPED | SKIPPED |
+---------------------+--------------------+------------------+-------------------+-------------------+
| RHEL8 | FAIL | WARN | SKIPPED | SKIPPED |
+---------------------+--------------------+------------------+-------------------+-------------------+
| RHEL9 | PEND | PEND | SKIPPED | SKIPPED |
+---------------------+--------------------+------------------+-------------------+-------------------+
| Ubuntu 20.04 | FAIL | WARN | SKIPPED | SKIPPED |
+---------------------+--------------------+------------------+-------------------+-------------------+
| Ubuntu 22.04 | FAIL | WARN | WARN | SKIPPED |
+---------------------+--------------------+------------------+-------------------+-------------------+
| Alpine | PEND | PEND | SKIPPED | SKIPPED |
+---------------------+--------------------+------------------+-------------------+-------------------+
| FreeBSD 13.4 | FAIL | SKIPPED | SKIPPED | SKIPPED |
+---------------------+--------------------+------------------+-------------------+-------------------+
| FreeBSD 14.2 | FAIL | SKIPPED | SKIPPED | SKIPPED |
+---------------------+--------------------+------------------+-------------------+-------------------+
| Ubuntu 24.04 | PEND | PEND | PEND | SKIPPED |
+---------------------+--------------------+------------------+-------------------+-------------------+
| Windows Server 2022 | SKIPPED | SKIPPED | SKIPPED | PASS |
+---------------------+--------------------+------------------+-------------------+-------------------+
==== 20 line log output for FreeBSD 14.2 (dpdk_meson_compile): ====
[516/1937] Linking static target drivers/librte_common_iavf.a
[517/1937] Compiling C object drivers/common/idpf/libidpf_avx2_lib.a.p/idpf_common_rxtx_avx2.c.o
FAILED: drivers/common/idpf/libidpf_avx2_lib.a.p/idpf_common_rxtx_avx2.c.o
cc -Idrivers/common/idpf/libidpf_avx2_lib.a.p -Idrivers/common/idpf -I../drivers/common/idpf -Idrivers/common/iavf -I../drivers/common/iavf -Ilib/ethdev -I../lib/ethdev -I. -I.. -Iconfig -I../config -Ilib/eal/include -I../lib/eal/include -Ilib/eal/freebsd/include -I../lib/eal/freebsd/include -Ilib/eal/x86/include -I../lib/eal/x86/include -Ilib/eal/common -I../lib/eal/common -Ilib/eal -I../lib/eal -Ilib/kvargs -I../lib/kvargs -Ilib/log -I../lib/log -Ilib/metrics -I../lib/metrics -Ilib/telemetry -I../lib/telemetry -Ilib/net -I../lib/net -Ilib/mbuf -I../lib/mbuf -Ilib/mempool -I../lib/mempool -Ilib/ring -I../lib/ring -Ilib/meter -I../lib/meter -Ilib/hash -I../lib/hash -Ilib/rcu -I../lib/rcu -fdiagnostics-color=always -D_FILE_OFFSET_BITS=64 -Wall -Winvalid-pch -Wextra -Werror -std=c11 -O3 -include rte_config.h -Wcast-qual -Wdeprecated -Wformat -Wformat-nonliteral -Wformat-security -Wmissing-declarations -Wmissing-prototypes -Wnested-externs -Wold-style-definition -Wpointer-arith -Wsign-c
ompare -Wstrict-prototypes -Wundef -Wwrite-strings -Wno-missing-field-initializers -D_GNU_SOURCE -D__BSD_VISIBLE -fPIC -march=native -mrtm -DALLOW_EXPERIMENTAL_API -DALLOW_INTERNAL_API -Wno-format-truncation -Wno-address-of-packed-member -mavx2 -MD -MQ drivers/common/idpf/libidpf_avx2_lib.a.p/idpf_common_rxtx_avx2.c.o -MF drivers/common/idpf/libidpf_avx2_lib.a.p/idpf_common_rxtx_avx2.c.o.d -o drivers/common/idpf/libidpf_avx2_lib.a.p/idpf_common_rxtx_avx2.c.o -c ../drivers/common/idpf/idpf_common_rxtx_avx2.c
../drivers/common/idpf/idpf_common_rxtx_avx2.c:559:29: error: cast from 'volatile struct idpf_base_tx_desc *' to '__attribute__((__vector_size__(2 * sizeof(long long)))) long long *' drops volatile qualifier [-Werror,-Wcast-qual]
559 | _mm_store_si128((__m128i *)txdp, descriptor);
| ^
../drivers/common/idpf/idpf_common_rxtx_avx2.c:606:30: error: cast from 'volatile struct idpf_base_tx_desc *' to 'void *' drops volatile qualifier [-Werror,-Wcast-qual]
606 | _mm256_store_si256((void *)(txdp + 2), desc2_3);
| ^
../drivers/common/idpf/idpf_common_rxtx_avx2.c:607:30: error: cast from 'volatile struct idpf_base_tx_desc *' to 'void *' drops volatile qualifier [-Werror,-Wcast-qual]
607 | _mm256_store_si256((void *)txdp, desc0_1);
| ^
3 errors generated.
[518/1937] Generating lib/graph.sym_chk with a custom command (wrapped by meson to capture output)
[519/1937] Generating drivers/rte_common_iavf.sym_chk with a custom command (wrapped by meson to capture output)
[520/1937] Compiling C object drivers/libtmp_rte_common_idpf.a.p/common_idpf_idpf_common_device.c.o
[521/1937] Compiling C object drivers/common/idpf/libidpf_common_avx512_lib.a.p/idpf_common_rxtx_avx512.c.o
[522/1937] Generating lib/pipeline.sym_chk with a custom command (wrapped by meson to capture output)
ninja: build stopped: subcommand failed.
==== End log output ====
CentOS Stream 9
Kernel: Depends on container host
Compiler: gcc 11.5.0 20240719 (Red Hat 11.5.0-2)
Debian Bullseye
Kernel: Depends on container host
Compiler: gcc (Debian 10.2.1-6) 10.2.1 20210110
Debian 12
Kernel: Depends on container host
Compiler: gcc (Debian 12.2.0-14) 12.2.0
Fedora 40 (Clang)
Kernel: Depends on container host
Compiler: clang 18.1.8 (Fedora 18.1.8-1.fc40)
Fedora 40
Kernel: Depends on container host
Compiler: gcc 14.2.1 20240912 (Red Hat 14.2.1-3)
Fedora 41
Kernel: Depends on container host
Compiler: gcc 14.2.1 20240912 (Red Hat 14.2.1-3)
Fedora 41 (Clang)
Kernel: Depends on container host
Compiler: clang 19.1.5 (Fedora 19.1.5-1.fc41)
openSUSE Leap 15
Kernel: Depends on container host
Compiler: gcc (SUSE Linux) 7.5.0
RHEL8
Kernel: Depends on container host
Compiler: gcc 8.5.0 20210514 (Red Hat 8.5.0-22)
RHEL9
Kernel: Depends on container host
Compiler: gcc 11.5.0 20240719 (Red Hat 11.5.0-2)
Ubuntu 20.04
Kernel: Depends on container host
Compiler: gcc (Ubuntu 9.4.0-1ubuntu1~20.04.2) 9.4.0
Ubuntu 22.04
Kernel: Depends on container host
Compiler: gcc (Ubuntu 11.4.0-1ubuntu1~22.04) 11.4.0
Alpine
Kernel: Depends on container host
Compiler: gcc (Alpine 14.2.0) 14.2.0
FreeBSD 13.4
Kernel: 13.4-RELEASE-p1
Compiler: clang 18.1.6
FreeBSD 14.2
Kernel: 14.2-RELEASE
Compiler: clang 18.1.6
Ubuntu 24.04
Kernel: Depends on container host
Compiler: gcc (Ubuntu 13.3.0-6ubuntu2~24.04) 13.3.0
Windows Server 2022
Kernel: 10.0.20348.2031
Compiler: clang 15.0.7, gcc 14.1.0 (MinGW), and MSVC VS 19.39.33521
To view detailed results, visit:
https://lab.dpdk.org/results/dashboard/patchsets/32480/
UNH-IOL DPDK Community Lab
To manage your email subscriptions, visit:
https://lab.dpdk.org/results/dashboard/preferences/subscriptions/
^ permalink raw reply [flat|nested] 30+ messages in thread
* |FAILURE| pw150794-150795 [PATCH] [v4,2/2] common/idpf: enable AVX2
[not found] <20250203052430.1243485-3-shaiq.wani@intel.com>
` (21 preceding siblings ...)
2025-02-03 9:01 ` dpdklab
@ 2025-02-03 9:04 ` dpdklab
2025-02-03 9:04 ` dpdklab
` (6 subsequent siblings)
29 siblings, 0 replies; 30+ messages in thread
From: dpdklab @ 2025-02-03 9:04 UTC (permalink / raw)
To: Test Report; +Cc: dpdk-test-reports, Shaiq Wani
Test-Label: iol-compile-amd64-testing
Test-Status: FAILURE
http://dpdk.org/patch/150795
_Testing issues_
Submitter: Shaiq Wani <shaiq.wani@intel.com>
Date: Monday, February 03 2025 05:24:30
DPDK git baseline: Repo:dpdk
Branch: master
CommitID:abf3b7b7b361f8aa8d75ae00d449b588a0cdcda3
150794-150795 --> testing issues
Upstream job id: Generic-DPDK-Compile-Meson#357279
Test environment and result as below:
+---------------------+--------------------+------------------+-------------------+-------------------+
| Environment | dpdk_meson_compile | dpdk_compile_ovs | dpdk_compile_spdk | dpdk_msvc_compile |
+=====================+====================+==================+===================+===================+
| CentOS Stream 9 | FAIL | WARN | WARN | SKIPPED |
+---------------------+--------------------+------------------+-------------------+-------------------+
| Debian Bullseye | FAIL | WARN | WARN | SKIPPED |
+---------------------+--------------------+------------------+-------------------+-------------------+
| Debian 12 | FAIL | WARN | WARN | SKIPPED |
+---------------------+--------------------+------------------+-------------------+-------------------+
| Fedora 40 (Clang) | FAIL | WARN | WARN | SKIPPED |
+---------------------+--------------------+------------------+-------------------+-------------------+
| Fedora 40 | FAIL | WARN | WARN | SKIPPED |
+---------------------+--------------------+------------------+-------------------+-------------------+
| Fedora 41 | FAIL | WARN | WARN | SKIPPED |
+---------------------+--------------------+------------------+-------------------+-------------------+
| Fedora 41 (Clang) | FAIL | WARN | WARN | SKIPPED |
+---------------------+--------------------+------------------+-------------------+-------------------+
| openSUSE Leap 15 | FAIL | SKIPPED | SKIPPED | SKIPPED |
+---------------------+--------------------+------------------+-------------------+-------------------+
| RHEL8 | FAIL | WARN | SKIPPED | SKIPPED |
+---------------------+--------------------+------------------+-------------------+-------------------+
| RHEL9 | FAIL | WARN | SKIPPED | SKIPPED |
+---------------------+--------------------+------------------+-------------------+-------------------+
| Ubuntu 20.04 | FAIL | WARN | SKIPPED | SKIPPED |
+---------------------+--------------------+------------------+-------------------+-------------------+
| Ubuntu 22.04 | FAIL | WARN | WARN | SKIPPED |
+---------------------+--------------------+------------------+-------------------+-------------------+
| Alpine | PEND | PEND | SKIPPED | SKIPPED |
+---------------------+--------------------+------------------+-------------------+-------------------+
| FreeBSD 13.4 | FAIL | SKIPPED | SKIPPED | SKIPPED |
+---------------------+--------------------+------------------+-------------------+-------------------+
| FreeBSD 14.2 | FAIL | SKIPPED | SKIPPED | SKIPPED |
+---------------------+--------------------+------------------+-------------------+-------------------+
| Ubuntu 24.04 | FAIL | WARN | WARN | SKIPPED |
+---------------------+--------------------+------------------+-------------------+-------------------+
| Windows Server 2022 | SKIPPED | SKIPPED | SKIPPED | PASS |
+---------------------+--------------------+------------------+-------------------+-------------------+
==== 20 line log output for Ubuntu 24.04 (dpdk_compile_spdk): ====
--- Failed to get log output ---
==== End log output ====
CentOS Stream 9
Kernel: Depends on container host
Compiler: gcc 11.5.0 20240719 (Red Hat 11.5.0-2)
Debian Bullseye
Kernel: Depends on container host
Compiler: gcc (Debian 10.2.1-6) 10.2.1 20210110
Debian 12
Kernel: Depends on container host
Compiler: gcc (Debian 12.2.0-14) 12.2.0
Fedora 40 (Clang)
Kernel: Depends on container host
Compiler: clang 18.1.8 (Fedora 18.1.8-1.fc40)
Fedora 40
Kernel: Depends on container host
Compiler: gcc 14.2.1 20240912 (Red Hat 14.2.1-3)
Fedora 41
Kernel: Depends on container host
Compiler: gcc 14.2.1 20240912 (Red Hat 14.2.1-3)
Fedora 41 (Clang)
Kernel: Depends on container host
Compiler: clang 19.1.5 (Fedora 19.1.5-1.fc41)
openSUSE Leap 15
Kernel: Depends on container host
Compiler: gcc (SUSE Linux) 7.5.0
RHEL8
Kernel: Depends on container host
Compiler: gcc 8.5.0 20210514 (Red Hat 8.5.0-22)
RHEL9
Kernel: Depends on container host
Compiler: gcc 11.5.0 20240719 (Red Hat 11.5.0-2)
Ubuntu 20.04
Kernel: Depends on container host
Compiler: gcc (Ubuntu 9.4.0-1ubuntu1~20.04.2) 9.4.0
Ubuntu 22.04
Kernel: Depends on container host
Compiler: gcc (Ubuntu 11.4.0-1ubuntu1~22.04) 11.4.0
Alpine
Kernel: Depends on container host
Compiler: gcc (Alpine 14.2.0) 14.2.0
FreeBSD 13.4
Kernel: 13.4-RELEASE-p1
Compiler: clang 18.1.6
FreeBSD 14.2
Kernel: 14.2-RELEASE
Compiler: clang 18.1.6
Ubuntu 24.04
Kernel: Depends on container host
Compiler: gcc (Ubuntu 13.3.0-6ubuntu2~24.04) 13.3.0
Windows Server 2022
Kernel: 10.0.20348.2031
Compiler: clang 15.0.7, gcc 14.1.0 (MinGW), and MSVC VS 19.39.33521
To view detailed results, visit:
https://lab.dpdk.org/results/dashboard/patchsets/32480/
UNH-IOL DPDK Community Lab
To manage your email subscriptions, visit:
https://lab.dpdk.org/results/dashboard/preferences/subscriptions/
^ permalink raw reply [flat|nested] 30+ messages in thread
* |FAILURE| pw150794-150795 [PATCH] [v4,2/2] common/idpf: enable AVX2
[not found] <20250203052430.1243485-3-shaiq.wani@intel.com>
` (22 preceding siblings ...)
2025-02-03 9:04 ` dpdklab
@ 2025-02-03 9:04 ` dpdklab
2025-02-03 9:17 ` dpdklab
` (5 subsequent siblings)
29 siblings, 0 replies; 30+ messages in thread
From: dpdklab @ 2025-02-03 9:04 UTC (permalink / raw)
To: Test Report; +Cc: dpdk-test-reports, Shaiq Wani
Test-Label: iol-compile-amd64-testing
Test-Status: FAILURE
http://dpdk.org/patch/150795
_Testing issues_
Submitter: Shaiq Wani <shaiq.wani@intel.com>
Date: Monday, February 03 2025 05:24:30
DPDK git baseline: Repo:dpdk
Branch: master
CommitID:abf3b7b7b361f8aa8d75ae00d449b588a0cdcda3
150794-150795 --> testing issues
Upstream job id: Generic-DPDK-Compile-Meson#357282
Test environment and result as below:
+---------------------+--------------------+------------------+-------------------+-------------------+
| Environment | dpdk_meson_compile | dpdk_compile_ovs | dpdk_compile_spdk | dpdk_msvc_compile |
+=====================+====================+==================+===================+===================+
| CentOS Stream 9 | FAIL | WARN | WARN | SKIPPED |
+---------------------+--------------------+------------------+-------------------+-------------------+
| Debian Bullseye | FAIL | WARN | WARN | SKIPPED |
+---------------------+--------------------+------------------+-------------------+-------------------+
| Debian 12 | FAIL | WARN | WARN | SKIPPED |
+---------------------+--------------------+------------------+-------------------+-------------------+
| Fedora 40 (Clang) | FAIL | WARN | WARN | SKIPPED |
+---------------------+--------------------+------------------+-------------------+-------------------+
| Fedora 40 | FAIL | WARN | WARN | SKIPPED |
+---------------------+--------------------+------------------+-------------------+-------------------+
| Fedora 41 | FAIL | WARN | WARN | SKIPPED |
+---------------------+--------------------+------------------+-------------------+-------------------+
| Fedora 41 (Clang) | FAIL | WARN | WARN | SKIPPED |
+---------------------+--------------------+------------------+-------------------+-------------------+
| openSUSE Leap 15 | FAIL | SKIPPED | SKIPPED | SKIPPED |
+---------------------+--------------------+------------------+-------------------+-------------------+
| RHEL8 | FAIL | WARN | SKIPPED | SKIPPED |
+---------------------+--------------------+------------------+-------------------+-------------------+
| RHEL9 | FAIL | WARN | SKIPPED | SKIPPED |
+---------------------+--------------------+------------------+-------------------+-------------------+
| Ubuntu 20.04 | FAIL | WARN | SKIPPED | SKIPPED |
+---------------------+--------------------+------------------+-------------------+-------------------+
| Ubuntu 22.04 | FAIL | WARN | WARN | SKIPPED |
+---------------------+--------------------+------------------+-------------------+-------------------+
| Alpine | PEND | PEND | SKIPPED | SKIPPED |
+---------------------+--------------------+------------------+-------------------+-------------------+
| FreeBSD 13.4 | FAIL | SKIPPED | SKIPPED | SKIPPED |
+---------------------+--------------------+------------------+-------------------+-------------------+
| FreeBSD 14.2 | FAIL | SKIPPED | SKIPPED | SKIPPED |
+---------------------+--------------------+------------------+-------------------+-------------------+
| Ubuntu 24.04 | FAIL | WARN | WARN | SKIPPED |
+---------------------+--------------------+------------------+-------------------+-------------------+
| Windows Server 2022 | SKIPPED | SKIPPED | SKIPPED | PASS |
+---------------------+--------------------+------------------+-------------------+-------------------+
==== 20 line log output for Ubuntu 24.04 (dpdk_compile_spdk): ====
--- Failed to get log output ---
==== End log output ====
CentOS Stream 9
Kernel: Depends on container host
Compiler: gcc 11.5.0 20240719 (Red Hat 11.5.0-2)
Debian Bullseye
Kernel: Depends on container host
Compiler: gcc (Debian 10.2.1-6) 10.2.1 20210110
Debian 12
Kernel: Depends on container host
Compiler: gcc (Debian 12.2.0-14) 12.2.0
Fedora 40 (Clang)
Kernel: Depends on container host
Compiler: clang 18.1.8 (Fedora 18.1.8-1.fc40)
Fedora 40
Kernel: Depends on container host
Compiler: gcc 14.2.1 20240912 (Red Hat 14.2.1-3)
Fedora 41
Kernel: Depends on container host
Compiler: gcc 14.2.1 20240912 (Red Hat 14.2.1-3)
Fedora 41 (Clang)
Kernel: Depends on container host
Compiler: clang 19.1.5 (Fedora 19.1.5-1.fc41)
openSUSE Leap 15
Kernel: Depends on container host
Compiler: gcc (SUSE Linux) 7.5.0
RHEL8
Kernel: Depends on container host
Compiler: gcc 8.5.0 20210514 (Red Hat 8.5.0-22)
RHEL9
Kernel: Depends on container host
Compiler: gcc 11.5.0 20240719 (Red Hat 11.5.0-2)
Ubuntu 20.04
Kernel: Depends on container host
Compiler: gcc (Ubuntu 9.4.0-1ubuntu1~20.04.2) 9.4.0
Ubuntu 22.04
Kernel: Depends on container host
Compiler: gcc (Ubuntu 11.4.0-1ubuntu1~22.04) 11.4.0
Alpine
Kernel: Depends on container host
Compiler: gcc (Alpine 14.2.0) 14.2.0
FreeBSD 13.4
Kernel: 13.4-RELEASE-p1
Compiler: clang 18.1.6
FreeBSD 14.2
Kernel: 14.2-RELEASE
Compiler: clang 18.1.6
Ubuntu 24.04
Kernel: Depends on container host
Compiler: gcc (Ubuntu 13.3.0-6ubuntu2~24.04) 13.3.0
Windows Server 2022
Kernel: 10.0.20348.2031
Compiler: clang 15.0.7, gcc 14.1.0 (MinGW), and MSVC VS 19.39.33521
To view detailed results, visit:
https://lab.dpdk.org/results/dashboard/patchsets/32480/
UNH-IOL DPDK Community Lab
To manage your email subscriptions, visit:
https://lab.dpdk.org/results/dashboard/preferences/subscriptions/
^ permalink raw reply [flat|nested] 30+ messages in thread
* |FAILURE| pw150794-150795 [PATCH] [v4,2/2] common/idpf: enable AVX2
[not found] <20250203052430.1243485-3-shaiq.wani@intel.com>
` (23 preceding siblings ...)
2025-02-03 9:04 ` dpdklab
@ 2025-02-03 9:17 ` dpdklab
2025-02-03 9:21 ` |SUCCESS| " dpdklab
` (4 subsequent siblings)
29 siblings, 0 replies; 30+ messages in thread
From: dpdklab @ 2025-02-03 9:17 UTC (permalink / raw)
To: Test Report; +Cc: dpdk-test-reports, Shaiq Wani
Test-Label: iol-compile-amd64-testing
Test-Status: FAILURE
http://dpdk.org/patch/150795
_Testing issues_
Submitter: Shaiq Wani <shaiq.wani@intel.com>
Date: Monday, February 03 2025 05:24:30
DPDK git baseline: Repo:dpdk
Branch: master
CommitID:abf3b7b7b361f8aa8d75ae00d449b588a0cdcda3
150794-150795 --> testing issues
Upstream job id: Windows-Compile-DPDK-Native#26270
Test environment and result as below:
+---------------------+--------------------+------------------+-------------------+-------------------+----------------------+
| Environment | dpdk_meson_compile | dpdk_compile_ovs | dpdk_compile_spdk | dpdk_msvc_compile | dpdk_mingw64_compile |
+=====================+====================+==================+===================+===================+======================+
| CentOS Stream 9 | FAIL | WARN | WARN | SKIPPED | SKIPPED |
+---------------------+--------------------+------------------+-------------------+-------------------+----------------------+
| Debian Bullseye | FAIL | WARN | WARN | SKIPPED | SKIPPED |
+---------------------+--------------------+------------------+-------------------+-------------------+----------------------+
| Debian 12 | FAIL | WARN | WARN | SKIPPED | SKIPPED |
+---------------------+--------------------+------------------+-------------------+-------------------+----------------------+
| Fedora 40 (Clang) | FAIL | WARN | WARN | SKIPPED | SKIPPED |
+---------------------+--------------------+------------------+-------------------+-------------------+----------------------+
| Fedora 40 | FAIL | WARN | WARN | SKIPPED | SKIPPED |
+---------------------+--------------------+------------------+-------------------+-------------------+----------------------+
| Fedora 41 | FAIL | WARN | WARN | SKIPPED | SKIPPED |
+---------------------+--------------------+------------------+-------------------+-------------------+----------------------+
| Fedora 41 (Clang) | FAIL | WARN | WARN | SKIPPED | SKIPPED |
+---------------------+--------------------+------------------+-------------------+-------------------+----------------------+
| openSUSE Leap 15 | FAIL | SKIPPED | SKIPPED | SKIPPED | SKIPPED |
+---------------------+--------------------+------------------+-------------------+-------------------+----------------------+
| RHEL8 | FAIL | WARN | SKIPPED | SKIPPED | SKIPPED |
+---------------------+--------------------+------------------+-------------------+-------------------+----------------------+
| RHEL9 | FAIL | WARN | SKIPPED | SKIPPED | SKIPPED |
+---------------------+--------------------+------------------+-------------------+-------------------+----------------------+
| Ubuntu 20.04 | FAIL | WARN | SKIPPED | SKIPPED | SKIPPED |
+---------------------+--------------------+------------------+-------------------+-------------------+----------------------+
| Ubuntu 22.04 | FAIL | WARN | WARN | SKIPPED | SKIPPED |
+---------------------+--------------------+------------------+-------------------+-------------------+----------------------+
| Alpine | PEND | PEND | SKIPPED | SKIPPED | SKIPPED |
+---------------------+--------------------+------------------+-------------------+-------------------+----------------------+
| FreeBSD 13.4 | FAIL | SKIPPED | SKIPPED | SKIPPED | SKIPPED |
+---------------------+--------------------+------------------+-------------------+-------------------+----------------------+
| FreeBSD 14.2 | FAIL | SKIPPED | SKIPPED | SKIPPED | SKIPPED |
+---------------------+--------------------+------------------+-------------------+-------------------+----------------------+
| Ubuntu 24.04 | FAIL | WARN | WARN | SKIPPED | SKIPPED |
+---------------------+--------------------+------------------+-------------------+-------------------+----------------------+
| Windows Server 2022 | SKIPPED | SKIPPED | SKIPPED | PASS | FAIL |
+---------------------+--------------------+------------------+-------------------+-------------------+----------------------+
==== 20 line log output for Windows Server 2022 (dpdk_mingw64_compile): ====
559 | _mm_store_si128((__m128i *)txdp, descriptor);
| ^
../drivers/common/idpf/idpf_common_rxtx_avx2.c: In function 'idpf_singleq_vtx':
../drivers/common/idpf/idpf_common_rxtx_avx2.c:606:36: error: cast discards 'volatile' qualifier from pointer target type [-Werror=cast-qual]
606 | _mm256_store_si256((void *)(txdp + 2), desc2_3);
| ^
../drivers/common/idpf/idpf_common_rxtx_avx2.c:607:36: error: cast discards 'volatile' qualifier from pointer target type [-Werror=cast-qual]
607 | _mm256_store_si256((void *)txdp, desc0_1);
| ^
cc1.exe: all warnings being treated as errors
[550/802] Compiling C object drivers/librte_net_e1000-25.dll.p/meson-generated_.._rte_net_e1000.pmd.c.obj
[551/802] Linking static target drivers/librte_dma_skeleton.a
[552/802] Compiling C object drivers/librte_net_i40e-25.dll.p/meson-generated_.._rte_net_i40e.pmd.c.obj
[553/802] Generating rte_net_i40e_mingw with a custom command
[554/802] Linking static target drivers/librte_net_e1000.a
[555/802] Linking static target drivers/librte_net_i40e.a
[556/802] Generating symbol file drivers/librte_bus_pci-25.dll.p/librte_bus_pci-25.dll.symbols
[557/802] Generating symbol file drivers/librte_bus_vdev-25.dll.p/librte_bus_vdev-25.dll.symbols
[558/802] Linking static target drivers/librte_net_iavf.a
ninja: build stopped: subcommand failed.
==== End log output ====
CentOS Stream 9
Kernel: Depends on container host
Compiler: gcc 11.5.0 20240719 (Red Hat 11.5.0-2)
Debian Bullseye
Kernel: Depends on container host
Compiler: gcc (Debian 10.2.1-6) 10.2.1 20210110
Debian 12
Kernel: Depends on container host
Compiler: gcc (Debian 12.2.0-14) 12.2.0
Fedora 40 (Clang)
Kernel: Depends on container host
Compiler: clang 18.1.8 (Fedora 18.1.8-1.fc40)
Fedora 40
Kernel: Depends on container host
Compiler: gcc 14.2.1 20240912 (Red Hat 14.2.1-3)
Fedora 41
Kernel: Depends on container host
Compiler: gcc 14.2.1 20240912 (Red Hat 14.2.1-3)
Fedora 41 (Clang)
Kernel: Depends on container host
Compiler: clang 19.1.5 (Fedora 19.1.5-1.fc41)
openSUSE Leap 15
Kernel: Depends on container host
Compiler: gcc (SUSE Linux) 7.5.0
RHEL8
Kernel: Depends on container host
Compiler: gcc 8.5.0 20210514 (Red Hat 8.5.0-22)
RHEL9
Kernel: Depends on container host
Compiler: gcc 11.5.0 20240719 (Red Hat 11.5.0-2)
Ubuntu 20.04
Kernel: Depends on container host
Compiler: gcc (Ubuntu 9.4.0-1ubuntu1~20.04.2) 9.4.0
Ubuntu 22.04
Kernel: Depends on container host
Compiler: gcc (Ubuntu 11.4.0-1ubuntu1~22.04) 11.4.0
Alpine
Kernel: Depends on container host
Compiler: gcc (Alpine 14.2.0) 14.2.0
FreeBSD 13.4
Kernel: 13.4-RELEASE-p1
Compiler: clang 18.1.6
FreeBSD 14.2
Kernel: 14.2-RELEASE
Compiler: clang 18.1.6
Ubuntu 24.04
Kernel: Depends on container host
Compiler: gcc (Ubuntu 13.3.0-6ubuntu2~24.04) 13.3.0
Windows Server 2022
Kernel: 10.0.20348.2031
Compiler: clang 15.0.7, gcc 14.1.0 (MinGW), and MSVC VS 19.39.33521
To view detailed results, visit:
https://lab.dpdk.org/results/dashboard/patchsets/32480/
UNH-IOL DPDK Community Lab
To manage your email subscriptions, visit:
https://lab.dpdk.org/results/dashboard/preferences/subscriptions/
^ permalink raw reply [flat|nested] 30+ messages in thread
* |SUCCESS| pw150794-150795 [PATCH] [v4,2/2] common/idpf: enable AVX2
[not found] <20250203052430.1243485-3-shaiq.wani@intel.com>
` (24 preceding siblings ...)
2025-02-03 9:17 ` dpdklab
@ 2025-02-03 9:21 ` dpdklab
2025-02-03 9:28 ` |FAILURE| " dpdklab
` (3 subsequent siblings)
29 siblings, 0 replies; 30+ messages in thread
From: dpdklab @ 2025-02-03 9:21 UTC (permalink / raw)
To: Test Report; +Cc: dpdk-test-reports
Test-Label: iol-abi-testing
Test-Status: SUCCESS
http://dpdk.org/patch/150795
_Testing PASS_
Submitter: Shaiq Wani <shaiq.wani@intel.com>
Date: Monday, February 03 2025 05:24:30
DPDK git baseline: Repo:dpdk
Branch: master
CommitID:abf3b7b7b361f8aa8d75ae00d449b588a0cdcda3
150794-150795 --> testing pass
Upstream job id: Generic-DPDK-Compile-ABI#114565
Test environment and result as below:
+-------------------+----------+
| Environment | abi_test |
+===================+==========+
| CentOS Stream 9 | PASS |
+-------------------+----------+
| Debian Bullseye | PASS |
+-------------------+----------+
| Fedora 41 (Clang) | PASS |
+-------------------+----------+
| Fedora 40 | PASS |
+-------------------+----------+
| Fedora 41 | PASS |
+-------------------+----------+
| openSUSE Leap 15 | PASS |
+-------------------+----------+
| RHEL8 | PASS |
+-------------------+----------+
| RHEL9 | PASS |
+-------------------+----------+
| Ubuntu 22.04 | PASS |
+-------------------+----------+
| Ubuntu 24.04 | PASS |
+-------------------+----------+
| Debian 12 | PASS |
+-------------------+----------+
| Fedora 40 (Clang) | PASS |
+-------------------+----------+
CentOS Stream 9
Kernel: Depends on container host
Compiler: gcc 11.5.0 20240719 (Red Hat 11.5.0-2)
Debian Bullseye
Kernel: Depends on container host
Compiler: gcc (Debian 10.2.1-6) 10.2.1 20210110
Fedora 41 (Clang)
Kernel: Depends on container host
Compiler: clang 19.1.5 (Fedora 19.1.5-1.fc41)
Fedora 40
Kernel: Depends on container host
Compiler: gcc 14.2.1 20240912 (Red Hat 14.2.1-3)
Fedora 41
Kernel: Depends on container host
Compiler: gcc 14.2.1 20240912 (Red Hat 14.2.1-3)
openSUSE Leap 15
Kernel: Depends on container host
Compiler: gcc (SUSE Linux) 7.5.0
RHEL8
Kernel: Depends on container host
Compiler: gcc 8.5.0 20210514 (Red Hat 8.5.0-22)
RHEL9
Kernel: Depends on container host
Compiler: gcc 11.5.0 20240719 (Red Hat 11.5.0-2)
Ubuntu 22.04
Kernel: Depends on container host
Compiler: gcc (Ubuntu 11.4.0-1ubuntu1~22.04) 11.4.0
Ubuntu 24.04
Kernel: Depends on container host
Compiler: gcc (Ubuntu 13.3.0-6ubuntu2~24.04) 13.3.0
Debian 12
Kernel: Depends on container host
Compiler: gcc (Debian 12.2.0-14) 12.2.0
Fedora 40 (Clang)
Kernel: Depends on container host
Compiler: clang 18.1.8 (Fedora 18.1.8-1.fc40)
To view detailed results, visit:
https://lab.dpdk.org/results/dashboard/patchsets/32480/
UNH-IOL DPDK Community Lab
To manage your email subscriptions, visit:
https://lab.dpdk.org/results/dashboard/preferences/subscriptions/
^ permalink raw reply [flat|nested] 30+ messages in thread
* |FAILURE| pw150794-150795 [PATCH] [v4,2/2] common/idpf: enable AVX2
[not found] <20250203052430.1243485-3-shaiq.wani@intel.com>
` (25 preceding siblings ...)
2025-02-03 9:21 ` |SUCCESS| " dpdklab
@ 2025-02-03 9:28 ` dpdklab
2025-02-03 10:07 ` |SUCCESS| " dpdklab
` (2 subsequent siblings)
29 siblings, 0 replies; 30+ messages in thread
From: dpdklab @ 2025-02-03 9:28 UTC (permalink / raw)
To: Test Report; +Cc: dpdk-test-reports, Shaiq Wani
Test-Label: iol-compile-amd64-testing
Test-Status: FAILURE
http://dpdk.org/patch/150795
_Testing issues_
Submitter: Shaiq Wani <shaiq.wani@intel.com>
Date: Monday, February 03 2025 05:24:30
DPDK git baseline: Repo:dpdk
Branch: master
CommitID:abf3b7b7b361f8aa8d75ae00d449b588a0cdcda3
150794-150795 --> testing issues
Upstream job id: Generic-DPDK-Compile-Meson#357283
Test environment and result as below:
+---------------------+--------------------+------------------+-------------------+-------------------+----------------------+
| Environment | dpdk_meson_compile | dpdk_compile_ovs | dpdk_compile_spdk | dpdk_msvc_compile | dpdk_mingw64_compile |
+=====================+====================+==================+===================+===================+======================+
| CentOS Stream 9 | FAIL | WARN | WARN | SKIPPED | SKIPPED |
+---------------------+--------------------+------------------+-------------------+-------------------+----------------------+
| Debian Bullseye | FAIL | WARN | WARN | SKIPPED | SKIPPED |
+---------------------+--------------------+------------------+-------------------+-------------------+----------------------+
| Debian 12 | FAIL | WARN | WARN | SKIPPED | SKIPPED |
+---------------------+--------------------+------------------+-------------------+-------------------+----------------------+
| Fedora 40 (Clang) | FAIL | WARN | WARN | SKIPPED | SKIPPED |
+---------------------+--------------------+------------------+-------------------+-------------------+----------------------+
| Fedora 40 | FAIL | WARN | WARN | SKIPPED | SKIPPED |
+---------------------+--------------------+------------------+-------------------+-------------------+----------------------+
| Fedora 41 | FAIL | WARN | WARN | SKIPPED | SKIPPED |
+---------------------+--------------------+------------------+-------------------+-------------------+----------------------+
| Fedora 41 (Clang) | FAIL | WARN | WARN | SKIPPED | SKIPPED |
+---------------------+--------------------+------------------+-------------------+-------------------+----------------------+
| openSUSE Leap 15 | FAIL | SKIPPED | SKIPPED | SKIPPED | SKIPPED |
+---------------------+--------------------+------------------+-------------------+-------------------+----------------------+
| RHEL8 | FAIL | WARN | SKIPPED | SKIPPED | SKIPPED |
+---------------------+--------------------+------------------+-------------------+-------------------+----------------------+
| RHEL9 | FAIL | WARN | SKIPPED | SKIPPED | SKIPPED |
+---------------------+--------------------+------------------+-------------------+-------------------+----------------------+
| Ubuntu 20.04 | FAIL | WARN | SKIPPED | SKIPPED | SKIPPED |
+---------------------+--------------------+------------------+-------------------+-------------------+----------------------+
| Ubuntu 22.04 | FAIL | WARN | WARN | SKIPPED | SKIPPED |
+---------------------+--------------------+------------------+-------------------+-------------------+----------------------+
| Alpine | FAIL | WARN | SKIPPED | SKIPPED | SKIPPED |
+---------------------+--------------------+------------------+-------------------+-------------------+----------------------+
| FreeBSD 13.4 | FAIL | SKIPPED | SKIPPED | SKIPPED | SKIPPED |
+---------------------+--------------------+------------------+-------------------+-------------------+----------------------+
| FreeBSD 14.2 | FAIL | SKIPPED | SKIPPED | SKIPPED | SKIPPED |
+---------------------+--------------------+------------------+-------------------+-------------------+----------------------+
| Ubuntu 24.04 | FAIL | WARN | WARN | SKIPPED | SKIPPED |
+---------------------+--------------------+------------------+-------------------+-------------------+----------------------+
| Windows Server 2022 | SKIPPED | SKIPPED | SKIPPED | PASS | FAIL |
+---------------------+--------------------+------------------+-------------------+-------------------+----------------------+
==== 20 line log output for Windows Server 2022 (dpdk_mingw64_compile): ====
559 | _mm_store_si128((__m128i *)txdp, descriptor);
| ^
../drivers/common/idpf/idpf_common_rxtx_avx2.c: In function 'idpf_singleq_vtx':
../drivers/common/idpf/idpf_common_rxtx_avx2.c:606:36: error: cast discards 'volatile' qualifier from pointer target type [-Werror=cast-qual]
606 | _mm256_store_si256((void *)(txdp + 2), desc2_3);
| ^
../drivers/common/idpf/idpf_common_rxtx_avx2.c:607:36: error: cast discards 'volatile' qualifier from pointer target type [-Werror=cast-qual]
607 | _mm256_store_si256((void *)txdp, desc0_1);
| ^
cc1.exe: all warnings being treated as errors
[550/802] Compiling C object drivers/librte_net_e1000-25.dll.p/meson-generated_.._rte_net_e1000.pmd.c.obj
[551/802] Linking static target drivers/librte_dma_skeleton.a
[552/802] Compiling C object drivers/librte_net_i40e-25.dll.p/meson-generated_.._rte_net_i40e.pmd.c.obj
[553/802] Generating rte_net_i40e_mingw with a custom command
[554/802] Linking static target drivers/librte_net_e1000.a
[555/802] Linking static target drivers/librte_net_i40e.a
[556/802] Generating symbol file drivers/librte_bus_pci-25.dll.p/librte_bus_pci-25.dll.symbols
[557/802] Generating symbol file drivers/librte_bus_vdev-25.dll.p/librte_bus_vdev-25.dll.symbols
[558/802] Linking static target drivers/librte_net_iavf.a
ninja: build stopped: subcommand failed.
==== End log output ====
CentOS Stream 9
Kernel: Depends on container host
Compiler: gcc 11.5.0 20240719 (Red Hat 11.5.0-2)
Debian Bullseye
Kernel: Depends on container host
Compiler: gcc (Debian 10.2.1-6) 10.2.1 20210110
Debian 12
Kernel: Depends on container host
Compiler: gcc (Debian 12.2.0-14) 12.2.0
Fedora 40 (Clang)
Kernel: Depends on container host
Compiler: clang 18.1.8 (Fedora 18.1.8-1.fc40)
Fedora 40
Kernel: Depends on container host
Compiler: gcc 14.2.1 20240912 (Red Hat 14.2.1-3)
Fedora 41
Kernel: Depends on container host
Compiler: gcc 14.2.1 20240912 (Red Hat 14.2.1-3)
Fedora 41 (Clang)
Kernel: Depends on container host
Compiler: clang 19.1.5 (Fedora 19.1.5-1.fc41)
openSUSE Leap 15
Kernel: Depends on container host
Compiler: gcc (SUSE Linux) 7.5.0
RHEL8
Kernel: Depends on container host
Compiler: gcc 8.5.0 20210514 (Red Hat 8.5.0-22)
RHEL9
Kernel: Depends on container host
Compiler: gcc 11.5.0 20240719 (Red Hat 11.5.0-2)
Ubuntu 20.04
Kernel: Depends on container host
Compiler: gcc (Ubuntu 9.4.0-1ubuntu1~20.04.2) 9.4.0
Ubuntu 22.04
Kernel: Depends on container host
Compiler: gcc (Ubuntu 11.4.0-1ubuntu1~22.04) 11.4.0
Alpine
Kernel: Depends on container host
Compiler: gcc (Alpine 14.2.0) 14.2.0
FreeBSD 13.4
Kernel: 13.4-RELEASE-p1
Compiler: clang 18.1.6
FreeBSD 14.2
Kernel: 14.2-RELEASE
Compiler: clang 18.1.6
Ubuntu 24.04
Kernel: Depends on container host
Compiler: gcc (Ubuntu 13.3.0-6ubuntu2~24.04) 13.3.0
Windows Server 2022
Kernel: 10.0.20348.2031
Compiler: clang 15.0.7, gcc 14.1.0 (MinGW), and MSVC VS 19.39.33521
To view detailed results, visit:
https://lab.dpdk.org/results/dashboard/patchsets/32480/
UNH-IOL DPDK Community Lab
To manage your email subscriptions, visit:
https://lab.dpdk.org/results/dashboard/preferences/subscriptions/
^ permalink raw reply [flat|nested] 30+ messages in thread
* |SUCCESS| pw150794-150795 [PATCH] [v4,2/2] common/idpf: enable AVX2
[not found] <20250203052430.1243485-3-shaiq.wani@intel.com>
` (26 preceding siblings ...)
2025-02-03 9:28 ` |FAILURE| " dpdklab
@ 2025-02-03 10:07 ` dpdklab
2025-02-03 10:32 ` |WARNING| " dpdklab
2025-02-03 11:53 ` |SUCCESS| " dpdklab
29 siblings, 0 replies; 30+ messages in thread
From: dpdklab @ 2025-02-03 10:07 UTC (permalink / raw)
To: Test Report; +Cc: dpdk-test-reports
Test-Label: iol-unit-arm64-testing
Test-Status: SUCCESS
http://dpdk.org/patch/150795
_Testing PASS_
Submitter: Shaiq Wani <shaiq.wani@intel.com>
Date: Monday, February 03 2025 05:24:30
DPDK git baseline: Repo:dpdk
Branch: master
CommitID:abf3b7b7b361f8aa8d75ae00d449b588a0cdcda3
150794-150795 --> testing pass
Upstream job id: Generic-Unit-Test-DPDK#311177
Test environment and result as below:
+-----------------------------+----------------+--------------+---------------------------+------------------------------+
| Environment | dpdk_unit_test | lpm_autotest | cryptodev_sw_zuc_autotest | cryptodev_sw_snow3g_autotest |
+=============================+================+==============+===========================+==============================+
| 32-bit Ubuntu 22.04.4 (ARM) | PASS | SKIPPED | SKIPPED | SKIPPED |
+-----------------------------+----------------+--------------+---------------------------+------------------------------+
| CentOS Stream 9 (ARM) | PASS | SKIPPED | SKIPPED | SKIPPED |
+-----------------------------+----------------+--------------+---------------------------+------------------------------+
| Debian 12 (arm) | PASS | SKIPPED | PASS | PASS |
+-----------------------------+----------------+--------------+---------------------------+------------------------------+
| Debian 11 (Buster) (ARM) | PASS | SKIPPED | SKIPPED | SKIPPED |
+-----------------------------+----------------+--------------+---------------------------+------------------------------+
| Fedora 40 (ARM Clang) | PASS | SKIPPED | SKIPPED | SKIPPED |
+-----------------------------+----------------+--------------+---------------------------+------------------------------+
| Fedora 41 (ARM) | PASS | SKIPPED | SKIPPED | SKIPPED |
+-----------------------------+----------------+--------------+---------------------------+------------------------------+
| Fedora 40 (ARM) | PASS | SKIPPED | SKIPPED | SKIPPED |
+-----------------------------+----------------+--------------+---------------------------+------------------------------+
| Fedora 41 (ARM Clang) | PASS | SKIPPED | SKIPPED | SKIPPED |
+-----------------------------+----------------+--------------+---------------------------+------------------------------+
| RHEL9 (ARM) | PASS | SKIPPED | SKIPPED | SKIPPED |
+-----------------------------+----------------+--------------+---------------------------+------------------------------+
| Ubuntu 20.04 (ARM) | PASS | SKIPPED | SKIPPED | SKIPPED |
+-----------------------------+----------------+--------------+---------------------------+------------------------------+
| Ubuntu 22.04 (ARM) | PASS | SKIPPED | SKIPPED | SKIPPED |
+-----------------------------+----------------+--------------+---------------------------+------------------------------+
| Ubuntu 24.04 (ARM) | PASS | SKIPPED | SKIPPED | SKIPPED |
+-----------------------------+----------------+--------------+---------------------------+------------------------------+
| Ubuntu 20.04 ARM SVE | SKIPPED | PASS | SKIPPED | SKIPPED |
+-----------------------------+----------------+--------------+---------------------------+------------------------------+
32-bit Ubuntu 22.04.4 (ARM)
Kernel: 5.15.83+ aarch64
Compiler: gcc (Ubuntu 11.4.0-1ubuntu1~22.04) 11.4.0
CentOS Stream 9 (ARM)
Kernel: Depends on container host
Compiler: gcc 11.5.0 20240719 (Red Hat 11.5.0-2)
Debian 12 (arm)
Kernel: Depends on container host
Compiler: gcc (Debian 12.2.0-14) 12.2.0
Debian 11 (Buster) (ARM)
Kernel: Depends on container host
Compiler: gcc (Debian 10.2.1-6) 10.2.1 20210110
Fedora 40 (ARM Clang)
Kernel: Depends on container host
Compiler: clang 18.1.8 (Fedora 18.1.8-1.fc40)
Fedora 41 (ARM)
Kernel: Depends on container host
Compiler: gcc 14.2.1 20240912 (Red Hat 14.2.1-3)
Fedora 40 (ARM)
Kernel: Depends on container host
Compiler: gcc 14.2.1 20240912 (Red Hat 14.2.1-3)
Fedora 41 (ARM Clang)
Kernel: Depends on container host
Compiler: clang 19.1.5 (Fedora 19.1.5-1.fc41)
RHEL9 (ARM)
Kernel: Depends on container host
Compiler: gcc 11.5.0 20240719 (Red Hat 11.5.0-2)
Ubuntu 20.04 (ARM)
Kernel: Depends on container host
Compiler: gcc (Ubuntu 9.4.0-1ubuntu1~20.04.2) 9.4.0
Ubuntu 22.04 (ARM)
Kernel: Depends on container host
Compiler: gcc (Ubuntu 11.4.0-1ubuntu1~22.04) 11.4.0
Ubuntu 24.04 (ARM)
Kernel: Depends on container host
Compiler: gcc (Ubuntu 13.3.0-6ubuntu2~24.04) 13.3.0
Ubuntu 20.04 ARM SVE
Kernel: Depends on container host
Compiler: gcc (Ubuntu 10.5.0-1ubuntu1~20.04) 10.5.0
To view detailed results, visit:
https://lab.dpdk.org/results/dashboard/patchsets/32480/
UNH-IOL DPDK Community Lab
To manage your email subscriptions, visit:
https://lab.dpdk.org/results/dashboard/preferences/subscriptions/
^ permalink raw reply [flat|nested] 30+ messages in thread
* |WARNING| pw150794-150795 [PATCH] [v4,2/2] common/idpf: enable AVX2
[not found] <20250203052430.1243485-3-shaiq.wani@intel.com>
` (27 preceding siblings ...)
2025-02-03 10:07 ` |SUCCESS| " dpdklab
@ 2025-02-03 10:32 ` dpdklab
2025-02-03 11:53 ` |SUCCESS| " dpdklab
29 siblings, 0 replies; 30+ messages in thread
From: dpdklab @ 2025-02-03 10:32 UTC (permalink / raw)
To: Test Report; +Cc: dpdk-test-reports
Test-Label: iol-sample-apps-testing
Test-Status: WARNING
http://dpdk.org/patch/150795
_Testing issues_
Submitter: Shaiq Wani <shaiq.wani@intel.com>
Date: Monday, February 03 2025 05:24:30
DPDK git baseline: Repo:dpdk
Branch: master
CommitID:abf3b7b7b361f8aa8d75ae00d449b588a0cdcda3
150794-150795 --> testing issues
Upstream job id: ACVP-FIPS-testing#8764
Test environment and result as below:
+--------------------+----------------------+----------------------+
| Environment | compressdev_zlib_pmd | dpdk_fips_validation |
+====================+======================+======================+
| Ubuntu 22.04 (ARM) | PASS | SKIPPED |
+--------------------+----------------------+----------------------+
| Ubuntu 22.04 | PASS | SKIPPED |
+--------------------+----------------------+----------------------+
| Ubuntu 20.04 | SKIPPED | WARN |
+--------------------+----------------------+----------------------+
==== 20 line log output for Ubuntu 20.04 (dpdk_fips_validation): ====
| ^
cc1: all warnings being treated as errors
[462/3171] Linking static target drivers/librte_common_iavf.a
[463/3171] Compiling C object drivers/librte_common_iavf.so.25.1.p/meson-generated_.._rte_common_iavf.pmd.c.o
[464/3171] Compiling C object drivers/libtmp_rte_common_idpf.a.p/common_idpf_idpf_common_virtchnl.c.o
[465/3171] Generating rte_common_cpt.sym_chk with a custom command (wrapped by meson to capture output)
[466/3171] Generating node.sym_chk with a custom command (wrapped by meson to capture output)
[467/3171] Compiling C object drivers/libtmp_rte_common_ionic.a.p/common_ionic_ionic_common_uio.c.o
[468/3171] Compiling C object drivers/libtmp_rte_common_octeontx.a.p/common_octeontx_octeontx_mbox.c.o
[469/3171] Compiling C object drivers/libtmp_rte_bus_auxiliary.a.p/bus_auxiliary_auxiliary_common.c.o
[470/3171] Compiling C object drivers/libtmp_rte_common_idpf.a.p/common_idpf_idpf_common_rxtx.c.o
[471/3171] Generating rte_common_dpaax.sym_chk with a custom command (wrapped by meson to capture output)
[472/3171] Compiling C object drivers/common/idpf/libidpf_common_avx512_lib.a.p/idpf_common_rxtx_avx512.c.o
[473/3171] Generating graph.sym_chk with a custom command (wrapped by meson to capture output)
[474/3171] Generating eal.sym_chk with a custom command (wrapped by meson to capture output)
[475/3171] Generating ethdev.sym_chk with a custom command (wrapped by meson to capture output)
[476/3171] Compiling C object lib/librte_pipeline.a.p/pipeline_rte_swx_pipeline.c.o
[477/3171] Compiling C object lib/librte_vhost.a.p/vhost_virtio_net.c.o
[478/3171] Compiling C object lib/librte_pipeline.a.p/pipeline_rte_table_action.c.o
ninja: build stopped: subcommand failed.
==== End log output ====
Ubuntu 22.04 (ARM)
Kernel: 5.15.0-97-generic
Compiler: gcc gcc (Ubuntu 11.4.0-1ubuntu1~22.04) 11.4.0
Ubuntu 22.04
Kernel: 5.15.0-100-generic
Compiler: gcc gcc (Ubuntu 11.4.0-1ubuntu1~22.04) 11.4.0
Ubuntu 20.04
Kernel: Depends on container host
Compiler: gcc (Ubuntu 9.4.0-1ubuntu1~20.04.2) 9.4.0
To view detailed results, visit:
https://lab.dpdk.org/results/dashboard/patchsets/32480/
UNH-IOL DPDK Community Lab
To manage your email subscriptions, visit:
https://lab.dpdk.org/results/dashboard/preferences/subscriptions/
^ permalink raw reply [flat|nested] 30+ messages in thread
* |SUCCESS| pw150794-150795 [PATCH] [v4,2/2] common/idpf: enable AVX2
[not found] <20250203052430.1243485-3-shaiq.wani@intel.com>
` (28 preceding siblings ...)
2025-02-03 10:32 ` |WARNING| " dpdklab
@ 2025-02-03 11:53 ` dpdklab
29 siblings, 0 replies; 30+ messages in thread
From: dpdklab @ 2025-02-03 11:53 UTC (permalink / raw)
To: Test Report; +Cc: dpdk-test-reports
Test-Label: iol-compile-arm64-testing
Test-Status: SUCCESS
http://dpdk.org/patch/150795
_Testing PASS_
Submitter: Shaiq Wani <shaiq.wani@intel.com>
Date: Monday, February 03 2025 05:24:30
DPDK git baseline: Repo:dpdk
Branch: master
CommitID:abf3b7b7b361f8aa8d75ae00d449b588a0cdcda3
150794-150795 --> testing pass
Upstream job id: Generic-DPDK-Compile-Meson#357289
Test environment and result as below:
+----------------------------------------+--------------------+
| Environment | dpdk_meson_compile |
+========================================+====================+
| RHEL9 (ARM) | PASS |
+----------------------------------------+--------------------+
| Ubuntu 20.04 ARM GCC Cross Compile | PASS |
+----------------------------------------+--------------------+
| Ubuntu 20.04 ARM SVE | PASS |
+----------------------------------------+--------------------+
| Debian 12 with MUSDK | PASS |
+----------------------------------------+--------------------+
| Fedora 40 (ARM Clang) | PASS |
+----------------------------------------+--------------------+
| Fedora 40 (ARM) | PASS |
+----------------------------------------+--------------------+
| Fedora 41 (ARM Clang) | PASS |
+----------------------------------------+--------------------+
| Fedora 41 (ARM) | PASS |
+----------------------------------------+--------------------+
| Ubuntu 20.04 (ARM) | PASS |
+----------------------------------------+--------------------+
| Ubuntu 22.04 (ARM) | PASS |
+----------------------------------------+--------------------+
| Ubuntu 24.04 (ARM) | PASS |
+----------------------------------------+--------------------+
| CentOS Stream 9 (ARM) | PASS |
+----------------------------------------+--------------------+
| Debian 12 (arm) | PASS |
+----------------------------------------+--------------------+
| Ubuntu 20.04 ARM Clang Cross Compile | PASS |
+----------------------------------------+--------------------+
| Debian 11 (Buster) (ARM) | PASS |
+----------------------------------------+--------------------+
| Ubuntu 20.04 aarch32 GCC Cross Compile | PASS |
+----------------------------------------+--------------------+
RHEL9 (ARM)
Kernel: Depends on container host
Compiler: gcc 11.5.0 20240719 (Red Hat 11.5.0-2)
Ubuntu 20.04 ARM GCC Cross Compile
Kernel: Depends on container host
Compiler: aarch64-linux-gnu-gcc (Ubuntu 9.4.0-1ubuntu1~20.04.2) 9.4.0
Ubuntu 20.04 ARM SVE
Kernel: Depends on container host
Compiler: gcc (Ubuntu 10.5.0-1ubuntu1~20.04) 10.5.0
Debian 12 with MUSDK
Kernel: Depends on container host
Compiler: gcc (Debian 12.2.0-14) 12.2.0
Fedora 40 (ARM Clang)
Kernel: Depends on container host
Compiler: clang 18.1.8 (Fedora 18.1.8-1.fc40)
Fedora 40 (ARM)
Kernel: Depends on container host
Compiler: gcc 14.2.1 20240912 (Red Hat 14.2.1-3)
Fedora 41 (ARM Clang)
Kernel: Depends on container host
Compiler: clang 19.1.5 (Fedora 19.1.5-1.fc41)
Fedora 41 (ARM)
Kernel: Depends on container host
Compiler: gcc 14.2.1 20240912 (Red Hat 14.2.1-3)
Ubuntu 20.04 (ARM)
Kernel: Depends on container host
Compiler: gcc (Ubuntu 9.4.0-1ubuntu1~20.04.2) 9.4.0
Ubuntu 22.04 (ARM)
Kernel: Depends on container host
Compiler: gcc (Ubuntu 11.4.0-1ubuntu1~22.04) 11.4.0
Ubuntu 24.04 (ARM)
Kernel: Depends on container host
Compiler: gcc (Ubuntu 13.3.0-6ubuntu2~24.04) 13.3.0
CentOS Stream 9 (ARM)
Kernel: Depends on container host
Compiler: gcc 11.5.0 20240719 (Red Hat 11.5.0-2)
Debian 12 (arm)
Kernel: Depends on container host
Compiler: gcc (Debian 12.2.0-14) 12.2.0
Ubuntu 20.04 ARM Clang Cross Compile
Kernel: Depends on container host
Compiler: clang 10.0.0-4ubuntu1
Debian 11 (Buster) (ARM)
Kernel: Depends on container host
Compiler: gcc (Debian 10.2.1-6) 10.2.1 20210110
Ubuntu 20.04 aarch32 GCC Cross Compile
Kernel: Depends on container host
Compiler: gcc 9.4.0
To view detailed results, visit:
https://lab.dpdk.org/results/dashboard/patchsets/32480/
UNH-IOL DPDK Community Lab
To manage your email subscriptions, visit:
https://lab.dpdk.org/results/dashboard/preferences/subscriptions/
^ permalink raw reply [flat|nested] 30+ messages in thread
end of thread, other threads:[~2025-02-03 11:53 UTC | newest]
Thread overview: 30+ messages (download: mbox.gz / follow: Atom feed)
-- links below jump to the message on this page --
[not found] <20250203052430.1243485-3-shaiq.wani@intel.com>
2025-02-03 4:44 ` |SUCCESS| pw150794-150795 [PATCH v4 2/2] common/idpf: enable AVX2 for single queue Tx qemudev
2025-02-03 4:48 ` qemudev
2025-02-03 5:10 ` |SUCCESS| pw150795 " checkpatch
2025-02-03 6:04 ` |FAILURE| " 0-day Robot
2025-02-03 7:58 ` |SUCCESS| pw150794-150795 [PATCH] [v4,2/2] common/idpf: enable AVX2 dpdklab
2025-02-03 8:08 ` dpdklab
2025-02-03 8:20 ` |FAILURE| " dpdklab
2025-02-03 8:20 ` |PENDING| " dpdklab
2025-02-03 8:20 ` |FAILURE| " dpdklab
2025-02-03 8:26 ` |SUCCESS| " dpdklab
2025-02-03 8:28 ` |FAILURE| " dpdklab
2025-02-03 8:43 ` dpdklab
2025-02-03 8:50 ` dpdklab
2025-02-03 8:55 ` dpdklab
2025-02-03 8:57 ` |WARNING| " dpdklab
2025-02-03 8:59 ` |FAILURE| " dpdklab
2025-02-03 8:59 ` dpdklab
2025-02-03 8:59 ` dpdklab
2025-02-03 9:00 ` dpdklab
2025-02-03 9:00 ` dpdklab
2025-02-03 9:01 ` dpdklab
2025-02-03 9:01 ` dpdklab
2025-02-03 9:04 ` dpdklab
2025-02-03 9:04 ` dpdklab
2025-02-03 9:17 ` dpdklab
2025-02-03 9:21 ` |SUCCESS| " dpdklab
2025-02-03 9:28 ` |FAILURE| " dpdklab
2025-02-03 10:07 ` |SUCCESS| " dpdklab
2025-02-03 10:32 ` |WARNING| " dpdklab
2025-02-03 11:53 ` |SUCCESS| " dpdklab
This is a public inbox, see mirroring instructions
for how to clone and mirror all data and code used for this inbox;
as well as URLs for NNTP newsgroup(s).