automatic DPDK test reports
 help / color / mirror / Atom feed
From: qemudev@loongson.cn
To: test-report@dpdk.org
Subject: |SUCCESS| pw150810-150863 [PATCH v2 54/54] net/e1000/base: update readme
Date: Wed, 5 Feb 2025 02:16:39 +0800	[thread overview]
Message-ID: <202502041816.514IGdYk2484322@localhost.localdomain> (raw)
In-Reply-To: <394cd6fa8f7ae6f376b74a3567838f28284fd0e3.1738681726.git.anatoly.burakov@intel.com>

Test-Label: loongarch-compilation
Test-Status: SUCCESS
http://dpdk.org/patch/150863

_Compilation OK_

Submitter: Anatoly Burakov <anatoly.burakov@intel.com>
Date: Tue,  4 Feb 2025 15:10:07 +0000
DPDK git baseline: Repo:dpdk-next-net
  Branch: main
  CommitID: 595535be66b103f7ce3ba61939b8013032987404

150810-150863 --> meson & ninja build successfully

Test environment and result as below:

+---------------------+----------------+
|     Environment     | compilation    |
+---------------------+----------------+
| Loongnix-Server 8.3 | PASS           |
+---------------------+----------------+

Loongnix-Server 8.3
    Kernel: 4.19.190+
    Compiler: gcc 8.3


  parent reply	other threads:[~2025-02-04 18:54 UTC|newest]

Thread overview: 5+ messages / expand[flat|nested]  mbox.gz  Atom feed  top
     [not found] <394cd6fa8f7ae6f376b74a3567838f28284fd0e3.1738681726.git.anatoly.burakov@intel.com>
2025-02-04 15:18 ` |SUCCESS| pw150863 " checkpatch
2025-02-04 16:00 ` |FAILURE| pw150810-150863 [PATCH] [v2, " dpdklab
2025-02-04 18:16 ` qemudev [this message]
2025-02-04 18:21 ` |SUCCESS| pw150810-150863 [PATCH v2 " qemudev
2025-02-04 20:04 ` |FAILURE| pw150863 " 0-day Robot

Reply instructions:

You may reply publicly to this message via plain-text email
using any one of the following methods:

* Save the following mbox file, import it into your mail client,
  and reply-to-all from there: mbox

  Avoid top-posting and favor interleaved quoting:
  https://en.wikipedia.org/wiki/Posting_style#Interleaved_style

* Reply using the --to, --cc, and --in-reply-to
  switches of git-send-email(1):

  git send-email \
    --in-reply-to=202502041816.514IGdYk2484322@localhost.localdomain \
    --to=qemudev@loongson.cn \
    --cc=test-report@dpdk.org \
    /path/to/YOUR_REPLY

  https://kernel.org/pub/software/scm/git/docs/git-send-email.html

* If your mail client supports setting the In-Reply-To header
  via mailto: links, try the mailto: link
Be sure your reply has a Subject: header at the top and a blank line before the message body.
This is a public inbox, see mirroring instructions
for how to clone and mirror all data and code used for this inbox;
as well as URLs for NNTP newsgroup(s).