* |SUCCESS| pw150863 [PATCH v2 54/54] net/e1000/base: update readme
[not found] <394cd6fa8f7ae6f376b74a3567838f28284fd0e3.1738681726.git.anatoly.burakov@intel.com>
@ 2025-02-04 15:18 ` checkpatch
2025-02-04 16:00 ` |FAILURE| pw150810-150863 [PATCH] [v2, " dpdklab
` (3 subsequent siblings)
4 siblings, 0 replies; 5+ messages in thread
From: checkpatch @ 2025-02-04 15:18 UTC (permalink / raw)
To: test-report
Test-Label: checkpatch
Test-Status: SUCCESS
http://dpdk.org/patch/150863
_coding style OK_
^ permalink raw reply [flat|nested] 5+ messages in thread
* |FAILURE| pw150810-150863 [PATCH] [v2, 54/54] net/e1000/base: update readme
[not found] <394cd6fa8f7ae6f376b74a3567838f28284fd0e3.1738681726.git.anatoly.burakov@intel.com>
2025-02-04 15:18 ` |SUCCESS| pw150863 [PATCH v2 54/54] net/e1000/base: update readme checkpatch
@ 2025-02-04 16:00 ` dpdklab
2025-02-04 18:16 ` |SUCCESS| pw150810-150863 [PATCH v2 " qemudev
` (2 subsequent siblings)
4 siblings, 0 replies; 5+ messages in thread
From: dpdklab @ 2025-02-04 16:00 UTC (permalink / raw)
To: test-report; +Cc: dpdk-test-reports
Test-Label: iol-testing
Test-Status: FAILURE
http://dpdk.org/patch/150810
_build patch failure_
Submitter: Burakov, Anatoly <anatoly.burakov@intel.com>
Date: Tuesday, February 04 2025 15:11:00
Applied on: CommitID:dc4ce7c2538b713e16887eb598da309bc7b4d528
Apply patch set 150810-150863 failed:
<!doctype html>
<html lang="en">
<head>
<title>Not Found</title>
</head>
<body>
<h1>Not Found</h1><p>The requested resource was not found on this server.</p>
</body>
</html>
https://lab.dpdk.org/results/dashboard/patchsets/32486/
UNH-IOL DPDK Community Lab
^ permalink raw reply [flat|nested] 5+ messages in thread
* |SUCCESS| pw150810-150863 [PATCH v2 54/54] net/e1000/base: update readme
[not found] <394cd6fa8f7ae6f376b74a3567838f28284fd0e3.1738681726.git.anatoly.burakov@intel.com>
2025-02-04 15:18 ` |SUCCESS| pw150863 [PATCH v2 54/54] net/e1000/base: update readme checkpatch
2025-02-04 16:00 ` |FAILURE| pw150810-150863 [PATCH] [v2, " dpdklab
@ 2025-02-04 18:16 ` qemudev
2025-02-04 18:21 ` qemudev
2025-02-04 20:04 ` |FAILURE| pw150863 " 0-day Robot
4 siblings, 0 replies; 5+ messages in thread
From: qemudev @ 2025-02-04 18:16 UTC (permalink / raw)
To: test-report
Test-Label: loongarch-compilation
Test-Status: SUCCESS
http://dpdk.org/patch/150863
_Compilation OK_
Submitter: Anatoly Burakov <anatoly.burakov@intel.com>
Date: Tue, 4 Feb 2025 15:10:07 +0000
DPDK git baseline: Repo:dpdk-next-net
Branch: main
CommitID: 595535be66b103f7ce3ba61939b8013032987404
150810-150863 --> meson & ninja build successfully
Test environment and result as below:
+---------------------+----------------+
| Environment | compilation |
+---------------------+----------------+
| Loongnix-Server 8.3 | PASS |
+---------------------+----------------+
Loongnix-Server 8.3
Kernel: 4.19.190+
Compiler: gcc 8.3
^ permalink raw reply [flat|nested] 5+ messages in thread
* |SUCCESS| pw150810-150863 [PATCH v2 54/54] net/e1000/base: update readme
[not found] <394cd6fa8f7ae6f376b74a3567838f28284fd0e3.1738681726.git.anatoly.burakov@intel.com>
` (2 preceding siblings ...)
2025-02-04 18:16 ` |SUCCESS| pw150810-150863 [PATCH v2 " qemudev
@ 2025-02-04 18:21 ` qemudev
2025-02-04 20:04 ` |FAILURE| pw150863 " 0-day Robot
4 siblings, 0 replies; 5+ messages in thread
From: qemudev @ 2025-02-04 18:21 UTC (permalink / raw)
To: test-report
Test-Label: loongarch-unit-testing
Test-Status: SUCCESS
http://dpdk.org/patch/150863
_Unit Testing PASS_
Submitter: Anatoly Burakov <anatoly.burakov@intel.com>
Date: Tue, 4 Feb 2025 15:10:07 +0000
DPDK git baseline: Repo:dpdk-next-net
Branch: main
CommitID: 595535be66b103f7ce3ba61939b8013032987404
150810-150863 --> testing pass
Test environment and result as below:
+---------------------+----------------+
| Environment | dpdk_unit_test |
+---------------------+----------------+
| Loongnix-Server 8.3 | PASS |
+---------------------+----------------+
Loongnix-Server 8.3
Kernel: 4.19.190+
Compiler: gcc 8.3
Test result details:
1/119 DPDK:fast-tests / acl_autotest OK 3.41s
2/119 DPDK:fast-tests / alarm_autotest OK 1.64s
3/119 DPDK:fast-tests / argparse_autotest OK 0.63s
4/119 DPDK:fast-tests / atomic_autotest OK 7.26s
5/119 DPDK:fast-tests / bitcount_autotest OK 0.31s
6/119 DPDK:fast-tests / bitmap_autotest OK 0.53s
7/119 DPDK:fast-tests / bitops_autotest OK 2.02s
8/119 DPDK:fast-tests / bitratestats_autotest OK 0.53s
9/119 DPDK:fast-tests / bitset_autotest OK 3.06s
10/119 DPDK:fast-tests / bpf_autotest OK 0.55s
11/119 DPDK:fast-tests / bpf_convert_autotest OK 0.53s
12/119 DPDK:fast-tests / byteorder_autotest OK 0.52s
13/119 DPDK:fast-tests / cfgfile_autotest OK 0.52s
14/119 DPDK:fast-tests / cksum_autotest OK 0.52s
15/119 DPDK:fast-tests / cmdline_autotest OK 0.51s
16/119 DPDK:fast-tests / common_autotest OK 1.40s
17/119 DPDK:fast-tests / compressdev_autotest SKIP 0.07s exit status 77
18/119 DPDK:fast-tests / cpuflags_autotest OK 0.48s
19/119 DPDK:fast-tests / crc_autotest OK 0.48s
20/119 DPDK:fast-tests / user_delay_us OK 0.48s
21/119 DPDK:fast-tests / debug_autotest OK 19.18s
22/119 DPDK:fast-tests / devargs_autotest OK 0.48s
23/119 DPDK:fast-tests / dispatcher_autotest OK 2.48s
24/119 DPDK:fast-tests / distributor_autotest OK 1.20s
25/119 DPDK:fast-tests / eal_flags_c_opt_autotest OK 0.78s
26/119 DPDK:fast-tests / eal_flags_main_opt_autotest OK 0.22s
27/119 DPDK:fast-tests / eal_flags_n_opt_autotest OK 0.20s
28/119 DPDK:fast-tests / eal_flags_hpet_autotest OK 0.14s
29/119 DPDK:fast-tests / eal_flags_no_huge_autotest OK 0.22s
30/119 DPDK:fast-tests / eal_flags_a_opt_autotest OK 0.30s
31/119 DPDK:fast-tests / eal_flags_b_opt_autotest OK 0.25s
32/119 DPDK:fast-tests / eal_flags_vdev_opt_autotest OK 0.20s
33/119 DPDK:fast-tests / eal_flags_r_opt_autotest OK 0.19s
34/119 DPDK:fast-tests / eal_flags_mem_autotest OK 0.59s
35/119 DPDK:fast-tests / eal_flags_file_prefix_autotest OK 22.24s
36/119 DPDK:fast-tests / eal_flags_misc_autotest OK 1.04s
37/119 DPDK:fast-tests / eal_fs_autotest OK 0.48s
38/119 DPDK:fast-tests / errno_autotest OK 0.48s
39/119 DPDK:fast-tests / ethdev_link_status OK 0.48s
40/119 DPDK:fast-tests / event_eth_tx_adapter_autotest OK 1.69s
41/119 DPDK:fast-tests / event_ring_autotest OK 0.48s
42/119 DPDK:fast-tests / eventdev_common_autotest OK 0.48s
43/119 DPDK:fast-tests / eventdev_selftest_sw OK 7.27s
44/119 DPDK:fast-tests / fbarray_autotest OK 0.48s
45/119 DPDK:fast-tests / fib_autotest OK 1.58s
46/119 DPDK:fast-tests / fib6_autotest OK 1.35s
47/119 DPDK:fast-tests / func_reentrancy_autotest OK 2.30s
48/119 DPDK:fast-tests / graph_autotest OK 0.31s
49/119 DPDK:fast-tests / node_list_dump OK 0.31s
50/119 DPDK:fast-tests / hash_autotest OK 0.93s
51/119 DPDK:fast-tests / hash_readwrite_func_autotest OK 6.41s
52/119 DPDK:fast-tests / interrupt_autotest OK 1.61s
53/119 DPDK:fast-tests / ipfrag_autotest OK 0.07s
54/119 DPDK:fast-tests / ipsec_autotest SKIP 0.31s exit status 77
55/119 DPDK:fast-tests / kvargs_autotest OK 0.31s
56/119 DPDK:fast-tests / latencystats_autotest OK 0.31s
57/119 DPDK:fast-tests / lcore_var_autotest OK 0.46s
58/119 DPDK:fast-tests / lcores_autotest OK 5.12s
59/119 DPDK:fast-tests / logs_autotest OK 0.31s
60/119 DPDK:fast-tests / lpm_autotest OK 2.34s
61/119 DPDK:fast-tests / lpm6_autotest OK 5.49s
62/119 DPDK:fast-tests / malloc_autotest OK 60.90s
63/119 DPDK:fast-tests / mbuf_autotest OK 5.26s
64/119 DPDK:fast-tests / mcslock_autotest OK 3.02s
65/119 DPDK:fast-tests / member_autotest OK 1.55s
66/119 DPDK:fast-tests / memcpy_autotest OK 6.58s
67/119 DPDK:fast-tests / memory_autotest OK 0.09s
68/119 DPDK:fast-tests / mempool_autotest OK 0.43s
69/119 DPDK:fast-tests / memzone_autotest OK 0.14s
70/119 DPDK:fast-tests / meter_autotest OK 0.30s
71/119 DPDK:fast-tests / metrics_autotest OK 0.31s
72/119 DPDK:fast-tests / multiprocess_autotest OK 0.17s
73/119 DPDK:fast-tests / net_ether_autotest OK 0.97s
74/119 DPDK:fast-tests / net_ipv6_autotest OK 0.31s
75/119 DPDK:fast-tests / pcapng_autotest OK 6.50s
76/119 DPDK:fast-tests / pdcp_autotest SKIP 0.06s exit status 77
77/119 DPDK:fast-tests / pdump_autotest OK 0.42s
78/119 DPDK:fast-tests / per_lcore_autotest OK 0.41s
79/119 DPDK:fast-tests / pflock_autotest OK 1.11s
80/119 DPDK:fast-tests / pie_autotest OK 0.31s
81/119 DPDK:fast-tests / ring_pmd_autotest OK 0.31s
82/119 DPDK:fast-tests / power_autotest OK 0.30s
83/119 DPDK:fast-tests / power_cpufreq_autotest SKIP 0.06s exit status 77
84/119 DPDK:fast-tests / power_intel_uncore_autotest SKIP 0.30s exit status 77
85/119 DPDK:fast-tests / power_kvm_vm_autotest SKIP 0.06s exit status 77
86/119 DPDK:fast-tests / prefetch_autotest OK 0.30s
87/119 DPDK:fast-tests / ptr_compress_autotest OK 0.31s
88/119 DPDK:fast-tests / rawdev_autotest OK 0.31s
89/119 DPDK:fast-tests / rcu_qsbr_autotest OK 0.83s
90/119 DPDK:fast-tests / reorder_autotest OK 0.36s
91/119 DPDK:fast-tests / rib_autotest OK 8.95s
92/119 DPDK:fast-tests / rib6_autotest OK 8.93s
93/119 DPDK:fast-tests / ring_autotest OK 0.34s
94/119 DPDK:fast-tests / rwlock_test1_autotest OK 1.05s
95/119 DPDK:fast-tests / rwlock_rda_autotest OK 5.31s
96/119 DPDK:fast-tests / rwlock_rds_wrm_autotest OK 5.31s
97/119 DPDK:fast-tests / rwlock_rde_wro_autotest OK 5.31s
98/119 DPDK:fast-tests / sched_autotest OK 0.31s
99/119 DPDK:fast-tests / security_autotest OK 0.06s
100/119 DPDK:fast-tests / seqlock_autotest OK 2.31s
101/119 DPDK:fast-tests / service_autotest OK 3.01s
102/119 DPDK:fast-tests / soring_autotest OK 0.31s
103/119 DPDK:fast-tests / spinlock_autotest OK 0.38s
104/119 DPDK:fast-tests / stack_autotest OK 0.86s
105/119 DPDK:fast-tests / stack_lf_autotest SKIP 0.05s exit status 77
106/119 DPDK:fast-tests / string_autotest OK 0.30s
107/119 DPDK:fast-tests / table_autotest OK 7.68s
108/119 DPDK:fast-tests / tailq_autotest OK 0.30s
109/119 DPDK:fast-tests / telemetry_data_autotest OK 0.31s
110/119 DPDK:fast-tests / telemetry_json_autotest OK 0.31s
111/119 DPDK:fast-tests / thash_autotest OK 0.32s
112/119 DPDK:fast-tests / threads_autotest OK 0.48s
113/119 DPDK:fast-tests / ticketlock_autotest OK 0.45s
114/119 DPDK:fast-tests / timer_autotest OK 3.86s
115/119 DPDK:fast-tests / trace_autotest OK 0.31s
116/119 DPDK:fast-tests / trace_autotest_with_traces OK 0.31s
117/119 DPDK:fast-tests / vdev_autotest OK 0.30s
118/119 DPDK:fast-tests / version_autotest OK 0.31s
119/119 DPDK:fast-tests / telemetry_all OK 1.24s
Ok: 112
Expected Fail: 0
Fail: 0
Unexpected Pass: 0
Skipped: 7
Timeout: 0
^ permalink raw reply [flat|nested] 5+ messages in thread
* |FAILURE| pw150863 [PATCH v2 54/54] net/e1000/base: update readme
[not found] <394cd6fa8f7ae6f376b74a3567838f28284fd0e3.1738681726.git.anatoly.burakov@intel.com>
` (3 preceding siblings ...)
2025-02-04 18:21 ` qemudev
@ 2025-02-04 20:04 ` 0-day Robot
4 siblings, 0 replies; 5+ messages in thread
From: 0-day Robot @ 2025-02-04 20:04 UTC (permalink / raw)
To: test-report; +Cc: anatoly.burakov, robot
From: robot@bytheb.org
Test-Label: github-robot: build
Test-Status: FAILURE
http://patchwork.dpdk.org/patch/150863/
_github build: failed_
Build URL: https://github.com/ovsrobot/dpdk/actions/runs/13138894016
Build Logs:
-----------------------Summary of failed steps-----------------------
"ubuntu-22.04-gcc-abi+debug+doc+examples+tests" failed at step Build and test
----------------------End summary of failed steps--------------------
-------------------------------BEGIN LOGS----------------------------
####################################################################################
#### [Begin job log] "ubuntu-22.04-gcc-abi+debug+doc+examples+tests" at step Build and test
####################################################################################
Installing /home/runner/work/dpdk/dpdk/drivers/crypto/scheduler/rte_cryptodev_scheduler.h to /home/runner/work/dpdk/dpdk/install/usr/local/include/
Installing /home/runner/work/dpdk/dpdk/drivers/crypto/scheduler/rte_cryptodev_scheduler_operations.h to /home/runner/work/dpdk/dpdk/install/usr/local/include/
Installing /home/runner/work/dpdk/dpdk/drivers/event/cnxk/rte_pmd_cnxk_eventdev.h to /home/runner/work/dpdk/dpdk/install/usr/local/include/
Installing /home/runner/work/dpdk/dpdk/drivers/event/dlb2/rte_pmd_dlb2.h to /home/runner/work/dpdk/dpdk/install/usr/local/include/
Installing /home/runner/work/dpdk/dpdk/drivers/baseband/acc/rte_acc_cfg.h to /home/runner/work/dpdk/dpdk/install/usr/local/include/
Installing /home/runner/work/dpdk/dpdk/drivers/baseband/fpga_5gnr_fec/rte_pmd_fpga_5gnr_fec.h to /home/runner/work/dpdk/dpdk/install/usr/local/include/
Installing /home/runner/work/dpdk/dpdk/drivers/power/kvm_vm/rte_power_guest_channel.h to /home/runner/work/dpdk/dpdk/install/usr/local/include/
Installing /home/runner/work/dpdk/dpdk/buildtools/dpdk-cmdline-gen.py to /home/runner/work/dpdk/dpdk/install/usr/local/bin
Installing /home/runner/work/dpdk/dpdk/usertools/dpdk-devbind.py to /home/runner/work/dpdk/dpdk/install/usr/local/bin
Installing /home/runner/work/dpdk/dpdk/usertools/dpdk-pmdinfo.py to /home/runner/work/dpdk/dpdk/install/usr/local/bin
Installing /home/runner/work/dpdk/dpdk/usertools/dpdk-telemetry.py to /home/runner/work/dpdk/dpdk/install/usr/local/bin
Installing /home/runner/work/dpdk/dpdk/usertools/dpdk-hugepages.py to /home/runner/work/dpdk/dpdk/install/usr/local/bin
Installing /home/runner/work/dpdk/dpdk/usertools/dpdk-rss-flows.py to /home/runner/work/dpdk/dpdk/install/usr/local/bin
Installing /home/runner/work/dpdk/dpdk/usertools/dpdk-telemetry-exporter.py to /home/runner/work/dpdk/dpdk/install/usr/local/bin
Installing /home/runner/work/dpdk/dpdk/build/rte_build_config.h to /home/runner/work/dpdk/dpdk/install/usr/local/include
Installing /home/runner/work/dpdk/dpdk/build/meson-private/libdpdk-libs.pc to /home/runner/work/dpdk/dpdk/install/usr/local/lib/pkgconfig
Installing /home/runner/work/dpdk/dpdk/build/meson-private/libdpdk.pc to /home/runner/work/dpdk/dpdk/install/usr/local/lib/pkgconfig
Running custom install script '/bin/sh /home/runner/work/dpdk/dpdk/config/../buildtools/symlink-drivers-solibs.sh lib dpdk/pmds-25.1'
Running custom install script '/usr/bin/mandb'
+ devtools/check-abi.sh reference install
Error: cannot find librte_net_igc.so.25.0 in install
Functions changes summary: 0 Removed, 0 Changed, 0 Added (20 filtered out) functions
Variables changes summary: 0 Removed, 0 Changed, 0 Added variable
##[error]Process completed with exit code 1.
####################################################################################
#### [End job log] "ubuntu-22.04-gcc-abi+debug+doc+examples+tests" at step Build and test
####################################################################################
--------------------------------END LOGS-----------------------------
^ permalink raw reply [flat|nested] 5+ messages in thread
end of thread, other threads:[~2025-02-04 20:04 UTC | newest]
Thread overview: 5+ messages (download: mbox.gz / follow: Atom feed)
-- links below jump to the message on this page --
[not found] <394cd6fa8f7ae6f376b74a3567838f28284fd0e3.1738681726.git.anatoly.burakov@intel.com>
2025-02-04 15:18 ` |SUCCESS| pw150863 [PATCH v2 54/54] net/e1000/base: update readme checkpatch
2025-02-04 16:00 ` |FAILURE| pw150810-150863 [PATCH] [v2, " dpdklab
2025-02-04 18:16 ` |SUCCESS| pw150810-150863 [PATCH v2 " qemudev
2025-02-04 18:21 ` qemudev
2025-02-04 20:04 ` |FAILURE| pw150863 " 0-day Robot
This is a public inbox, see mirroring instructions
for how to clone and mirror all data and code used for this inbox;
as well as URLs for NNTP newsgroup(s).