* |SUCCESS| pw151128 [PATCH] examples/ipsec-secgw: fix iv len in ctr 192/256
[not found] <20250207134545.63820-1-nkaithakadan@marvell.com>
@ 2025-02-07 13:14 ` qemudev
2025-02-07 13:20 ` |FAILURE| " qemudev
` (10 subsequent siblings)
11 siblings, 0 replies; 12+ messages in thread
From: qemudev @ 2025-02-07 13:14 UTC (permalink / raw)
To: test-report
Test-Label: loongarch-compilation
Test-Status: SUCCESS
http://dpdk.org/patch/151128
_Compilation OK_
Submitter: Nithinsen Kaithakadan <nkaithakadan@marvell.com>
Date: Fri, 7 Feb 2025 13:45:43 +0000
DPDK git baseline: Repo:dpdk
Branch: main
CommitID: f82cbad33fc046a9adbac3af6b31918e5f0591f1
151128 --> meson & ninja build successfully
Test environment and result as below:
+---------------------+----------------+
| Environment | compilation |
+---------------------+----------------+
| Loongnix-Server 8.3 | PASS |
+---------------------+----------------+
Loongnix-Server 8.3
Kernel: 4.19.190+
Compiler: gcc 8.3
^ permalink raw reply [flat|nested] 12+ messages in thread
* |FAILURE| pw151128 [PATCH] examples/ipsec-secgw: fix iv len in ctr 192/256
[not found] <20250207134545.63820-1-nkaithakadan@marvell.com>
2025-02-07 13:14 ` |SUCCESS| pw151128 [PATCH] examples/ipsec-secgw: fix iv len in ctr 192/256 qemudev
@ 2025-02-07 13:20 ` qemudev
2025-02-07 13:45 ` |SUCCESS| " checkpatch
` (9 subsequent siblings)
11 siblings, 0 replies; 12+ messages in thread
From: qemudev @ 2025-02-07 13:20 UTC (permalink / raw)
To: test-report; +Cc: Nithinsen Kaithakadan, zhoumin
Test-Label: loongarch-unit-testing
Test-Status: FAILURE
http://dpdk.org/patch/151128
_Unit Testing FAIL_
Submitter: Nithinsen Kaithakadan <nkaithakadan@marvell.com>
Date: Fri, 7 Feb 2025 13:45:43 +0000
DPDK git baseline: Repo:dpdk
Branch: main
CommitID: f82cbad33fc046a9adbac3af6b31918e5f0591f1
151128 --> testing fail
Test environment and result as below:
+---------------------+----------------+
| Environment | dpdk_unit_test |
+---------------------+----------------+
| Loongnix-Server 8.3 | FAIL |
+---------------------+----------------+
Loongnix-Server 8.3
Kernel: 4.19.190+
Compiler: gcc 8.3
Test result details:
1/119 DPDK:fast-tests / acl_autotest OK 3.55s
2/119 DPDK:fast-tests / alarm_autotest OK 1.74s
3/119 DPDK:fast-tests / argparse_autotest OK 0.73s
4/119 DPDK:fast-tests / atomic_autotest OK 7.08s
5/119 DPDK:fast-tests / bitcount_autotest OK 0.31s
6/119 DPDK:fast-tests / bitmap_autotest OK 0.31s
7/119 DPDK:fast-tests / bitops_autotest OK 1.81s
8/119 DPDK:fast-tests / bitratestats_autotest OK 0.53s
9/119 DPDK:fast-tests / bitset_autotest OK 3.25s
10/119 DPDK:fast-tests / bpf_autotest OK 0.54s
11/119 DPDK:fast-tests / bpf_convert_autotest OK 0.53s
12/119 DPDK:fast-tests / byteorder_autotest OK 0.52s
13/119 DPDK:fast-tests / cfgfile_autotest OK 0.52s
14/119 DPDK:fast-tests / cksum_autotest OK 0.52s
15/119 DPDK:fast-tests / cmdline_autotest OK 0.52s
16/119 DPDK:fast-tests / common_autotest OK 1.40s
17/119 DPDK:fast-tests / compressdev_autotest SKIP 0.07s exit status 77
18/119 DPDK:fast-tests / cpuflags_autotest OK 0.40s
19/119 DPDK:fast-tests / crc_autotest OK 0.40s
20/119 DPDK:fast-tests / user_delay_us OK 0.40s
21/119 DPDK:fast-tests / debug_autotest OK 24.27s
22/119 DPDK:fast-tests / devargs_autotest OK 0.39s
23/119 DPDK:fast-tests / dispatcher_autotest OK 2.54s
24/119 DPDK:fast-tests / distributor_autotest OK 1.20s
25/119 DPDK:fast-tests / eal_flags_c_opt_autotest OK 0.78s
26/119 DPDK:fast-tests / eal_flags_main_opt_autotest OK 0.22s
27/119 DPDK:fast-tests / eal_flags_n_opt_autotest OK 0.20s
28/119 DPDK:fast-tests / eal_flags_hpet_autotest OK 0.13s
29/119 DPDK:fast-tests / eal_flags_no_huge_autotest OK 0.22s
30/119 DPDK:fast-tests / eal_flags_a_opt_autotest OK 0.29s
31/119 DPDK:fast-tests / eal_flags_b_opt_autotest OK 0.24s
32/119 DPDK:fast-tests / eal_flags_vdev_opt_autotest OK 0.19s
33/119 DPDK:fast-tests / eal_flags_r_opt_autotest OK 0.18s
34/119 DPDK:fast-tests / eal_flags_mem_autotest OK 0.59s
35/119 DPDK:fast-tests / eal_flags_file_prefix_autotest OK 22.24s
36/119 DPDK:fast-tests / eal_flags_misc_autotest OK 1.02s
37/119 DPDK:fast-tests / eal_fs_autotest OK 0.40s
38/119 DPDK:fast-tests / errno_autotest OK 0.40s
39/119 DPDK:fast-tests / ethdev_link_status OK 0.40s
40/119 DPDK:fast-tests / event_eth_tx_adapter_autotest OK 1.69s
41/119 DPDK:fast-tests / event_ring_autotest OK 0.40s
42/119 DPDK:fast-tests / eventdev_common_autotest OK 0.40s
43/119 DPDK:fast-tests / eventdev_selftest_sw TIMEOUT 80.08s exit status -15
44/119 DPDK:fast-tests / fbarray_autotest OK 0.41s
45/119 DPDK:fast-tests / fib_autotest OK 1.25s
46/119 DPDK:fast-tests / fib6_autotest OK 1.04s
47/119 DPDK:fast-tests / func_reentrancy_autotest OK 2.18s
48/119 DPDK:fast-tests / graph_autotest OK 0.40s
49/119 DPDK:fast-tests / node_list_dump OK 0.40s
50/119 DPDK:fast-tests / hash_autotest OK 1.02s
51/119 DPDK:fast-tests / hash_readwrite_func_autotest OK 6.38s
52/119 DPDK:fast-tests / interrupt_autotest OK 1.70s
53/119 DPDK:fast-tests / ipfrag_autotest OK 0.08s
54/119 DPDK:fast-tests / ipsec_autotest SKIP 0.40s exit status 77
55/119 DPDK:fast-tests / kvargs_autotest OK 0.40s
56/119 DPDK:fast-tests / latencystats_autotest OK 0.40s
57/119 DPDK:fast-tests / lcore_var_autotest OK 0.55s
58/119 DPDK:fast-tests / lcores_autotest OK 5.21s
59/119 DPDK:fast-tests / logs_autotest OK 0.40s
60/119 DPDK:fast-tests / lpm_autotest OK 2.42s
61/119 DPDK:fast-tests / lpm6_autotest OK 5.55s
62/119 DPDK:fast-tests / malloc_autotest OK 61.55s
63/119 DPDK:fast-tests / mbuf_autotest OK 4.37s
64/119 DPDK:fast-tests / mcslock_autotest OK 3.33s
65/119 DPDK:fast-tests / member_autotest OK 1.63s
66/119 DPDK:fast-tests / memcpy_autotest OK 6.54s
67/119 DPDK:fast-tests / memory_autotest OK 0.09s
68/119 DPDK:fast-tests / mempool_autotest OK 0.44s
69/119 DPDK:fast-tests / memzone_autotest OK 0.14s
70/119 DPDK:fast-tests / meter_autotest OK 0.39s
71/119 DPDK:fast-tests / metrics_autotest OK 0.40s
72/119 DPDK:fast-tests / multiprocess_autotest OK 0.18s
73/119 DPDK:fast-tests / net_ether_autotest OK 1.06s
74/119 DPDK:fast-tests / net_ipv6_autotest OK 0.40s
75/119 DPDK:fast-tests / pcapng_autotest OK 6.53s
76/119 DPDK:fast-tests / pdcp_autotest SKIP 0.07s exit status 77
77/119 DPDK:fast-tests / pdump_autotest OK 0.50s
78/119 DPDK:fast-tests / per_lcore_autotest OK 0.50s
79/119 DPDK:fast-tests / pflock_autotest OK 1.21s
80/119 DPDK:fast-tests / pie_autotest OK 0.40s
81/119 DPDK:fast-tests / ring_pmd_autotest OK 0.40s
82/119 DPDK:fast-tests / power_autotest OK 0.40s
83/119 DPDK:fast-tests / power_cpufreq_autotest SKIP 0.07s exit status 77
84/119 DPDK:fast-tests / power_intel_uncore_autotest SKIP 0.39s exit status 77
85/119 DPDK:fast-tests / power_kvm_vm_autotest SKIP 0.07s exit status 77
86/119 DPDK:fast-tests / prefetch_autotest OK 0.40s
87/119 DPDK:fast-tests / ptr_compress_autotest OK 0.40s
88/119 DPDK:fast-tests / rawdev_autotest OK 0.40s
89/119 DPDK:fast-tests / rcu_qsbr_autotest OK 0.92s
90/119 DPDK:fast-tests / reorder_autotest OK 0.46s
91/119 DPDK:fast-tests / rib_autotest OK 9.05s
92/119 DPDK:fast-tests / rib6_autotest OK 9.03s
93/119 DPDK:fast-tests / ring_autotest OK 0.43s
94/119 DPDK:fast-tests / rwlock_test1_autotest OK 1.15s
95/119 DPDK:fast-tests / rwlock_rda_autotest OK 5.40s
96/119 DPDK:fast-tests / rwlock_rds_wrm_autotest OK 5.40s
97/119 DPDK:fast-tests / rwlock_rde_wro_autotest OK 5.40s
98/119 DPDK:fast-tests / sched_autotest OK 0.40s
99/119 DPDK:fast-tests / security_autotest OK 0.07s
100/119 DPDK:fast-tests / seqlock_autotest OK 2.40s
101/119 DPDK:fast-tests / service_autotest OK 3.09s
102/119 DPDK:fast-tests / soring_autotest OK 0.40s
103/119 DPDK:fast-tests / spinlock_autotest OK 0.48s
104/119 DPDK:fast-tests / stack_autotest OK 0.86s
105/119 DPDK:fast-tests / stack_lf_autotest SKIP 0.06s exit status 77
106/119 DPDK:fast-tests / string_autotest OK 0.39s
107/119 DPDK:fast-tests / table_autotest OK 7.47s
108/119 DPDK:fast-tests / tailq_autotest OK 0.39s
109/119 DPDK:fast-tests / telemetry_data_autotest OK 0.40s
110/119 DPDK:fast-tests / telemetry_json_autotest OK 0.40s
111/119 DPDK:fast-tests / thash_autotest OK 0.41s
112/119 DPDK:fast-tests / threads_autotest OK 0.57s
113/119 DPDK:fast-tests / ticketlock_autotest OK 0.55s
114/119 DPDK:fast-tests / timer_autotest OK 3.88s
115/119 DPDK:fast-tests / trace_autotest OK 0.39s
116/119 DPDK:fast-tests / trace_autotest_with_traces OK 0.40s
117/119 DPDK:fast-tests / vdev_autotest OK 0.39s
118/119 DPDK:fast-tests / version_autotest OK 0.40s
119/119 DPDK:fast-tests / telemetry_all OK 1.25s
Ok: 111
Expected Fail: 0
Fail: 0
Unexpected Pass: 0
Skipped: 7
Timeout: 1
Test logs for failed test cases:
================================================================================
DPDK:fast-tests / eventdev_selftest_sw: TIMEOUT
================================================================================
-------------------------------------stdout-------------------------------------
RTE>>eventdev_selftest_sw
*** Running Single Directed Packet test...
*** Running Directed Forward Credit test...
*** Running Single Load Balanced Packet test...
*** Running Unordered Basic test...
*** Running Ordered Basic test...
*** Running Burst Packets test...
*** Running Load Balancing test...
*** Running Prioritized Directed test...
*** Running Prioritized Atomic test...
*** Running Prioritized Ordered test...
*** Running Prioritized Unordered test...
*** Running Invalid QID test...
*** Running Load Balancing History test...
*** Running Inflight Count test...
*** Running Abuse Inflights test...
*** Running XStats test...
*** Running XStats ID Reset test...
*** Running XStats Brute Force test...
*** Running XStats ID Abuse test...
*** Running QID Priority test...
*** Running Unlink-in-progress test...
*** Running Ordered Reconfigure test...
*** Running Port LB Single Reconfig test...
*** Running Port Reconfig Credits test...
*** Running Head-of-line-blocking test...
*** Running Stop Flush test...
*** Running Ordered & Atomic hist-list completion test...
*** Running Worker loopback test...
3162: Producer function started
3102: Worker function started
3278: Sched Rx = 4933536, Tx = 4933056
3278: Sched Rx = 9847264, Tx = 9846784
3278: Sched Rx = 14725440, Tx = 14724960
*** Running Worker loopback test (implicit release disabled)...
3162: Producer function started
3102: Worker function started
3278: Sched Rx = 4959648, Tx = 4959168
3278: Sched Rx = 9933984, Tx = 9933536
3278: Sched Rx = 14882048, Tx = 14881600
3278: Sched Rx = 16777088, Tx = 16777088
3278: Sched Rx = 16777088, Tx = 16777088
3278: Sched Rx = 16777088, Tx = 16777088
3278: Sched Rx = 16777088, Tx = 16777088
3278: Sched Rx = 16777088, Tx = 16777088
EventDev event_sw: ports 2, qids 8
rx 16777088
drop 0
tx 16777088
sched calls: 24919867
sched cq/qid call: 26517463
sched no IQ enq: 24444634
sched no CQ enq: 24395583
inflight 64, credits: 4032
Port 0
rx 131071 drop 0 tx 0 ^[[0minflight 0^[[0m
Max New: 512 Avg cycles PP: 0 Credits: 0
Receive burst distribution:
0:nan%
^[[0mrx ring used: 0 free: 4096^[[0m
^[[0mcq ring used: 0 free: 32^[[0m
Port 1
rx 16646017 drop 0 tx 16777088 ^[[0minflight 0^[[0m
Max New: 4096 Avg cycles PP: 9 Credits: 63
Receive burst distribution:
0:100% 29-32:0.19%
^[[0mrx ring used: 0 free: 4096^[[0m
^[[0mcq ring used: 0 free: 32^[[0m
Queue 0 (Atomic)
rx 2097136 drop 0 tx 2097136
Per Port Stats:
Port 0: Pkts: 0 Flows: 0
Port 1: Pkts: 2097136 Flows: 0
-- iqs empty --
Queue 1 (Atomic)
rx 2097136 drop 0 tx 2097136
Per Port Stats:
Port 0: Pkts: 0 Flows: 0
Port 1: Pkts: 2097136 Flows: 0
-- iqs empty --
Queue 2 (Atomic)
rx 2097136 drop 0 tx 2097136
Per Port Stats:
Port 0: Pkts: 0 Flows: 0
Port 1: Pkts: 2097136 Flows: 0
-- iqs empty --
Queue 3 (Atomic)
rx 2097136 drop 0 tx 2097136
Per Port Stats:
Port 0: Pkts: 0 Flows: 0
Port 1: Pkts: 2097136 Flows: 0
-- iqs empty --
Queue 4 (Atomic)
rx 2097136 drop 0 tx 2097136
Per Port Stats:
Port 0: Pkts: 0 Flows: 0
Port 1: Pkts: 2097136 Flows: 0
-- iqs empty --
Queue 5 (Atomic)
rx 2097136 drop 0 tx 2097136
Per Port Stats:
Port 0: Pkts: 0 Flows: 0
Port 1: Pkts: 2097136 Flows: 0
-- iqs empty --
Queue 6 (Atomic)
rx 2097136 drop 0 tx 2097136
Per Port Stats:
Port 0: Pkts: 0 Flows: 0
Port 1: Pkts: 2097136 Flows: 0
-- iqs empty --
Queue 7 (Atomic)
rx 2097136 drop 0 tx 2097136
Per Port Stats:
Port 0: Pkts: 0 Flows: 0
Port 1: Pkts: 2097136 Flows: 0
-- iqs empty --
Dumping xstats:
0 : dev_rx : 16777088
1 : dev_tx : 16777088
2 : dev_drop : 0
3 : dev_sched_calls : 24919867
4 : dev_sched_no_iq_enq : 24444634
5 : dev_sched_no_cq_enq : 24395583
6 : dev_sched_last_iter_bitmask : 0
7 : dev_sched_progress_last_iter : 0
3290: No schedules for seconds, deadlock
ERROR - Worker loopback test FAILED.
SW Eventdev Selftest Failed.
Test Failed
RTE>>
-------------------------------------stderr-------------------------------------
EAL: Detected CPU lcores: 32
EAL: Detected NUMA nodes: 8
EAL: Detected static linkage of DPDK
EAL: Multi-process socket /var/run/dpdk/rte/mp_socket
EAL: Selected IOVA mode 'VA'
APP: HPET is not enabled, using TSC as default timer
^ permalink raw reply [flat|nested] 12+ messages in thread
* |SUCCESS| pw151128 [PATCH] examples/ipsec-secgw: fix iv len in ctr 192/256
[not found] <20250207134545.63820-1-nkaithakadan@marvell.com>
2025-02-07 13:14 ` |SUCCESS| pw151128 [PATCH] examples/ipsec-secgw: fix iv len in ctr 192/256 qemudev
2025-02-07 13:20 ` |FAILURE| " qemudev
@ 2025-02-07 13:45 ` checkpatch
2025-02-07 14:45 ` 0-day Robot
` (8 subsequent siblings)
11 siblings, 0 replies; 12+ messages in thread
From: checkpatch @ 2025-02-07 13:45 UTC (permalink / raw)
To: test-report
Test-Label: checkpatch
Test-Status: SUCCESS
http://dpdk.org/patch/151128
_coding style OK_
^ permalink raw reply [flat|nested] 12+ messages in thread
* |SUCCESS| pw151128 [PATCH] examples/ipsec-secgw: fix iv len in ctr 192/256
[not found] <20250207134545.63820-1-nkaithakadan@marvell.com>
` (2 preceding siblings ...)
2025-02-07 13:45 ` |SUCCESS| " checkpatch
@ 2025-02-07 14:45 ` 0-day Robot
2025-02-07 18:31 ` |SUCCESS| pw151128 [PATCH] examples/ipsec-secgw: fix iv len in ctr 1 dpdklab
` (7 subsequent siblings)
11 siblings, 0 replies; 12+ messages in thread
From: 0-day Robot @ 2025-02-07 14:45 UTC (permalink / raw)
To: test-report; +Cc: robot
From: robot@bytheb.org
Test-Label: github-robot: build
Test-Status: SUCCESS
http://patchwork.dpdk.org/patch/151128/
_github build: passed_
Build URL: https://github.com/ovsrobot/dpdk/actions/runs/13201456090
^ permalink raw reply [flat|nested] 12+ messages in thread
* |SUCCESS| pw151128 [PATCH] examples/ipsec-secgw: fix iv len in ctr 1
[not found] <20250207134545.63820-1-nkaithakadan@marvell.com>
` (3 preceding siblings ...)
2025-02-07 14:45 ` 0-day Robot
@ 2025-02-07 18:31 ` dpdklab
2025-02-07 18:32 ` dpdklab
` (6 subsequent siblings)
11 siblings, 0 replies; 12+ messages in thread
From: dpdklab @ 2025-02-07 18:31 UTC (permalink / raw)
To: Test Report; +Cc: dpdk-test-reports
Test-Label: iol-intel-Performance
Test-Status: SUCCESS
http://dpdk.org/patch/151128
_Performance Testing PASS_
Submitter: Nithinsen Kaithakadan <nkaithakadan@marvell.com>
Date: Friday, February 07 2025 13:45:43
DPDK git baseline: Repo:dpdk
Branch: master
CommitID:388b1abe291544106e406cb0a200b5b0c96fe599
151128 --> performance testing pass
Upstream job id: Template-DTS-Pipeline#211489
Test environment and result as below:
22.04
Kernel: 5.15.0-94-generic
Compiler: gcc 11.4.0
NIC: Intel E810 100000 Mbps
Fail/Total: 0/4
Detail performance results:
+------------+---------+----------+-------------+------------------------------+
| frame_size | txd/rxd | num_cpus | num_threads | throughput difference from |
| | | | | expected |
+============+=========+==========+=============+==============================+
| 64 | 512 | 1 | 2 | 2.9% |
+------------+---------+----------+-------------+------------------------------+
| 64 | 2048 | 1 | 2 | 3.4% |
+------------+---------+----------+-------------+------------------------------+
| 64 | 512 | 1 | 1 | 5.3% |
+------------+---------+----------+-------------+------------------------------+
| 64 | 2048 | 1 | 1 | 10.1% |
+------------+---------+----------+-------------+------------------------------+
To view detailed results, visit:
https://lab.dpdk.org/results/dashboard/patchsets/32524/
UNH-IOL DPDK Community Lab
To manage your email subscriptions, visit:
https://lab.dpdk.org/results/dashboard/preferences/subscriptions/
^ permalink raw reply [flat|nested] 12+ messages in thread
* |SUCCESS| pw151128 [PATCH] examples/ipsec-secgw: fix iv len in ctr 1
[not found] <20250207134545.63820-1-nkaithakadan@marvell.com>
` (4 preceding siblings ...)
2025-02-07 18:31 ` |SUCCESS| pw151128 [PATCH] examples/ipsec-secgw: fix iv len in ctr 1 dpdklab
@ 2025-02-07 18:32 ` dpdklab
2025-02-07 19:15 ` dpdklab
` (5 subsequent siblings)
11 siblings, 0 replies; 12+ messages in thread
From: dpdklab @ 2025-02-07 18:32 UTC (permalink / raw)
To: Test Report, Ali Alnubani; +Cc: dpdk-test-reports
Test-Label: iol-mellanox-Performance
Test-Status: SUCCESS
http://dpdk.org/patch/151128
_Performance Testing PASS_
Submitter: Nithinsen Kaithakadan <nkaithakadan@marvell.com>
Date: Friday, February 07 2025 13:45:43
DPDK git baseline: Repo:dpdk
Branch: master
CommitID:388b1abe291544106e406cb0a200b5b0c96fe599
151128 --> performance testing pass
Upstream job id: Template-DTS-Pipeline#211488
Test environment and result as below:
Ubuntu 24.04
Kernel: 6.8.0-45-generic
Compiler: gcc 13.2.0
NIC: Mellanox ConnectX-6 Lx 25000 Mbps
Fail/Total: 0/6
Detail performance results:
+------------+---------+----------+-------------+------------------------------+
| frame_size | txd/rxd | num_cpus | num_threads | throughput difference from |
| | | | | expected |
+============+=========+==========+=============+==============================+
| 64 | 1024 | 1 | 1 | -0.0% |
+------------+---------+----------+-------------+------------------------------+
| 128 | 1024 | 1 | 1 | 0.1% |
+------------+---------+----------+-------------+------------------------------+
| 256 | 1024 | 1 | 1 | -0.0% |
+------------+---------+----------+-------------+------------------------------+
| 512 | 1024 | 1 | 1 | -0.0% |
+------------+---------+----------+-------------+------------------------------+
| 1024 | 1024 | 1 | 1 | 0.1% |
+------------+---------+----------+-------------+------------------------------+
| 1518 | 1024 | 1 | 1 | 0.0% |
+------------+---------+----------+-------------+------------------------------+
To view detailed results, visit:
https://lab.dpdk.org/results/dashboard/patchsets/32524/
UNH-IOL DPDK Community Lab
To manage your email subscriptions, visit:
https://lab.dpdk.org/results/dashboard/preferences/subscriptions/
^ permalink raw reply [flat|nested] 12+ messages in thread
* |SUCCESS| pw151128 [PATCH] examples/ipsec-secgw: fix iv len in ctr 1
[not found] <20250207134545.63820-1-nkaithakadan@marvell.com>
` (5 preceding siblings ...)
2025-02-07 18:32 ` dpdklab
@ 2025-02-07 19:15 ` dpdklab
2025-02-07 19:15 ` dpdklab
` (4 subsequent siblings)
11 siblings, 0 replies; 12+ messages in thread
From: dpdklab @ 2025-02-07 19:15 UTC (permalink / raw)
To: Test Report; +Cc: dpdk-test-reports
Test-Label: iol-sample-apps-testing
Test-Status: SUCCESS
http://dpdk.org/patch/151128
_Testing PASS_
Submitter: Nithinsen Kaithakadan <nkaithakadan@marvell.com>
Date: Friday, February 07 2025 13:45:43
DPDK git baseline: Repo:dpdk
Branch: master
CommitID:388b1abe291544106e406cb0a200b5b0c96fe599
151128 --> testing pass
Upstream job id: Template-DTS-Pipeline#211500
Test environment and result as below:
+--------------------+----------------------+
| Environment | compressdev_zlib_pmd |
+====================+======================+
| Ubuntu 22.04 (ARM) | PASS |
+--------------------+----------------------+
Ubuntu 22.04 (ARM)
Kernel: 5.15.0-97-generic
Compiler: gcc gcc (Ubuntu 11.4.0-1ubuntu1~22.04) 11.4.0
To view detailed results, visit:
https://lab.dpdk.org/results/dashboard/patchsets/32524/
UNH-IOL DPDK Community Lab
To manage your email subscriptions, visit:
https://lab.dpdk.org/results/dashboard/preferences/subscriptions/
^ permalink raw reply [flat|nested] 12+ messages in thread
* |SUCCESS| pw151128 [PATCH] examples/ipsec-secgw: fix iv len in ctr 1
[not found] <20250207134545.63820-1-nkaithakadan@marvell.com>
` (6 preceding siblings ...)
2025-02-07 19:15 ` dpdklab
@ 2025-02-07 19:15 ` dpdklab
2025-02-07 20:06 ` dpdklab
` (3 subsequent siblings)
11 siblings, 0 replies; 12+ messages in thread
From: dpdklab @ 2025-02-07 19:15 UTC (permalink / raw)
To: Test Report; +Cc: dpdk-test-reports
Test-Label: iol-broadcom-Performance
Test-Status: SUCCESS
http://dpdk.org/patch/151128
_Performance Testing PASS_
Submitter: Nithinsen Kaithakadan <nkaithakadan@marvell.com>
Date: Friday, February 07 2025 13:45:43
DPDK git baseline: Repo:dpdk
Branch: master
CommitID:388b1abe291544106e406cb0a200b5b0c96fe599
151128 --> performance testing pass
Upstream job id: Template-DTS-Pipeline#211492
Test environment and result as below:
Ubuntu 22.04
Kernel: 5.15.0-100-generic
Compiler: gcc (Ubuntu 11.4.0-1ubuntu1~22.04) 11.4.0
NIC: Broadcom Inc. and subsidiaries BCM57414 NetXtreme-E 10Gb/25Gb RDMA Ethernet Controller 16d7 25 Mbps
Fail/Total: 0/3
Detail performance results:
+------------+---------+----------+-------------+------------------------------+
| frame_size | txd/rxd | num_cpus | num_threads | throughput difference from |
| | | | | expected |
+============+=========+==========+=============+==============================+
| 64 | 128 | 1 | 1 | -0.3% |
+------------+---------+----------+-------------+------------------------------+
| 64 | 512 | 1 | 1 | -0.1% |
+------------+---------+----------+-------------+------------------------------+
| 64 | 2048 | 1 | 1 | 0.6% |
+------------+---------+----------+-------------+------------------------------+
To view detailed results, visit:
https://lab.dpdk.org/results/dashboard/patchsets/32524/
UNH-IOL DPDK Community Lab
To manage your email subscriptions, visit:
https://lab.dpdk.org/results/dashboard/preferences/subscriptions/
^ permalink raw reply [flat|nested] 12+ messages in thread
* |SUCCESS| pw151128 [PATCH] examples/ipsec-secgw: fix iv len in ctr 1
[not found] <20250207134545.63820-1-nkaithakadan@marvell.com>
` (7 preceding siblings ...)
2025-02-07 19:15 ` dpdklab
@ 2025-02-07 20:06 ` dpdklab
2025-02-07 20:10 ` dpdklab
` (2 subsequent siblings)
11 siblings, 0 replies; 12+ messages in thread
From: dpdklab @ 2025-02-07 20:06 UTC (permalink / raw)
To: Test Report; +Cc: dpdk-test-reports
Test-Label: iol-intel-Functional
Test-Status: SUCCESS
http://dpdk.org/patch/151128
_Functional Testing PASS_
Submitter: Nithinsen Kaithakadan <nkaithakadan@marvell.com>
Date: Friday, February 07 2025 13:45:43
DPDK git baseline: Repo:dpdk
Branch: master
CommitID:388b1abe291544106e406cb0a200b5b0c96fe599
151128 --> functional testing pass
Upstream job id: Template-DTS-Pipeline#211495
Test environment and result as below:
Ubuntu 22.04
Kernel: 5.15.0-131-generic
Compiler: gcc (Ubuntu 11.4.0-1ubuntu1~22.04) 11.4.0
NIC: Intel Corporation Ethernet Converged Network Adapter 82599ES 10000 Mbps
Aggregate Results by Test Suite
+-----------------------------+--------+
| Test Suite | Result |
+=============================+========+
| unit_tests_mbuf | PASS |
+-----------------------------+--------+
| vhost_virtio_user_interrupt | PASS |
+-----------------------------+--------+
| virtio_smoke | PASS |
+-----------------------------+--------+
To view detailed results, visit:
https://lab.dpdk.org/results/dashboard/patchsets/32524/
UNH-IOL DPDK Community Lab
To manage your email subscriptions, visit:
https://lab.dpdk.org/results/dashboard/preferences/subscriptions/
^ permalink raw reply [flat|nested] 12+ messages in thread
* |SUCCESS| pw151128 [PATCH] examples/ipsec-secgw: fix iv len in ctr 1
[not found] <20250207134545.63820-1-nkaithakadan@marvell.com>
` (8 preceding siblings ...)
2025-02-07 20:06 ` dpdklab
@ 2025-02-07 20:10 ` dpdklab
2025-02-07 20:11 ` dpdklab
2025-02-07 20:12 ` dpdklab
11 siblings, 0 replies; 12+ messages in thread
From: dpdklab @ 2025-02-07 20:10 UTC (permalink / raw)
To: Test Report; +Cc: dpdk-test-reports
Test-Label: iol-sample-apps-testing
Test-Status: SUCCESS
http://dpdk.org/patch/151128
_Testing PASS_
Submitter: Nithinsen Kaithakadan <nkaithakadan@marvell.com>
Date: Friday, February 07 2025 13:45:43
DPDK git baseline: Repo:dpdk
Branch: master
CommitID:388b1abe291544106e406cb0a200b5b0c96fe599
151128 --> testing pass
Upstream job id: Template-DTS-Pipeline#211514
Test environment and result as below:
+--------------------+----------------------+
| Environment | compressdev_zlib_pmd |
+====================+======================+
| Ubuntu 22.04 (ARM) | PASS |
+--------------------+----------------------+
Ubuntu 22.04 (ARM)
Kernel: 5.15.0-97-generic
Compiler: gcc gcc (Ubuntu 11.4.0-1ubuntu1~22.04) 11.4.0
To view detailed results, visit:
https://lab.dpdk.org/results/dashboard/patchsets/32524/
UNH-IOL DPDK Community Lab
To manage your email subscriptions, visit:
https://lab.dpdk.org/results/dashboard/preferences/subscriptions/
^ permalink raw reply [flat|nested] 12+ messages in thread
* |SUCCESS| pw151128 [PATCH] examples/ipsec-secgw: fix iv len in ctr 1
[not found] <20250207134545.63820-1-nkaithakadan@marvell.com>
` (9 preceding siblings ...)
2025-02-07 20:10 ` dpdklab
@ 2025-02-07 20:11 ` dpdklab
2025-02-07 20:12 ` dpdklab
11 siblings, 0 replies; 12+ messages in thread
From: dpdklab @ 2025-02-07 20:11 UTC (permalink / raw)
To: Ali Alnubani, Test Report; +Cc: dpdk-test-reports
Test-Label: iol-mellanox-Performance
Test-Status: SUCCESS
http://dpdk.org/patch/151128
_Performance Testing PASS_
Submitter: Nithinsen Kaithakadan <nkaithakadan@marvell.com>
Date: Friday, February 07 2025 13:45:43
DPDK git baseline: Repo:dpdk
Branch: master
CommitID:388b1abe291544106e406cb0a200b5b0c96fe599
151128 --> performance testing pass
Upstream job id: Template-DTS-Pipeline#211502
Test environment and result as below:
Ubuntu 24.04
Kernel: 6.8.0-45-generic
Compiler: gcc 13.2.0
NIC: NVIDIA Mellanox ConnectX-7 100000 Mbps
Fail/Total: 0/6
Detail performance results:
+------------+---------+----------+-------------+------------------------------+
| frame_size | txd/rxd | num_cpus | num_threads | throughput difference from |
| | | | | expected |
+============+=========+==========+=============+==============================+
| 64 | 1024 | 1 | 1 | -0.7% |
+------------+---------+----------+-------------+------------------------------+
| 128 | 1024 | 1 | 1 | -0.8% |
+------------+---------+----------+-------------+------------------------------+
| 256 | 1024 | 1 | 1 | 1.0% |
+------------+---------+----------+-------------+------------------------------+
| 512 | 1024 | 1 | 1 | 0.0% |
+------------+---------+----------+-------------+------------------------------+
| 1024 | 1024 | 1 | 1 | -0.0% |
+------------+---------+----------+-------------+------------------------------+
| 1518 | 1024 | 1 | 1 | -0.0% |
+------------+---------+----------+-------------+------------------------------+
Ubuntu 24.04
Kernel: 6.8.0-45-generic
Compiler: gcc 13.2.0
NIC: Mellanox ConnectX-6 Lx 25000 Mbps
Fail/Total: 0/6
Detail performance results:
+------------+---------+----------+-------------+------------------------------+
| frame_size | txd/rxd | num_cpus | num_threads | throughput difference from |
| | | | | expected |
+============+=========+==========+=============+==============================+
| 64 | 1024 | 1 | 1 | -0.1% |
+------------+---------+----------+-------------+------------------------------+
| 128 | 1024 | 1 | 1 | 0.3% |
+------------+---------+----------+-------------+------------------------------+
| 256 | 1024 | 1 | 1 | 0.1% |
+------------+---------+----------+-------------+------------------------------+
| 512 | 1024 | 1 | 1 | -0.1% |
+------------+---------+----------+-------------+------------------------------+
| 1024 | 1024 | 1 | 1 | 0.0% |
+------------+---------+----------+-------------+------------------------------+
| 1518 | 1024 | 1 | 1 | 0.0% |
+------------+---------+----------+-------------+------------------------------+
To view detailed results, visit:
https://lab.dpdk.org/results/dashboard/patchsets/32524/
UNH-IOL DPDK Community Lab
To manage your email subscriptions, visit:
https://lab.dpdk.org/results/dashboard/preferences/subscriptions/
^ permalink raw reply [flat|nested] 12+ messages in thread
* |SUCCESS| pw151128 [PATCH] examples/ipsec-secgw: fix iv len in ctr 1
[not found] <20250207134545.63820-1-nkaithakadan@marvell.com>
` (10 preceding siblings ...)
2025-02-07 20:11 ` dpdklab
@ 2025-02-07 20:12 ` dpdklab
11 siblings, 0 replies; 12+ messages in thread
From: dpdklab @ 2025-02-07 20:12 UTC (permalink / raw)
To: Test Report; +Cc: dpdk-test-reports
Test-Label: iol-marvell-Functional
Test-Status: SUCCESS
http://dpdk.org/patch/151128
_Functional Testing PASS_
Submitter: Nithinsen Kaithakadan <nkaithakadan@marvell.com>
Date: Friday, February 07 2025 13:45:43
DPDK git baseline: Repo:dpdk
Branch: master
CommitID:388b1abe291544106e406cb0a200b5b0c96fe599
151128 --> functional testing pass
Upstream job id: Template-DTS-Pipeline#211512
Test environment and result as below:
Ubuntu 20.04.6
Kernel: 5.4.105
Compiler: gcc 9.4
NIC: Marvell CN106XX 50000 Mbps
Target: arm64-native-linuxapp-gcc
Aggregate Results by Test Suite
+-----------------+--------+
| Test Suite | Result |
+=================+========+
| cmdline | PASS |
+-----------------+--------+
| ipv4_reassembly | PASS |
+-----------------+--------+
| rxtx_callbacks | PASS |
+-----------------+--------+
| tso | PASS |
+-----------------+--------+
To view detailed results, visit:
https://lab.dpdk.org/results/dashboard/patchsets/32524/
UNH-IOL DPDK Community Lab
To manage your email subscriptions, visit:
https://lab.dpdk.org/results/dashboard/preferences/subscriptions/
^ permalink raw reply [flat|nested] 12+ messages in thread