* |SUCCESS| pw151133 [PATCH v4] test: improve resiliency of malloc autotest
[not found] <20250207143234.850682-1-bruce.richardson@intel.com>
@ 2025-02-07 14:09 ` qemudev
2025-02-07 14:15 ` |FAILURE| " qemudev
` (6 subsequent siblings)
7 siblings, 0 replies; 8+ messages in thread
From: qemudev @ 2025-02-07 14:09 UTC (permalink / raw)
To: test-report
Test-Label: loongarch-compilation
Test-Status: SUCCESS
http://dpdk.org/patch/151133
_Compilation OK_
Submitter: Bruce Richardson <bruce.richardson@intel.com>
Date: Fri, 7 Feb 2025 14:32:34 +0000
DPDK git baseline: Repo:dpdk
Branch: main
CommitID: f82cbad33fc046a9adbac3af6b31918e5f0591f1
151133 --> meson & ninja build successfully
Test environment and result as below:
+---------------------+----------------+
| Environment | compilation |
+---------------------+----------------+
| Loongnix-Server 8.3 | PASS |
+---------------------+----------------+
Loongnix-Server 8.3
Kernel: 4.19.190+
Compiler: gcc 8.3
^ permalink raw reply [flat|nested] 8+ messages in thread
* |FAILURE| pw151133 [PATCH v4] test: improve resiliency of malloc autotest
[not found] <20250207143234.850682-1-bruce.richardson@intel.com>
2025-02-07 14:09 ` |SUCCESS| pw151133 [PATCH v4] test: improve resiliency of malloc autotest qemudev
@ 2025-02-07 14:15 ` qemudev
2025-02-07 14:32 ` |SUCCESS| " checkpatch
` (5 subsequent siblings)
7 siblings, 0 replies; 8+ messages in thread
From: qemudev @ 2025-02-07 14:15 UTC (permalink / raw)
To: test-report; +Cc: Bruce Richardson, zhoumin
Test-Label: loongarch-unit-testing
Test-Status: FAILURE
http://dpdk.org/patch/151133
_Unit Testing FAIL_
Submitter: Bruce Richardson <bruce.richardson@intel.com>
Date: Fri, 7 Feb 2025 14:32:34 +0000
DPDK git baseline: Repo:dpdk
Branch: main
CommitID: f82cbad33fc046a9adbac3af6b31918e5f0591f1
151133 --> testing fail
Test environment and result as below:
+---------------------+----------------+
| Environment | dpdk_unit_test |
+---------------------+----------------+
| Loongnix-Server 8.3 | FAIL |
+---------------------+----------------+
Loongnix-Server 8.3
Kernel: 4.19.190+
Compiler: gcc 8.3
Test result details:
1/119 DPDK:fast-tests / acl_autotest OK 3.51s
2/119 DPDK:fast-tests / alarm_autotest OK 1.64s
3/119 DPDK:fast-tests / argparse_autotest OK 0.59s
4/119 DPDK:fast-tests / atomic_autotest OK 6.93s
5/119 DPDK:fast-tests / bitcount_autotest OK 0.20s
6/119 DPDK:fast-tests / bitmap_autotest OK 0.20s
7/119 DPDK:fast-tests / bitops_autotest OK 1.70s
8/119 DPDK:fast-tests / bitratestats_autotest OK 0.20s
9/119 DPDK:fast-tests / bitset_autotest OK 2.96s
10/119 DPDK:fast-tests / bpf_autotest OK 0.20s
11/119 DPDK:fast-tests / bpf_convert_autotest OK 0.20s
12/119 DPDK:fast-tests / byteorder_autotest OK 0.20s
13/119 DPDK:fast-tests / cfgfile_autotest OK 0.20s
14/119 DPDK:fast-tests / cksum_autotest OK 0.20s
15/119 DPDK:fast-tests / cmdline_autotest OK 0.20s
16/119 DPDK:fast-tests / common_autotest OK 1.08s
17/119 DPDK:fast-tests / compressdev_autotest SKIP 0.06s exit status 77
18/119 DPDK:fast-tests / cpuflags_autotest OK 0.20s
19/119 DPDK:fast-tests / crc_autotest OK 0.20s
20/119 DPDK:fast-tests / user_delay_us OK 0.20s
21/119 DPDK:fast-tests / debug_autotest OK 17.74s
22/119 DPDK:fast-tests / devargs_autotest OK 0.20s
23/119 DPDK:fast-tests / dispatcher_autotest TIMEOUT 80.09s exit status -15
24/119 DPDK:fast-tests / distributor_autotest OK 1.20s
25/119 DPDK:fast-tests / eal_flags_c_opt_autotest OK 0.80s
26/119 DPDK:fast-tests / eal_flags_main_opt_autotest OK 0.22s
27/119 DPDK:fast-tests / eal_flags_n_opt_autotest OK 0.20s
28/119 DPDK:fast-tests / eal_flags_hpet_autotest OK 0.13s
29/119 DPDK:fast-tests / eal_flags_no_huge_autotest OK 0.22s
30/119 DPDK:fast-tests / eal_flags_a_opt_autotest OK 0.30s
31/119 DPDK:fast-tests / eal_flags_b_opt_autotest OK 0.25s
32/119 DPDK:fast-tests / eal_flags_vdev_opt_autotest OK 0.20s
33/119 DPDK:fast-tests / eal_flags_r_opt_autotest OK 0.19s
34/119 DPDK:fast-tests / eal_flags_mem_autotest OK 0.60s
35/119 DPDK:fast-tests / eal_flags_file_prefix_autotest OK 22.26s
36/119 DPDK:fast-tests / eal_flags_misc_autotest OK 1.05s
37/119 DPDK:fast-tests / eal_fs_autotest OK 0.31s
38/119 DPDK:fast-tests / errno_autotest OK 0.31s
39/119 DPDK:fast-tests / ethdev_link_status OK 0.31s
40/119 DPDK:fast-tests / event_eth_tx_adapter_autotest OK 1.68s
41/119 DPDK:fast-tests / event_ring_autotest OK 0.31s
42/119 DPDK:fast-tests / eventdev_common_autotest OK 0.31s
43/119 DPDK:fast-tests / eventdev_selftest_sw OK 7.14s
44/119 DPDK:fast-tests / fbarray_autotest OK 0.31s
45/119 DPDK:fast-tests / fib_autotest OK 1.15s
46/119 DPDK:fast-tests / fib6_autotest OK 0.94s
47/119 DPDK:fast-tests / func_reentrancy_autotest OK 2.26s
48/119 DPDK:fast-tests / graph_autotest OK 0.31s
49/119 DPDK:fast-tests / node_list_dump OK 0.31s
50/119 DPDK:fast-tests / hash_autotest OK 0.93s
51/119 DPDK:fast-tests / hash_readwrite_func_autotest OK 6.37s
52/119 DPDK:fast-tests / interrupt_autotest OK 1.61s
53/119 DPDK:fast-tests / ipfrag_autotest OK 0.07s
54/119 DPDK:fast-tests / ipsec_autotest SKIP 0.31s exit status 77
55/119 DPDK:fast-tests / kvargs_autotest OK 0.31s
56/119 DPDK:fast-tests / latencystats_autotest OK 0.31s
57/119 DPDK:fast-tests / lcore_var_autotest OK 0.46s
58/119 DPDK:fast-tests / lcores_autotest OK 5.12s
59/119 DPDK:fast-tests / logs_autotest OK 0.31s
60/119 DPDK:fast-tests / lpm_autotest OK 2.37s
61/119 DPDK:fast-tests / lpm6_autotest OK 5.45s
62/119 DPDK:fast-tests / malloc_autotest OK 64.69s
63/119 DPDK:fast-tests / mbuf_autotest OK 4.46s
64/119 DPDK:fast-tests / mcslock_autotest OK 3.68s
65/119 DPDK:fast-tests / member_autotest OK 1.54s
66/119 DPDK:fast-tests / memcpy_autotest OK 6.59s
67/119 DPDK:fast-tests / memory_autotest OK 0.10s
68/119 DPDK:fast-tests / mempool_autotest OK 0.43s
69/119 DPDK:fast-tests / memzone_autotest OK 0.14s
70/119 DPDK:fast-tests / meter_autotest OK 0.31s
71/119 DPDK:fast-tests / metrics_autotest OK 0.31s
72/119 DPDK:fast-tests / multiprocess_autotest OK 0.18s
73/119 DPDK:fast-tests / net_ether_autotest OK 0.97s
74/119 DPDK:fast-tests / net_ipv6_autotest OK 0.31s
75/119 DPDK:fast-tests / pcapng_autotest OK 6.67s
76/119 DPDK:fast-tests / pdcp_autotest SKIP 0.06s exit status 77
77/119 DPDK:fast-tests / pdump_autotest OK 0.43s
78/119 DPDK:fast-tests / per_lcore_autotest OK 0.41s
79/119 DPDK:fast-tests / pflock_autotest OK 1.12s
80/119 DPDK:fast-tests / pie_autotest OK 0.31s
81/119 DPDK:fast-tests / ring_pmd_autotest OK 0.31s
82/119 DPDK:fast-tests / power_autotest OK 0.31s
83/119 DPDK:fast-tests / power_cpufreq_autotest SKIP 0.06s exit status 77
84/119 DPDK:fast-tests / power_intel_uncore_autotest SKIP 0.31s exit status 77
85/119 DPDK:fast-tests / power_kvm_vm_autotest SKIP 0.06s exit status 77
86/119 DPDK:fast-tests / prefetch_autotest OK 0.31s
87/119 DPDK:fast-tests / ptr_compress_autotest OK 0.31s
88/119 DPDK:fast-tests / rawdev_autotest OK 0.31s
89/119 DPDK:fast-tests / rcu_qsbr_autotest OK 0.83s
90/119 DPDK:fast-tests / reorder_autotest OK 0.36s
91/119 DPDK:fast-tests / rib_autotest OK 8.96s
92/119 DPDK:fast-tests / rib6_autotest OK 8.95s
93/119 DPDK:fast-tests / ring_autotest OK 0.34s
94/119 DPDK:fast-tests / rwlock_test1_autotest OK 1.06s
95/119 DPDK:fast-tests / rwlock_rda_autotest OK 5.31s
96/119 DPDK:fast-tests / rwlock_rds_wrm_autotest OK 5.31s
97/119 DPDK:fast-tests / rwlock_rde_wro_autotest OK 5.31s
98/119 DPDK:fast-tests / sched_autotest OK 0.31s
99/119 DPDK:fast-tests / security_autotest OK 0.06s
100/119 DPDK:fast-tests / seqlock_autotest OK 2.31s
101/119 DPDK:fast-tests / service_autotest OK 3.01s
102/119 DPDK:fast-tests / soring_autotest OK 0.31s
103/119 DPDK:fast-tests / spinlock_autotest OK 0.39s
104/119 DPDK:fast-tests / stack_autotest OK 0.86s
105/119 DPDK:fast-tests / stack_lf_autotest SKIP 0.05s exit status 77
106/119 DPDK:fast-tests / string_autotest OK 0.31s
107/119 DPDK:fast-tests / table_autotest OK 7.74s
108/119 DPDK:fast-tests / tailq_autotest OK 0.30s
109/119 DPDK:fast-tests / telemetry_data_autotest OK 0.31s
110/119 DPDK:fast-tests / telemetry_json_autotest OK 0.31s
111/119 DPDK:fast-tests / thash_autotest OK 0.32s
112/119 DPDK:fast-tests / threads_autotest OK 0.49s
113/119 DPDK:fast-tests / ticketlock_autotest OK 0.46s
114/119 DPDK:fast-tests / timer_autotest OK 3.86s
115/119 DPDK:fast-tests / trace_autotest OK 0.31s
116/119 DPDK:fast-tests / trace_autotest_with_traces OK 0.31s
117/119 DPDK:fast-tests / vdev_autotest OK 0.31s
118/119 DPDK:fast-tests / version_autotest OK 0.31s
119/119 DPDK:fast-tests / telemetry_all OK 1.24s
Ok: 111
Expected Fail: 0
Fail: 0
Unexpected Pass: 0
Skipped: 7
Timeout: 1
Test logs for failed test cases:
================================================================================
DPDK:fast-tests / dispatcher_autotest: TIMEOUT
================================================================================
-------------------------------------stdout-------------------------------------
RTE>>dispatcher_autotest
-------------------------------------stderr-------------------------------------
EAL: Detected CPU lcores: 32
EAL: Detected NUMA nodes: 8
EAL: Detected static linkage of DPDK
EAL: Multi-process socket /var/run/dpdk/rte/mp_socket
EAL: Selected IOVA mode 'PA'
APP: HPET is not enabled, using TSC as default timer
^ permalink raw reply [flat|nested] 8+ messages in thread
* |SUCCESS| pw151133 [PATCH v4] test: improve resiliency of malloc autotest
[not found] <20250207143234.850682-1-bruce.richardson@intel.com>
2025-02-07 14:09 ` |SUCCESS| pw151133 [PATCH v4] test: improve resiliency of malloc autotest qemudev
2025-02-07 14:15 ` |FAILURE| " qemudev
@ 2025-02-07 14:32 ` checkpatch
2025-02-07 19:28 ` 0-day Robot
` (4 subsequent siblings)
7 siblings, 0 replies; 8+ messages in thread
From: checkpatch @ 2025-02-07 14:32 UTC (permalink / raw)
To: test-report
Test-Label: checkpatch
Test-Status: SUCCESS
http://dpdk.org/patch/151133
_coding style OK_
^ permalink raw reply [flat|nested] 8+ messages in thread
* |SUCCESS| pw151133 [PATCH v4] test: improve resiliency of malloc autotest
[not found] <20250207143234.850682-1-bruce.richardson@intel.com>
` (2 preceding siblings ...)
2025-02-07 14:32 ` |SUCCESS| " checkpatch
@ 2025-02-07 19:28 ` 0-day Robot
2025-02-07 23:06 ` |SUCCESS| pw151133 [PATCH] [v4] test: improve resiliency of malloc a dpdklab
` (3 subsequent siblings)
7 siblings, 0 replies; 8+ messages in thread
From: 0-day Robot @ 2025-02-07 19:28 UTC (permalink / raw)
To: test-report; +Cc: robot
From: robot@bytheb.org
Test-Label: github-robot: build
Test-Status: SUCCESS
http://patchwork.dpdk.org/patch/151133/
_github build: passed_
Build URL: https://github.com/ovsrobot/dpdk/actions/runs/13202175379
^ permalink raw reply [flat|nested] 8+ messages in thread
* |SUCCESS| pw151133 [PATCH] [v4] test: improve resiliency of malloc a
[not found] <20250207143234.850682-1-bruce.richardson@intel.com>
` (3 preceding siblings ...)
2025-02-07 19:28 ` 0-day Robot
@ 2025-02-07 23:06 ` dpdklab
2025-02-07 23:08 ` dpdklab
` (2 subsequent siblings)
7 siblings, 0 replies; 8+ messages in thread
From: dpdklab @ 2025-02-07 23:06 UTC (permalink / raw)
To: Test Report; +Cc: dpdk-test-reports
Test-Label: iol-intel-Functional
Test-Status: SUCCESS
http://dpdk.org/patch/151133
_Functional Testing PASS_
Submitter: Bruce Richardson <bruce.richardson@intel.com>
Date: Friday, February 07 2025 14:32:34
DPDK git baseline: Repo:dpdk
Branch: master
CommitID:388b1abe291544106e406cb0a200b5b0c96fe599
151133 --> functional testing pass
Upstream job id: Template-DTS-Pipeline#211565
Test environment and result as below:
Ubuntu 22.04
Kernel: 5.15.0-131-generic
Compiler: gcc (Ubuntu 11.4.0-1ubuntu1~22.04) 11.4.0
NIC: Intel Corporation Ethernet Converged Network Adapter 82599ES 10000 Mbps
Aggregate Results by Test Suite
+-----------------------------+--------+
| Test Suite | Result |
+=============================+========+
| unit_tests_mbuf | PASS |
+-----------------------------+--------+
| vhost_virtio_user_interrupt | PASS |
+-----------------------------+--------+
| virtio_smoke | PASS |
+-----------------------------+--------+
To view detailed results, visit:
https://lab.dpdk.org/results/dashboard/patchsets/32527/
UNH-IOL DPDK Community Lab
To manage your email subscriptions, visit:
https://lab.dpdk.org/results/dashboard/preferences/subscriptions/
^ permalink raw reply [flat|nested] 8+ messages in thread
* |SUCCESS| pw151133 [PATCH] [v4] test: improve resiliency of malloc a
[not found] <20250207143234.850682-1-bruce.richardson@intel.com>
` (4 preceding siblings ...)
2025-02-07 23:06 ` |SUCCESS| pw151133 [PATCH] [v4] test: improve resiliency of malloc a dpdklab
@ 2025-02-07 23:08 ` dpdklab
2025-02-07 23:12 ` dpdklab
2025-02-07 23:23 ` dpdklab
7 siblings, 0 replies; 8+ messages in thread
From: dpdklab @ 2025-02-07 23:08 UTC (permalink / raw)
To: Test Report; +Cc: dpdk-test-reports
Test-Label: iol-sample-apps-testing
Test-Status: SUCCESS
http://dpdk.org/patch/151133
_Testing PASS_
Submitter: Bruce Richardson <bruce.richardson@intel.com>
Date: Friday, February 07 2025 14:32:34
DPDK git baseline: Repo:dpdk
Branch: master
CommitID:388b1abe291544106e406cb0a200b5b0c96fe599
151133 --> testing pass
Upstream job id: Template-DTS-Pipeline#211570
Test environment and result as below:
+--------------------+----------------------+
| Environment | compressdev_zlib_pmd |
+====================+======================+
| Ubuntu 22.04 (ARM) | PASS |
+--------------------+----------------------+
Ubuntu 22.04 (ARM)
Kernel: 5.15.0-97-generic
Compiler: gcc gcc (Ubuntu 11.4.0-1ubuntu1~22.04) 11.4.0
To view detailed results, visit:
https://lab.dpdk.org/results/dashboard/patchsets/32527/
UNH-IOL DPDK Community Lab
To manage your email subscriptions, visit:
https://lab.dpdk.org/results/dashboard/preferences/subscriptions/
^ permalink raw reply [flat|nested] 8+ messages in thread
* |SUCCESS| pw151133 [PATCH] [v4] test: improve resiliency of malloc a
[not found] <20250207143234.850682-1-bruce.richardson@intel.com>
` (5 preceding siblings ...)
2025-02-07 23:08 ` dpdklab
@ 2025-02-07 23:12 ` dpdklab
2025-02-07 23:23 ` dpdklab
7 siblings, 0 replies; 8+ messages in thread
From: dpdklab @ 2025-02-07 23:12 UTC (permalink / raw)
To: Ali Alnubani, Test Report; +Cc: dpdk-test-reports
Test-Label: iol-mellanox-Performance
Test-Status: SUCCESS
http://dpdk.org/patch/151133
_Performance Testing PASS_
Submitter: Bruce Richardson <bruce.richardson@intel.com>
Date: Friday, February 07 2025 14:32:34
DPDK git baseline: Repo:dpdk
Branch: master
CommitID:388b1abe291544106e406cb0a200b5b0c96fe599
151133 --> performance testing pass
Upstream job id: Template-DTS-Pipeline#211558
Test environment and result as below:
Ubuntu 24.04
Kernel: 6.8.0-45-generic
Compiler: gcc 13.2.0
NIC: NVIDIA Mellanox ConnectX-7 100000 Mbps
Fail/Total: 0/6
Detail performance results:
+------------+---------+----------+-------------+------------------------------+
| frame_size | txd/rxd | num_cpus | num_threads | throughput difference from |
| | | | | expected |
+============+=========+==========+=============+==============================+
| 64 | 1024 | 1 | 1 | -0.1% |
+------------+---------+----------+-------------+------------------------------+
| 128 | 1024 | 1 | 1 | -0.6% |
+------------+---------+----------+-------------+------------------------------+
| 256 | 1024 | 1 | 1 | 1.7% |
+------------+---------+----------+-------------+------------------------------+
| 512 | 1024 | 1 | 1 | 0.0% |
+------------+---------+----------+-------------+------------------------------+
| 1024 | 1024 | 1 | 1 | -0.0% |
+------------+---------+----------+-------------+------------------------------+
| 1518 | 1024 | 1 | 1 | -0.1% |
+------------+---------+----------+-------------+------------------------------+
Ubuntu 24.04
Kernel: 6.8.0-45-generic
Compiler: gcc 13.2.0
NIC: Mellanox ConnectX-6 Lx 25000 Mbps
Fail/Total: 0/6
Detail performance results:
+------------+---------+----------+-------------+------------------------------+
| frame_size | txd/rxd | num_cpus | num_threads | throughput difference from |
| | | | | expected |
+============+=========+==========+=============+==============================+
| 64 | 1024 | 1 | 1 | -0.1% |
+------------+---------+----------+-------------+------------------------------+
| 128 | 1024 | 1 | 1 | 0.3% |
+------------+---------+----------+-------------+------------------------------+
| 256 | 1024 | 1 | 1 | 0.0% |
+------------+---------+----------+-------------+------------------------------+
| 512 | 1024 | 1 | 1 | -0.1% |
+------------+---------+----------+-------------+------------------------------+
| 1024 | 1024 | 1 | 1 | 0.0% |
+------------+---------+----------+-------------+------------------------------+
| 1518 | 1024 | 1 | 1 | -0.0% |
+------------+---------+----------+-------------+------------------------------+
To view detailed results, visit:
https://lab.dpdk.org/results/dashboard/patchsets/32527/
UNH-IOL DPDK Community Lab
To manage your email subscriptions, visit:
https://lab.dpdk.org/results/dashboard/preferences/subscriptions/
^ permalink raw reply [flat|nested] 8+ messages in thread
* |SUCCESS| pw151133 [PATCH] [v4] test: improve resiliency of malloc a
[not found] <20250207143234.850682-1-bruce.richardson@intel.com>
` (6 preceding siblings ...)
2025-02-07 23:12 ` dpdklab
@ 2025-02-07 23:23 ` dpdklab
7 siblings, 0 replies; 8+ messages in thread
From: dpdklab @ 2025-02-07 23:23 UTC (permalink / raw)
To: Test Report; +Cc: dpdk-test-reports
Test-Label: iol-marvell-Functional
Test-Status: SUCCESS
http://dpdk.org/patch/151133
_Functional Testing PASS_
Submitter: Bruce Richardson <bruce.richardson@intel.com>
Date: Friday, February 07 2025 14:32:34
DPDK git baseline: Repo:dpdk
Branch: master
CommitID:388b1abe291544106e406cb0a200b5b0c96fe599
151133 --> functional testing pass
Upstream job id: Template-DTS-Pipeline#211568
Test environment and result as below:
Ubuntu 20.04.6
Kernel: 5.4.105
Compiler: gcc 9.4
NIC: Marvell CN106XX 50000 Mbps
Target: arm64-native-linuxapp-gcc
Aggregate Results by Test Suite
+-----------------+--------+
| Test Suite | Result |
+=================+========+
| cmdline | PASS |
+-----------------+--------+
| ipv4_reassembly | PASS |
+-----------------+--------+
| rxtx_callbacks | PASS |
+-----------------+--------+
| tso | PASS |
+-----------------+--------+
To view detailed results, visit:
https://lab.dpdk.org/results/dashboard/patchsets/32527/
UNH-IOL DPDK Community Lab
To manage your email subscriptions, visit:
https://lab.dpdk.org/results/dashboard/preferences/subscriptions/
^ permalink raw reply [flat|nested] 8+ messages in thread