automatic DPDK test reports
 help / color / mirror / Atom feed
From: qemudev@loongson.cn
To: test-report@dpdk.org
Subject: |SUCCESS| pw151174-151173 [PATCH v26 13/13] compress/zsda: add zsda compressdev capabilities
Date: Sat, 8 Feb 2025 15:09:36 +0800	[thread overview]
Message-ID: <202502080709.51879add1742280@localhost.localdomain> (raw)
In-Reply-To: <20250208072732.4008334-14-li.hanxiao@zte.com.cn>

Test-Label: loongarch-compilation
Test-Status: SUCCESS
http://dpdk.org/patch/151173

_Compilation OK_

Submitter: Hanxiao Li <li.hanxiao@zte.com.cn>
Date: Sat,  8 Feb 2025 15:27:17 +0800
DPDK git baseline: Repo:dpdk-next-crypto
  Branch: for-main
  CommitID: 7125636162d67b1c40ba6802a3ff4466d125d243

151174-151173 --> meson & ninja build successfully

Test environment and result as below:

+---------------------+----------------+
|     Environment     | compilation    |
+---------------------+----------------+
| Loongnix-Server 8.3 | PASS           |
+---------------------+----------------+

Loongnix-Server 8.3
    Kernel: 4.19.190+
    Compiler: gcc 8.3


       reply	other threads:[~2025-02-08  7:45 UTC|newest]

Thread overview: 5+ messages / expand[flat|nested]  mbox.gz  Atom feed  top
     [not found] <20250208072732.4008334-14-li.hanxiao@zte.com.cn>
2025-02-08  7:09 ` qemudev [this message]
2025-02-08  7:15 ` |FAILURE| " qemudev
2025-02-08  7:42 ` |SUCCESS| pw151173 " checkpatch
2025-02-08  8:30 ` |FAILURE| pw151174-151173 [PATCH] [v26, " dpdklab
2025-02-08  8:44 ` |SUCCESS| pw151173 [PATCH v26 " 0-day Robot

Reply instructions:

You may reply publicly to this message via plain-text email
using any one of the following methods:

* Save the following mbox file, import it into your mail client,
  and reply-to-all from there: mbox

  Avoid top-posting and favor interleaved quoting:
  https://en.wikipedia.org/wiki/Posting_style#Interleaved_style

* Reply using the --to, --cc, and --in-reply-to
  switches of git-send-email(1):

  git send-email \
    --in-reply-to=202502080709.51879add1742280@localhost.localdomain \
    --to=qemudev@loongson.cn \
    --cc=test-report@dpdk.org \
    /path/to/YOUR_REPLY

  https://kernel.org/pub/software/scm/git/docs/git-send-email.html

* If your mail client supports setting the In-Reply-To header
  via mailto: links, try the mailto: link
Be sure your reply has a Subject: header at the top and a blank line before the message body.
This is a public inbox, see mirroring instructions
for how to clone and mirror all data and code used for this inbox;
as well as URLs for NNTP newsgroup(s).