From: qemudev@loongson.cn
To: test-report@dpdk.org
Subject: |SUCCESS| pw151229-151242 [PATCH v1 14/14] net/zxdh: clean stat values
Date: Mon, 10 Feb 2025 09:29:39 +0800 [thread overview]
Message-ID: <202502100129.51A1TdPa2557239@localhost.localdomain> (raw)
In-Reply-To: <20250210015017.4105624-9-chen.bingbin@zte.com.cn>
Test-Label: loongarch-compilation
Test-Status: SUCCESS
http://dpdk.org/patch/151242
_Compilation OK_
Submitter: Bingbin Chen <chen.bingbin@zte.com.cn>
Date: Mon, 10 Feb 2025 09:44:41 +0800
DPDK git baseline: Repo:dpdk-next-net
Branch: main
CommitID: b82daa7d47bda76b3879ef6d715b2d3eb737793f
151229-151242 --> meson & ninja build successfully
Test environment and result as below:
+---------------------+----------------+
| Environment | compilation |
+---------------------+----------------+
| Loongnix-Server 8.3 | PASS |
+---------------------+----------------+
Loongnix-Server 8.3
Kernel: 4.19.190+
Compiler: gcc 8.3
next parent reply other threads:[~2025-02-10 2:05 UTC|newest]
Thread overview: 28+ messages / expand[flat|nested] mbox.gz Atom feed top
[not found] <20250210015017.4105624-9-chen.bingbin@zte.com.cn>
2025-02-10 1:29 ` qemudev [this message]
2025-02-10 1:34 ` qemudev
2025-02-10 2:04 ` |WARNING| pw151242 " checkpatch
2025-02-10 2:44 ` |SUCCESS| pw151229-151242 [PATCH] [v1,14/14] net/zxdh: clean stat va dpdklab
2025-02-10 2:44 ` dpdklab
2025-02-10 2:55 ` dpdklab
2025-02-10 2:58 ` dpdklab
2025-02-10 2:58 ` dpdklab
2025-02-10 3:00 ` |PENDING| " dpdklab
2025-02-10 3:01 ` |SUCCESS| " dpdklab
2025-02-10 3:05 ` |FAILURE| pw151242 [PATCH v1 14/14] net/zxdh: clean stat values 0-day Robot
2025-02-10 3:07 ` |FAILURE| pw151229-151242 [PATCH] [v1,14/14] net/zxdh: clean stat va dpdklab
2025-02-10 3:08 ` |SUCCESS| " dpdklab
2025-02-10 3:09 ` dpdklab
2025-02-10 3:10 ` |PENDING| " dpdklab
2025-02-10 3:13 ` |SUCCESS| " dpdklab
2025-02-10 3:20 ` |FAILURE| " dpdklab
2025-02-10 3:20 ` |SUCCESS| " dpdklab
2025-02-10 3:21 ` |FAILURE| " dpdklab
2025-02-10 3:23 ` dpdklab
2025-02-10 3:23 ` |PENDING| " dpdklab
2025-02-10 3:29 ` |FAILURE| " dpdklab
2025-02-10 3:53 ` |SUCCESS| " dpdklab
2025-02-10 4:20 ` |WARNING| " dpdklab
2025-02-10 4:21 ` |SUCCESS| " dpdklab
2025-02-10 4:31 ` |WARNING| " dpdklab
2025-02-10 5:16 ` |SUCCESS| " dpdklab
2025-02-10 5:17 ` |FAILURE| " dpdklab
Reply instructions:
You may reply publicly to this message via plain-text email
using any one of the following methods:
* Save the following mbox file, import it into your mail client,
and reply-to-all from there: mbox
Avoid top-posting and favor interleaved quoting:
https://en.wikipedia.org/wiki/Posting_style#Interleaved_style
* Reply using the --to, --cc, and --in-reply-to
switches of git-send-email(1):
git send-email \
--in-reply-to=202502100129.51A1TdPa2557239@localhost.localdomain \
--to=qemudev@loongson.cn \
--cc=test-report@dpdk.org \
/path/to/YOUR_REPLY
https://kernel.org/pub/software/scm/git/docs/git-send-email.html
* If your mail client supports setting the In-Reply-To header
via mailto: links, try the mailto: link
Be sure your reply has a Subject: header at the top and a blank line
before the message body.
This is a public inbox, see mirroring instructions
for how to clone and mirror all data and code used for this inbox;
as well as URLs for NNTP newsgroup(s).