automatic DPDK test reports
 help / color / mirror / Atom feed
From: qemudev@loongson.cn
To: test-report@dpdk.org
Cc: Wenbo Cao <caowenbo@mucse.com>, zhoumin@loongson.cn
Subject: |FAILURE| pw151245-151267 [PATCH v8 28/28] net/rnp: support Rx/Tx burst mode info
Date: Mon, 10 Feb 2025 14:58:17 +0800	[thread overview]
Message-ID: <202502100658.51A6wHtC2728059@localhost.localdomain> (raw)
In-Reply-To: <1739172415-48507-29-git-send-email-caowenbo@mucse.com>

Test-Label: loongarch-compilation
Test-Status: FAILURE
http://dpdk.org/patch/151267

_ninja build failure_

Submitter: Wenbo Cao <caowenbo@mucse.com>
Date: Mon, 10 Feb 2025 15:26:28 +0800
DPDK git baseline: Repo:dpdk-next-net
  Branch: main
  CommitID: b82daa7d47bda76b3879ef6d715b2d3eb737793f

151245-151267 --> ninja build failed

Test environment and result as below:

+---------------------+----------------+
|     Environment     | compilation    |
+---------------------+----------------+
| Loongnix-Server 8.3 | FAIL           |
+---------------------+----------------+

Loongnix-Server 8.3
    Kernel: 4.19.190+
    Compiler: gcc 8.3


Ninja build logs:
-------------------------------BEGIN LOGS----------------------------
FAILED: drivers/librte_net_rnp.so.25.1
cc -o drivers/librte_net_rnp.so.25.1 drivers/librte_net_rnp.so.25.1.p/meson-generated_.._rte_net_rnp.pmd.c.o drivers/net/rnp/base/librnp_base.a.p/rnp_mbx.c.o drivers/net/rnp/base/librnp_base.a.p/rnp_fw_cmd.c.o drivers/net/rnp/base/librnp_base.a.p/rnp_mbx_fw.c.o drivers/net/rnp/base/librnp_base.a.p/rnp_common.c.o drivers/net/rnp/base/librnp_base.a.p/rnp_mac.c.o drivers/net/rnp/base/librnp_base.a.p/rnp_bdq_if.c.o drivers/net/rnp/base/librnp_base.a.p/rnp_crc32.c.o drivers/libtmp_rte_net_rnp.a.p/net_rnp_rnp_ethdev.c.o drivers/libtmp_rte_net_rnp.a.p/net_rnp_rnp_rxtx.c.o drivers/libtmp_rte_net_rnp.a.p/net_rnp_rnp_rss.c.o drivers/libtmp_rte_net_rnp.a.p/net_rnp_rnp_link.c.o -Wl,--as-needed -Wl,--no-undefined -Wl,-O1 -shared -fPIC -Wl,--start-group -Wl,-soname,librte_net_rnp.so.25 -Wl,--no-as-needed -pthread -lm -ldl -lnuma -lfdt '-Wl,-rpath,$ORIGIN/../lib:$ORIGIN/' -Wl,-rpath-link,/home/zhoumin/gh_dpdk/build/lib -Wl,-rpath-link,/home/zhoumin/gh_dpdk/build/drivers lib/librte_ethdev.so.25.1 li
 b/librte_eal.so.25.1 lib/librte_kvargs.so.25.1 lib/librte_log.so.25.1 lib/librte_telemetry.so.25.1 lib/librte_net.so.25.1 lib/librte_mbuf.so.25.1 lib/librte_mempool.so.25.1 lib/librte_ring.so.25.1 lib/librte_meter.so.25.1 drivers/librte_bus_pci.so.25.1 lib/librte_pci.so.25.1 drivers/librte_bus_vdev.so.25.1 -Wl,--end-group -Wl,--version-script=/home/zhoumin/gh_dpdk/drivers/version.map
/usr/bin/ld: drivers/libtmp_rte_net_rnp.a.p/net_rnp_rnp_ethdev.c.o: in function `.L205':
rnp_ethdev.c:(.text+0x89c): undefined reference to `rte_memcpy'
/usr/bin/ld: drivers/libtmp_rte_net_rnp.a.p/net_rnp_rnp_ethdev.c.o: in function `.L421':
rnp_ethdev.c:(.text.unlikely+0x1500): undefined reference to `rte_memcpy'
/usr/bin/ld: drivers/net/rnp/base/librnp_base.a.p/rnp_mbx_fw.c.o: in function `.L26':
rnp_mbx_fw.c:(.text+0x2cc): undefined reference to `rte_memcpy'
/usr/bin/ld: drivers/net/rnp/base/librnp_base.a.p/rnp_mbx_fw.c.o: in function `.L36':
rnp_mbx_fw.c:(.text+0x3dc): undefined reference to `rte_memcpy'
/usr/bin/ld: drivers/net/rnp/base/librnp_base.a.p/rnp_mbx_fw.c.o: in function `.L96':
rnp_mbx_fw.c:(.text+0x8b8): undefined reference to `rte_memcpy'
/usr/bin/ld: drivers/net/rnp/base/librnp_base.a.p/rnp_mbx_fw.c.o:rnp_mbx_fw.c:(.text+0xb34): more undefined references to `rte_memcpy' follow
collect2: error: ld returned 1 exit status
[1858/2704] Compiling C object drivers/libtmp_rte_net_vmxnet3.a.p/net_vmxnet3_vmxnet3_ethdev.c.o
[1859/2704] Compiling C object drivers/libtmp_rte_raw_gdtc.a.p/raw_gdtc_gdtc_rawdev.c.o
[1860/2704] Linking target drivers/librte_net_softnic.so.25.1
[1861/2704] Compiling C object drivers/net/txgbe/base/libtxgbe_base.a.p/txgbe_hw.c.o
[1862/2704] Generating rte_net_ring.sym_chk with a custom command (wrapped by meson to capture output)
[1863/2704] Compiling C object drivers/raw/ifpga/base/libifpga_rawdev_base.a.p/opae_ifpga_hw_api.c.o
[1864/2704] Generating rte_raw_cnxk_gpio.pmd.c with a custom command
[1865/2704] Compiling C object drivers/raw/ifpga/base/libifpga_rawdev_base.a.p/ifpga_fme_rsu.c.o
[1866/2704] Compiling C object drivers/raw/ifpga/base/libifpga_rawdev_base.a.p/ifpga_sec_mgr.c.o
[1867/2704] Generating rte_net_tap.pmd.c with a custom command
[1868/2704] Compiling C object drivers/libtmp_rte_net_thunderx.a.p/net_thunderx_nicvf_ethdev.c.o
[1869/2704] Generating rte_raw_cnxk_bphy.pmd.c with a custom command
[1870/2704] Compiling C object drivers/libtmp_rte_net_virtio.a.p/net_virtio_virtio_ethdev.c.o
[1871/2704] Compiling C object drivers/raw/ifpga/base/libifpga_rawdev_base.a.p/opae_debug.c.o
[1872/2704] Compiling C object drivers/raw/ifpga/base/libifpga_rawdev_base.a.p/ifpga_enumerate.c.o
[1873/2704] Generating rte_raw_dpaa2_cmdif.pmd.c with a custom command
[1874/2704] Compiling C object drivers/raw/ifpga/base/libifpga_rawdev_base.a.p/opae_spi.c.o
[1875/2704] Compiling C object drivers/raw/ifpga/base/libifpga_rawdev_base.a.p/ifpga_fme.c.o
[1876/2704] Compiling C object drivers/raw/ifpga/base/libifpga_rawdev_base.a.p/opae_hw_api.c.o
[1877/2704] Compiling C object drivers/raw/ifpga/base/libifpga_rawdev_base.a.p/opae_i2c.c.o
[1878/2704] Compiling C object drivers/raw/ifpga/base/libifpga_rawdev_base.a.p/opae_spi_transaction.c.o
[1879/2704] Generating rte_net_vhost.pmd.c with a custom command
[1880/2704] Compiling C object drivers/libtmp_rte_net_qede.a.p/net_qede_qede_debug.c.o
[1881/2704] Generating rte_net_ngbe.pmd.c with a custom command
[1882/2704] Generating rte_net_xsc.pmd.c with a custom command
[1883/2704] Compiling C object drivers/raw/ifpga/base/libifpga_rawdev_base.a.p/opae_intel_max10.c.o
[1884/2704] Compiling C object drivers/libtmp_rte_net_txgbe.a.p/net_txgbe_txgbe_ethdev.c.o
[1885/2704] Generating rte_raw_cnxk_rvu_lf.sym_chk with a custom command (wrapped by meson to capture output)
[1886/2704] Generating rte_net_ixgbe.sym_chk with a custom command (wrapped by meson to capture output)
[1887/2704] Compiling C object drivers/libtmp_rte_net_vmxnet3.a.p/net_vmxnet3_vmxnet3_rxtx.c.o
[1888/2704] Compiling C object drivers/libtmp_rte_net_virtio.a.p/net_virtio_virtio_rxtx.c.o
[1889/2704] Compiling C object drivers/libtmp_rte_net_txgbe.a.p/net_txgbe_txgbe_rxtx.c.o
[1890/2704] Generating rte_common_cnxk.sym_chk with a custom command (wrapped by meson to capture output)
ninja: build stopped: subcommand failed.
-------------------------------END LOGS------------------------------


       reply	other threads:[~2025-02-10  7:34 UTC|newest]

Thread overview: 4+ messages / expand[flat|nested]  mbox.gz  Atom feed  top
     [not found] <1739172415-48507-29-git-send-email-caowenbo@mucse.com>
2025-02-10  6:58 ` qemudev [this message]
2025-02-10  7:31 ` |SUCCESS| pw151267 " checkpatch
2025-02-10  8:05 ` |FAILURE| pw151245-151267 [PATCH] [v8, " dpdklab
2025-02-10  8:25 ` |FAILURE| pw151267 [PATCH v8 " 0-day Robot

Reply instructions:

You may reply publicly to this message via plain-text email
using any one of the following methods:

* Save the following mbox file, import it into your mail client,
  and reply-to-all from there: mbox

  Avoid top-posting and favor interleaved quoting:
  https://en.wikipedia.org/wiki/Posting_style#Interleaved_style

* Reply using the --to, --cc, and --in-reply-to
  switches of git-send-email(1):

  git send-email \
    --in-reply-to=202502100658.51A6wHtC2728059@localhost.localdomain \
    --to=qemudev@loongson.cn \
    --cc=caowenbo@mucse.com \
    --cc=test-report@dpdk.org \
    --cc=zhoumin@loongson.cn \
    /path/to/YOUR_REPLY

  https://kernel.org/pub/software/scm/git/docs/git-send-email.html

* If your mail client supports setting the In-Reply-To header
  via mailto: links, try the mailto: link
Be sure your reply has a Subject: header at the top and a blank line before the message body.
This is a public inbox, see mirroring instructions
for how to clone and mirror all data and code used for this inbox;
as well as URLs for NNTP newsgroup(s).