From: qemudev@loongson.cn
To: test-report@dpdk.org
Subject: |SUCCESS| pw151297-151324 [PATCH v9 28/28] net/rnp: support Rx/Tx burst mode info
Date: Tue, 11 Feb 2025 16:20:40 +0800 [thread overview]
Message-ID: <202502110820.51B8KePW3626335@localhost.localdomain> (raw)
In-Reply-To: <1739263818-59770-29-git-send-email-caowenbo@mucse.com>
Test-Label: loongarch-compilation
Test-Status: SUCCESS
http://dpdk.org/patch/151324
_Compilation OK_
Submitter: Wenbo Cao <caowenbo@mucse.com>
Date: Tue, 11 Feb 2025 16:49:51 +0800
DPDK git baseline: Repo:dpdk-next-net
Branch: main
CommitID: d4d1e6c55a2f17785ee6be361599e1c5ab28f0fb
151297-151324 --> meson & ninja build successfully
Test environment and result as below:
+---------------------+----------------+
| Environment | compilation |
+---------------------+----------------+
| Loongnix-Server 8.3 | PASS |
+---------------------+----------------+
Loongnix-Server 8.3
Kernel: 4.19.190+
Compiler: gcc 8.3
next parent reply other threads:[~2025-02-11 8:56 UTC|newest]
Thread overview: 5+ messages / expand[flat|nested] mbox.gz Atom feed top
[not found] <1739263818-59770-29-git-send-email-caowenbo@mucse.com>
2025-02-11 8:20 ` qemudev [this message]
2025-02-11 8:25 ` qemudev
2025-02-11 8:53 ` |SUCCESS| pw151324 " checkpatch
2025-02-11 9:47 ` |FAILURE| pw151297-151324 [PATCH] [v9, " dpdklab
2025-02-11 10:05 ` |FAILURE| pw151324 [PATCH v9 " 0-day Robot
Reply instructions:
You may reply publicly to this message via plain-text email
using any one of the following methods:
* Save the following mbox file, import it into your mail client,
and reply-to-all from there: mbox
Avoid top-posting and favor interleaved quoting:
https://en.wikipedia.org/wiki/Posting_style#Interleaved_style
* Reply using the --to, --cc, and --in-reply-to
switches of git-send-email(1):
git send-email \
--in-reply-to=202502110820.51B8KePW3626335@localhost.localdomain \
--to=qemudev@loongson.cn \
--cc=test-report@dpdk.org \
/path/to/YOUR_REPLY
https://kernel.org/pub/software/scm/git/docs/git-send-email.html
* If your mail client supports setting the In-Reply-To header
via mailto: links, try the mailto: link
Be sure your reply has a Subject: header at the top and a blank line
before the message body.
This is a public inbox, see mirroring instructions
for how to clone and mirror all data and code used for this inbox;
as well as URLs for NNTP newsgroup(s).