automatic DPDK test reports
 help / color / mirror / Atom feed
* |SUCCESS| pw151297-151324 [PATCH v9 28/28] net/rnp: support Rx/Tx burst mode info
       [not found] <1739263818-59770-29-git-send-email-caowenbo@mucse.com>
@ 2025-02-11  8:20 ` qemudev
  2025-02-11  8:25 ` qemudev
                   ` (3 subsequent siblings)
  4 siblings, 0 replies; 5+ messages in thread
From: qemudev @ 2025-02-11  8:20 UTC (permalink / raw)
  To: test-report

Test-Label: loongarch-compilation
Test-Status: SUCCESS
http://dpdk.org/patch/151324

_Compilation OK_

Submitter: Wenbo Cao <caowenbo@mucse.com>
Date: Tue, 11 Feb 2025 16:49:51 +0800
DPDK git baseline: Repo:dpdk-next-net
  Branch: main
  CommitID: d4d1e6c55a2f17785ee6be361599e1c5ab28f0fb

151297-151324 --> meson & ninja build successfully

Test environment and result as below:

+---------------------+----------------+
|     Environment     | compilation    |
+---------------------+----------------+
| Loongnix-Server 8.3 | PASS           |
+---------------------+----------------+

Loongnix-Server 8.3
    Kernel: 4.19.190+
    Compiler: gcc 8.3


^ permalink raw reply	[flat|nested] 5+ messages in thread

* |SUCCESS| pw151297-151324 [PATCH v9 28/28] net/rnp: support Rx/Tx burst mode info
       [not found] <1739263818-59770-29-git-send-email-caowenbo@mucse.com>
  2025-02-11  8:20 ` |SUCCESS| pw151297-151324 [PATCH v9 28/28] net/rnp: support Rx/Tx burst mode info qemudev
@ 2025-02-11  8:25 ` qemudev
  2025-02-11  8:53 ` |SUCCESS| pw151324 " checkpatch
                   ` (2 subsequent siblings)
  4 siblings, 0 replies; 5+ messages in thread
From: qemudev @ 2025-02-11  8:25 UTC (permalink / raw)
  To: test-report

Test-Label: loongarch-unit-testing
Test-Status: SUCCESS
http://dpdk.org/patch/151324

_Unit Testing PASS_

Submitter: Wenbo Cao <caowenbo@mucse.com>
Date: Tue, 11 Feb 2025 16:49:51 +0800
DPDK git baseline: Repo:dpdk-next-net
  Branch: main
  CommitID: d4d1e6c55a2f17785ee6be361599e1c5ab28f0fb

151297-151324 --> testing pass

Test environment and result as below:

+---------------------+----------------+
|     Environment     | dpdk_unit_test |
+---------------------+----------------+
| Loongnix-Server 8.3 | PASS           |
+---------------------+----------------+

Loongnix-Server 8.3
    Kernel: 4.19.190+
    Compiler: gcc 8.3


Test result details:
  1/119 DPDK:fast-tests / acl_autotest                            OK              3.38s
  2/119 DPDK:fast-tests / alarm_autotest                          OK              1.59s
  3/119 DPDK:fast-tests / argparse_autotest                       OK              0.57s
  4/119 DPDK:fast-tests / atomic_autotest                         OK              7.28s
  5/119 DPDK:fast-tests / bitcount_autotest                       OK              0.48s
  6/119 DPDK:fast-tests / bitmap_autotest                         OK              0.48s
  7/119 DPDK:fast-tests / bitops_autotest                         OK              1.98s
  8/119 DPDK:fast-tests / bitratestats_autotest                   OK              0.48s
  9/119 DPDK:fast-tests / bitset_autotest                         OK              3.27s
 10/119 DPDK:fast-tests / bpf_autotest                            OK              0.48s
 11/119 DPDK:fast-tests / bpf_convert_autotest                    OK              0.49s
 12/119 DPDK:fast-tests / byteorder_autotest                      OK              0.48s
 13/119 DPDK:fast-tests / cfgfile_autotest                        OK              0.49s
 14/119 DPDK:fast-tests / cksum_autotest                          OK              0.48s
 15/119 DPDK:fast-tests / cmdline_autotest                        OK              0.48s
 16/119 DPDK:fast-tests / common_autotest                         OK              1.36s
 17/119 DPDK:fast-tests / compressdev_autotest                    SKIP            0.07s   exit status 77
 18/119 DPDK:fast-tests / cpuflags_autotest                       OK              0.48s
 19/119 DPDK:fast-tests / crc_autotest                            OK              0.48s
 20/119 DPDK:fast-tests / user_delay_us                           OK              0.48s
 21/119 DPDK:fast-tests / debug_autotest                          OK             22.98s
 22/119 DPDK:fast-tests / devargs_autotest                        OK              0.48s
 23/119 DPDK:fast-tests / dispatcher_autotest                     OK              2.49s
 24/119 DPDK:fast-tests / distributor_autotest                    OK              1.20s
 25/119 DPDK:fast-tests / eal_flags_c_opt_autotest                OK              0.78s
 26/119 DPDK:fast-tests / eal_flags_main_opt_autotest             OK              0.22s
 27/119 DPDK:fast-tests / eal_flags_n_opt_autotest                OK              0.20s
 28/119 DPDK:fast-tests / eal_flags_hpet_autotest                 OK              0.13s
 29/119 DPDK:fast-tests / eal_flags_no_huge_autotest              OK              0.22s
 30/119 DPDK:fast-tests / eal_flags_a_opt_autotest                OK              0.30s
 31/119 DPDK:fast-tests / eal_flags_b_opt_autotest                OK              0.25s
 32/119 DPDK:fast-tests / eal_flags_vdev_opt_autotest             OK              0.19s
 33/119 DPDK:fast-tests / eal_flags_r_opt_autotest                OK              0.19s
 34/119 DPDK:fast-tests / eal_flags_mem_autotest                  OK              0.59s
 35/119 DPDK:fast-tests / eal_flags_file_prefix_autotest          OK             22.21s
 36/119 DPDK:fast-tests / eal_flags_misc_autotest                 OK              1.04s
 37/119 DPDK:fast-tests / eal_fs_autotest                         OK              0.48s
 38/119 DPDK:fast-tests / errno_autotest                          OK              0.48s
 39/119 DPDK:fast-tests / ethdev_link_status                      OK              0.48s
 40/119 DPDK:fast-tests / event_eth_tx_adapter_autotest           OK              1.69s
 41/119 DPDK:fast-tests / event_ring_autotest                     OK              0.48s
 42/119 DPDK:fast-tests / eventdev_common_autotest                OK              0.48s
 43/119 DPDK:fast-tests / eventdev_selftest_sw                    OK              7.31s
 44/119 DPDK:fast-tests / fbarray_autotest                        OK              0.48s
 45/119 DPDK:fast-tests / fib_autotest                            OK              1.38s
 46/119 DPDK:fast-tests / fib6_autotest                           OK              1.15s
 47/119 DPDK:fast-tests / func_reentrancy_autotest                OK              2.15s
 48/119 DPDK:fast-tests / graph_autotest                          OK              0.48s
 49/119 DPDK:fast-tests / node_list_dump                          OK              0.48s
 50/119 DPDK:fast-tests / hash_autotest                           OK              1.11s
 51/119 DPDK:fast-tests / hash_readwrite_func_autotest            OK              6.40s
 52/119 DPDK:fast-tests / interrupt_autotest                      OK              1.78s
 53/119 DPDK:fast-tests / ipfrag_autotest                         OK              0.08s
 54/119 DPDK:fast-tests / ipsec_autotest                          SKIP            0.48s   exit status 77
 55/119 DPDK:fast-tests / kvargs_autotest                         OK              0.76s
 56/119 DPDK:fast-tests / latencystats_autotest                   OK              0.49s
 57/119 DPDK:fast-tests / lcore_var_autotest                      OK              0.83s
 58/119 DPDK:fast-tests / lcores_autotest                         OK              5.29s
 59/119 DPDK:fast-tests / logs_autotest                           OK              0.48s
 60/119 DPDK:fast-tests / lpm_autotest                            OK              2.55s
 61/119 DPDK:fast-tests / lpm6_autotest                           OK              5.88s
 62/119 DPDK:fast-tests / malloc_autotest                         OK             58.69s
 63/119 DPDK:fast-tests / mbuf_autotest                           OK              4.67s
 64/119 DPDK:fast-tests / mcslock_autotest                        OK              2.79s
 65/119 DPDK:fast-tests / member_autotest                         OK              1.73s
 66/119 DPDK:fast-tests / memcpy_autotest                         OK              7.02s
 67/119 DPDK:fast-tests / memory_autotest                         OK              0.10s
 68/119 DPDK:fast-tests / mempool_autotest                        OK              0.44s
 69/119 DPDK:fast-tests / memzone_autotest                        OK              0.14s
 70/119 DPDK:fast-tests / meter_autotest                          OK              0.72s
 71/119 DPDK:fast-tests / metrics_autotest                        OK              0.48s
 72/119 DPDK:fast-tests / multiprocess_autotest                   OK              0.19s
 73/119 DPDK:fast-tests / net_ether_autotest                      OK              1.15s
 74/119 DPDK:fast-tests / net_ipv6_autotest                       OK              0.48s
 75/119 DPDK:fast-tests / pcapng_autotest                         OK              7.12s
 76/119 DPDK:fast-tests / pdcp_autotest                           SKIP            0.07s   exit status 77
 77/119 DPDK:fast-tests / pdump_autotest                          OK              0.85s
 78/119 DPDK:fast-tests / per_lcore_autotest                      OK              0.58s
 79/119 DPDK:fast-tests / pflock_autotest                         OK              1.29s
 80/119 DPDK:fast-tests / pie_autotest                            OK              0.50s
 81/119 DPDK:fast-tests / ring_pmd_autotest                       OK              0.75s
 82/119 DPDK:fast-tests / power_autotest                          OK              0.48s
 83/119 DPDK:fast-tests / power_cpufreq_autotest                  SKIP            0.07s   exit status 77
 84/119 DPDK:fast-tests / power_intel_uncore_autotest             SKIP            0.47s   exit status 77
 85/119 DPDK:fast-tests / power_kvm_vm_autotest                   SKIP            0.07s   exit status 77
 86/119 DPDK:fast-tests / prefetch_autotest                       OK              0.72s
 87/119 DPDK:fast-tests / ptr_compress_autotest                   OK              0.48s
 88/119 DPDK:fast-tests / rawdev_autotest                         OK              0.48s
 89/119 DPDK:fast-tests / rcu_qsbr_autotest                       OK              1.00s
 90/119 DPDK:fast-tests / reorder_autotest                        OK              0.82s
 91/119 DPDK:fast-tests / rib_autotest                            OK              9.13s
 92/119 DPDK:fast-tests / rib6_autotest                           OK              9.39s
 93/119 DPDK:fast-tests / ring_autotest                           OK              0.62s
 94/119 DPDK:fast-tests / rwlock_test1_autotest                   OK              1.48s
 95/119 DPDK:fast-tests / rwlock_rda_autotest                     OK              5.48s
 96/119 DPDK:fast-tests / rwlock_rds_wrm_autotest                 OK              5.48s
 97/119 DPDK:fast-tests / rwlock_rde_wro_autotest                 OK              5.67s
 98/119 DPDK:fast-tests / sched_autotest                          OK              0.61s
 99/119 DPDK:fast-tests / security_autotest                       OK              0.07s
100/119 DPDK:fast-tests / seqlock_autotest                        OK              2.48s
101/119 DPDK:fast-tests / service_autotest                        OK              3.46s
102/119 DPDK:fast-tests / soring_autotest                         OK              0.59s
103/119 DPDK:fast-tests / spinlock_autotest                       OK              0.56s
104/119 DPDK:fast-tests / stack_autotest                          OK              0.87s
105/119 DPDK:fast-tests / stack_lf_autotest                       SKIP            0.06s   exit status 77
106/119 DPDK:fast-tests / string_autotest                         OK              0.70s
107/119 DPDK:fast-tests / table_autotest                          OK              8.17s
108/119 DPDK:fast-tests / tailq_autotest                          OK              0.74s
109/119 DPDK:fast-tests / telemetry_data_autotest                 OK              0.75s
110/119 DPDK:fast-tests / telemetry_json_autotest                 OK              0.48s
111/119 DPDK:fast-tests / thash_autotest                          OK              0.49s
112/119 DPDK:fast-tests / threads_autotest                        OK              0.94s
113/119 DPDK:fast-tests / ticketlock_autotest                     OK              0.87s
114/119 DPDK:fast-tests / timer_autotest                          OK              3.98s
115/119 DPDK:fast-tests / trace_autotest                          OK              0.73s
116/119 DPDK:fast-tests / trace_autotest_with_traces              OK              0.48s
117/119 DPDK:fast-tests / vdev_autotest                           OK              0.48s
118/119 DPDK:fast-tests / version_autotest                        OK              0.71s
119/119 DPDK:fast-tests / telemetry_all                           OK              1.40s


Ok:                 112
Expected Fail:      0
Fail:               0
Unexpected Pass:    0
Skipped:            7
Timeout:            0


^ permalink raw reply	[flat|nested] 5+ messages in thread

* |SUCCESS| pw151324 [PATCH v9 28/28] net/rnp: support Rx/Tx burst mode info
       [not found] <1739263818-59770-29-git-send-email-caowenbo@mucse.com>
  2025-02-11  8:20 ` |SUCCESS| pw151297-151324 [PATCH v9 28/28] net/rnp: support Rx/Tx burst mode info qemudev
  2025-02-11  8:25 ` qemudev
@ 2025-02-11  8:53 ` checkpatch
  2025-02-11  9:47 ` |FAILURE| pw151297-151324 [PATCH] [v9, " dpdklab
  2025-02-11 10:05 ` |FAILURE| pw151324 [PATCH v9 " 0-day Robot
  4 siblings, 0 replies; 5+ messages in thread
From: checkpatch @ 2025-02-11  8:53 UTC (permalink / raw)
  To: test-report

Test-Label: checkpatch
Test-Status: SUCCESS
http://dpdk.org/patch/151324

_coding style OK_



^ permalink raw reply	[flat|nested] 5+ messages in thread

* |FAILURE| pw151297-151324 [PATCH] [v9, 28/28] net/rnp: support Rx/Tx burst mode info
       [not found] <1739263818-59770-29-git-send-email-caowenbo@mucse.com>
                   ` (2 preceding siblings ...)
  2025-02-11  8:53 ` |SUCCESS| pw151324 " checkpatch
@ 2025-02-11  9:47 ` dpdklab
  2025-02-11 10:05 ` |FAILURE| pw151324 [PATCH v9 " 0-day Robot
  4 siblings, 0 replies; 5+ messages in thread
From: dpdklab @ 2025-02-11  9:47 UTC (permalink / raw)
  To: test-report; +Cc: dpdk-test-reports

Test-Label: iol-testing
Test-Status: FAILURE
http://dpdk.org/patch/151297

_build patch failure_

Submitter: 11 <caowenbo@mucse.com>
Date: Tuesday, February 11 2025 08:50:18 
Applied on: CommitID:9d29cd6dc87d6c35c52194a5f7a34f2d84140353
Apply patch set 151297-151324 failed:


<!doctype html>
<html lang="en">
<head>
  <title>Not Found</title>
</head>
<body>
  <h1>Not Found</h1><p>The requested resource was not found on this server.</p>
</body>
</html>

https://lab.dpdk.org/results/dashboard/patchsets/32557/

UNH-IOL DPDK Community Lab

^ permalink raw reply	[flat|nested] 5+ messages in thread

* |FAILURE| pw151324 [PATCH v9 28/28] net/rnp: support Rx/Tx burst mode info
       [not found] <1739263818-59770-29-git-send-email-caowenbo@mucse.com>
                   ` (3 preceding siblings ...)
  2025-02-11  9:47 ` |FAILURE| pw151297-151324 [PATCH] [v9, " dpdklab
@ 2025-02-11 10:05 ` 0-day Robot
  4 siblings, 0 replies; 5+ messages in thread
From: 0-day Robot @ 2025-02-11 10:05 UTC (permalink / raw)
  To: test-report; +Cc: caowenbo, robot

From: robot@bytheb.org

Test-Label: github-robot: build
Test-Status: FAILURE
http://patchwork.dpdk.org/patch/151324/

_github build: failed_
Build URL: https://github.com/ovsrobot/dpdk/actions/runs/13259339778
Build Logs:
-----------------------Summary of failed steps-----------------------
"ubuntu-22.04-gcc-static-mingw" failed at step Build and test
"fedora:39-gcc" failed at step Build
----------------------End summary of failed steps--------------------

-------------------------------BEGIN LOGS----------------------------
####################################################################################
#### [Begin job log] "ubuntu-22.04-gcc-static-mingw" at step Build and test
####################################################################################
[632/3011] Linking static target drivers/libtmp_rte_net_ring.a
[633/3011] Linking static target drivers/librte_net_r8169.a
[634/3011] Generating rte_net_ring.pmd.c with a custom command
[635/3011] Linking target drivers/librte_net_r8169-25.dll
[636/3011] Compiling C object drivers/librte_net_ring-25.dll.p/meson-generated_.._rte_net_ring.pmd.c.obj
[637/3011] Compiling C object drivers/librte_net_ring.a.p/meson-generated_.._rte_net_ring.pmd.c.obj
[638/3011] Linking target drivers/librte_net_ring-25.dll
[639/3011] Linking static target drivers/librte_net_ring.a
[640/3011] Compiling C object drivers/net/rnp/base/librnp_base.a.p/rnp_mbx_fw.c.obj
FAILED: drivers/net/rnp/base/librnp_base.a.p/rnp_mbx_fw.c.obj 
ccache x86_64-w64-mingw32-gcc -Idrivers/net/rnp/base/librnp_base.a.p -Idrivers/net/rnp/base -I../drivers/net/rnp/base -I. -I.. -Iconfig -I../config -Ilib/eal/include -I../lib/eal/include -Ilib/eal/windows/include -I../lib/eal/windows/include -Ilib/eal/x86/include -I../lib/eal/x86/include -Ilib/eal/common -I../lib/eal/common -Ilib/eal -I../lib/eal -Ilib/log -I../lib/log -Ilib/kvargs -I../lib/kvargs -Ilib/net -I../lib/net -Ilib/mbuf -I../lib/mbuf -Ilib/mempool -I../lib/mempool -Ilib/ring -I../lib/ring -Ilib/metrics -I../lib/metrics -Ilib/telemetry -I../lib/telemetry -Ilib/ethdev -I../lib/ethdev -Ilib/meter -I../lib/meter -fdiagnostics-color=always -pipe -D_FILE_OFFSET_BITS=64 -Wall -Winvalid-pch -Wextra -Werror -std=c11 -O2 -g -include rte_config.h -Wvla -Wcast-qual -Wdeprecated -Wformat -Wformat-nonliteral -Wformat-security -Wmissing-declarations -Wmissing-prototypes -Wnested-externs -Wold-style-definition -Wpointer-arith -Wsign-compare -Wstrict-prototypes -Wundef -Wwrite-strings -Wno-packed-not-aligned -Wno-missing-field-initializers -D_GNU_SOURCE -D_WIN32_WINNT=0x0A00 -D__USE_MINGW_ANSI_STDIO -march=native -mrtm -DALLOW_EXPERIMENTAL_API -DALLOW_INTERNAL_API -Wno-format-truncation -Wno-address-of-packed-member -Wno-unused-value -Wno-unused-but-set-variable -Wno-unused-parameter -MD -MQ drivers/net/rnp/base/librnp_base.a.p/rnp_mbx_fw.c.obj -MF drivers/net/rnp/base/librnp_base.a.p/rnp_mbx_fw.c.obj.d -o drivers/net/rnp/base/librnp_base.a.p/rnp_mbx_fw.c.obj -c ../drivers/net/rnp/base/rnp_mbx_fw.c
../drivers/net/rnp/base/rnp_mbx_fw.c: In function ‘rnp_mbx_fw_get_capability’:
../drivers/net/rnp/base/rnp_mbx_fw.c:259:15: error: implicit declaration of function ‘ffs’; did you mean ‘fls’? [-Werror=implicit-function-declaration]
  259 |    lane_bit = ffs(temp_mask) - 1;
      |               ^~~
      |               fls
../drivers/net/rnp/base/rnp_mbx_fw.c:259:15: error: nested extern declaration of ‘ffs’ [-Werror=nested-externs]
cc1: all warnings being treated as errors
[641/3011] Compiling C object drivers/net/rnp/base/librnp_base.a.p/rnp_common.c.obj
[642/3011] Compiling C object drivers/net/rnp/base/librnp_base.a.p/rnp_bdq_if.c.obj
[643/3011] Compiling C object drivers/net/rnp/base/librnp_base.a.p/rnp_mac.c.obj
[644/3011] Compiling C object drivers/libtmp_rte_net_vmxnet3.a.p/net_vmxnet3_vmxnet3_ethdev.c.obj
[645/3011] Compiling C object drivers/libtmp_rte_net_vmxnet3.a.p/net_vmxnet3_vmxnet3_rxtx.c.obj
ninja: build stopped: subcommand failed.
##[error]Process completed with exit code 1.
####################################################################################
#### [End job log] "ubuntu-22.04-gcc-static-mingw" at step Build and test
####################################################################################




####################################################################################
#### [Begin job log] "fedora:39-gcc" at step Build
####################################################################################
####################################################################################
#### [End job log] "fedora:39-gcc" at step Build
####################################################################################
--------------------------------END LOGS-----------------------------

^ permalink raw reply	[flat|nested] 5+ messages in thread

end of thread, other threads:[~2025-02-11 10:05 UTC | newest]

Thread overview: 5+ messages (download: mbox.gz / follow: Atom feed)
-- links below jump to the message on this page --
     [not found] <1739263818-59770-29-git-send-email-caowenbo@mucse.com>
2025-02-11  8:20 ` |SUCCESS| pw151297-151324 [PATCH v9 28/28] net/rnp: support Rx/Tx burst mode info qemudev
2025-02-11  8:25 ` qemudev
2025-02-11  8:53 ` |SUCCESS| pw151324 " checkpatch
2025-02-11  9:47 ` |FAILURE| pw151297-151324 [PATCH] [v9, " dpdklab
2025-02-11 10:05 ` |FAILURE| pw151324 [PATCH v9 " 0-day Robot

This is a public inbox, see mirroring instructions
for how to clone and mirror all data and code used for this inbox;
as well as URLs for NNTP newsgroup(s).