* |SUCCESS| pw151327-151352 [PATCH v10 28/28] net/rnp: support Rx/Tx burst mode info
[not found] <1739286398-61972-29-git-send-email-caowenbo@mucse.com>
@ 2025-02-11 14:38 ` qemudev
2025-02-11 14:43 ` qemudev
` (3 subsequent siblings)
4 siblings, 0 replies; 5+ messages in thread
From: qemudev @ 2025-02-11 14:38 UTC (permalink / raw)
To: test-report
Test-Label: loongarch-compilation
Test-Status: SUCCESS
http://dpdk.org/patch/151352
_Compilation OK_
Submitter: Wenbo Cao <caowenbo@mucse.com>
Date: Tue, 11 Feb 2025 23:06:11 +0800
DPDK git baseline: Repo:dpdk-next-net
Branch: main
CommitID: 88e17c88943145bb956b5bf6059a8043dbd33a99
151327-151352 --> meson & ninja build successfully
Test environment and result as below:
+---------------------+----------------+
| Environment | compilation |
+---------------------+----------------+
| Loongnix-Server 8.3 | PASS |
+---------------------+----------------+
Loongnix-Server 8.3
Kernel: 4.19.190+
Compiler: gcc 8.3
^ permalink raw reply [flat|nested] 5+ messages in thread
* |SUCCESS| pw151327-151352 [PATCH v10 28/28] net/rnp: support Rx/Tx burst mode info
[not found] <1739286398-61972-29-git-send-email-caowenbo@mucse.com>
2025-02-11 14:38 ` |SUCCESS| pw151327-151352 [PATCH v10 28/28] net/rnp: support Rx/Tx burst mode info qemudev
@ 2025-02-11 14:43 ` qemudev
2025-02-11 15:09 ` |SUCCESS| pw151352 " checkpatch
` (2 subsequent siblings)
4 siblings, 0 replies; 5+ messages in thread
From: qemudev @ 2025-02-11 14:43 UTC (permalink / raw)
To: test-report
Test-Label: loongarch-unit-testing
Test-Status: SUCCESS
http://dpdk.org/patch/151352
_Unit Testing PASS_
Submitter: Wenbo Cao <caowenbo@mucse.com>
Date: Tue, 11 Feb 2025 23:06:11 +0800
DPDK git baseline: Repo:dpdk-next-net
Branch: main
CommitID: 88e17c88943145bb956b5bf6059a8043dbd33a99
151327-151352 --> testing pass
Test environment and result as below:
+---------------------+----------------+
| Environment | dpdk_unit_test |
+---------------------+----------------+
| Loongnix-Server 8.3 | PASS |
+---------------------+----------------+
Loongnix-Server 8.3
Kernel: 4.19.190+
Compiler: gcc 8.3
Test result details:
1/119 DPDK:fast-tests / acl_autotest OK 3.32s
2/119 DPDK:fast-tests / alarm_autotest OK 1.50s
3/119 DPDK:fast-tests / argparse_autotest OK 0.50s
4/119 DPDK:fast-tests / atomic_autotest OK 7.23s
5/119 DPDK:fast-tests / bitcount_autotest OK 0.31s
6/119 DPDK:fast-tests / bitmap_autotest OK 0.31s
7/119 DPDK:fast-tests / bitops_autotest OK 1.81s
8/119 DPDK:fast-tests / bitratestats_autotest OK 0.31s
9/119 DPDK:fast-tests / bitset_autotest OK 3.03s
10/119 DPDK:fast-tests / bpf_autotest OK 0.31s
11/119 DPDK:fast-tests / bpf_convert_autotest OK 0.31s
12/119 DPDK:fast-tests / byteorder_autotest OK 0.31s
13/119 DPDK:fast-tests / cfgfile_autotest OK 0.31s
14/119 DPDK:fast-tests / cksum_autotest OK 0.31s
15/119 DPDK:fast-tests / cmdline_autotest OK 0.31s
16/119 DPDK:fast-tests / common_autotest OK 1.19s
17/119 DPDK:fast-tests / compressdev_autotest SKIP 0.06s exit status 77
18/119 DPDK:fast-tests / cpuflags_autotest OK 0.30s
19/119 DPDK:fast-tests / crc_autotest OK 0.31s
20/119 DPDK:fast-tests / user_delay_us OK 0.31s
21/119 DPDK:fast-tests / debug_autotest OK 21.58s
22/119 DPDK:fast-tests / devargs_autotest OK 0.30s
23/119 DPDK:fast-tests / dispatcher_autotest OK 2.48s
24/119 DPDK:fast-tests / distributor_autotest OK 1.19s
25/119 DPDK:fast-tests / eal_flags_c_opt_autotest OK 0.76s
26/119 DPDK:fast-tests / eal_flags_main_opt_autotest OK 0.21s
27/119 DPDK:fast-tests / eal_flags_n_opt_autotest OK 0.19s
28/119 DPDK:fast-tests / eal_flags_hpet_autotest OK 0.13s
29/119 DPDK:fast-tests / eal_flags_no_huge_autotest OK 0.21s
30/119 DPDK:fast-tests / eal_flags_a_opt_autotest OK 0.29s
31/119 DPDK:fast-tests / eal_flags_b_opt_autotest OK 0.23s
32/119 DPDK:fast-tests / eal_flags_vdev_opt_autotest OK 0.18s
33/119 DPDK:fast-tests / eal_flags_r_opt_autotest OK 0.18s
34/119 DPDK:fast-tests / eal_flags_mem_autotest OK 0.58s
35/119 DPDK:fast-tests / eal_flags_file_prefix_autotest OK 22.22s
36/119 DPDK:fast-tests / eal_flags_misc_autotest OK 1.00s
37/119 DPDK:fast-tests / eal_fs_autotest OK 0.30s
38/119 DPDK:fast-tests / errno_autotest OK 0.31s
39/119 DPDK:fast-tests / ethdev_link_status OK 0.31s
40/119 DPDK:fast-tests / event_eth_tx_adapter_autotest OK 1.68s
41/119 DPDK:fast-tests / event_ring_autotest OK 0.31s
42/119 DPDK:fast-tests / eventdev_common_autotest OK 0.31s
43/119 DPDK:fast-tests / eventdev_selftest_sw OK 7.11s
44/119 DPDK:fast-tests / fbarray_autotest OK 0.31s
45/119 DPDK:fast-tests / fib_autotest OK 1.20s
46/119 DPDK:fast-tests / fib6_autotest OK 0.97s
47/119 DPDK:fast-tests / func_reentrancy_autotest OK 2.28s
48/119 DPDK:fast-tests / graph_autotest OK 0.31s
49/119 DPDK:fast-tests / node_list_dump OK 0.31s
50/119 DPDK:fast-tests / hash_autotest OK 0.93s
51/119 DPDK:fast-tests / hash_readwrite_func_autotest OK 6.38s
52/119 DPDK:fast-tests / interrupt_autotest OK 1.61s
53/119 DPDK:fast-tests / ipfrag_autotest OK 0.07s
54/119 DPDK:fast-tests / ipsec_autotest SKIP 0.31s exit status 77
55/119 DPDK:fast-tests / kvargs_autotest OK 0.31s
56/119 DPDK:fast-tests / latencystats_autotest OK 0.31s
57/119 DPDK:fast-tests / lcore_var_autotest OK 0.45s
58/119 DPDK:fast-tests / lcores_autotest OK 5.12s
59/119 DPDK:fast-tests / logs_autotest OK 0.31s
60/119 DPDK:fast-tests / lpm_autotest OK 2.36s
61/119 DPDK:fast-tests / lpm6_autotest OK 5.45s
62/119 DPDK:fast-tests / malloc_autotest OK 61.81s
63/119 DPDK:fast-tests / mbuf_autotest OK 4.76s
64/119 DPDK:fast-tests / mcslock_autotest OK 2.99s
65/119 DPDK:fast-tests / member_autotest OK 1.52s
66/119 DPDK:fast-tests / memcpy_autotest OK 6.58s
67/119 DPDK:fast-tests / memory_autotest OK 0.09s
68/119 DPDK:fast-tests / mempool_autotest OK 0.43s
69/119 DPDK:fast-tests / memzone_autotest OK 0.14s
70/119 DPDK:fast-tests / meter_autotest OK 0.30s
71/119 DPDK:fast-tests / metrics_autotest OK 0.31s
72/119 DPDK:fast-tests / multiprocess_autotest OK 0.17s
73/119 DPDK:fast-tests / net_ether_autotest OK 0.97s
74/119 DPDK:fast-tests / net_ipv6_autotest OK 0.31s
75/119 DPDK:fast-tests / pcapng_autotest OK 6.62s
76/119 DPDK:fast-tests / pdcp_autotest SKIP 0.06s exit status 77
77/119 DPDK:fast-tests / pdump_autotest OK 0.41s
78/119 DPDK:fast-tests / per_lcore_autotest OK 0.41s
79/119 DPDK:fast-tests / pflock_autotest OK 1.12s
80/119 DPDK:fast-tests / pie_autotest OK 0.31s
81/119 DPDK:fast-tests / ring_pmd_autotest OK 0.31s
82/119 DPDK:fast-tests / power_autotest OK 0.31s
83/119 DPDK:fast-tests / power_cpufreq_autotest SKIP 0.06s exit status 77
84/119 DPDK:fast-tests / power_intel_uncore_autotest SKIP 0.30s exit status 77
85/119 DPDK:fast-tests / power_kvm_vm_autotest SKIP 0.06s exit status 77
86/119 DPDK:fast-tests / prefetch_autotest OK 0.30s
87/119 DPDK:fast-tests / ptr_compress_autotest OK 0.31s
88/119 DPDK:fast-tests / rawdev_autotest OK 0.31s
89/119 DPDK:fast-tests / rcu_qsbr_autotest OK 0.83s
90/119 DPDK:fast-tests / reorder_autotest OK 0.36s
91/119 DPDK:fast-tests / rib_autotest OK 8.95s
92/119 DPDK:fast-tests / rib6_autotest OK 8.94s
93/119 DPDK:fast-tests / ring_autotest OK 0.34s
94/119 DPDK:fast-tests / rwlock_test1_autotest OK 1.05s
95/119 DPDK:fast-tests / rwlock_rda_autotest OK 5.31s
96/119 DPDK:fast-tests / rwlock_rds_wrm_autotest OK 5.31s
97/119 DPDK:fast-tests / rwlock_rde_wro_autotest OK 5.31s
98/119 DPDK:fast-tests / sched_autotest OK 0.31s
99/119 DPDK:fast-tests / security_autotest OK 0.06s
100/119 DPDK:fast-tests / seqlock_autotest OK 2.31s
101/119 DPDK:fast-tests / service_autotest OK 3.01s
102/119 DPDK:fast-tests / soring_autotest OK 0.42s
103/119 DPDK:fast-tests / spinlock_autotest OK 0.49s
104/119 DPDK:fast-tests / stack_autotest OK 0.87s
105/119 DPDK:fast-tests / stack_lf_autotest SKIP 0.06s exit status 77
106/119 DPDK:fast-tests / string_autotest OK 0.39s
107/119 DPDK:fast-tests / table_autotest OK 7.82s
108/119 DPDK:fast-tests / tailq_autotest OK 0.39s
109/119 DPDK:fast-tests / telemetry_data_autotest OK 0.40s
110/119 DPDK:fast-tests / telemetry_json_autotest OK 0.40s
111/119 DPDK:fast-tests / thash_autotest OK 0.41s
112/119 DPDK:fast-tests / threads_autotest OK 0.57s
113/119 DPDK:fast-tests / ticketlock_autotest OK 0.55s
114/119 DPDK:fast-tests / timer_autotest OK 3.87s
115/119 DPDK:fast-tests / trace_autotest OK 0.39s
116/119 DPDK:fast-tests / trace_autotest_with_traces OK 0.40s
117/119 DPDK:fast-tests / vdev_autotest OK 0.39s
118/119 DPDK:fast-tests / version_autotest OK 0.39s
119/119 DPDK:fast-tests / telemetry_all OK 1.32s
Ok: 112
Expected Fail: 0
Fail: 0
Unexpected Pass: 0
Skipped: 7
Timeout: 0
^ permalink raw reply [flat|nested] 5+ messages in thread
* |SUCCESS| pw151352 [PATCH v10 28/28] net/rnp: support Rx/Tx burst mode info
[not found] <1739286398-61972-29-git-send-email-caowenbo@mucse.com>
2025-02-11 14:38 ` |SUCCESS| pw151327-151352 [PATCH v10 28/28] net/rnp: support Rx/Tx burst mode info qemudev
2025-02-11 14:43 ` qemudev
@ 2025-02-11 15:09 ` checkpatch
2025-02-11 15:48 ` |FAILURE| pw151327-151352 [PATCH] [v10, " dpdklab
2025-02-11 16:25 ` |FAILURE| pw151352 [PATCH v10 " 0-day Robot
4 siblings, 0 replies; 5+ messages in thread
From: checkpatch @ 2025-02-11 15:09 UTC (permalink / raw)
To: test-report
Test-Label: checkpatch
Test-Status: SUCCESS
http://dpdk.org/patch/151352
_coding style OK_
^ permalink raw reply [flat|nested] 5+ messages in thread
* |FAILURE| pw151327-151352 [PATCH] [v10, 28/28] net/rnp: support Rx/Tx burst mode info
[not found] <1739286398-61972-29-git-send-email-caowenbo@mucse.com>
` (2 preceding siblings ...)
2025-02-11 15:09 ` |SUCCESS| pw151352 " checkpatch
@ 2025-02-11 15:48 ` dpdklab
2025-02-11 16:25 ` |FAILURE| pw151352 [PATCH v10 " 0-day Robot
4 siblings, 0 replies; 5+ messages in thread
From: dpdklab @ 2025-02-11 15:48 UTC (permalink / raw)
To: test-report; +Cc: dpdk-test-reports
Test-Label: iol-testing
Test-Status: FAILURE
http://dpdk.org/patch/151327
_build patch failure_
Submitter: 11 <caowenbo@mucse.com>
Date: Tuesday, February 11 2025 15:06:38
Applied on: CommitID:c4ec78ee3abe2b1794b862419d634bef999baaf4
Apply patch set 151327-151352 failed:
<!doctype html>
<html lang="en">
<head>
<title>Not Found</title>
</head>
<body>
<h1>Not Found</h1><p>The requested resource was not found on this server.</p>
</body>
</html>
https://lab.dpdk.org/results/dashboard/patchsets/32559/
UNH-IOL DPDK Community Lab
^ permalink raw reply [flat|nested] 5+ messages in thread
* |FAILURE| pw151352 [PATCH v10 28/28] net/rnp: support Rx/Tx burst mode info
[not found] <1739286398-61972-29-git-send-email-caowenbo@mucse.com>
` (3 preceding siblings ...)
2025-02-11 15:48 ` |FAILURE| pw151327-151352 [PATCH] [v10, " dpdklab
@ 2025-02-11 16:25 ` 0-day Robot
4 siblings, 0 replies; 5+ messages in thread
From: 0-day Robot @ 2025-02-11 16:25 UTC (permalink / raw)
To: test-report; +Cc: caowenbo, robot
From: robot@bytheb.org
Test-Label: github-robot: build
Test-Status: FAILURE
http://patchwork.dpdk.org/patch/151352/
_github build: failed_
Build URL: https://github.com/ovsrobot/dpdk/actions/runs/13266425736
Build Logs:
-----------------------Summary of failed steps-----------------------
"fedora:39-gcc" failed at step Build
----------------------End summary of failed steps--------------------
-------------------------------BEGIN LOGS----------------------------
####################################################################################
#### [Begin job log] "fedora:39-gcc" at step Build
####################################################################################
####################################################################################
#### [End job log] "fedora:39-gcc" at step Build
####################################################################################
--------------------------------END LOGS-----------------------------
^ permalink raw reply [flat|nested] 5+ messages in thread