automatic DPDK test reports
 help / color / mirror / Atom feed
From: qemudev@loongson.cn
To: test-report@dpdk.org
Subject: |SUCCESS| pw151800-151804 [v3 5/5] examples/vhost_crypto: support asymmetric crypto
Date: Sat, 22 Feb 2025 00:59:18 +0800	[thread overview]
Message-ID: <202502211659.51LGxItH2824106@localhost.localdomain> (raw)
In-Reply-To: <69df671e16275511de0db57ffb9c6cd7c9e52939.1740156665.git.gmuthukrishn@marvell.com>

Test-Label: loongarch-compilation
Test-Status: SUCCESS
http://dpdk.org/patch/151804

_Compilation OK_

Submitter: Gowrishankar Muthukrishnan <gmuthukrishn@marvell.com>
Date: Fri, 21 Feb 2025 23:00:09 +0530
DPDK git baseline: Repo:dpdk-next-virtio
  Branch: main
  CommitID: 992fd7e15692e3faab0c0e590aaa63998657d804

151800-151804 --> meson & ninja build successfully

Test environment and result as below:

+---------------------+----------------+
|     Environment     | compilation    |
+---------------------+----------------+
| Loongnix-Server 8.3 | PASS           |
+---------------------+----------------+

Loongnix-Server 8.3
    Kernel: 4.19.190+
    Compiler: gcc 8.3


       reply	other threads:[~2025-02-21 17:35 UTC|newest]

Thread overview: 7+ messages / expand[flat|nested]  mbox.gz  Atom feed  top
     [not found] <69df671e16275511de0db57ffb9c6cd7c9e52939.1740156665.git.gmuthukrishn@marvell.com>
2025-02-21 16:59 ` qemudev [this message]
2025-02-21 17:03 ` qemudev
2025-02-21 17:32 ` |SUCCESS| pw151804 " checkpatch
2025-02-21 18:44 ` |FAILURE| " 0-day Robot
2025-02-22  2:18 ` |PENDING| pw151800-151804 [PATCH] [v3,5/5] examples/vhost_crypto: su dpdklab
2025-02-22  2:49 ` |FAILURE| " dpdklab
2025-02-22 10:34 ` |SUCCESS| " dpdklab

Reply instructions:

You may reply publicly to this message via plain-text email
using any one of the following methods:

* Save the following mbox file, import it into your mail client,
  and reply-to-all from there: mbox

  Avoid top-posting and favor interleaved quoting:
  https://en.wikipedia.org/wiki/Posting_style#Interleaved_style

* Reply using the --to, --cc, and --in-reply-to
  switches of git-send-email(1):

  git send-email \
    --in-reply-to=202502211659.51LGxItH2824106@localhost.localdomain \
    --to=qemudev@loongson.cn \
    --cc=test-report@dpdk.org \
    /path/to/YOUR_REPLY

  https://kernel.org/pub/software/scm/git/docs/git-send-email.html

* If your mail client supports setting the In-Reply-To header
  via mailto: links, try the mailto: link
Be sure your reply has a Subject: header at the top and a blank line before the message body.
This is a public inbox, see mirroring instructions
for how to clone and mirror all data and code used for this inbox;
as well as URLs for NNTP newsgroup(s).