automatic DPDK test reports
 help / color / mirror / Atom feed
* |SUCCESS| pw151812 [RFC PATCH v19] mempool: fix mempool cache size
       [not found] <20250221190549.192090-1-mb@smartsharesystems.com>
@ 2025-02-21 18:37 ` qemudev
  2025-02-21 18:41 ` qemudev
                   ` (2 subsequent siblings)
  3 siblings, 0 replies; 4+ messages in thread
From: qemudev @ 2025-02-21 18:37 UTC (permalink / raw)
  To: test-report

Test-Label: loongarch-compilation
Test-Status: SUCCESS
http://dpdk.org/patch/151812

_Compilation OK_

Submitter: Morten Brørup <mb@smartsharesystems.com>
Date: Fri, 21 Feb 2025 19:05:49 +0000
DPDK git baseline: Repo:dpdk
  Branch: main
  CommitID: fab31a03ba98e7457284df95dd9eef2223a4ccaa

151812 --> meson & ninja build successfully

Test environment and result as below:

+---------------------+----------------+
|     Environment     | compilation    |
+---------------------+----------------+
| Loongnix-Server 8.3 | PASS           |
+---------------------+----------------+

Loongnix-Server 8.3
    Kernel: 4.19.190+
    Compiler: gcc 8.3


^ permalink raw reply	[flat|nested] 4+ messages in thread

* |SUCCESS| pw151812 [RFC PATCH v19] mempool: fix mempool cache size
       [not found] <20250221190549.192090-1-mb@smartsharesystems.com>
  2025-02-21 18:37 ` |SUCCESS| pw151812 [RFC PATCH v19] mempool: fix mempool cache size qemudev
@ 2025-02-21 18:41 ` qemudev
  2025-02-21 19:06 ` checkpatch
  2025-02-21 20:24 ` |FAILURE| " 0-day Robot
  3 siblings, 0 replies; 4+ messages in thread
From: qemudev @ 2025-02-21 18:41 UTC (permalink / raw)
  To: test-report

Test-Label: loongarch-unit-testing
Test-Status: SUCCESS
http://dpdk.org/patch/151812

_Unit Testing PASS_

Submitter: Morten Brørup <mb@smartsharesystems.com>
Date: Fri, 21 Feb 2025 19:05:49 +0000
DPDK git baseline: Repo:dpdk
  Branch: main
  CommitID: fab31a03ba98e7457284df95dd9eef2223a4ccaa

151812 --> testing pass

Test environment and result as below:

+---------------------+----------------+
|     Environment     | dpdk_unit_test |
+---------------------+----------------+
| Loongnix-Server 8.3 | PASS           |
+---------------------+----------------+

Loongnix-Server 8.3
    Kernel: 4.19.190+
    Compiler: gcc 8.3


Test result details:
  1/119 DPDK:fast-tests / acl_autotest                            OK              3.20s
  2/119 DPDK:fast-tests / alarm_autotest                          OK              1.41s
  3/119 DPDK:fast-tests / argparse_autotest                       OK              0.41s
  4/119 DPDK:fast-tests / atomic_autotest                         OK              7.10s
  5/119 DPDK:fast-tests / bitcount_autotest                       OK              0.30s
  6/119 DPDK:fast-tests / bitmap_autotest                         OK              0.40s
  7/119 DPDK:fast-tests / bitops_autotest                         OK              1.81s
  8/119 DPDK:fast-tests / bitratestats_autotest                   OK              0.31s
  9/119 DPDK:fast-tests / bitset_autotest                         OK              3.04s
 10/119 DPDK:fast-tests / bpf_autotest                            OK              0.31s
 11/119 DPDK:fast-tests / bpf_convert_autotest                    OK              0.31s
 12/119 DPDK:fast-tests / byteorder_autotest                      OK              0.31s
 13/119 DPDK:fast-tests / cfgfile_autotest                        OK              0.31s
 14/119 DPDK:fast-tests / cksum_autotest                          OK              0.31s
 15/119 DPDK:fast-tests / cmdline_autotest                        OK              0.31s
 16/119 DPDK:fast-tests / common_autotest                         OK              1.19s
 17/119 DPDK:fast-tests / compressdev_autotest                    SKIP            0.06s   exit status 77
 18/119 DPDK:fast-tests / cpuflags_autotest                       OK              0.30s
 19/119 DPDK:fast-tests / crc_autotest                            OK              0.31s
 20/119 DPDK:fast-tests / user_delay_us                           OK              0.31s
 21/119 DPDK:fast-tests / debug_autotest                          OK             17.58s
 22/119 DPDK:fast-tests / devargs_autotest                        OK              0.30s
 23/119 DPDK:fast-tests / dispatcher_autotest                     OK              2.51s
 24/119 DPDK:fast-tests / distributor_autotest                    OK              1.21s
 25/119 DPDK:fast-tests / eal_flags_c_opt_autotest                OK              0.77s
 26/119 DPDK:fast-tests / eal_flags_main_opt_autotest             OK              0.21s
 27/119 DPDK:fast-tests / eal_flags_n_opt_autotest                OK              0.19s
 28/119 DPDK:fast-tests / eal_flags_hpet_autotest                 OK              0.13s
 29/119 DPDK:fast-tests / eal_flags_no_huge_autotest              OK              0.21s
 30/119 DPDK:fast-tests / eal_flags_a_opt_autotest                OK              0.29s
 31/119 DPDK:fast-tests / eal_flags_b_opt_autotest                OK              0.24s
 32/119 DPDK:fast-tests / eal_flags_vdev_opt_autotest             OK              0.19s
 33/119 DPDK:fast-tests / eal_flags_r_opt_autotest                OK              0.18s
 34/119 DPDK:fast-tests / eal_flags_mem_autotest                  OK              0.58s
 35/119 DPDK:fast-tests / eal_flags_file_prefix_autotest          OK             22.25s
 36/119 DPDK:fast-tests / eal_flags_misc_autotest                 OK              1.02s
 37/119 DPDK:fast-tests / eal_fs_autotest                         OK              0.30s
 38/119 DPDK:fast-tests / errno_autotest                          OK              0.31s
 39/119 DPDK:fast-tests / ethdev_link_status                      OK              0.30s
 40/119 DPDK:fast-tests / event_eth_tx_adapter_autotest           OK              1.68s
 41/119 DPDK:fast-tests / event_ring_autotest                     OK              0.31s
 42/119 DPDK:fast-tests / eventdev_common_autotest                OK              0.31s
 43/119 DPDK:fast-tests / eventdev_selftest_sw                    OK              7.17s
 44/119 DPDK:fast-tests / fbarray_autotest                        OK              0.31s
 45/119 DPDK:fast-tests / fib_autotest                            OK              1.20s
 46/119 DPDK:fast-tests / fib6_autotest                           OK              0.98s
 47/119 DPDK:fast-tests / func_reentrancy_autotest                OK              2.17s
 48/119 DPDK:fast-tests / graph_autotest                          OK              0.31s
 49/119 DPDK:fast-tests / node_list_dump                          OK              0.31s
 50/119 DPDK:fast-tests / hash_autotest                           OK              0.93s
 51/119 DPDK:fast-tests / hash_readwrite_func_autotest            OK              6.37s
 52/119 DPDK:fast-tests / interrupt_autotest                      OK              1.61s
 53/119 DPDK:fast-tests / ipfrag_autotest                         OK              0.07s
 54/119 DPDK:fast-tests / ipsec_autotest                          SKIP            0.31s   exit status 77
 55/119 DPDK:fast-tests / kvargs_autotest                         OK              0.31s
 56/119 DPDK:fast-tests / latencystats_autotest                   OK              0.31s
 57/119 DPDK:fast-tests / lcore_var_autotest                      OK              0.45s
 58/119 DPDK:fast-tests / lcores_autotest                         OK              5.12s
 59/119 DPDK:fast-tests / logs_autotest                           OK              0.31s
 60/119 DPDK:fast-tests / lpm_autotest                            OK              2.34s
 61/119 DPDK:fast-tests / lpm6_autotest                           OK              5.46s
 62/119 DPDK:fast-tests / malloc_autotest                         OK             61.23s
 63/119 DPDK:fast-tests / mbuf_autotest                           OK              4.76s
 64/119 DPDK:fast-tests / mcslock_autotest                        OK              3.82s
 65/119 DPDK:fast-tests / member_autotest                         OK              1.52s
 66/119 DPDK:fast-tests / memcpy_autotest                         OK              6.75s
 67/119 DPDK:fast-tests / memory_autotest                         OK              0.08s
 68/119 DPDK:fast-tests / mempool_autotest                        OK              0.43s
 69/119 DPDK:fast-tests / memzone_autotest                        OK              0.14s
 70/119 DPDK:fast-tests / meter_autotest                          OK              0.30s
 71/119 DPDK:fast-tests / metrics_autotest                        OK              0.31s
 72/119 DPDK:fast-tests / multiprocess_autotest                   OK              0.17s
 73/119 DPDK:fast-tests / net_ether_autotest                      OK              0.97s
 74/119 DPDK:fast-tests / net_ipv6_autotest                       OK              0.30s
 75/119 DPDK:fast-tests / pcapng_autotest                         OK              6.61s
 76/119 DPDK:fast-tests / pdcp_autotest                           SKIP            0.06s   exit status 77
 77/119 DPDK:fast-tests / pdump_autotest                          OK              0.41s
 78/119 DPDK:fast-tests / per_lcore_autotest                      OK              0.41s
 79/119 DPDK:fast-tests / pflock_autotest                         OK              1.11s
 80/119 DPDK:fast-tests / pie_autotest                            OK              0.31s
 81/119 DPDK:fast-tests / ring_pmd_autotest                       OK              0.31s
 82/119 DPDK:fast-tests / power_autotest                          OK              0.31s
 83/119 DPDK:fast-tests / power_cpufreq_autotest                  SKIP            0.06s   exit status 77
 84/119 DPDK:fast-tests / power_intel_uncore_autotest             SKIP            0.30s   exit status 77
 85/119 DPDK:fast-tests / power_kvm_vm_autotest                   SKIP            0.06s   exit status 77
 86/119 DPDK:fast-tests / prefetch_autotest                       OK              0.43s
 87/119 DPDK:fast-tests / ptr_compress_autotest                   OK              0.43s
 88/119 DPDK:fast-tests / rawdev_autotest                         OK              0.43s
 89/119 DPDK:fast-tests / rcu_qsbr_autotest                       OK              0.95s
 90/119 DPDK:fast-tests / reorder_autotest                        OK              0.49s
 91/119 DPDK:fast-tests / rib_autotest                            OK              9.08s
 92/119 DPDK:fast-tests / rib6_autotest                           OK              9.08s
 93/119 DPDK:fast-tests / ring_autotest                           OK              0.46s
 94/119 DPDK:fast-tests / rwlock_test1_autotest                   OK              1.18s
 95/119 DPDK:fast-tests / rwlock_rda_autotest                     OK              5.43s
 96/119 DPDK:fast-tests / rwlock_rds_wrm_autotest                 OK              5.43s
 97/119 DPDK:fast-tests / rwlock_rde_wro_autotest                 OK              5.43s
 98/119 DPDK:fast-tests / sched_autotest                          OK              0.43s
 99/119 DPDK:fast-tests / security_autotest                       OK              0.07s
100/119 DPDK:fast-tests / seqlock_autotest                        OK              2.43s
101/119 DPDK:fast-tests / service_autotest                        OK              3.14s
102/119 DPDK:fast-tests / soring_autotest                         OK              0.44s
103/119 DPDK:fast-tests / spinlock_autotest                       OK              0.51s
104/119 DPDK:fast-tests / stack_autotest                          OK              0.87s
105/119 DPDK:fast-tests / stack_lf_autotest                       SKIP            0.06s   exit status 77
106/119 DPDK:fast-tests / string_autotest                         OK              0.43s
107/119 DPDK:fast-tests / table_autotest                          OK              7.81s
108/119 DPDK:fast-tests / tailq_autotest                          OK              0.42s
109/119 DPDK:fast-tests / telemetry_data_autotest                 OK              0.44s
110/119 DPDK:fast-tests / telemetry_json_autotest                 OK              0.43s
111/119 DPDK:fast-tests / thash_autotest                          OK              0.45s
112/119 DPDK:fast-tests / threads_autotest                        OK              0.61s
113/119 DPDK:fast-tests / ticketlock_autotest                     OK              0.59s
114/119 DPDK:fast-tests / timer_autotest                          OK              3.97s
115/119 DPDK:fast-tests / trace_autotest                          OK              0.43s
116/119 DPDK:fast-tests / trace_autotest_with_traces              OK              0.44s
117/119 DPDK:fast-tests / vdev_autotest                           OK              0.43s
118/119 DPDK:fast-tests / version_autotest                        OK              0.43s
119/119 DPDK:fast-tests / telemetry_all                           OK              1.36s


Ok:                 112
Expected Fail:      0
Fail:               0
Unexpected Pass:    0
Skipped:            7
Timeout:            0


^ permalink raw reply	[flat|nested] 4+ messages in thread

* |SUCCESS| pw151812 [RFC PATCH v19] mempool: fix mempool cache size
       [not found] <20250221190549.192090-1-mb@smartsharesystems.com>
  2025-02-21 18:37 ` |SUCCESS| pw151812 [RFC PATCH v19] mempool: fix mempool cache size qemudev
  2025-02-21 18:41 ` qemudev
@ 2025-02-21 19:06 ` checkpatch
  2025-02-21 20:24 ` |FAILURE| " 0-day Robot
  3 siblings, 0 replies; 4+ messages in thread
From: checkpatch @ 2025-02-21 19:06 UTC (permalink / raw)
  To: test-report

Test-Label: checkpatch
Test-Status: SUCCESS
http://dpdk.org/patch/151812

_coding style OK_



^ permalink raw reply	[flat|nested] 4+ messages in thread

* |FAILURE| pw151812 [RFC PATCH v19] mempool: fix mempool cache size
       [not found] <20250221190549.192090-1-mb@smartsharesystems.com>
                   ` (2 preceding siblings ...)
  2025-02-21 19:06 ` checkpatch
@ 2025-02-21 20:24 ` 0-day Robot
  3 siblings, 0 replies; 4+ messages in thread
From: 0-day Robot @ 2025-02-21 20:24 UTC (permalink / raw)
  To: test-report; +Cc: mb, robot

From: robot@bytheb.org

Test-Label: github-robot: build
Test-Status: FAILURE
http://patchwork.dpdk.org/patch/151812/

_github build: failed_
Build URL: https://github.com/ovsrobot/dpdk/actions/runs/13463804780
Build Logs:
-----------------------Summary of failed steps-----------------------
"ubuntu-22.04-gcc-stdatomic" failed at step Build and test
"ubuntu-22.04-gcc-static-i386" failed at step Build and test
"ubuntu-22.04-gcc-shared-aarch64" failed at step Build and test
"ubuntu-22.04-gcc-ppc64le" failed at step Build and test
"ubuntu-22.04-gcc-riscv64" failed at step Build and test
----------------------End summary of failed steps--------------------

-------------------------------BEGIN LOGS----------------------------
####################################################################################
#### [Begin job log] "ubuntu-22.04-gcc-stdatomic" at step Build and test
####################################################################################
ccache gcc -Idrivers/libtmp_rte_dma_dpaa2.a.p -Idrivers -I../drivers -Idrivers/dma/dpaa2 -I../drivers/dma/dpaa2 -Ilib/dmadev -I../lib/dmadev -I. -I.. -Iconfig -I../config -Ilib/eal/include -I../lib/eal/include -Ilib/eal/linux/include -I../lib/eal/linux/include -Ilib/eal/x86/include -I../lib/eal/x86/include -I../kernel/linux -Ilib/eal/common -I../lib/eal/common -Ilib/eal -I../lib/eal -Ilib/kvargs -I../lib/kvargs -Ilib/log -I../lib/log -Ilib/metrics -I../lib/metrics -Ilib/telemetry -I../lib/telemetry -Idrivers/bus/fslmc -I../drivers/bus/fslmc -I../drivers/bus/fslmc/mc -I../drivers/bus/fslmc/qbman/include -I../drivers/bus/fslmc/portal -Ilib/eal/linux -I../lib/eal/linux -Idrivers/common/dpaax -I../drivers/common/dpaax -I../drivers/common/dpaax/caamflib -Ilib/eventdev -I../lib/eventdev -Ilib/ring -I../lib/ring -Ilib/ethdev -I../lib/ethdev -Ilib/net -I../lib/net -Ilib/mbuf -I../lib/mbuf -Ilib/mempool -I../lib/mempool -Ilib/meter -I../lib/meter -Ilib/hash -I../lib/hash -Ilib/rcu -I../lib/rcu -Ilib/timer -I../lib/timer -Ilib/cryptodev -I../lib/cryptodev -Idrivers/mempool/dpaa2 -I../drivers/mempool/dpaa2 -fdiagnostics-color=always -pipe -D_FILE_OFFSET_BITS=64 -Wall -Winvalid-pch -Wextra -Werror -std=c11 -O2 -g -include rte_config.h -Wvla -Wcast-qual -Wdeprecated -Wformat -Wformat-nonliteral -Wformat-security -Wmissing-declarations -Wmissing-prototypes -Wnested-externs -Wold-style-definition -Wpointer-arith -Wsign-compare -Wstrict-prototypes -Wundef -Wwrite-strings -Wno-packed-not-aligned -Wno-missing-field-initializers -D_GNU_SOURCE -fPIC -march=corei7 -mrtm -DALLOW_EXPERIMENTAL_API -DALLOW_INTERNAL_API -Wno-format-truncation -Wno-address-of-packed-member -Wno-pointer-arith -DRTE_LOG_DEFAULT_LOGTYPE=pmd.dma.dpaa2 -MD -MQ drivers/libtmp_rte_dma_dpaa2.a.p/dma_dpaa2_dpaa2_qdma.c.o -MF drivers/libtmp_rte_dma_dpaa2.a.p/dma_dpaa2_dpaa2_qdma.c.o.d -o drivers/libtmp_rte_dma_dpaa2.a.p/dma_dpaa2_dpaa2_qdma.c.o -c ../drivers/dma/dpaa2/dpaa2_qdma.c
In file included from ../lib/mbuf/rte_mbuf.h:38,
                 from ../drivers/bus/fslmc/bus_fslmc_driver.h:31,
                 from ../drivers/dma/dpaa2/dpaa2_qdma.c:6:
../drivers/dma/dpaa2/dpaa2_qdma.c: In function ‘dpaa2_qdma_vchan_setup’:
../lib/mempool/rte_mempool.h:1572:22: error: array subscript 3584 is above array bounds of ‘void *[1024]’ [-Werror=array-bounds]
 1572 |         cache_objs = &cache->objs[cache->len + remaining];
      |                      ^~~~~~~~~~~~~~~~~~~~~~~~~~~~~~~~~~~~
../lib/mempool/rte_mempool.h:113:44: note: while referencing ‘objs’
  113 |         alignas(RTE_CACHE_LINE_SIZE) void *objs[RTE_MEMPOOL_CACHE_MAX_SIZE * 2];
      |                                            ^~~~
../lib/mempool/rte_mempool.h:1572:22: error: array subscript 3584 is above array bounds of ‘void *[1024]’ [-Werror=array-bounds]
 1572 |         cache_objs = &cache->objs[cache->len + remaining];
      |                      ^~~~~~~~~~~~~~~~~~~~~~~~~~~~~~~~~~~~
../lib/mempool/rte_mempool.h:113:44: note: while referencing ‘objs’
  113 |         alignas(RTE_CACHE_LINE_SIZE) void *objs[RTE_MEMPOOL_CACHE_MAX_SIZE * 2];
      |                                            ^~~~
cc1: all warnings being treated as errors
[1035/3227] Compiling C object drivers/libtmp_rte_dma_idxd.a.p/dma_idxd_idxd_pci.c.o
[1036/3227] Compiling C object drivers/libtmp_rte_dma_idxd.a.p/dma_idxd_idxd_bus.c.o
[1037/3227] Generating rte_common_cnxk.sym_chk with a custom command (wrapped by meson to capture output)
[1038/3227] Generating rte_common_sfc_efx.sym_chk with a custom command (wrapped by meson to capture output)
[1039/3227] Compiling C object drivers/libtmp_rte_common_qat.a.p/crypto_qat_qat_asym.c.o
ninja: build stopped: subcommand failed.
##[error]Process completed with exit code 1.
####################################################################################
#### [End job log] "ubuntu-22.04-gcc-stdatomic" at step Build and test
####################################################################################




####################################################################################
#### [Begin job log] "ubuntu-22.04-gcc-static-i386" at step Build and test
####################################################################################
ccache gcc -Idrivers/libtmp_rte_dma_dpaa2.a.p -Idrivers -I../drivers -Idrivers/dma/dpaa2 -I../drivers/dma/dpaa2 -Ilib/dmadev -I../lib/dmadev -I. -I.. -Iconfig -I../config -Ilib/eal/include -I../lib/eal/include -Ilib/eal/linux/include -I../lib/eal/linux/include -Ilib/eal/x86/include -I../lib/eal/x86/include -I../kernel/linux -Ilib/eal/common -I../lib/eal/common -Ilib/eal -I../lib/eal -Ilib/kvargs -I../lib/kvargs -Ilib/log -I../lib/log -Ilib/metrics -I../lib/metrics -Ilib/telemetry -I../lib/telemetry -Idrivers/bus/fslmc -I../drivers/bus/fslmc -I../drivers/bus/fslmc/mc -I../drivers/bus/fslmc/qbman/include -I../drivers/bus/fslmc/portal -Ilib/eal/linux -I../lib/eal/linux -Idrivers/common/dpaax -I../drivers/common/dpaax -I../drivers/common/dpaax/caamflib -Ilib/eventdev -I../lib/eventdev -Ilib/ring -I../lib/ring -Ilib/ethdev -I../lib/ethdev -Ilib/net -I../lib/net -Ilib/mbuf -I../lib/mbuf -Ilib/mempool -I../lib/mempool -Ilib/meter -I../lib/meter -Ilib/hash -I../lib/hash -Ilib/rcu -I../lib/rcu -Ilib/timer -I../lib/timer -Ilib/cryptodev -I../lib/cryptodev -Idrivers/mempool/dpaa2 -I../drivers/mempool/dpaa2 -fdiagnostics-color=always -pipe -D_FILE_OFFSET_BITS=64 -Wall -Winvalid-pch -Wextra -Werror -std=c11 -O2 -g -include rte_config.h -Wvla -Wcast-qual -Wdeprecated -Wformat -Wformat-nonliteral -Wformat-security -Wmissing-declarations -Wmissing-prototypes -Wnested-externs -Wold-style-definition -Wpointer-arith -Wsign-compare -Wstrict-prototypes -Wundef -Wwrite-strings -Wno-packed-not-aligned -Wno-missing-field-initializers -Wno-pointer-to-int-cast -D_GNU_SOURCE -m32 -fPIC -march=corei7 -mrtm -DALLOW_EXPERIMENTAL_API -DALLOW_INTERNAL_API -Wno-format-truncation -Wno-address-of-packed-member -Wno-pointer-arith -DRTE_LOG_DEFAULT_LOGTYPE=pmd.dma.dpaa2 -MD -MQ drivers/libtmp_rte_dma_dpaa2.a.p/dma_dpaa2_dpaa2_qdma.c.o -MF drivers/libtmp_rte_dma_dpaa2.a.p/dma_dpaa2_dpaa2_qdma.c.o.d -o drivers/libtmp_rte_dma_dpaa2.a.p/dma_dpaa2_dpaa2_qdma.c.o -c ../drivers/dma/dpaa2/dpaa2_qdma.c
In file included from ../lib/mbuf/rte_mbuf.h:38,
                 from ../drivers/bus/fslmc/bus_fslmc_driver.h:31,
                 from ../drivers/dma/dpaa2/dpaa2_qdma.c:6:
../drivers/dma/dpaa2/dpaa2_qdma.c: In function ‘dpaa2_qdma_vchan_setup’:
../lib/mempool/rte_mempool.h:1572:22: error: array subscript 3584 is above array bounds of ‘void *[1024]’ [-Werror=array-bounds]
 1572 |         cache_objs = &cache->objs[cache->len + remaining];
      |                      ^~~~~~~~~~~~~~~~~~~~~~~~~~~~~~~~~~~~
../lib/mempool/rte_mempool.h:113:44: note: while referencing ‘objs’
  113 |         alignas(RTE_CACHE_LINE_SIZE) void *objs[RTE_MEMPOOL_CACHE_MAX_SIZE * 2];
      |                                            ^~~~
../lib/mempool/rte_mempool.h:1572:22: error: array subscript 3584 is above array bounds of ‘void *[1024]’ [-Werror=array-bounds]
 1572 |         cache_objs = &cache->objs[cache->len + remaining];
      |                      ^~~~~~~~~~~~~~~~~~~~~~~~~~~~~~~~~~~~
../lib/mempool/rte_mempool.h:113:44: note: while referencing ‘objs’
  113 |         alignas(RTE_CACHE_LINE_SIZE) void *objs[RTE_MEMPOOL_CACHE_MAX_SIZE * 2];
      |                                            ^~~~
cc1: all warnings being treated as errors
[805/5608] Generating rte_net_af_packet.pmd.c with a custom command
[806/5608] Compiling C object drivers/libtmp_rte_net_ark.a.p/net_ark_ark_ethdev.c.o
[807/5608] Compiling C object drivers/libtmp_rte_net_ark.a.p/net_ark_ark_ethdev_rx.c.o
[808/5608] Compiling C object drivers/libtmp_rte_dma_skeleton.a.p/dma_skeleton_skeleton_dmadev.c.o
[809/5608] Compiling C object lib/librte_pipeline.a.p/pipeline_rte_table_action.c.o
ninja: build stopped: subcommand failed.
##[error]Process completed with exit code 1.
####################################################################################
#### [End job log] "ubuntu-22.04-gcc-static-i386" at step Build and test
####################################################################################




####################################################################################
#### [Begin job log] "ubuntu-22.04-gcc-shared-aarch64" at step Build and test
####################################################################################
ccache aarch64-linux-gnu-gcc -Idrivers/libtmp_rte_dma_dpaa2.a.p -Idrivers -I../drivers -Idrivers/dma/dpaa2 -I../drivers/dma/dpaa2 -Ilib/dmadev -I../lib/dmadev -I. -I.. -Iconfig -I../config -Ilib/eal/include -I../lib/eal/include -Ilib/eal/linux/include -I../lib/eal/linux/include -Ilib/eal/arm/include -I../lib/eal/arm/include -I../kernel/linux -Ilib/eal/common -I../lib/eal/common -Ilib/eal -I../lib/eal -Ilib/kvargs -I../lib/kvargs -Ilib/log -I../lib/log -Ilib/metrics -I../lib/metrics -Ilib/telemetry -I../lib/telemetry -Idrivers/bus/fslmc -I../drivers/bus/fslmc -I../drivers/bus/fslmc/mc -I../drivers/bus/fslmc/qbman/include -I../drivers/bus/fslmc/portal -Ilib/eal/linux -I../lib/eal/linux -Idrivers/common/dpaax -I../drivers/common/dpaax -I../drivers/common/dpaax/caamflib -Ilib/eventdev -I../lib/eventdev -Ilib/ring -I../lib/ring -Ilib/ethdev -I../lib/ethdev -Ilib/net -I../lib/net -Ilib/mbuf -I../lib/mbuf -Ilib/mempool -I../lib/mempool -Ilib/meter -I../lib/meter -Ilib/hash -I../lib/hash -Ilib/rcu -I../lib/rcu -Ilib/timer -I../lib/timer -Ilib/cryptodev -I../lib/cryptodev -Idrivers/mempool/dpaa2 -I../drivers/mempool/dpaa2 -fdiagnostics-color=always -pipe -D_FILE_OFFSET_BITS=64 -Wall -Winvalid-pch -Wextra -Werror -std=c11 -O2 -g -include rte_config.h -Wvla -Wcast-qual -Wdeprecated -Wformat -Wformat-nonliteral -Wformat-security -Wmissing-declarations -Wmissing-prototypes -Wnested-externs -Wold-style-definition -Wpointer-arith -Wsign-compare -Wstrict-prototypes -Wundef -Wwrite-strings -Wno-packed-not-aligned -Wno-missing-field-initializers -D_GNU_SOURCE -fPIC -march=armv8-a+crc -moutline-atomics -DALLOW_EXPERIMENTAL_API -DALLOW_INTERNAL_API -Wno-format-truncation -Wno-address-of-packed-member -Wno-pointer-arith -DRTE_LOG_DEFAULT_LOGTYPE=pmd.dma.dpaa2 -MD -MQ drivers/libtmp_rte_dma_dpaa2.a.p/dma_dpaa2_dpaa2_qdma.c.o -MF drivers/libtmp_rte_dma_dpaa2.a.p/dma_dpaa2_dpaa2_qdma.c.o.d -o drivers/libtmp_rte_dma_dpaa2.a.p/dma_dpaa2_dpaa2_qdma.c.o -c ../drivers/dma/dpaa2/dpaa2_qdma.c
In file included from ../lib/mbuf/rte_mbuf.h:38,
                 from ../drivers/bus/fslmc/bus_fslmc_driver.h:31,
                 from ../drivers/dma/dpaa2/dpaa2_qdma.c:6:
../drivers/dma/dpaa2/dpaa2_qdma.c: In function ‘dpaa2_qdma_vchan_setup’:
../lib/mempool/rte_mempool.h:1572:22: error: array subscript 3584 is above array bounds of ‘void *[1024]’ [-Werror=array-bounds]
 1572 |         cache_objs = &cache->objs[cache->len + remaining];
      |                      ^~~~~~~~~~~~~~~~~~~~~~~~~~~~~~~~~~~~
../lib/mempool/rte_mempool.h:113:44: note: while referencing ‘objs’
  113 |         alignas(RTE_CACHE_LINE_SIZE) void *objs[RTE_MEMPOOL_CACHE_MAX_SIZE * 2];
      |                                            ^~~~
../lib/mempool/rte_mempool.h:1572:22: error: array subscript 3584 is above array bounds of ‘void *[1024]’ [-Werror=array-bounds]
 1572 |         cache_objs = &cache->objs[cache->len + remaining];
      |                      ^~~~~~~~~~~~~~~~~~~~~~~~~~~~~~~~~~~~
../lib/mempool/rte_mempool.h:113:44: note: while referencing ‘objs’
  113 |         alignas(RTE_CACHE_LINE_SIZE) void *objs[RTE_MEMPOOL_CACHE_MAX_SIZE * 2];
      |                                            ^~~~
cc1: all warnings being treated as errors
[986/6640] Compiling C object drivers/libtmp_rte_dma_odm.a.p/dma_odm_odm_dmadev.c.o
[987/6640] Compiling C object drivers/libtmp_rte_dma_cnxk.a.p/dma_cnxk_cnxk_dmadev_fp.c.o
[988/6640] Compiling C object drivers/libtmp_rte_dma_dpaa.a.p/dma_dpaa_dpaa_qdma.c.o
[989/6640] Generating rte_common_sfc_efx.sym_chk with a custom command (wrapped by meson to capture output)
[990/6640] Generating rte_common_cnxk.sym_chk with a custom command (wrapped by meson to capture output)
ninja: build stopped: subcommand failed.
##[error]Process completed with exit code 1.
####################################################################################
#### [End job log] "ubuntu-22.04-gcc-shared-aarch64" at step Build and test
####################################################################################




####################################################################################
#### [Begin job log] "ubuntu-22.04-gcc-ppc64le" at step Build and test
####################################################################################
ccache powerpc64le-linux-gnu-gcc -Idrivers/libtmp_rte_dma_dpaa2.a.p -Idrivers -I../drivers -Idrivers/dma/dpaa2 -I../drivers/dma/dpaa2 -Ilib/dmadev -I../lib/dmadev -I. -I.. -Iconfig -I../config -Ilib/eal/include -I../lib/eal/include -Ilib/eal/linux/include -I../lib/eal/linux/include -Ilib/eal/ppc/include -I../lib/eal/ppc/include -I../kernel/linux -Ilib/eal/common -I../lib/eal/common -Ilib/eal -I../lib/eal -Ilib/kvargs -I../lib/kvargs -Ilib/log -I../lib/log -Ilib/metrics -I../lib/metrics -Ilib/telemetry -I../lib/telemetry -Idrivers/bus/fslmc -I../drivers/bus/fslmc -I../drivers/bus/fslmc/mc -I../drivers/bus/fslmc/qbman/include -I../drivers/bus/fslmc/portal -Ilib/eal/linux -I../lib/eal/linux -Idrivers/common/dpaax -I../drivers/common/dpaax -I../drivers/common/dpaax/caamflib -Ilib/eventdev -I../lib/eventdev -Ilib/ring -I../lib/ring -Ilib/ethdev -I../lib/ethdev -Ilib/net -I../lib/net -Ilib/mbuf -I../lib/mbuf -Ilib/mempool -I../lib/mempool -Ilib/meter -I../lib/meter -Ilib/hash -I../lib/hash -Ilib/rcu -I../lib/rcu -Ilib/timer -I../lib/timer -Ilib/cryptodev -I../lib/cryptodev -Idrivers/mempool/dpaa2 -I../drivers/mempool/dpaa2 -fdiagnostics-color=always -pipe -D_FILE_OFFSET_BITS=64 -Wall -Winvalid-pch -Wextra -Werror -std=c11 -O2 -g -include rte_config.h -Wvla -Wcast-qual -Wdeprecated -Wformat -Wformat-nonliteral -Wformat-security -Wmissing-declarations -Wmissing-prototypes -Wnested-externs -Wold-style-definition -Wpointer-arith -Wsign-compare -Wstrict-prototypes -Wundef -Wwrite-strings -Wno-packed-not-aligned -Wno-missing-field-initializers -Wno-psabi -D_GNU_SOURCE -fPIC -mcpu=power8 -mtune=power8 -DALLOW_EXPERIMENTAL_API -DALLOW_INTERNAL_API -Wno-format-truncation -Wno-address-of-packed-member -Wno-pointer-arith -DRTE_LOG_DEFAULT_LOGTYPE=pmd.dma.dpaa2 -MD -MQ drivers/libtmp_rte_dma_dpaa2.a.p/dma_dpaa2_dpaa2_qdma.c.o -MF drivers/libtmp_rte_dma_dpaa2.a.p/dma_dpaa2_dpaa2_qdma.c.o.d -o drivers/libtmp_rte_dma_dpaa2.a.p/dma_dpaa2_dpaa2_qdma.c.o -c ../drivers/dma/dpaa2/dpaa2_qdma.c
In file included from ../lib/mbuf/rte_mbuf.h:38,
                 from ../drivers/bus/fslmc/bus_fslmc_driver.h:31,
                 from ../drivers/dma/dpaa2/dpaa2_qdma.c:6:
../drivers/dma/dpaa2/dpaa2_qdma.c: In function ‘dpaa2_qdma_vchan_setup’:
../lib/mempool/rte_mempool.h:1572:22: error: array subscript 3584 is above array bounds of ‘void *[1024]’ [-Werror=array-bounds]
 1572 |         cache_objs = &cache->objs[cache->len + remaining];
      |                      ^~~~~~~~~~~~~~~~~~~~~~~~~~~~~~~~~~~~
../lib/mempool/rte_mempool.h:113:44: note: while referencing ‘objs’
  113 |         alignas(RTE_CACHE_LINE_SIZE) void *objs[RTE_MEMPOOL_CACHE_MAX_SIZE * 2];
      |                                            ^~~~
../lib/mempool/rte_mempool.h:1572:22: error: array subscript 3584 is above array bounds of ‘void *[1024]’ [-Werror=array-bounds]
 1572 |         cache_objs = &cache->objs[cache->len + remaining];
      |                      ^~~~~~~~~~~~~~~~~~~~~~~~~~~~~~~~~~~~
../lib/mempool/rte_mempool.h:113:44: note: while referencing ‘objs’
  113 |         alignas(RTE_CACHE_LINE_SIZE) void *objs[RTE_MEMPOOL_CACHE_MAX_SIZE * 2];
      |                                            ^~~~
cc1: all warnings being treated as errors
[926/5912] Generating rte_dma_cnxk.pmd.c with a custom command
[927/5912] Generating rte_dma_odm.pmd.c with a custom command
[928/5912] Compiling C object drivers/libtmp_rte_dma_dpaa.a.p/dma_dpaa_dpaa_qdma.c.o
[929/5912] Compiling C object drivers/libtmp_rte_dma_skeleton.a.p/dma_skeleton_skeleton_dmadev.c.o
[930/5912] Generating rte_common_cnxk.sym_chk with a custom command (wrapped by meson to capture output)
ninja: build stopped: subcommand failed.
##[error]Process completed with exit code 1.
####################################################################################
#### [End job log] "ubuntu-22.04-gcc-ppc64le" at step Build and test
####################################################################################




####################################################################################
#### [Begin job log] "ubuntu-22.04-gcc-riscv64" at step Build and test
####################################################################################
ccache riscv64-linux-gnu-gcc -Idrivers/libtmp_rte_dma_dpaa2.a.p -Idrivers -I../drivers -Idrivers/dma/dpaa2 -I../drivers/dma/dpaa2 -Ilib/dmadev -I../lib/dmadev -I. -I.. -Iconfig -I../config -Ilib/eal/include -I../lib/eal/include -Ilib/eal/linux/include -I../lib/eal/linux/include -Ilib/eal/riscv/include -I../lib/eal/riscv/include -I../kernel/linux -Ilib/eal/common -I../lib/eal/common -Ilib/eal -I../lib/eal -Ilib/kvargs -I../lib/kvargs -Ilib/log -I../lib/log -Ilib/metrics -I../lib/metrics -Ilib/telemetry -I../lib/telemetry -Idrivers/bus/fslmc -I../drivers/bus/fslmc -I../drivers/bus/fslmc/mc -I../drivers/bus/fslmc/qbman/include -I../drivers/bus/fslmc/portal -Ilib/eal/linux -I../lib/eal/linux -Idrivers/common/dpaax -I../drivers/common/dpaax -I../drivers/common/dpaax/caamflib -Ilib/eventdev -I../lib/eventdev -Ilib/ring -I../lib/ring -Ilib/ethdev -I../lib/ethdev -Ilib/net -I../lib/net -Ilib/mbuf -I../lib/mbuf -Ilib/mempool -I../lib/mempool -Ilib/meter -I../lib/meter -Ilib/hash -I../lib/hash -Ilib/rcu -I../lib/rcu -Ilib/timer -I../lib/timer -Ilib/cryptodev -I../lib/cryptodev -Idrivers/mempool/dpaa2 -I../drivers/mempool/dpaa2 -fdiagnostics-color=always -pipe -D_FILE_OFFSET_BITS=64 -Wall -Winvalid-pch -Wextra -Werror -std=c11 -O2 -g -include rte_config.h -Wvla -Wcast-qual -Wdeprecated -Wformat -Wformat-nonliteral -Wformat-security -Wmissing-declarations -Wmissing-prototypes -Wnested-externs -Wold-style-definition -Wpointer-arith -Wsign-compare -Wstrict-prototypes -Wundef -Wwrite-strings -Wno-packed-not-aligned -Wno-missing-field-initializers -D_GNU_SOURCE -fPIC -march=rv64gc -DALLOW_EXPERIMENTAL_API -DALLOW_INTERNAL_API -Wno-format-truncation -Wno-address-of-packed-member -Wno-pointer-arith -DRTE_LOG_DEFAULT_LOGTYPE=pmd.dma.dpaa2 -MD -MQ drivers/libtmp_rte_dma_dpaa2.a.p/dma_dpaa2_dpaa2_qdma.c.o -MF drivers/libtmp_rte_dma_dpaa2.a.p/dma_dpaa2_dpaa2_qdma.c.o.d -o drivers/libtmp_rte_dma_dpaa2.a.p/dma_dpaa2_dpaa2_qdma.c.o -c ../drivers/dma/dpaa2/dpaa2_qdma.c
In file included from ../lib/mbuf/rte_mbuf.h:38,
                 from ../drivers/bus/fslmc/bus_fslmc_driver.h:31,
                 from ../drivers/dma/dpaa2/dpaa2_qdma.c:6:
../drivers/dma/dpaa2/dpaa2_qdma.c: In function ‘dpaa2_qdma_vchan_setup’:
../lib/mempool/rte_mempool.h:1572:22: error: array subscript 3584 is above array bounds of ‘void *[1024]’ [-Werror=array-bounds]
 1572 |         cache_objs = &cache->objs[cache->len + remaining];
      |                      ^~~~~~~~~~~~~~~~~~~~~~~~~~~~~~~~~~~~
../lib/mempool/rte_mempool.h:113:44: note: while referencing ‘objs’
  113 |         alignas(RTE_CACHE_LINE_SIZE) void *objs[RTE_MEMPOOL_CACHE_MAX_SIZE * 2];
      |                                            ^~~~
../lib/mempool/rte_mempool.h:1572:22: error: array subscript 3584 is above array bounds of ‘void *[1024]’ [-Werror=array-bounds]
 1572 |         cache_objs = &cache->objs[cache->len + remaining];
      |                      ^~~~~~~~~~~~~~~~~~~~~~~~~~~~~~~~~~~~
../lib/mempool/rte_mempool.h:113:44: note: while referencing ‘objs’
  113 |         alignas(RTE_CACHE_LINE_SIZE) void *objs[RTE_MEMPOOL_CACHE_MAX_SIZE * 2];
      |                                            ^~~~
cc1: all warnings being treated as errors
[917/5883] Generating rte_dma_odm.pmd.c with a custom command
[918/5883] Generating rte_dma_cnxk.pmd.c with a custom command
[919/5883] Compiling C object drivers/libtmp_rte_dma_dpaa.a.p/dma_dpaa_dpaa_qdma.c.o
[920/5883] Compiling C object drivers/libtmp_rte_dma_skeleton.a.p/dma_skeleton_skeleton_dmadev.c.o
[921/5883] Generating rte_common_cnxk.pmd.c with a custom command
ninja: build stopped: subcommand failed.
##[error]Process completed with exit code 1.
####################################################################################
#### [End job log] "ubuntu-22.04-gcc-riscv64" at step Build and test
####################################################################################
--------------------------------END LOGS-----------------------------

^ permalink raw reply	[flat|nested] 4+ messages in thread

end of thread, other threads:[~2025-02-21 20:24 UTC | newest]

Thread overview: 4+ messages (download: mbox.gz / follow: Atom feed)
-- links below jump to the message on this page --
     [not found] <20250221190549.192090-1-mb@smartsharesystems.com>
2025-02-21 18:37 ` |SUCCESS| pw151812 [RFC PATCH v19] mempool: fix mempool cache size qemudev
2025-02-21 18:41 ` qemudev
2025-02-21 19:06 ` checkpatch
2025-02-21 20:24 ` |FAILURE| " 0-day Robot

This is a public inbox, see mirroring instructions
for how to clone and mirror all data and code used for this inbox;
as well as URLs for NNTP newsgroup(s).