automatic DPDK test reports
 help / color / mirror / Atom feed
* |SUCCESS| pw151838-151848 [PATCH v2 14/14] net/zxdh: clean stat values
       [not found] <20250222072232.561353-15-chen.bingbin@zte.com.cn>
@ 2025-02-22  7:05 ` qemudev
  2025-02-22  7:10 ` qemudev
                   ` (2 subsequent siblings)
  3 siblings, 0 replies; 4+ messages in thread
From: qemudev @ 2025-02-22  7:05 UTC (permalink / raw)
  To: test-report

Test-Label: loongarch-compilation
Test-Status: SUCCESS
http://dpdk.org/patch/151848

_Compilation OK_

Submitter: Bingbin Chen <chen.bingbin@zte.com.cn>
Date: Sat, 22 Feb 2025 15:22:19 +0800
DPDK git baseline: Repo:dpdk-next-net
  Branch: main
  CommitID: 6762bb7d5cf48bd2a45669a4836ba288f3d871d6

151838-151848 --> meson & ninja build successfully

Test environment and result as below:

+---------------------+----------------+
|     Environment     | compilation    |
+---------------------+----------------+
| Loongnix-Server 8.3 | PASS           |
+---------------------+----------------+

Loongnix-Server 8.3
    Kernel: 4.19.190+
    Compiler: gcc 8.3


^ permalink raw reply	[flat|nested] 4+ messages in thread

* |SUCCESS| pw151838-151848 [PATCH v2 14/14] net/zxdh: clean stat values
       [not found] <20250222072232.561353-15-chen.bingbin@zte.com.cn>
  2025-02-22  7:05 ` |SUCCESS| pw151838-151848 [PATCH v2 14/14] net/zxdh: clean stat values qemudev
@ 2025-02-22  7:10 ` qemudev
  2025-02-22  7:39 ` |SUCCESS| pw151848 " checkpatch
  2025-02-22  8:44 ` |FAILURE| " 0-day Robot
  3 siblings, 0 replies; 4+ messages in thread
From: qemudev @ 2025-02-22  7:10 UTC (permalink / raw)
  To: test-report

Test-Label: loongarch-unit-testing
Test-Status: SUCCESS
http://dpdk.org/patch/151848

_Unit Testing PASS_

Submitter: Bingbin Chen <chen.bingbin@zte.com.cn>
Date: Sat, 22 Feb 2025 15:22:19 +0800
DPDK git baseline: Repo:dpdk-next-net
  Branch: main
  CommitID: 6762bb7d5cf48bd2a45669a4836ba288f3d871d6

151838-151848 --> testing pass

Test environment and result as below:

+---------------------+----------------+
|     Environment     | dpdk_unit_test |
+---------------------+----------------+
| Loongnix-Server 8.3 | PASS           |
+---------------------+----------------+

Loongnix-Server 8.3
    Kernel: 4.19.190+
    Compiler: gcc 8.3


Test result details:
  1/119 DPDK:fast-tests / acl_autotest                            OK              3.28s
  2/119 DPDK:fast-tests / alarm_autotest                          OK              1.53s
  3/119 DPDK:fast-tests / argparse_autotest                       OK              0.53s
  4/119 DPDK:fast-tests / atomic_autotest                         OK              7.10s
  5/119 DPDK:fast-tests / bitcount_autotest                       OK              0.30s
  6/119 DPDK:fast-tests / bitmap_autotest                         OK              0.31s
  7/119 DPDK:fast-tests / bitops_autotest                         OK              2.08s
  8/119 DPDK:fast-tests / bitratestats_autotest                   OK              0.57s
  9/119 DPDK:fast-tests / bitset_autotest                         OK              3.28s
 10/119 DPDK:fast-tests / bpf_autotest                            OK              0.58s
 11/119 DPDK:fast-tests / bpf_convert_autotest                    OK              0.57s
 12/119 DPDK:fast-tests / byteorder_autotest                      OK              0.57s
 13/119 DPDK:fast-tests / cfgfile_autotest                        OK              0.57s
 14/119 DPDK:fast-tests / cksum_autotest                          OK              0.59s
 15/119 DPDK:fast-tests / cmdline_autotest                        OK              0.53s
 16/119 DPDK:fast-tests / common_autotest                         OK              1.47s
 17/119 DPDK:fast-tests / compressdev_autotest                    SKIP            0.07s   exit status 77
 18/119 DPDK:fast-tests / cpuflags_autotest                       OK              0.48s
 19/119 DPDK:fast-tests / crc_autotest                            OK              0.48s
 20/119 DPDK:fast-tests / user_delay_us                           OK              0.48s
 21/119 DPDK:fast-tests / debug_autotest                          OK             26.10s
 22/119 DPDK:fast-tests / devargs_autotest                        OK              0.48s
 23/119 DPDK:fast-tests / dispatcher_autotest                     OK              2.54s
 24/119 DPDK:fast-tests / distributor_autotest                    OK              1.20s
 25/119 DPDK:fast-tests / eal_flags_c_opt_autotest                OK              0.79s
 26/119 DPDK:fast-tests / eal_flags_main_opt_autotest             OK              0.22s
 27/119 DPDK:fast-tests / eal_flags_n_opt_autotest                OK              0.20s
 28/119 DPDK:fast-tests / eal_flags_hpet_autotest                 OK              0.14s
 29/119 DPDK:fast-tests / eal_flags_no_huge_autotest              OK              0.22s
 30/119 DPDK:fast-tests / eal_flags_a_opt_autotest                OK              0.30s
 31/119 DPDK:fast-tests / eal_flags_b_opt_autotest                OK              0.25s
 32/119 DPDK:fast-tests / eal_flags_vdev_opt_autotest             OK              0.20s
 33/119 DPDK:fast-tests / eal_flags_r_opt_autotest                OK              0.19s
 34/119 DPDK:fast-tests / eal_flags_mem_autotest                  OK              0.59s
 35/119 DPDK:fast-tests / eal_flags_file_prefix_autotest          OK             22.25s
 36/119 DPDK:fast-tests / eal_flags_misc_autotest                 OK              1.06s
 37/119 DPDK:fast-tests / eal_fs_autotest                         OK              0.48s
 38/119 DPDK:fast-tests / errno_autotest                          OK              0.48s
 39/119 DPDK:fast-tests / ethdev_link_status                      OK              0.48s
 40/119 DPDK:fast-tests / event_eth_tx_adapter_autotest           OK              1.69s
 41/119 DPDK:fast-tests / event_ring_autotest                     OK              0.48s
 42/119 DPDK:fast-tests / eventdev_common_autotest                OK              0.48s
 43/119 DPDK:fast-tests / eventdev_selftest_sw                    OK              7.30s
 44/119 DPDK:fast-tests / fbarray_autotest                        OK              0.48s
 45/119 DPDK:fast-tests / fib_autotest                            OK              1.38s
 46/119 DPDK:fast-tests / fib6_autotest                           OK              1.15s
 47/119 DPDK:fast-tests / func_reentrancy_autotest                OK              2.23s
 48/119 DPDK:fast-tests / graph_autotest                          OK              0.48s
 49/119 DPDK:fast-tests / node_list_dump                          OK              0.48s
 50/119 DPDK:fast-tests / hash_autotest                           OK              1.10s
 51/119 DPDK:fast-tests / hash_readwrite_func_autotest            OK              6.39s
 52/119 DPDK:fast-tests / interrupt_autotest                      OK              1.78s
 53/119 DPDK:fast-tests / ipfrag_autotest                         OK              0.08s
 54/119 DPDK:fast-tests / ipsec_autotest                          SKIP            0.48s   exit status 77
 55/119 DPDK:fast-tests / kvargs_autotest                         OK              0.48s
 56/119 DPDK:fast-tests / latencystats_autotest                   OK              0.49s
 57/119 DPDK:fast-tests / lcore_var_autotest                      OK              0.62s
 58/119 DPDK:fast-tests / lcores_autotest                         OK              5.29s
 59/119 DPDK:fast-tests / logs_autotest                           OK              0.48s
 60/119 DPDK:fast-tests / lpm_autotest                            OK              2.54s
 61/119 DPDK:fast-tests / lpm6_autotest                           OK              5.67s
 62/119 DPDK:fast-tests / malloc_autotest                         OK             60.70s
 63/119 DPDK:fast-tests / mbuf_autotest                           OK              5.77s
 64/119 DPDK:fast-tests / mcslock_autotest                        OK              2.83s
 65/119 DPDK:fast-tests / member_autotest                         OK              1.72s
 66/119 DPDK:fast-tests / memcpy_autotest                         OK              7.08s
 67/119 DPDK:fast-tests / memory_autotest                         OK              0.09s
 68/119 DPDK:fast-tests / mempool_autotest                        OK              0.43s
 69/119 DPDK:fast-tests / memzone_autotest                        OK              0.14s
 70/119 DPDK:fast-tests / meter_autotest                          OK              0.48s
 71/119 DPDK:fast-tests / metrics_autotest                        OK              0.48s
 72/119 DPDK:fast-tests / multiprocess_autotest                   OK              0.19s
 73/119 DPDK:fast-tests / net_ether_autotest                      OK              1.14s
 74/119 DPDK:fast-tests / net_ipv6_autotest                       OK              0.48s
 75/119 DPDK:fast-tests / pcapng_autotest                         OK              6.23s
 76/119 DPDK:fast-tests / pdcp_autotest                           SKIP            0.07s   exit status 77
 77/119 DPDK:fast-tests / pdump_autotest                          OK              0.58s
 78/119 DPDK:fast-tests / per_lcore_autotest                      OK              0.58s
 79/119 DPDK:fast-tests / pflock_autotest                         OK              1.29s
 80/119 DPDK:fast-tests / pie_autotest                            OK              0.48s
 81/119 DPDK:fast-tests / ring_pmd_autotest                       OK              0.48s
 82/119 DPDK:fast-tests / power_autotest                          OK              0.48s
 83/119 DPDK:fast-tests / power_cpufreq_autotest                  SKIP            0.07s   exit status 77
 84/119 DPDK:fast-tests / power_intel_uncore_autotest             SKIP            0.47s   exit status 77
 85/119 DPDK:fast-tests / power_kvm_vm_autotest                   SKIP            0.07s   exit status 77
 86/119 DPDK:fast-tests / prefetch_autotest                       OK              0.47s
 87/119 DPDK:fast-tests / ptr_compress_autotest                   OK              0.48s
 88/119 DPDK:fast-tests / rawdev_autotest                         OK              0.48s
 89/119 DPDK:fast-tests / rcu_qsbr_autotest                       OK              1.00s
 90/119 DPDK:fast-tests / reorder_autotest                        OK              0.54s
 91/119 DPDK:fast-tests / rib_autotest                            OK              9.13s
 92/119 DPDK:fast-tests / rib6_autotest                           OK              9.13s
 93/119 DPDK:fast-tests / ring_autotest                           OK              0.51s
 94/119 DPDK:fast-tests / rwlock_test1_autotest                   OK              1.23s
 95/119 DPDK:fast-tests / rwlock_rda_autotest                     OK              5.48s
 96/119 DPDK:fast-tests / rwlock_rds_wrm_autotest                 OK              5.48s
 97/119 DPDK:fast-tests / rwlock_rde_wro_autotest                 OK              5.48s
 98/119 DPDK:fast-tests / sched_autotest                          OK              0.48s
 99/119 DPDK:fast-tests / security_autotest                       OK              0.07s
100/119 DPDK:fast-tests / seqlock_autotest                        OK              2.48s
101/119 DPDK:fast-tests / service_autotest                        OK              3.17s
102/119 DPDK:fast-tests / soring_autotest                         OK              0.48s
103/119 DPDK:fast-tests / spinlock_autotest                       OK              0.56s
104/119 DPDK:fast-tests / stack_autotest                          OK              0.87s
105/119 DPDK:fast-tests / stack_lf_autotest                       SKIP            0.06s   exit status 77
106/119 DPDK:fast-tests / string_autotest                         OK              0.47s
107/119 DPDK:fast-tests / table_autotest                          OK              7.92s
108/119 DPDK:fast-tests / tailq_autotest                          OK              0.47s
109/119 DPDK:fast-tests / telemetry_data_autotest                 OK              0.48s
110/119 DPDK:fast-tests / telemetry_json_autotest                 OK              0.48s
111/119 DPDK:fast-tests / thash_autotest                          OK              0.49s
112/119 DPDK:fast-tests / threads_autotest                        OK              0.66s
113/119 DPDK:fast-tests / ticketlock_autotest                     OK              0.64s
114/119 DPDK:fast-tests / timer_autotest                          OK              3.98s
115/119 DPDK:fast-tests / trace_autotest                          OK              0.47s
116/119 DPDK:fast-tests / trace_autotest_with_traces              OK              0.48s
117/119 DPDK:fast-tests / vdev_autotest                           OK              0.47s
118/119 DPDK:fast-tests / version_autotest                        OK              0.48s
119/119 DPDK:fast-tests / telemetry_all                           OK              1.40s


Ok:                 112
Expected Fail:      0
Fail:               0
Unexpected Pass:    0
Skipped:            7
Timeout:            0


^ permalink raw reply	[flat|nested] 4+ messages in thread

* |SUCCESS| pw151848 [PATCH v2 14/14] net/zxdh: clean stat values
       [not found] <20250222072232.561353-15-chen.bingbin@zte.com.cn>
  2025-02-22  7:05 ` |SUCCESS| pw151838-151848 [PATCH v2 14/14] net/zxdh: clean stat values qemudev
  2025-02-22  7:10 ` qemudev
@ 2025-02-22  7:39 ` checkpatch
  2025-02-22  8:44 ` |FAILURE| " 0-day Robot
  3 siblings, 0 replies; 4+ messages in thread
From: checkpatch @ 2025-02-22  7:39 UTC (permalink / raw)
  To: test-report

Test-Label: checkpatch
Test-Status: SUCCESS
http://dpdk.org/patch/151848

_coding style OK_



^ permalink raw reply	[flat|nested] 4+ messages in thread

* |FAILURE| pw151848 [PATCH v2 14/14] net/zxdh: clean stat values
       [not found] <20250222072232.561353-15-chen.bingbin@zte.com.cn>
                   ` (2 preceding siblings ...)
  2025-02-22  7:39 ` |SUCCESS| pw151848 " checkpatch
@ 2025-02-22  8:44 ` 0-day Robot
  3 siblings, 0 replies; 4+ messages in thread
From: 0-day Robot @ 2025-02-22  8:44 UTC (permalink / raw)
  To: test-report; +Cc: chen.bingbin, robot

From: robot@bytheb.org

Test-Label: github-robot: build
Test-Status: FAILURE
http://patchwork.dpdk.org/patch/151848/

_github build: failed_
Build URL: https://github.com/ovsrobot/dpdk/actions/runs/13470957343
Build Logs:
-----------------------Summary of failed steps-----------------------
"ubuntu-22.04-clang-stdatomic" failed at step Build and test
"ubuntu-22.04-clang-asan+doc+tests" failed at step Build and test
"fedora:39-clang" failed at step Build
----------------------End summary of failed steps--------------------

-------------------------------BEGIN LOGS----------------------------
####################################################################################
#### [Begin job log] "ubuntu-22.04-clang-stdatomic" at step Build and test
####################################################################################
[2300/3227] Compiling C object drivers/libtmp_rte_net_zxdh.a.p/net_zxdh_zxdh_common.c.o
[2301/3227] Compiling C object drivers/libtmp_rte_net_zxdh.a.p/net_zxdh_zxdh_msg.c.o
[2302/3227] Compiling C object drivers/libtmp_rte_net_zxdh.a.p/net_zxdh_zxdh_queue.c.o
[2303/3227] Compiling C object drivers/libtmp_rte_net_xsc.a.p/net_xsc_xsc_tx.c.o
[2304/3227] Linking static target drivers/libtmp_rte_net_xsc.a
[2305/3227] Compiling C object drivers/libtmp_rte_net_zxdh.a.p/net_zxdh_zxdh_np.c.o
FAILED: drivers/libtmp_rte_net_zxdh.a.p/net_zxdh_zxdh_np.c.o 
ccache clang -Idrivers/libtmp_rte_net_zxdh.a.p -Idrivers -I../drivers -Idrivers/net/zxdh -I../drivers/net/zxdh -Ilib/ethdev -I../lib/ethdev -I. -I.. -Iconfig -I../config -Ilib/eal/include -I../lib/eal/include -Ilib/eal/linux/include -I../lib/eal/linux/include -Ilib/eal/x86/include -I../lib/eal/x86/include -I../kernel/linux -Ilib/eal/common -I../lib/eal/common -Ilib/eal -I../lib/eal -Ilib/kvargs -I../lib/kvargs -Ilib/log -I../lib/log -Ilib/metrics -I../lib/metrics -Ilib/telemetry -I../lib/telemetry -Ilib/net -I../lib/net -Ilib/mbuf -I../lib/mbuf -Ilib/mempool -I../lib/mempool -Ilib/ring -I../lib/ring -Ilib/meter -I../lib/meter -Idrivers/bus/pci -I../drivers/bus/pci -I../drivers/bus/pci/linux -Ilib/pci -I../lib/pci -Idrivers/bus/vdev -I../drivers/bus/vdev -Xclang -fcolor-diagnostics -pipe -D_FILE_OFFSET_BITS=64 -Wall -Winvalid-pch -Wextra -Werror -std=c11 -O2 -g -include rte_config.h -Wvla -Wcast-qual -Wdeprecated -Wformat -Wformat-nonliteral -Wformat-security -Wmissing-declarations -Wmissing-prototypes -Wnested-externs -Wold-style-definition -Wpointer-arith -Wsign-compare -Wstrict-prototypes -Wundef -Wwrite-strings -Wno-missing-field-initializers -D_GNU_SOURCE -fPIC -march=corei7 -mrtm -DALLOW_EXPERIMENTAL_API -DALLOW_INTERNAL_API -Wno-address-of-packed-member -Wno-vla -DRTE_LOG_DEFAULT_LOGTYPE=pmd.net.zxdh -DRTE_ANNOTATE_LOCKS -Wthread-safety -MD -MQ drivers/libtmp_rte_net_zxdh.a.p/net_zxdh_zxdh_np.c.o -MF drivers/libtmp_rte_net_zxdh.a.p/net_zxdh_zxdh_np.c.o.d -o drivers/libtmp_rte_net_zxdh.a.p/net_zxdh_zxdh_np.c.o -c ../drivers/net/zxdh/zxdh_np.c
../drivers/net/zxdh/zxdh_np.c:621:1: error: mutex 'p_spinlock->spinlock' is still held at the end of function [-Werror,-Wthread-safety-analysis]
}
^
../drivers/net/zxdh/zxdh_np.c:620:2: note: mutex acquired here
        rte_spinlock_lock(&p_spinlock->spinlock);
        ^
../drivers/net/zxdh/zxdh_np.c:626:2: error: releasing spinlock 'p_spinlock->spinlock' that was not held [-Werror,-Wthread-safety-analysis]
        rte_spinlock_unlock(&p_spinlock->spinlock);
        ^
2 errors generated.
[2306/3227] Generating rte_net_xsc.pmd.c with a custom command
[2307/3227] Compiling C object drivers/libtmp_rte_net_zxdh.a.p/net_zxdh_zxdh_tables.c.o
[2308/3227] Compiling C object drivers/libtmp_rte_net_zxdh.a.p/net_zxdh_zxdh_rxtx.c.o
[2309/3227] Compiling C object drivers/libtmp_rte_net_zxdh.a.p/net_zxdh_zxdh_ethdev_ops.c.o
[2310/3227] Compiling C object drivers/libtmp_rte_raw_cnxk_bphy.a.p/raw_cnxk_bphy_cnxk_bphy.c.o
ninja: build stopped: subcommand failed.
##[error]Process completed with exit code 1.
####################################################################################
#### [End job log] "ubuntu-22.04-clang-stdatomic" at step Build and test
####################################################################################




####################################################################################
#### [Begin job log] "ubuntu-22.04-clang-asan+doc+tests" at step Build and test
####################################################################################
[2338/6675] Compiling C object drivers/libtmp_rte_net_zxdh.a.p/net_zxdh_zxdh_queue.c.o
[2339/6675] Compiling C object drivers/libtmp_rte_net_zxdh.a.p/net_zxdh_zxdh_ethdev.c.o
[2340/6675] Compiling C object drivers/libtmp_rte_net_xsc.a.p/net_xsc_xsc_tx.c.o
[2341/6675] Compiling C object drivers/libtmp_rte_net_zxdh.a.p/net_zxdh_zxdh_pci.c.o
[2342/6675] Linking static target drivers/libtmp_rte_net_xsc.a
[2343/6675] Compiling C object drivers/libtmp_rte_net_zxdh.a.p/net_zxdh_zxdh_np.c.o
FAILED: drivers/libtmp_rte_net_zxdh.a.p/net_zxdh_zxdh_np.c.o 
ccache clang -Idrivers/libtmp_rte_net_zxdh.a.p -Idrivers -I../drivers -Idrivers/net/zxdh -I../drivers/net/zxdh -Ilib/ethdev -I../lib/ethdev -I. -I.. -Iconfig -I../config -Ilib/eal/include -I../lib/eal/include -Ilib/eal/linux/include -I../lib/eal/linux/include -Ilib/eal/x86/include -I../lib/eal/x86/include -I../kernel/linux -Ilib/eal/common -I../lib/eal/common -Ilib/eal -I../lib/eal -Ilib/kvargs -I../lib/kvargs -Ilib/log -I../lib/log -Ilib/metrics -I../lib/metrics -Ilib/telemetry -I../lib/telemetry -Ilib/net -I../lib/net -Ilib/mbuf -I../lib/mbuf -Ilib/mempool -I../lib/mempool -Ilib/ring -I../lib/ring -Ilib/meter -I../lib/meter -Idrivers/bus/pci -I../drivers/bus/pci -I../drivers/bus/pci/linux -Ilib/pci -I../lib/pci -Idrivers/bus/vdev -I../drivers/bus/vdev -Xclang -fcolor-diagnostics -fsanitize=address -fno-omit-frame-pointer -pipe -D_FILE_OFFSET_BITS=64 -Wall -Winvalid-pch -Wextra -Werror -std=c11 -O2 -g -include rte_config.h -Wvla -Wcast-qual -Wdeprecated -Wformat -Wformat-nonliteral -Wformat-security -Wmissing-declarations -Wmissing-prototypes -Wnested-externs -Wold-style-definition -Wpointer-arith -Wsign-compare -Wstrict-prototypes -Wundef -Wwrite-strings -Wno-missing-field-initializers -D_GNU_SOURCE -fPIC -march=corei7 -mrtm -DALLOW_EXPERIMENTAL_API -DALLOW_INTERNAL_API -Wno-address-of-packed-member -Wno-vla -DRTE_LOG_DEFAULT_LOGTYPE=pmd.net.zxdh -DRTE_ANNOTATE_LOCKS -Wthread-safety -MD -MQ drivers/libtmp_rte_net_zxdh.a.p/net_zxdh_zxdh_np.c.o -MF drivers/libtmp_rte_net_zxdh.a.p/net_zxdh_zxdh_np.c.o.d -o drivers/libtmp_rte_net_zxdh.a.p/net_zxdh_zxdh_np.c.o -c ../drivers/net/zxdh/zxdh_np.c
../drivers/net/zxdh/zxdh_np.c:621:1: error: mutex 'p_spinlock->spinlock' is still held at the end of function [-Werror,-Wthread-safety-analysis]
}
^
../drivers/net/zxdh/zxdh_np.c:620:2: note: mutex acquired here
        rte_spinlock_lock(&p_spinlock->spinlock);
        ^
../drivers/net/zxdh/zxdh_np.c:626:2: error: releasing spinlock 'p_spinlock->spinlock' that was not held [-Werror,-Wthread-safety-analysis]
        rte_spinlock_unlock(&p_spinlock->spinlock);
        ^
2 errors generated.
[2344/6675] Generating rte_net_xsc.pmd.c with a custom command
[2345/6675] Compiling C object drivers/libtmp_rte_net_zxdh.a.p/net_zxdh_zxdh_common.c.o
[2346/6675] Compiling C object drivers/libtmp_rte_net_zxdh.a.p/net_zxdh_zxdh_tables.c.o
[2347/6675] Compiling C object drivers/libtmp_rte_net_mlx5.a.p/net_mlx5_mlx5_tx_txpp.c.o
[2348/6675] Compiling C object drivers/libtmp_rte_net_mlx5.a.p/net_mlx5_mlx5_tx_empw.c.o
ninja: build stopped: subcommand failed.
##[error]Process completed with exit code 1.
####################################################################################
#### [End job log] "ubuntu-22.04-clang-asan+doc+tests" at step Build and test
####################################################################################




####################################################################################
#### [Begin job log] "fedora:39-clang" at step Build
####################################################################################
####################################################################################
#### [End job log] "fedora:39-clang" at step Build
####################################################################################
--------------------------------END LOGS-----------------------------

^ permalink raw reply	[flat|nested] 4+ messages in thread

end of thread, other threads:[~2025-02-22  8:44 UTC | newest]

Thread overview: 4+ messages (download: mbox.gz / follow: Atom feed)
-- links below jump to the message on this page --
     [not found] <20250222072232.561353-15-chen.bingbin@zte.com.cn>
2025-02-22  7:05 ` |SUCCESS| pw151838-151848 [PATCH v2 14/14] net/zxdh: clean stat values qemudev
2025-02-22  7:10 ` qemudev
2025-02-22  7:39 ` |SUCCESS| pw151848 " checkpatch
2025-02-22  8:44 ` |FAILURE| " 0-day Robot

This is a public inbox, see mirroring instructions
for how to clone and mirror all data and code used for this inbox;
as well as URLs for NNTP newsgroup(s).