From: qemudev@loongson.cn
To: test-report@dpdk.org
Subject: |SUCCESS| pw152719-152722 [PATCH v4 4/4] net/macb: add necessary docs and update related files
Date: Wed, 2 Apr 2025 14:29:06 +0800	[thread overview]
Message-ID: <202504020629.5326T6Sm1878651@localhost.localdomain> (raw)
In-Reply-To: <1743577171-119901-1-git-send-email-liwencheng@phytium.com.cn>
Test-Label: loongarch-compilation
Test-Status: SUCCESS
http://dpdk.org/patch/152722
_Compilation OK_
Submitter: liwencheng <liwencheng@phytium.com.cn>
Date: Wed,  2 Apr 2025 06:58:32 +0000
DPDK git baseline: Repo:dpdk
  Branch: main
  CommitID: edd3f4b1265e6da707c46ca9b6c39d332647baea
152719-152722 --> meson & ninja build successfully
Test environment and result as below:
+---------------------+----------------+
|     Environment     | compilation    |
+---------------------+----------------+
| Loongnix-Server 8.3 | PASS           |
+---------------------+----------------+
Loongnix-Server 8.3
    Kernel: 4.19.190+
    Compiler: gcc 8.3
next      parent reply	other threads:[~2025-04-02  7:05 UTC|newest]
Thread overview: 29+ messages / expand[flat|nested]  mbox.gz  Atom feed  top
     [not found] <1743577171-119901-1-git-send-email-liwencheng@phytium.com.cn>
2025-04-02  6:29 ` qemudev [this message]
2025-04-02  6:33 ` qemudev
2025-04-02  7:02 ` |WARNING| pw152722 " checkpatch
2025-04-02  7:29 ` |SUCCESS| pw152719-152722 [PATCH] [v4,4/4] net/macb: add necessary d dpdklab
2025-04-02  7:33 ` dpdklab
2025-04-02  7:43 ` dpdklab
2025-04-02  7:44 ` dpdklab
2025-04-02  7:44 ` dpdklab
2025-04-02  7:50 ` dpdklab
2025-04-02  7:52 ` |PENDING| " dpdklab
2025-04-02  7:53 ` |SUCCESS| " dpdklab
2025-04-02  7:58 ` |FAILURE| " dpdklab
2025-04-02  7:58 ` |SUCCESS| " dpdklab
2025-04-02  8:21 ` dpdklab
2025-04-02  8:23 ` dpdklab
2025-04-02  8:26 ` |PENDING| " dpdklab
2025-04-02  8:37 ` |FAILURE| " dpdklab
2025-04-02  8:42 ` |FAILURE| pw152722 [PATCH v4 4/4] net/macb: add necessary docs and update related files 0-day Robot
2025-04-02  8:42 ` |WARNING| pw152719-152722 [PATCH] [v4,4/4] net/macb: add necessary d dpdklab
2025-04-02  8:51 ` |PENDING| " dpdklab
2025-04-02  9:12 ` |SUCCESS| " dpdklab
2025-04-02  9:13 ` dpdklab
2025-04-02  9:14 ` |FAILURE| " dpdklab
2025-04-02  9:14 ` dpdklab
2025-04-02  9:25 ` dpdklab
2025-04-02  9:30 ` dpdklab
2025-04-02  9:40 ` |SUCCESS| " dpdklab
2025-04-02  9:58 ` |FAILURE| " dpdklab
2025-04-02 12:07 ` |SUCCESS| " dpdklab
Reply instructions:
You may reply publicly to this message via plain-text email
using any one of the following methods:
* Save the following mbox file, import it into your mail client,
  and reply-to-all from there: mbox
  Avoid top-posting and favor interleaved quoting:
  https://en.wikipedia.org/wiki/Posting_style#Interleaved_style
* Reply using the --to, --cc, and --in-reply-to
  switches of git-send-email(1):
  git send-email \
    --in-reply-to=202504020629.5326T6Sm1878651@localhost.localdomain \
    --to=qemudev@loongson.cn \
    --cc=test-report@dpdk.org \
    /path/to/YOUR_REPLY
  https://kernel.org/pub/software/scm/git/docs/git-send-email.html
* If your mail client supports setting the In-Reply-To header
  via mailto: links, try the mailto: link
  Be sure your reply has a Subject: header at the top and a blank line
  before the message body.
This is a public inbox, see mirroring instructions
for how to clone and mirror all data and code used for this inbox;
as well as URLs for NNTP newsgroup(s).