automatic DPDK test reports
 help / color / mirror / Atom feed
From: qemudev@loongson.cn
To: test-report@dpdk.org
Cc: Stephen Hemminger <stephen@networkplumber.org>, zhoumin@loongson.cn
Subject: |FAILURE| pw152891-152903 [RFC 13/13] app/dumpcap: use port mirror instead of pdump
Date: Sat, 12 Apr 2025 07:16:57 +0800	[thread overview]
Message-ID: <202504112316.53BNGvPm2426334@localhost.localdomain> (raw)
In-Reply-To: <20250411234927.114568-14-stephen@networkplumber.org>

Test-Label: loongarch-compilation
Test-Status: FAILURE
http://dpdk.org/patch/152903

_ninja build failure_

Submitter: Stephen Hemminger <stephen@networkplumber.org>
Date: Fri, 11 Apr 2025 16:44:38 -0700
DPDK git baseline: Repo:dpdk
  Branch: main
  CommitID: ca1690ebd224f148268285b15b97441ccdbdd07e

152891-152903 --> ninja build failed

Test environment and result as below:

+---------------------+----------------+
|     Environment     | compilation    |
+---------------------+----------------+
| Loongnix-Server 8.3 | FAIL           |
+---------------------+----------------+

Loongnix-Server 8.3
    Kernel: 4.19.190+
    Compiler: gcc 8.3


Ninja build logs:
-------------------------------BEGIN LOGS----------------------------
FAILED: lib/librte_ethdev.a.p/ethdev_ethdev_private.c.o
cc -Ilib/librte_ethdev.a.p -Ilib -I../lib -Ilib/ethdev -I../lib/ethdev -Ilib/eal/common -I../lib/eal/common -I. -I.. -Iconfig -I../config -Ilib/eal/include -I../lib/eal/include -Ilib/eal/linux/include -I../lib/eal/linux/include -Ilib/eal/loongarch/include -I../lib/eal/loongarch/include -I../kernel/linux -Ilib/eal -I../lib/eal -Ilib/kvargs -I../lib/kvargs -Ilib/log -I../lib/log -Ilib/metrics -I../lib/metrics -Ilib/telemetry -I../lib/telemetry -Ilib/net -I../lib/net -Ilib/mbuf -I../lib/mbuf -Ilib/mempool -I../lib/mempool -Ilib/ring -I../lib/ring -Ilib/meter -I../lib/meter -fdiagnostics-color=always -pipe -D_FILE_OFFSET_BITS=64 -Wall -Winvalid-pch -Wextra -std=c11 -O3 -include rte_config.h -Wvla -Wcast-qual -Wdeprecated -Wformat -Wformat-nonliteral -Wformat-security -Wmissing-declarations -Wmissing-prototypes -Wnested-externs -Wold-style-definition -Wpointer-arith -Wsign-compare -Wstrict-prototypes -Wundef -Wwrite-strings -Wno-packed-not-aligned -Wno-missing-field-initializers -D_GNU_SO
 URCE -fPIC -march=loongarch64 -DALLOW_EXPERIMENTAL_API -DALLOW_INTERNAL_API -Wno-format-truncation -DRTE_LOG_DEFAULT_LOGTYPE=lib.ethdev -MD -MQ lib/librte_ethdev.a.p/ethdev_ethdev_private.c.o -MF lib/librte_ethdev.a.p/ethdev_ethdev_private.c.o.d -o lib/librte_ethdev.a.p/ethdev_ethdev_private.c.o -c ../lib/ethdev/ethdev_private.c
./lib/ethdev/ethdev_private.c:499:71: error: expected ‘,’ before ‘)’ token
static_assert(sizeof(struct ethdev_mp_request) <= RTE_MP_MAX_PARAM_LEN);
^
./lib/ethdev/ethdev_private.c: In function ‘ethdev_request’:
./lib/ethdev/ethdev_private.c:552:3: warning: implicit declaration of function ‘free’ [-Wimplicit-function-declaration]
free(mp_reply.msgs);
^~~~
./lib/ethdev/ethdev_private.c:552:3: warning: incompatible implicit declaration of built-in function ‘free’
./lib/ethdev/ethdev_private.c:552:3: note: include ‘<stdlib.h>’ or provide a declaration of ‘free’
./lib/ethdev/ethdev_private.c:12:1:
+#include <stdlib.h>

./lib/ethdev/ethdev_private.c:552:3:
free(mp_reply.msgs);
^~~~
[107/2952] Compiling C object lib/librte_net.so.25.2.p/net_rte_arp.c.o
[108/2952] Compiling C object lib/librte_net.a.p/net_rte_net.c.o
[109/2952] Compiling C object lib/librte_eal.a.p/eal_common_rte_service.c.o
[110/2952] Compiling C object lib/librte_mbuf.a.p/mbuf_rte_mbuf_dyn.c.o
[111/2952] Compiling C object lib/librte_eal.a.p/eal_linux_eal_memalloc.c.o
[112/2952] Compiling C object lib/librte_net.so.25.2.p/net_rte_net.c.o
[113/2952] Generating log.sym_chk with a custom command (wrapped by meson to capture output)
[114/2952] Compiling C object lib/librte_eal.a.p/eal_common_eal_common_options.c.o
[115/2952] Compiling C object lib/librte_eal.a.p/eal_linux_eal_interrupts.c.o
[116/2952] Compiling C object lib/librte_ethdev.a.p/ethdev_rte_class_eth.c.o
[117/2952] Compiling C object lib/librte_ethdev.a.p/ethdev_sff_telemetry.c.o
[118/2952] Compiling C object lib/librte_ethdev.a.p/ethdev_sff_common.c.o
[119/2952] Compiling C object lib/librte_ethdev.a.p/ethdev_sff_8079.c.o
[120/2952] Compiling C object lib/librte_ethdev.a.p/ethdev_ethdev_linux_ethtool.c.o
[121/2952] Compiling C object lib/librte_eal.a.p/eal_linux_eal_memory.c.o
[122/2952] Compiling C object lib/librte_mempool.a.p/mempool_rte_mempool.c.o
[123/2952] Compiling C object lib/librte_ethdev.a.p/ethdev_rte_ethdev_cman.c.o
[124/2952] Compiling C object lib/librte_ethdev.a.p/ethdev_sff_8472.c.o
[125/2952] Compiling C object lib/librte_eal.a.p/eal_linux_eal_vfio.c.o
[126/2952] Compiling C object lib/librte_ethdev.a.p/ethdev_ethdev_driver.c.o
[127/2952] Generating meter.sym_chk with a custom command (wrapped by meson to capture output)
[128/2952] Compiling C object lib/librte_rcu.a.p/rcu_rte_rcu_qsbr.c.o
[129/2952] Compiling C object lib/librte_ethdev.a.p/ethdev_sff_8636.c.o
[130/2952] Compiling C object lib/librte_mbuf.a.p/mbuf_rte_mbuf.c.o
[131/2952] Generating telemetry.sym_chk with a custom command (wrapped by meson to capture output)
[132/2952] Compiling C object lib/librte_ethdev.a.p/ethdev_rte_mtr.c.o
[133/2952] Compiling C object lib/librte_ethdev.a.p/ethdev_rte_ethdev_telemetry.c.o
[134/2952] Compiling C object lib/librte_ethdev.a.p/ethdev_rte_tm.c.o
[135/2952] Compiling C object lib/librte_ethdev.a.p/ethdev_rte_flow.c.o
[136/2952] Compiling C object lib/librte_ethdev.a.p/ethdev_ethdev_trace_points.c.o
[137/2952] Compiling C object lib/librte_ring.a.p/ring_soring.c.o
[138/2952] Compiling C object lib/librte_hash.a.p/hash_rte_cuckoo_hash.c.o
[139/2952] Compiling C object lib/librte_ethdev.a.p/ethdev_rte_ethdev.c.o
ninja: build stopped: subcommand failed.
-------------------------------END LOGS------------------------------


       reply	other threads:[~2025-04-11 23:53 UTC|newest]

Thread overview: 21+ messages / expand[flat|nested]  mbox.gz  Atom feed  top
     [not found] <20250411234927.114568-14-stephen@networkplumber.org>
2025-04-11 23:16 ` qemudev [this message]
2025-04-11 23:52 ` |WARNING| pw152903 " checkpatch
2025-04-12  0:23 ` |FAILURE| " 0-day Robot
2025-04-12  1:08 ` |WARNING| pw152891-152903 [PATCH] [RFC,13/13] app/dumpcap: use port dpdklab
2025-04-12  1:08 ` |SUCCESS| " dpdklab
2025-04-12  1:24 ` dpdklab
2025-04-12  1:29 ` |FAILURE| " dpdklab
2025-04-12  1:38 ` |SUCCESS| " dpdklab
2025-04-12  1:39 ` |FAILURE| " dpdklab
2025-04-12  1:45 ` |SUCCESS| " dpdklab
2025-04-12  1:45 ` dpdklab
2025-04-12  1:53 ` |WARNING| " dpdklab
2025-04-12  1:54 ` dpdklab
2025-04-12  2:09 ` |FAILURE| " dpdklab
2025-04-12  2:12 ` |SUCCESS| " dpdklab
2025-04-12  2:20 ` |WARNING| " dpdklab
2025-04-12  2:21 ` dpdklab
2025-04-12  2:21 ` |FAILURE| " dpdklab
2025-04-12  2:22 ` |WARNING| " dpdklab
2025-04-12  2:37 ` |FAILURE| " dpdklab
2025-04-12  3:24 ` dpdklab

Reply instructions:

You may reply publicly to this message via plain-text email
using any one of the following methods:

* Save the following mbox file, import it into your mail client,
  and reply-to-all from there: mbox

  Avoid top-posting and favor interleaved quoting:
  https://en.wikipedia.org/wiki/Posting_style#Interleaved_style

* Reply using the --to, --cc, and --in-reply-to
  switches of git-send-email(1):

  git send-email \
    --in-reply-to=202504112316.53BNGvPm2426334@localhost.localdomain \
    --to=qemudev@loongson.cn \
    --cc=stephen@networkplumber.org \
    --cc=test-report@dpdk.org \
    --cc=zhoumin@loongson.cn \
    /path/to/YOUR_REPLY

  https://kernel.org/pub/software/scm/git/docs/git-send-email.html

* If your mail client supports setting the In-Reply-To header
  via mailto: links, try the mailto: link
Be sure your reply has a Subject: header at the top and a blank line before the message body.
This is a public inbox, see mirroring instructions
for how to clone and mirror all data and code used for this inbox;
as well as URLs for NNTP newsgroup(s).