automatic DPDK test reports
 help / color / mirror / Atom feed
From: qemudev@loongson.cn
To: test-report@dpdk.org
Subject: |SUCCESS| pw153181 [PATCH] Add new tracepoint function for type time_t
Date: Tue, 29 Apr 2025 10:27:16 +0800	[thread overview]
Message-ID: <202504290227.53T2RGrS104899@localhost.localdomain> (raw)
In-Reply-To: <20250429030017.1126516-1-changqing.li@windriver.com>

Test-Label: loongarch-compilation
Test-Status: SUCCESS
http://dpdk.org/patch/153181

_Compilation OK_

Submitter: Changqing Li <changqing.li@windriver.com>
Date: Tue, 29 Apr 2025 11:00:17 +0800
DPDK git baseline: Repo:dpdk
  Branch: main
  CommitID: ca1690ebd224f148268285b15b97441ccdbdd07e

153181 --> meson & ninja build successfully

Test environment and result as below:

+---------------------+----------------+
|     Environment     | compilation    |
+---------------------+----------------+
| Loongnix-Server 8.3 | PASS           |
+---------------------+----------------+

Loongnix-Server 8.3
    Kernel: 4.19.190+
    Compiler: gcc 8.3


       reply	other threads:[~2025-04-29  3:03 UTC|newest]

Thread overview: 23+ messages / expand[flat|nested]  mbox.gz  Atom feed  top
     [not found] <20250429030017.1126516-1-changqing.li@windriver.com>
2025-04-29  2:27 ` qemudev [this message]
2025-04-29  2:31 ` qemudev
2025-04-29  3:00 ` |WARNING| " checkpatch
2025-04-29  3:26 ` |SUCCESS| pw153181 [PATCH] Add new tracepoint function for type time dpdklab
2025-04-29  3:30 ` dpdklab
2025-04-29  3:43 ` |PENDING| " dpdklab
2025-04-29  3:45 ` |SUCCESS| " dpdklab
2025-04-29  3:47 ` dpdklab
2025-04-29  3:48 ` |PENDING| " dpdklab
2025-04-29  3:50 ` |SUCCESS| " dpdklab
2025-04-29  3:52 ` |PENDING| " dpdklab
2025-04-29  3:55 ` |SUCCESS| " dpdklab
2025-04-29  4:01 ` dpdklab
2025-04-29  4:04 ` |FAILURE| pw153181 [PATCH] Add new tracepoint function for type time_t 0-day Robot
2025-04-29  4:07 ` |PENDING| pw153181 [PATCH] Add new tracepoint function for type time dpdklab
2025-04-29  4:10 ` |SUCCESS| " dpdklab
2025-04-29  4:11 ` |PENDING| " dpdklab
2025-04-29  4:34 ` |SUCCESS| " dpdklab
2025-04-29  4:59 ` dpdklab
2025-04-29  5:01 ` dpdklab
2025-04-29  5:34 ` dpdklab
2025-04-29  6:55 ` dpdklab
2025-04-29  8:18 ` dpdklab

Reply instructions:

You may reply publicly to this message via plain-text email
using any one of the following methods:

* Save the following mbox file, import it into your mail client,
  and reply-to-all from there: mbox

  Avoid top-posting and favor interleaved quoting:
  https://en.wikipedia.org/wiki/Posting_style#Interleaved_style

* Reply using the --to, --cc, and --in-reply-to
  switches of git-send-email(1):

  git send-email \
    --in-reply-to=202504290227.53T2RGrS104899@localhost.localdomain \
    --to=qemudev@loongson.cn \
    --cc=test-report@dpdk.org \
    /path/to/YOUR_REPLY

  https://kernel.org/pub/software/scm/git/docs/git-send-email.html

* If your mail client supports setting the In-Reply-To header
  via mailto: links, try the mailto: link
Be sure your reply has a Subject: header at the top and a blank line before the message body.
This is a public inbox, see mirroring instructions
for how to clone and mirror all data and code used for this inbox;
as well as URLs for NNTP newsgroup(s).