automatic DPDK test reports
 help / color / mirror / Atom feed
From: qemudev@loongson.cn
To: test-report@dpdk.org
Subject: |SUCCESS| pw153228 [PATCH] net/ice: update log message
Date: Fri, 2 May 2025 22:52:24 +0800	[thread overview]
Message-ID: <202505021452.542EqOAf1317671@localhost.localdomain> (raw)
In-Reply-To: <20250502152601.699443-1-dhanya.r.pillai@intel.com>

Test-Label: loongarch-compilation
Test-Status: SUCCESS
http://dpdk.org/patch/153228

_Compilation OK_

Submitter: Pillai, Dhanya R <dhanya.r.pillai@intel.com>
Date: Fri,  2 May 2025 15:25:59 +0000
DPDK git baseline: Repo:dpdk-next-net-intel
  Branch: main
  CommitID: 92cfb0fbf114ae88c74bf1cb48dcb1dbd043524f

153228 --> meson & ninja build successfully

Test environment and result as below:

+---------------------+----------------+
|     Environment     | compilation    |
+---------------------+----------------+
| Loongnix-Server 8.3 | PASS           |
+---------------------+----------------+

Loongnix-Server 8.3
    Kernel: 4.19.190+
    Compiler: gcc 8.3


       reply	other threads:[~2025-05-02 15:28 UTC|newest]

Thread overview: 52+ messages / expand[flat|nested]  mbox.gz  Atom feed  top
     [not found] <20250502152601.699443-1-dhanya.r.pillai@intel.com>
2025-05-02 14:52 ` qemudev [this message]
2025-05-02 14:57 ` qemudev
2025-05-02 15:27 ` checkpatch
2025-05-02 16:46 ` 0-day Robot
2025-05-04  6:29 ` dpdklab
2025-05-04  6:46 ` dpdklab
2025-05-04  6:48 ` dpdklab
2025-05-04  6:49 ` dpdklab
2025-05-04  6:52 ` dpdklab
2025-05-04  6:57 ` |PENDING| " dpdklab
2025-05-04  6:59 ` |SUCCESS| " dpdklab
2025-05-04  7:02 ` dpdklab
2025-05-04  7:08 ` dpdklab
2025-05-04  7:10 ` dpdklab
2025-05-04  7:16 ` dpdklab
2025-05-04  7:18 ` dpdklab
2025-05-04  7:22 ` dpdklab
2025-05-04  7:25 ` |PENDING| " dpdklab
2025-05-04  7:33 ` |SUCCESS| " dpdklab
2025-05-04  7:45 ` |PENDING| " dpdklab
2025-05-04  7:46 ` |SUCCESS| " dpdklab
2025-05-04  7:51 ` dpdklab
2025-05-04  7:55 ` dpdklab
2025-05-04  7:58 ` dpdklab
2025-05-04  8:00 ` |PENDING| " dpdklab
2025-05-04  8:01 ` |SUCCESS| " dpdklab
2025-05-04  8:05 ` |PENDING| " dpdklab
2025-05-04  8:08 ` |SUCCESS| " dpdklab
2025-05-04  8:14 ` dpdklab
2025-05-04  8:39 ` dpdklab
2025-05-04  8:42 ` dpdklab
2025-05-04  8:42 ` dpdklab
2025-05-04  8:46 ` dpdklab
2025-05-04  8:54 ` dpdklab
2025-05-04  9:03 ` |PENDING| " dpdklab
2025-05-04  9:06 ` |SUCCESS| " dpdklab
2025-05-04  9:43 ` |PENDING| " dpdklab
2025-05-04 10:07 ` dpdklab
2025-05-04 10:21 ` |SUCCESS| " dpdklab
2025-05-04 11:12 ` dpdklab
2025-05-04 11:16 ` dpdklab
2025-05-04 11:40 ` |FAILURE| " dpdklab
2025-05-04 11:50 ` |SUCCESS| " dpdklab
2025-05-04 12:32 ` dpdklab
2025-05-04 12:52 ` dpdklab
2025-05-04 13:28 ` dpdklab
2025-05-04 13:29 ` dpdklab
2025-05-04 13:36 ` dpdklab
2025-05-04 14:07 ` dpdklab
2025-05-04 14:33 ` dpdklab
2025-05-04 19:06 ` |FAILURE| " dpdklab
2025-05-04 19:13 ` dpdklab

Reply instructions:

You may reply publicly to this message via plain-text email
using any one of the following methods:

* Save the following mbox file, import it into your mail client,
  and reply-to-all from there: mbox

  Avoid top-posting and favor interleaved quoting:
  https://en.wikipedia.org/wiki/Posting_style#Interleaved_style

* Reply using the --to, --cc, and --in-reply-to
  switches of git-send-email(1):

  git send-email \
    --in-reply-to=202505021452.542EqOAf1317671@localhost.localdomain \
    --to=qemudev@loongson.cn \
    --cc=test-report@dpdk.org \
    /path/to/YOUR_REPLY

  https://kernel.org/pub/software/scm/git/docs/git-send-email.html

* If your mail client supports setting the In-Reply-To header
  via mailto: links, try the mailto: link
Be sure your reply has a Subject: header at the top and a blank line before the message body.
This is a public inbox, see mirroring instructions
for how to clone and mirror all data and code used for this inbox;
as well as URLs for NNTP newsgroup(s).