From: qemudev@loongson.cn
To: test-report@dpdk.org
Cc: Andre Muezerie <andremue@linux.microsoft.com>, zhoumin@loongson.cn
Subject: |FAILURE| pw153337 [PATCH v2 1/1] buildtools: avoid break due to failure to cleanup temporary directory
Date: Wed, 7 May 2025 05:40:39 +0800 [thread overview]
Message-ID: <202505062140.546LedUn3282229@localhost.localdomain> (raw)
In-Reply-To: <1746569662-11532-2-git-send-email-andremue@linux.microsoft.com>
Test-Label: loongarch-compilation
Test-Status: FAILURE
http://dpdk.org/patch/153337
_ninja build failure_
Submitter: Andre Muezerie <andremue@linux.microsoft.com>
Date: Tue, 6 May 2025 15:14:22 -0700
DPDK git baseline: Repo:dpdk
Branch: main
CommitID: 75f179ebe347b6098cf3af26d3d3b7168fe3fe24
153337 --> ninja build failed
Test environment and result as below:
+---------------------+----------------+
| Environment | compilation |
+---------------------+----------------+
| Loongnix-Server 8.3 | FAIL |
+---------------------+----------------+
Loongnix-Server 8.3
Kernel: 4.19.190+
Compiler: gcc 8.3
Ninja build logs:
-------------------------------BEGIN LOGS----------------------------
FAILED: drivers/rte_common_cpt.pmd.c
/usr/bin/python3 ../buildtools/gen-pmdinfo-cfile.py /home/zhoumin/gh_dpdk/build/buildtools ar drivers/rte_common_cpt.pmd.c.p /home/zhoumin/gh_dpdk/build/drivers/libtmp_rte_common_cpt.a drivers/rte_common_cpt.pmd.c /usr/bin/python3 ../buildtools/pmdinfogen.py elf
Traceback (most recent call last):
File "../buildtools/gen-pmdinfo-cfile.py", line 17, in <module>
check=True, cwd=tmp_dir)
File "/usr/lib64/python3.6/subprocess.py", line 423, in run
with Popen(*popenargs, **kwargs) as process:
File "/usr/lib64/python3.6/subprocess.py", line 729, in __init__
restore_signals, start_new_session)
File "/usr/lib64/python3.6/subprocess.py", line 1364, in _execute_child
raise child_exception_type(errno_num, err_msg, err_filename)
FileNotFoundError: [Errno 2] No such file or directory: 'drivers/rte_common_cpt.pmd.c.p': 'drivers/rte_common_cpt.pmd.c.p'
[529/2923] Compiling C object drivers/libtmp_rte_bus_dpaa.a.p/bus_dpaa_base_fman_netcfg_layer.c.o
[530/2923] Linking static target drivers/libtmp_rte_common_dpaax.a
[531/2923] Compiling C object lib/librte_ethdev.a.p/ethdev_rte_ethdev.c.o
[532/2923] Compiling C object drivers/libtmp_rte_bus_cdx.a.p/bus_cdx_cdx.c.o
[533/2923] Compiling C object drivers/libtmp_rte_bus_dpaa.a.p/bus_dpaa_base_qbman_dpaa_sys.c.o
[534/2923] Generating rte_common_octeontx.pmd.c with a custom command
FAILED: drivers/rte_common_octeontx.pmd.c
/usr/bin/python3 ../buildtools/gen-pmdinfo-cfile.py /home/zhoumin/gh_dpdk/build/buildtools ar drivers/rte_common_octeontx.pmd.c.p /home/zhoumin/gh_dpdk/build/drivers/libtmp_rte_common_octeontx.a drivers/rte_common_octeontx.pmd.c /usr/bin/python3 ../buildtools/pmdinfogen.py elf
Traceback (most recent call last):
File "../buildtools/gen-pmdinfo-cfile.py", line 17, in <module>
check=True, cwd=tmp_dir)
File "/usr/lib64/python3.6/subprocess.py", line 423, in run
with Popen(*popenargs, **kwargs) as process:
File "/usr/lib64/python3.6/subprocess.py", line 729, in __init__
restore_signals, start_new_session)
File "/usr/lib64/python3.6/subprocess.py", line 1364, in _execute_child
raise child_exception_type(errno_num, err_msg, err_filename)
FileNotFoundError: [Errno 2] No such file or directory: 'drivers/rte_common_octeontx.pmd.c.p': 'drivers/rte_common_octeontx.pmd.c.p'
[535/2923] Generating rte_bus_dpaa_map with a custom command
[536/2923] Compiling C object drivers/libtmp_rte_bus_dpaa.a.p/bus_dpaa_base_qbman_dpaa_alloc.c.o
[537/2923] Compiling C object drivers/libtmp_rte_bus_cdx.a.p/bus_cdx_cdx_vfio.c.o
[538/2923] Compiling C object drivers/libtmp_rte_dma_dpaa.a.p/dma_dpaa_dpaa_qdma.c.o
[539/2923] Generating rte_common_ionic.pmd.c with a custom command
FAILED: drivers/rte_common_ionic.pmd.c
/usr/bin/python3 ../buildtools/gen-pmdinfo-cfile.py /home/zhoumin/gh_dpdk/build/buildtools ar drivers/rte_common_ionic.pmd.c.p /home/zhoumin/gh_dpdk/build/drivers/libtmp_rte_common_ionic.a drivers/rte_common_ionic.pmd.c /usr/bin/python3 ../buildtools/pmdinfogen.py elf
Traceback (most recent call last):
File "../buildtools/gen-pmdinfo-cfile.py", line 17, in <module>
check=True, cwd=tmp_dir)
File "/usr/lib64/python3.6/subprocess.py", line 423, in run
with Popen(*popenargs, **kwargs) as process:
File "/usr/lib64/python3.6/subprocess.py", line 729, in __init__
restore_signals, start_new_session)
File "/usr/lib64/python3.6/subprocess.py", line 1364, in _execute_child
raise child_exception_type(errno_num, err_msg, err_filename)
FileNotFoundError: [Errno 2] No such file or directory: 'drivers/rte_common_ionic.pmd.c.p': 'drivers/rte_common_ionic.pmd.c.p'
[540/2923] Compiling C object drivers/libtmp_rte_bus_dpaa.a.p/bus_dpaa_base_qbman_bman.c.o
[541/2923] Compiling C object lib/librte_pipeline.a.p/pipeline_rte_swx_ipsec.c.o
[542/2923] Compiling C object drivers/libtmp_rte_bus_dpaa.a.p/bus_dpaa_base_qbman_bman_driver.c.o
[543/2923] Generating rte_bus_auxiliary.pmd.c with a custom command
FAILED: drivers/rte_bus_auxiliary.pmd.c
/usr/bin/python3 ../buildtools/gen-pmdinfo-cfile.py /home/zhoumin/gh_dpdk/build/buildtools ar drivers/rte_bus_auxiliary.pmd.c.p /home/zhoumin/gh_dpdk/build/drivers/libtmp_rte_bus_auxiliary.a drivers/rte_bus_auxiliary.pmd.c /usr/bin/python3 ../buildtools/pmdinfogen.py elf
Traceback (most recent call last):
File "../buildtools/gen-pmdinfo-cfile.py", line 17, in <module>
check=True, cwd=tmp_dir)
File "/usr/lib64/python3.6/subprocess.py", line 423, in run
with Popen(*popenargs, **kwargs) as process:
File "/usr/lib64/python3.6/subprocess.py", line 729, in __init__
restore_signals, start_new_session)
File "/usr/lib64/python3.6/subprocess.py", line 1364, in _execute_child
raise child_exception_type(errno_num, err_msg, err_filename)
FileNotFoundError: [Errno 2] No such file or directory: 'drivers/rte_bus_auxiliary.pmd.c.p': 'drivers/rte_bus_auxiliary.pmd.c.p'
[544/2923] Generating graph.sym_chk with a custom command (wrapped by meson to capture output)
[545/2923] Compiling C object drivers/libtmp_rte_bus_dpaa.a.p/bus_dpaa_base_fman_fman_hw.c.o
[546/2923] Compiling C object drivers/libtmp_rte_bus_dpaa.a.p/bus_dpaa_base_qbman_process.c.o
[547/2923] Compiling C object drivers/libtmp_rte_bus_dpaa.a.p/bus_dpaa_base_qbman_qman_driver.c.o
[548/2923] Generating eventdev.sym_chk with a custom command (wrapped by meson to capture output)
[549/2923] Generating symbol file lib/librte_mbuf.so.25.2.p/librte_mbuf.so.25.2.symbols
[550/2923] Generating sched.sym_chk with a custom command (wrapped by meson to capture output)
[551/2923] Generating table.sym_chk with a custom command (wrapped by meson to capture output)
[552/2923] Generating node.sym_chk with a custom command (wrapped by meson to capture output)
[553/2923] Compiling C object drivers/libtmp_rte_bus_dpaa.a.p/bus_dpaa_dpaa_bus.c.o
[554/2923] Compiling C object drivers/libtmp_rte_bus_dpaa.a.p/bus_dpaa_base_fman_fman.c.o
[555/2923] Compiling C object lib/librte_pipeline.a.p/pipeline_rte_swx_ctl.c.o
[556/2923] Compiling C object lib/librte_pipeline.a.p/pipeline_rte_swx_pipeline_spec.c.o
[557/2923] Compiling C object lib/librte_pipeline.a.p/pipeline_rte_table_action.c.o
[558/2923] Compiling C object drivers/libtmp_rte_bus_dpaa.a.p/bus_dpaa_base_qbman_qman.c.o
[559/2923] Compiling C object lib/librte_vhost.a.p/vhost_vhost_crypto.c.o
[560/2923] Compiling C object lib/librte_pipeline.a.p/pipeline_rte_swx_pipeline.c.o
[561/2923] Compiling C object lib/librte_vhost.a.p/vhost_virtio_net.c.o
ninja: build stopped: subcommand failed.
-------------------------------END LOGS------------------------------
next parent reply other threads:[~2025-05-06 22:17 UTC|newest]
Thread overview: 65+ messages / expand[flat|nested] mbox.gz Atom feed top
[not found] <1746569662-11532-2-git-send-email-andremue@linux.microsoft.com>
2025-05-06 21:40 ` qemudev [this message]
2025-05-06 22:15 ` |SUCCESS| " checkpatch
2025-05-06 22:44 ` |FAILURE| " 0-day Robot
2025-05-07 1:32 ` |SUCCESS| pw153337 [PATCH] [v2,1/1] buildtools: avoid break due to f dpdklab
2025-05-07 1:32 ` dpdklab
2025-05-07 1:43 ` dpdklab
2025-05-07 1:43 ` dpdklab
2025-05-07 1:44 ` dpdklab
2025-05-07 1:47 ` dpdklab
2025-05-07 1:59 ` dpdklab
2025-05-07 2:25 ` |WARNING| " dpdklab
2025-05-07 2:45 ` dpdklab
2025-05-07 2:47 ` dpdklab
2025-05-07 2:49 ` dpdklab
2025-05-07 3:00 ` |SUCCESS| " dpdklab
2025-05-07 3:10 ` dpdklab
2025-05-07 3:12 ` dpdklab
2025-05-07 3:14 ` dpdklab
2025-05-07 3:14 ` dpdklab
2025-05-07 3:24 ` dpdklab
2025-05-07 3:26 ` dpdklab
2025-05-07 3:38 ` |WARNING| " dpdklab
2025-05-07 3:39 ` dpdklab
2025-05-07 3:39 ` dpdklab
2025-05-07 3:41 ` |SUCCESS| " dpdklab
2025-05-07 4:02 ` |WARNING| " dpdklab
2025-05-07 4:10 ` |FAILURE| " dpdklab
2025-05-07 4:18 ` dpdklab
2025-05-07 4:19 ` dpdklab
2025-05-07 4:23 ` dpdklab
2025-05-07 4:25 ` dpdklab
2025-05-07 4:28 ` dpdklab
2025-05-07 4:29 ` dpdklab
2025-05-07 4:31 ` dpdklab
2025-05-07 4:32 ` dpdklab
2025-05-07 4:33 ` dpdklab
2025-05-07 4:33 ` dpdklab
2025-05-07 4:36 ` |WARNING| " dpdklab
2025-05-07 4:37 ` dpdklab
2025-05-07 4:37 ` dpdklab
2025-05-07 4:38 ` dpdklab
2025-05-07 4:58 ` |FAILURE| " dpdklab
2025-05-07 5:29 ` dpdklab
2025-05-07 5:30 ` dpdklab
2025-05-07 5:30 ` dpdklab
2025-05-07 5:31 ` dpdklab
2025-05-07 5:33 ` dpdklab
2025-05-07 5:36 ` dpdklab
2025-05-07 5:40 ` dpdklab
2025-05-07 5:41 ` dpdklab
2025-05-07 5:42 ` dpdklab
2025-05-07 5:43 ` dpdklab
2025-05-07 5:44 ` dpdklab
2025-05-07 5:44 ` dpdklab
2025-05-07 5:44 ` dpdklab
2025-05-07 7:05 ` dpdklab
2025-05-07 7:13 ` dpdklab
2025-05-07 16:06 ` dpdklab
2025-05-07 16:10 ` dpdklab
2025-05-07 16:32 ` dpdklab
2025-05-07 16:37 ` dpdklab
2025-05-07 17:01 ` dpdklab
2025-05-07 17:06 ` dpdklab
2025-05-07 17:48 ` |WARNING| " dpdklab
2025-05-07 18:36 ` dpdklab
Reply instructions:
You may reply publicly to this message via plain-text email
using any one of the following methods:
* Save the following mbox file, import it into your mail client,
and reply-to-all from there: mbox
Avoid top-posting and favor interleaved quoting:
https://en.wikipedia.org/wiki/Posting_style#Interleaved_style
* Reply using the --to, --cc, and --in-reply-to
switches of git-send-email(1):
git send-email \
--in-reply-to=202505062140.546LedUn3282229@localhost.localdomain \
--to=qemudev@loongson.cn \
--cc=andremue@linux.microsoft.com \
--cc=test-report@dpdk.org \
--cc=zhoumin@loongson.cn \
/path/to/YOUR_REPLY
https://kernel.org/pub/software/scm/git/docs/git-send-email.html
* If your mail client supports setting the In-Reply-To header
via mailto: links, try the mailto: link
Be sure your reply has a Subject: header at the top and a blank line
before the message body.
This is a public inbox, see mirroring instructions
for how to clone and mirror all data and code used for this inbox;
as well as URLs for NNTP newsgroup(s).