From: qemudev@loongson.cn
To: test-report@dpdk.org
Subject: |SUCCESS| pw153429-153431 [PATCH v4 3/3] doc: provide examples of using lcores EAL parameter
Date: Tue, 13 May 2025 23:43:23 +0800 [thread overview]
Message-ID: <202505131543.54DFhNi71403306@localhost.localdomain> (raw)
In-Reply-To: <20250513161710.410000-4-bruce.richardson@intel.com>
Test-Label: loongarch-compilation
Test-Status: SUCCESS
http://dpdk.org/patch/153431
_Compilation OK_
Submitter: Bruce Richardson <bruce.richardson@intel.com>
Date: Tue, 13 May 2025 17:17:08 +0100
DPDK git baseline: Repo:dpdk
Branch: main
CommitID: 2bf836de46d36a81f9321f947fbfce52b3180782
153429-153431 --> meson & ninja build successfully
Test environment and result as below:
+---------------------+----------------+
| Environment | compilation |
+---------------------+----------------+
| Loongnix-Server 8.3 | PASS |
+---------------------+----------------+
Loongnix-Server 8.3
Kernel: 4.19.190+
Compiler: gcc 8.3
next parent reply other threads:[~2025-05-13 16:19 UTC|newest]
Thread overview: 27+ messages / expand[flat|nested] mbox.gz Atom feed top
[not found] <20250513161710.410000-4-bruce.richardson@intel.com>
2025-05-13 15:43 ` qemudev [this message]
2025-05-13 15:47 ` qemudev
2025-05-13 16:17 ` |SUCCESS| pw153431 " checkpatch
2025-05-13 16:48 ` |PENDING| pw153429-153431 [PATCH] [v4,3/3] doc: provide examples of dpdklab
2025-05-13 16:50 ` |SUCCESS| " dpdklab
2025-05-13 16:52 ` |PENDING| " dpdklab
2025-05-13 16:56 ` |SUCCESS| " dpdklab
2025-05-13 16:56 ` dpdklab
2025-05-13 17:02 ` |WARNING| " dpdklab
2025-05-13 17:04 ` |SUCCESS| " dpdklab
2025-05-13 17:05 ` |SUCCESS| pw153431 [PATCH v4 3/3] doc: provide examples of using lcores EAL parameter 0-day Robot
2025-05-13 17:06 ` |FAILURE| pw153429-153431 [PATCH] [v4,3/3] doc: provide examples of dpdklab
2025-05-13 17:06 ` |PENDING| " dpdklab
2025-05-13 17:12 ` |SUCCESS| " dpdklab
2025-05-13 17:15 ` dpdklab
2025-05-13 17:20 ` dpdklab
2025-05-13 17:23 ` |PENDING| " dpdklab
2025-05-13 17:26 ` |WARNING| " dpdklab
2025-05-13 17:30 ` dpdklab
2025-05-13 17:30 ` |SUCCESS| " dpdklab
2025-05-13 17:33 ` |FAILURE| " dpdklab
2025-05-13 17:33 ` |SUCCESS| " dpdklab
2025-05-13 17:34 ` dpdklab
2025-05-13 17:41 ` |FAILURE| " dpdklab
2025-05-13 18:06 ` |SUCCESS| " dpdklab
2025-05-13 18:09 ` dpdklab
2025-05-13 20:25 ` dpdklab
Reply instructions:
You may reply publicly to this message via plain-text email
using any one of the following methods:
* Save the following mbox file, import it into your mail client,
and reply-to-all from there: mbox
Avoid top-posting and favor interleaved quoting:
https://en.wikipedia.org/wiki/Posting_style#Interleaved_style
* Reply using the --to, --cc, and --in-reply-to
switches of git-send-email(1):
git send-email \
--in-reply-to=202505131543.54DFhNi71403306@localhost.localdomain \
--to=qemudev@loongson.cn \
--cc=test-report@dpdk.org \
/path/to/YOUR_REPLY
https://kernel.org/pub/software/scm/git/docs/git-send-email.html
* If your mail client supports setting the In-Reply-To header
via mailto: links, try the mailto: link
Be sure your reply has a Subject: header at the top and a blank line
before the message body.
This is a public inbox, see mirroring instructions
for how to clone and mirror all data and code used for this inbox;
as well as URLs for NNTP newsgroup(s).