automatic DPDK test reports
 help / color / mirror / Atom feed
From: qemudev@loongson.cn
To: test-report@dpdk.org
Subject: |SUCCESS| pw153439 [PATCH] net/intel: reduce size of common Tx queue struct
Date: Wed, 14 May 2025 20:23:13 +0800	[thread overview]
Message-ID: <202505141223.54ECNDDu1745878@localhost.localdomain> (raw)
In-Reply-To: <20250514125733.1364644-1-shaiq.wani@intel.com>

Test-Label: loongarch-compilation
Test-Status: SUCCESS
http://dpdk.org/patch/153439

_Compilation OK_

Submitter: Shaiq Wani <shaiq.wani@intel.com>
Date: Wed, 14 May 2025 18:27:33 +0530
DPDK git baseline: Repo:dpdk-next-net-intel
  Branch: main
  CommitID: 5b3328195d3c7cc013eb0d7a0b99ab6791d46a77

153439 --> meson & ninja build successfully

Test environment and result as below:

+---------------------+----------------+
|     Environment     | compilation    |
+---------------------+----------------+
| Loongnix-Server 8.3 | PASS           |
+---------------------+----------------+

Loongnix-Server 8.3
    Kernel: 4.19.190+
    Compiler: gcc 8.3


       reply	other threads:[~2025-05-14 12:59 UTC|newest]

Thread overview: 30+ messages / expand[flat|nested]  mbox.gz  Atom feed  top
     [not found] <20250514125733.1364644-1-shaiq.wani@intel.com>
2025-05-14 12:23 ` qemudev [this message]
2025-05-14 12:27 ` qemudev
2025-05-14 12:57 ` checkpatch
2025-05-14 15:11 ` |SUCCESS| pw153439 [PATCH] net/intel: reduce size of common Tx queue dpdklab
2025-05-14 15:13 ` dpdklab
2025-05-14 15:21 ` dpdklab
2025-05-14 15:21 ` dpdklab
2025-05-14 15:29 ` dpdklab
2025-05-14 15:30 ` dpdklab
2025-05-14 15:31 ` |PENDING| " dpdklab
2025-05-14 15:33 ` |SUCCESS| " dpdklab
2025-05-14 15:36 ` |PENDING| " dpdklab
2025-05-14 15:37 ` |SUCCESS| " dpdklab
2025-05-14 15:37 ` |FAILURE| " dpdklab
2025-05-14 15:38 ` dpdklab
2025-05-14 15:51 ` |SUCCESS| " dpdklab
2025-05-14 15:51 ` |PENDING| " dpdklab
2025-05-14 15:54 ` |FAILURE| " dpdklab
2025-05-14 15:54 ` dpdklab
2025-05-14 15:58 ` dpdklab
2025-05-14 16:03 ` |PENDING| " dpdklab
2025-05-14 16:04 ` |WARNING| " dpdklab
2025-05-14 16:28 ` |SUCCESS| " dpdklab
2025-05-14 16:33 ` dpdklab
2025-05-14 16:49 ` |FAILURE| " dpdklab
2025-05-14 16:50 ` dpdklab
2025-05-14 16:57 ` |SUCCESS| " dpdklab
2025-05-14 17:01 ` |WARNING| " dpdklab
2025-05-14 17:09 ` dpdklab
2025-05-14 17:36 ` |SUCCESS| " dpdklab

Reply instructions:

You may reply publicly to this message via plain-text email
using any one of the following methods:

* Save the following mbox file, import it into your mail client,
  and reply-to-all from there: mbox

  Avoid top-posting and favor interleaved quoting:
  https://en.wikipedia.org/wiki/Posting_style#Interleaved_style

* Reply using the --to, --cc, and --in-reply-to
  switches of git-send-email(1):

  git send-email \
    --in-reply-to=202505141223.54ECNDDu1745878@localhost.localdomain \
    --to=qemudev@loongson.cn \
    --cc=test-report@dpdk.org \
    /path/to/YOUR_REPLY

  https://kernel.org/pub/software/scm/git/docs/git-send-email.html

* If your mail client supports setting the In-Reply-To header
  via mailto: links, try the mailto: link
Be sure your reply has a Subject: header at the top and a blank line before the message body.
This is a public inbox, see mirroring instructions
for how to clone and mirror all data and code used for this inbox;
as well as URLs for NNTP newsgroup(s).