* |SUCCESS| pw153439 [PATCH] net/intel: reduce size of common Tx queue struct
[not found] <20250514125733.1364644-1-shaiq.wani@intel.com>
@ 2025-05-14 12:23 ` qemudev
2025-05-14 12:27 ` qemudev
` (28 subsequent siblings)
29 siblings, 0 replies; 30+ messages in thread
From: qemudev @ 2025-05-14 12:23 UTC (permalink / raw)
To: test-report
Test-Label: loongarch-compilation
Test-Status: SUCCESS
http://dpdk.org/patch/153439
_Compilation OK_
Submitter: Shaiq Wani <shaiq.wani@intel.com>
Date: Wed, 14 May 2025 18:27:33 +0530
DPDK git baseline: Repo:dpdk-next-net-intel
Branch: main
CommitID: 5b3328195d3c7cc013eb0d7a0b99ab6791d46a77
153439 --> meson & ninja build successfully
Test environment and result as below:
+---------------------+----------------+
| Environment | compilation |
+---------------------+----------------+
| Loongnix-Server 8.3 | PASS |
+---------------------+----------------+
Loongnix-Server 8.3
Kernel: 4.19.190+
Compiler: gcc 8.3
^ permalink raw reply [flat|nested] 30+ messages in thread
* |SUCCESS| pw153439 [PATCH] net/intel: reduce size of common Tx queue struct
[not found] <20250514125733.1364644-1-shaiq.wani@intel.com>
2025-05-14 12:23 ` |SUCCESS| pw153439 [PATCH] net/intel: reduce size of common Tx queue struct qemudev
@ 2025-05-14 12:27 ` qemudev
2025-05-14 12:57 ` checkpatch
` (27 subsequent siblings)
29 siblings, 0 replies; 30+ messages in thread
From: qemudev @ 2025-05-14 12:27 UTC (permalink / raw)
To: test-report
Test-Label: loongarch-unit-testing
Test-Status: SUCCESS
http://dpdk.org/patch/153439
_Unit Testing PASS_
Submitter: Shaiq Wani <shaiq.wani@intel.com>
Date: Wed, 14 May 2025 18:27:33 +0530
DPDK git baseline: Repo:dpdk-next-net-intel
Branch: main
CommitID: 5b3328195d3c7cc013eb0d7a0b99ab6791d46a77
153439 --> testing pass
Test environment and result as below:
+---------------------+----------------+
| Environment | dpdk_unit_test |
+---------------------+----------------+
| Loongnix-Server 8.3 | PASS |
+---------------------+----------------+
Loongnix-Server 8.3
Kernel: 4.19.190+
Compiler: gcc 8.3
Test result details:
1/119 DPDK:fast-tests / acl_autotest OK 3.23s
2/119 DPDK:fast-tests / alarm_autotest OK 1.48s
3/119 DPDK:fast-tests / argparse_autotest OK 0.50s
4/119 DPDK:fast-tests / atomic_autotest OK 6.92s
5/119 DPDK:fast-tests / bitcount_autotest OK 0.43s
6/119 DPDK:fast-tests / bitmap_autotest OK 0.43s
7/119 DPDK:fast-tests / bitops_autotest OK 1.92s
8/119 DPDK:fast-tests / bitratestats_autotest OK 0.43s
9/119 DPDK:fast-tests / bitset_autotest OK 3.15s
10/119 DPDK:fast-tests / bpf_autotest OK 0.43s
11/119 DPDK:fast-tests / bpf_convert_autotest OK 0.44s
12/119 DPDK:fast-tests / byteorder_autotest OK 0.53s
13/119 DPDK:fast-tests / cfgfile_autotest OK 0.52s
14/119 DPDK:fast-tests / cksum_autotest OK 0.52s
15/119 DPDK:fast-tests / cmdline_autotest OK 0.52s
16/119 DPDK:fast-tests / common_autotest OK 1.41s
17/119 DPDK:fast-tests / compressdev_autotest SKIP 0.06s exit status 77
18/119 DPDK:fast-tests / cpuflags_autotest OK 0.43s
19/119 DPDK:fast-tests / crc_autotest OK 0.43s
20/119 DPDK:fast-tests / user_delay_us OK 0.43s
21/119 DPDK:fast-tests / debug_autotest OK 19.34s
22/119 DPDK:fast-tests / devargs_autotest OK 0.43s
23/119 DPDK:fast-tests / dispatcher_autotest OK 2.49s
24/119 DPDK:fast-tests / distributor_autotest OK 1.20s
25/119 DPDK:fast-tests / eal_flags_c_opt_autotest OK 0.80s
26/119 DPDK:fast-tests / eal_flags_main_opt_autotest OK 0.22s
27/119 DPDK:fast-tests / eal_flags_n_opt_autotest OK 0.20s
28/119 DPDK:fast-tests / eal_flags_hpet_autotest OK 0.13s
29/119 DPDK:fast-tests / eal_flags_no_huge_autotest OK 0.22s
30/119 DPDK:fast-tests / eal_flags_a_opt_autotest OK 0.30s
31/119 DPDK:fast-tests / eal_flags_b_opt_autotest OK 0.25s
32/119 DPDK:fast-tests / eal_flags_vdev_opt_autotest OK 0.19s
33/119 DPDK:fast-tests / eal_flags_r_opt_autotest OK 0.19s
34/119 DPDK:fast-tests / eal_flags_mem_autotest OK 0.59s
35/119 DPDK:fast-tests / eal_flags_file_prefix_autotest OK 22.25s
36/119 DPDK:fast-tests / eal_flags_misc_autotest OK 1.04s
37/119 DPDK:fast-tests / eal_fs_autotest OK 0.43s
38/119 DPDK:fast-tests / errno_autotest OK 0.43s
39/119 DPDK:fast-tests / ethdev_link_status OK 0.43s
40/119 DPDK:fast-tests / event_eth_tx_adapter_autotest OK 1.68s
41/119 DPDK:fast-tests / event_ring_autotest OK 0.43s
42/119 DPDK:fast-tests / eventdev_common_autotest OK 0.43s
43/119 DPDK:fast-tests / eventdev_selftest_sw OK 7.22s
44/119 DPDK:fast-tests / fbarray_autotest OK 0.43s
45/119 DPDK:fast-tests / fib_autotest OK 1.28s
46/119 DPDK:fast-tests / fib6_autotest OK 1.06s
47/119 DPDK:fast-tests / func_reentrancy_autotest OK 2.32s
48/119 DPDK:fast-tests / graph_autotest OK 0.43s
49/119 DPDK:fast-tests / node_list_dump OK 0.43s
50/119 DPDK:fast-tests / hash_autotest OK 1.05s
51/119 DPDK:fast-tests / hash_readwrite_func_autotest OK 6.39s
52/119 DPDK:fast-tests / interrupt_autotest OK 1.73s
53/119 DPDK:fast-tests / ipfrag_autotest OK 0.07s
54/119 DPDK:fast-tests / ipsec_autotest SKIP 0.43s exit status 77
55/119 DPDK:fast-tests / kvargs_autotest OK 0.43s
56/119 DPDK:fast-tests / latencystats_autotest OK 0.44s
57/119 DPDK:fast-tests / lcore_var_autotest OK 0.57s
58/119 DPDK:fast-tests / lcores_autotest OK 5.24s
59/119 DPDK:fast-tests / logs_autotest OK 0.43s
60/119 DPDK:fast-tests / lpm_autotest OK 2.48s
61/119 DPDK:fast-tests / lpm6_autotest OK 5.60s
62/119 DPDK:fast-tests / malloc_autotest OK 61.74s
63/119 DPDK:fast-tests / mbuf_autotest OK 4.66s
64/119 DPDK:fast-tests / mcslock_autotest OK 3.86s
65/119 DPDK:fast-tests / member_autotest OK 1.64s
66/119 DPDK:fast-tests / memcpy_autotest OK 6.87s
67/119 DPDK:fast-tests / memory_autotest OK 0.09s
68/119 DPDK:fast-tests / mempool_autotest OK 0.44s
69/119 DPDK:fast-tests / memzone_autotest OK 0.14s
70/119 DPDK:fast-tests / meter_autotest OK 0.43s
71/119 DPDK:fast-tests / metrics_autotest OK 0.43s
72/119 DPDK:fast-tests / multiprocess_autotest OK 0.19s
73/119 DPDK:fast-tests / net_ether_autotest OK 1.09s
74/119 DPDK:fast-tests / net_ipv6_autotest OK 0.61s
75/119 DPDK:fast-tests / pcapng_autotest OK 6.88s
76/119 DPDK:fast-tests / pdcp_autotest SKIP 0.07s exit status 77
77/119 DPDK:fast-tests / pdump_autotest OK 0.53s
78/119 DPDK:fast-tests / per_lcore_autotest OK 0.53s
79/119 DPDK:fast-tests / pflock_autotest OK 1.24s
80/119 DPDK:fast-tests / pie_autotest OK 0.43s
81/119 DPDK:fast-tests / ring_pmd_autotest OK 0.43s
82/119 DPDK:fast-tests / power_autotest OK 0.43s
83/119 DPDK:fast-tests / power_cpufreq_autotest SKIP 0.07s exit status 77
84/119 DPDK:fast-tests / power_intel_uncore_autotest SKIP 0.42s exit status 77
85/119 DPDK:fast-tests / power_kvm_vm_autotest SKIP 0.07s exit status 77
86/119 DPDK:fast-tests / prefetch_autotest OK 0.42s
87/119 DPDK:fast-tests / ptr_compress_autotest OK 0.43s
88/119 DPDK:fast-tests / rawdev_autotest OK 0.43s
89/119 DPDK:fast-tests / rcu_qsbr_autotest OK 0.95s
90/119 DPDK:fast-tests / reorder_autotest OK 0.49s
91/119 DPDK:fast-tests / rib_autotest OK 9.08s
92/119 DPDK:fast-tests / rib6_autotest OK 9.08s
93/119 DPDK:fast-tests / ring_autotest OK 0.46s
94/119 DPDK:fast-tests / rwlock_test1_autotest OK 1.18s
95/119 DPDK:fast-tests / rwlock_rda_autotest OK 5.43s
96/119 DPDK:fast-tests / rwlock_rds_wrm_autotest OK 5.43s
97/119 DPDK:fast-tests / rwlock_rde_wro_autotest OK 5.43s
98/119 DPDK:fast-tests / sched_autotest OK 0.43s
99/119 DPDK:fast-tests / security_autotest OK 0.07s
100/119 DPDK:fast-tests / seqlock_autotest OK 2.43s
101/119 DPDK:fast-tests / service_autotest OK 3.13s
102/119 DPDK:fast-tests / soring_autotest OK 0.43s
103/119 DPDK:fast-tests / spinlock_autotest OK 0.51s
104/119 DPDK:fast-tests / stack_autotest OK 0.87s
105/119 DPDK:fast-tests / stack_lf_autotest SKIP 0.06s exit status 77
106/119 DPDK:fast-tests / string_autotest OK 0.42s
107/119 DPDK:fast-tests / table_autotest OK 7.89s
108/119 DPDK:fast-tests / tailq_autotest OK 0.42s
109/119 DPDK:fast-tests / telemetry_data_autotest OK 0.43s
110/119 DPDK:fast-tests / telemetry_json_autotest OK 0.43s
111/119 DPDK:fast-tests / thash_autotest OK 0.44s
112/119 DPDK:fast-tests / threads_autotest OK 0.60s
113/119 DPDK:fast-tests / ticketlock_autotest OK 0.58s
114/119 DPDK:fast-tests / timer_autotest OK 3.96s
115/119 DPDK:fast-tests / trace_autotest OK 0.42s
116/119 DPDK:fast-tests / trace_autotest_with_traces OK 0.43s
117/119 DPDK:fast-tests / vdev_autotest OK 0.43s
118/119 DPDK:fast-tests / version_autotest OK 0.43s
119/119 DPDK:fast-tests / telemetry_all OK 1.35s
Ok: 112
Expected Fail: 0
Fail: 0
Unexpected Pass: 0
Skipped: 7
Timeout: 0
^ permalink raw reply [flat|nested] 30+ messages in thread
* |SUCCESS| pw153439 [PATCH] net/intel: reduce size of common Tx queue struct
[not found] <20250514125733.1364644-1-shaiq.wani@intel.com>
2025-05-14 12:23 ` |SUCCESS| pw153439 [PATCH] net/intel: reduce size of common Tx queue struct qemudev
2025-05-14 12:27 ` qemudev
@ 2025-05-14 12:57 ` checkpatch
2025-05-14 15:11 ` |SUCCESS| pw153439 [PATCH] net/intel: reduce size of common Tx queue dpdklab
` (26 subsequent siblings)
29 siblings, 0 replies; 30+ messages in thread
From: checkpatch @ 2025-05-14 12:57 UTC (permalink / raw)
To: test-report
Test-Label: checkpatch
Test-Status: SUCCESS
http://dpdk.org/patch/153439
_coding style OK_
^ permalink raw reply [flat|nested] 30+ messages in thread
* |SUCCESS| pw153439 [PATCH] net/intel: reduce size of common Tx queue
[not found] <20250514125733.1364644-1-shaiq.wani@intel.com>
` (2 preceding siblings ...)
2025-05-14 12:57 ` checkpatch
@ 2025-05-14 15:11 ` dpdklab
2025-05-14 15:13 ` dpdklab
` (25 subsequent siblings)
29 siblings, 0 replies; 30+ messages in thread
From: dpdklab @ 2025-05-14 15:11 UTC (permalink / raw)
To: Test Report; +Cc: dpdk-test-reports
Test-Label: iol-marvell-Functional
Test-Status: SUCCESS
http://dpdk.org/patch/153439
_Functional Testing PASS_
Submitter: Shaiq Wani <shaiq.wani@intel.com>
Date: Wednesday, May 14 2025 12:57:33
DPDK git baseline: Repo:dpdk
Branch: master
CommitID:5b3328195d3c7cc013eb0d7a0b99ab6791d46a77
153439 --> functional testing pass
Upstream job id: Template-DTS-Pipeline#225765
Test environment and result as below:
Ubuntu 20.04.6
Kernel: 5.4.105
Compiler: gcc 9.4
NIC: Marvell CN106XX 50000 Mbps
Target: arm64-native-linuxapp-gcc
Aggregate Results by Test Suite
+----------------+--------+
| Test Suite | Result |
+================+========+
| cmdline | PASS |
+----------------+--------+
| rxtx_callbacks | PASS |
+----------------+--------+
To view detailed results, visit:
https://lab.dpdk.org/results/dashboard/patchsets/33172/
UNH-IOL DPDK Community Lab
To manage your email subscriptions, visit:
https://lab.dpdk.org/results/dashboard/preferences/subscriptions/
^ permalink raw reply [flat|nested] 30+ messages in thread
* |SUCCESS| pw153439 [PATCH] net/intel: reduce size of common Tx queue
[not found] <20250514125733.1364644-1-shaiq.wani@intel.com>
` (3 preceding siblings ...)
2025-05-14 15:11 ` |SUCCESS| pw153439 [PATCH] net/intel: reduce size of common Tx queue dpdklab
@ 2025-05-14 15:13 ` dpdklab
2025-05-14 15:21 ` dpdklab
` (24 subsequent siblings)
29 siblings, 0 replies; 30+ messages in thread
From: dpdklab @ 2025-05-14 15:13 UTC (permalink / raw)
To: Test Report; +Cc: dpdk-test-reports
Test-Label: iol-broadcom-Performance
Test-Status: SUCCESS
http://dpdk.org/patch/153439
_Performance Testing PASS_
Submitter: Shaiq Wani <shaiq.wani@intel.com>
Date: Wednesday, May 14 2025 12:57:33
DPDK git baseline: Repo:dpdk
Branch: master
CommitID:5b3328195d3c7cc013eb0d7a0b99ab6791d46a77
153439 --> performance testing pass
Upstream job id: Template-DTS-Pipeline#225758
Test environment and result as below:
Ubuntu 22.04
Kernel: 5.15.0-100-generic
Compiler: gcc (Ubuntu 11.4.0-1ubuntu1~22.04) 11.4.0
NIC: Broadcom Inc. and subsidiaries BCM57414 NetXtreme-E 10Gb/25Gb RDMA Ethernet Controller 16d7 25 Mbps
Fail/Total: 0/3
Detail performance results:
+------------+---------+----------+-------------+------------------------------+
| frame_size | txd/rxd | num_cpus | num_threads | throughput difference from |
| | | | | expected |
+============+=========+==========+=============+==============================+
| 64 | 128 | 1 | 1 | 0.4% |
+------------+---------+----------+-------------+------------------------------+
| 64 | 512 | 1 | 1 | 1.3% |
+------------+---------+----------+-------------+------------------------------+
| 64 | 2048 | 1 | 1 | -1.2% |
+------------+---------+----------+-------------+------------------------------+
Ubuntu 22.04 ARM
Kernel: 5.15.83+
Compiler: gcc 11.4.0
NIC: Arm Broadcom Inc. brcm_57414 25000 Mbps
Fail/Total: 0/2
Detail performance results:
+------------+---------+----------+-------------+------------------------------+
| frame_size | txd/rxd | num_cpus | num_threads | throughput difference from |
| | | | | expected |
+============+=========+==========+=============+==============================+
| 64 | 512 | 1 | 1 | -0.1% |
+------------+---------+----------+-------------+------------------------------+
| 64 | 2048 | 1 | 1 | 0.0% |
+------------+---------+----------+-------------+------------------------------+
To view detailed results, visit:
https://lab.dpdk.org/results/dashboard/patchsets/33172/
UNH-IOL DPDK Community Lab
To manage your email subscriptions, visit:
https://lab.dpdk.org/results/dashboard/preferences/subscriptions/
^ permalink raw reply [flat|nested] 30+ messages in thread
* |SUCCESS| pw153439 [PATCH] net/intel: reduce size of common Tx queue
[not found] <20250514125733.1364644-1-shaiq.wani@intel.com>
` (4 preceding siblings ...)
2025-05-14 15:13 ` dpdklab
@ 2025-05-14 15:21 ` dpdklab
2025-05-14 15:21 ` dpdklab
` (23 subsequent siblings)
29 siblings, 0 replies; 30+ messages in thread
From: dpdklab @ 2025-05-14 15:21 UTC (permalink / raw)
To: Ali Alnubani, Test Report; +Cc: dpdk-test-reports
Test-Label: iol-mellanox-Performance
Test-Status: SUCCESS
http://dpdk.org/patch/153439
_Performance Testing PASS_
Submitter: Shaiq Wani <shaiq.wani@intel.com>
Date: Wednesday, May 14 2025 12:57:33
DPDK git baseline: Repo:dpdk
Branch: master
CommitID:5b3328195d3c7cc013eb0d7a0b99ab6791d46a77
153439 --> performance testing pass
Upstream job id: Template-DTS-Pipeline#225755
Test environment and result as below:
Ubuntu 24.04
Kernel: 6.8.0-45-generic
Compiler: gcc 13.2.0
NIC: NVIDIA Mellanox ConnectX-7 100000 Mbps
Fail/Total: 0/6
Detail performance results:
+------------+---------+----------+-------------+------------------------------+
| frame_size | txd/rxd | num_cpus | num_threads | throughput difference from |
| | | | | expected |
+============+=========+==========+=============+==============================+
| 64 | 1024 | 1 | 1 | -0.2% |
+------------+---------+----------+-------------+------------------------------+
| 128 | 1024 | 1 | 1 | -0.3% |
+------------+---------+----------+-------------+------------------------------+
| 256 | 1024 | 1 | 1 | 2.6% |
+------------+---------+----------+-------------+------------------------------+
| 512 | 1024 | 1 | 1 | 0.1% |
+------------+---------+----------+-------------+------------------------------+
| 1024 | 1024 | 1 | 1 | -0.1% |
+------------+---------+----------+-------------+------------------------------+
| 1518 | 1024 | 1 | 1 | -0.0% |
+------------+---------+----------+-------------+------------------------------+
Ubuntu 24.04
Kernel: 6.8.0-45-generic
Compiler: gcc 13.2.0
NIC: Mellanox ConnectX-6 Lx 25000 Mbps
Fail/Total: 0/6
Detail performance results:
+------------+---------+----------+-------------+------------------------------+
| frame_size | txd/rxd | num_cpus | num_threads | throughput difference from |
| | | | | expected |
+============+=========+==========+=============+==============================+
| 64 | 1024 | 1 | 1 | -0.1% |
+------------+---------+----------+-------------+------------------------------+
| 128 | 1024 | 1 | 1 | -0.0% |
+------------+---------+----------+-------------+------------------------------+
| 256 | 1024 | 1 | 1 | 0.0% |
+------------+---------+----------+-------------+------------------------------+
| 512 | 1024 | 1 | 1 | 0.2% |
+------------+---------+----------+-------------+------------------------------+
| 1024 | 1024 | 1 | 1 | -0.0% |
+------------+---------+----------+-------------+------------------------------+
| 1518 | 1024 | 1 | 1 | 0.0% |
+------------+---------+----------+-------------+------------------------------+
To view detailed results, visit:
https://lab.dpdk.org/results/dashboard/patchsets/33172/
UNH-IOL DPDK Community Lab
To manage your email subscriptions, visit:
https://lab.dpdk.org/results/dashboard/preferences/subscriptions/
^ permalink raw reply [flat|nested] 30+ messages in thread
* |SUCCESS| pw153439 [PATCH] net/intel: reduce size of common Tx queue
[not found] <20250514125733.1364644-1-shaiq.wani@intel.com>
` (5 preceding siblings ...)
2025-05-14 15:21 ` dpdklab
@ 2025-05-14 15:21 ` dpdklab
2025-05-14 15:29 ` dpdklab
` (22 subsequent siblings)
29 siblings, 0 replies; 30+ messages in thread
From: dpdklab @ 2025-05-14 15:21 UTC (permalink / raw)
To: Test Report; +Cc: dpdk-test-reports
Test-Label: iol-intel-Performance
Test-Status: SUCCESS
http://dpdk.org/patch/153439
_Performance Testing PASS_
Submitter: Shaiq Wani <shaiq.wani@intel.com>
Date: Wednesday, May 14 2025 12:57:33
DPDK git baseline: Repo:dpdk
Branch: master
CommitID:5b3328195d3c7cc013eb0d7a0b99ab6791d46a77
153439 --> performance testing pass
Upstream job id: Template-DTS-Pipeline#225757
Test environment and result as below:
Ubuntu 20.04
Kernel: 5.4.0-122-generic
Compiler: gcc 9.4.0
NIC: Intel Corporation Ethernet Converged Network Adapter XL710-QDA2 40000 Mbps
Fail/Total: 0/4
Detail performance results:
+----------+-------------+---------+------------+------------------------------+
| num_cpus | num_threads | txd/rxd | frame_size | throughput difference from |
| | | | | expected |
+==========+=============+=========+============+==============================+
| 1 | 2 | 512 | 64 | 0.9% |
+----------+-------------+---------+------------+------------------------------+
| 1 | 2 | 2048 | 64 | 0.3% |
+----------+-------------+---------+------------+------------------------------+
| 1 | 1 | 512 | 64 | -0.9% |
+----------+-------------+---------+------------+------------------------------+
| 1 | 1 | 2048 | 64 | 3.4% |
+----------+-------------+---------+------------+------------------------------+
Ubuntu 22.04
Kernel: 5.15.0-131-generic
Compiler: gcc (Ubuntu 11.4.0-1ubuntu1~22.04) 11.4.0
NIC: Intel Corporation Ethernet Converged Network Adapter 82599ES 10000 Mbps
Fail/Total: 0/6
Detail performance results:
+----------+-------------+---------+------------+------------------------------+
| num_cpus | num_threads | txd/rxd | frame_size | throughput difference from |
| | | | | expected |
+==========+=============+=========+============+==============================+
| 1 | 2 | 128 | 64 | -1.2% |
+----------+-------------+---------+------------+------------------------------+
| 1 | 2 | 512 | 64 | -0.1% |
+----------+-------------+---------+------------+------------------------------+
| 1 | 2 | 2048 | 64 | 0.4% |
+----------+-------------+---------+------------+------------------------------+
| 1 | 1 | 128 | 64 | 0.8% |
+----------+-------------+---------+------------+------------------------------+
| 1 | 1 | 512 | 64 | 0.4% |
+----------+-------------+---------+------------+------------------------------+
| 1 | 1 | 2048 | 64 | 0.2% |
+----------+-------------+---------+------------+------------------------------+
Ubuntu 24.04
Kernel: 6.8.0-52-generic
Compiler: gcc 13.3.0
NIC: Intel E810 (Arm Grace Server) 100000 Mbps
Fail/Total: 0/2
Detail performance results:
+------------+---------+----------+-------------+------------------------------+
| frame_size | txd/rxd | num_cpus | num_threads | throughput difference from |
| | | | | expected |
+============+=========+==========+=============+==============================+
| 64 | 512 | 1 | 1 | 1.3% |
+------------+---------+----------+-------------+------------------------------+
| 64 | 2048 | 1 | 1 | 0.0% |
+------------+---------+----------+-------------+------------------------------+
To view detailed results, visit:
https://lab.dpdk.org/results/dashboard/patchsets/33172/
UNH-IOL DPDK Community Lab
To manage your email subscriptions, visit:
https://lab.dpdk.org/results/dashboard/preferences/subscriptions/
^ permalink raw reply [flat|nested] 30+ messages in thread
* |SUCCESS| pw153439 [PATCH] net/intel: reduce size of common Tx queue
[not found] <20250514125733.1364644-1-shaiq.wani@intel.com>
` (6 preceding siblings ...)
2025-05-14 15:21 ` dpdklab
@ 2025-05-14 15:29 ` dpdklab
2025-05-14 15:30 ` dpdklab
` (21 subsequent siblings)
29 siblings, 0 replies; 30+ messages in thread
From: dpdklab @ 2025-05-14 15:29 UTC (permalink / raw)
To: Test Report; +Cc: dpdk-test-reports
Test-Label: iol-intel-Functional
Test-Status: SUCCESS
http://dpdk.org/patch/153439
_Functional Testing PASS_
Submitter: Shaiq Wani <shaiq.wani@intel.com>
Date: Wednesday, May 14 2025 12:57:33
DPDK git baseline: Repo:dpdk
Branch: master
CommitID:5b3328195d3c7cc013eb0d7a0b99ab6791d46a77
153439 --> functional testing pass
Upstream job id: Template-DTS-Pipeline#225768
Test environment and result as below:
Ubuntu 24.04 LTS
Kernel: 6.8.0-44-generic
Compiler: gcc 13.2.0
NIC: Intel Corporation Ethernet Controller XL710 for 40GbE QSFP+ 40 Mbps
Aggregate Results by Test Suite
+----------------------+--------+
| Test Suite | Result |
+======================+========+
| TestBlocklist | PASS |
+----------------------+--------+
| TestMacFilter | PASS |
+----------------------+--------+
| TestDynamicConfig | PASS |
+----------------------+--------+
| TestDynamicQueueConf | PASS |
+----------------------+--------+
| TestPMDBufferScatter | PASS |
+----------------------+--------+
| TestPromiscSupport | PASS |
+----------------------+--------+
| TestUniPkt | PASS |
+----------------------+--------+
Ubuntu 24.04 LTS
Kernel: 6.8.0-55-generic
Compiler: gcc 13.3.0
NIC: Intel Corporation 4xxx Series QAT 0 Mbps
Aggregate Results by Test Suite
+----------------------------+--------+
| Test Suite | Result |
+============================+========+
| crypto_perf_cryptodev_perf | PASS |
+----------------------------+--------+
To view detailed results, visit:
https://lab.dpdk.org/results/dashboard/patchsets/33172/
UNH-IOL DPDK Community Lab
To manage your email subscriptions, visit:
https://lab.dpdk.org/results/dashboard/preferences/subscriptions/
^ permalink raw reply [flat|nested] 30+ messages in thread
* |SUCCESS| pw153439 [PATCH] net/intel: reduce size of common Tx queue
[not found] <20250514125733.1364644-1-shaiq.wani@intel.com>
` (7 preceding siblings ...)
2025-05-14 15:29 ` dpdklab
@ 2025-05-14 15:30 ` dpdklab
2025-05-14 15:31 ` |PENDING| " dpdklab
` (20 subsequent siblings)
29 siblings, 0 replies; 30+ messages in thread
From: dpdklab @ 2025-05-14 15:30 UTC (permalink / raw)
To: Test Report; +Cc: dpdk-test-reports
Test-Label: iol-sample-apps-testing
Test-Status: SUCCESS
http://dpdk.org/patch/153439
_Testing PASS_
Submitter: Shaiq Wani <shaiq.wani@intel.com>
Date: Wednesday, May 14 2025 12:57:33
DPDK git baseline: Repo:dpdk
Branch: master
CommitID:5b3328195d3c7cc013eb0d7a0b99ab6791d46a77
153439 --> testing pass
Upstream job id: Template-DTS-Pipeline#225767
Test environment and result as below:
+--------------------+----------------------+
| Environment | compressdev_zlib_pmd |
+====================+======================+
| Ubuntu 22.04 (ARM) | PASS |
+--------------------+----------------------+
Ubuntu 22.04 (ARM)
Kernel: 5.15.0-97-generic
Compiler: gcc gcc (Ubuntu 11.4.0-1ubuntu1~22.04) 11.4.0
To view detailed results, visit:
https://lab.dpdk.org/results/dashboard/patchsets/33172/
UNH-IOL DPDK Community Lab
To manage your email subscriptions, visit:
https://lab.dpdk.org/results/dashboard/preferences/subscriptions/
^ permalink raw reply [flat|nested] 30+ messages in thread
* |PENDING| pw153439 [PATCH] net/intel: reduce size of common Tx queue
[not found] <20250514125733.1364644-1-shaiq.wani@intel.com>
` (8 preceding siblings ...)
2025-05-14 15:30 ` dpdklab
@ 2025-05-14 15:31 ` dpdklab
2025-05-14 15:33 ` |SUCCESS| " dpdklab
` (19 subsequent siblings)
29 siblings, 0 replies; 30+ messages in thread
From: dpdklab @ 2025-05-14 15:31 UTC (permalink / raw)
To: Test Report; +Cc: dpdk-test-reports
Test-Label: iol-abi-testing
Test-Status: PENDING
http://dpdk.org/patch/153439
_Testing pending_
Submitter: Shaiq Wani <shaiq.wani@intel.com>
Date: Wednesday, May 14 2025 12:57:33
DPDK git baseline: Repo:dpdk
Branch: master
CommitID:5b3328195d3c7cc013eb0d7a0b99ab6791d46a77
153439 --> testing pending
Upstream job id: Generic-DPDK-Compile-ABI#126359
Test environment and result as below:
+-------------------+----------+
| Environment | abi_test |
+===================+==========+
| CentOS Stream 9 | PEND |
+-------------------+----------+
| CentOS Stream 10 | PEND |
+-------------------+----------+
| Debian 12 | PEND |
+-------------------+----------+
| Fedora 41 (Clang) | PEND |
+-------------------+----------+
| Fedora 40 (Clang) | PEND |
+-------------------+----------+
| Fedora 40 | PEND |
+-------------------+----------+
| openSUSE Leap 15 | PASS |
+-------------------+----------+
| Fedora 41 | PEND |
+-------------------+----------+
| RHEL8 | PEND |
+-------------------+----------+
| RHEL9 | PEND |
+-------------------+----------+
| Ubuntu 24.04 | PEND |
+-------------------+----------+
| Ubuntu 22.04 | PEND |
+-------------------+----------+
CentOS Stream 9
Kernel: Depends on container host
Compiler: gcc 11.5.0 20240719 (Red Hat 11.5.0-2)
CentOS Stream 10
Kernel: Depends on container host
Compiler: gcc 14.2.1 20241104 (Red Hat 14.2.1-6)
Debian 12
Kernel: Depends on container host
Compiler: gcc (Debian 12.2.0-14) 12.2.0
Fedora 41 (Clang)
Kernel: Depends on container host
Compiler: clang 19.1.5 (Fedora 19.1.5-1.fc41)
Fedora 40 (Clang)
Kernel: Depends on container host
Compiler: clang 18.1.8 (Fedora 18.1.8-1.fc40)
Fedora 40
Kernel: Depends on container host
Compiler: gcc 14.2.1 20240912 (Red Hat 14.2.1-3)
openSUSE Leap 15
Kernel: Depends on container host
Compiler: gcc (SUSE Linux) 7.5.0
Fedora 41
Kernel: Depends on container host
Compiler: gcc 14.2.1 20240912 (Red Hat 14.2.1-3)
RHEL8
Kernel: Depends on container host
Compiler: gcc 8.5.0 20210514 (Red Hat 8.5.0-22)
RHEL9
Kernel: Depends on container host
Compiler: gcc 11.5.0 20240719 (Red Hat 11.5.0-2)
Ubuntu 24.04
Kernel: Depends on container host
Compiler: gcc (Ubuntu 13.3.0-6ubuntu2~24.04) 13.3.0
Ubuntu 22.04
Kernel: Depends on container host
Compiler: gcc (Ubuntu 11.4.0-1ubuntu1~22.04) 11.4.0
To view detailed results, visit:
https://lab.dpdk.org/results/dashboard/patchsets/33172/
UNH-IOL DPDK Community Lab
To manage your email subscriptions, visit:
https://lab.dpdk.org/results/dashboard/preferences/subscriptions/
^ permalink raw reply [flat|nested] 30+ messages in thread
* |SUCCESS| pw153439 [PATCH] net/intel: reduce size of common Tx queue
[not found] <20250514125733.1364644-1-shaiq.wani@intel.com>
` (9 preceding siblings ...)
2025-05-14 15:31 ` |PENDING| " dpdklab
@ 2025-05-14 15:33 ` dpdklab
2025-05-14 15:36 ` |PENDING| " dpdklab
` (18 subsequent siblings)
29 siblings, 0 replies; 30+ messages in thread
From: dpdklab @ 2025-05-14 15:33 UTC (permalink / raw)
To: Test Report; +Cc: dpdk-test-reports
Test-Label: iol-intel-Functional
Test-Status: SUCCESS
http://dpdk.org/patch/153439
_Functional Testing PASS_
Submitter: Shaiq Wani <shaiq.wani@intel.com>
Date: Wednesday, May 14 2025 12:57:33
DPDK git baseline: Repo:dpdk
Branch: master
CommitID:5b3328195d3c7cc013eb0d7a0b99ab6791d46a77
153439 --> functional testing pass
Upstream job id: Template-DTS-Pipeline#225764
Test environment and result as below:
Ubuntu 24.04 LTS
Kernel: 6.8.0-44-generic
Compiler: gcc 13.2.0
NIC: Intel Corporation Ethernet Controller XL710 for 40GbE QSFP+ 40 Mbps
Aggregate Results by Test Suite
+----------------------+--------+
| Test Suite | Result |
+======================+========+
| TestBlocklist | PASS |
+----------------------+--------+
| TestMacFilter | PASS |
+----------------------+--------+
| TestDynamicConfig | PASS |
+----------------------+--------+
| TestDynamicQueueConf | PASS |
+----------------------+--------+
| TestPMDBufferScatter | PASS |
+----------------------+--------+
| TestPromiscSupport | PASS |
+----------------------+--------+
| TestUniPkt | PASS |
+----------------------+--------+
Ubuntu 24.04 LTS
Kernel: 6.8.0-55-generic
Compiler: gcc 13.3.0
NIC: Intel Corporation 4xxx Series QAT 0 Mbps
Aggregate Results by Test Suite
+----------------------------+--------+
| Test Suite | Result |
+============================+========+
| crypto_perf_cryptodev_perf | PASS |
+----------------------------+--------+
Arm Ampere Altra - Ubuntu 22.04
Kernel: 5.15.83+
Compiler: gcc 11.4
NIC: Intel Corporation QAT 8970 0 Mbps
Aggregate Results by Test Suite
+----------------------------+--------+
| Test Suite | Result |
+============================+========+
| crypto_perf_cryptodev_perf | PASS |
+----------------------------+--------+
To view detailed results, visit:
https://lab.dpdk.org/results/dashboard/patchsets/33172/
UNH-IOL DPDK Community Lab
To manage your email subscriptions, visit:
https://lab.dpdk.org/results/dashboard/preferences/subscriptions/
^ permalink raw reply [flat|nested] 30+ messages in thread
* |PENDING| pw153439 [PATCH] net/intel: reduce size of common Tx queue
[not found] <20250514125733.1364644-1-shaiq.wani@intel.com>
` (10 preceding siblings ...)
2025-05-14 15:33 ` |SUCCESS| " dpdklab
@ 2025-05-14 15:36 ` dpdklab
2025-05-14 15:37 ` |SUCCESS| " dpdklab
` (17 subsequent siblings)
29 siblings, 0 replies; 30+ messages in thread
From: dpdklab @ 2025-05-14 15:36 UTC (permalink / raw)
To: Test Report; +Cc: dpdk-test-reports
Test-Label: iol-unit-arm64-testing
Test-Status: PENDING
http://dpdk.org/patch/153439
_Testing pending_
Submitter: Shaiq Wani <shaiq.wani@intel.com>
Date: Wednesday, May 14 2025 12:57:33
DPDK git baseline: Repo:dpdk
Branch: master
CommitID:5b3328195d3c7cc013eb0d7a0b99ab6791d46a77
153439 --> testing pending
Upstream job id: Generic-Unit-Test-DPDK#337750
Test environment and result as below:
+------------------------+----------------+------------------------------+---------------------------+--------------+
| Environment | dpdk_unit_test | cryptodev_sw_snow3g_autotest | cryptodev_sw_zuc_autotest | lpm_autotest |
+========================+================+==============================+===========================+==============+
| Fedora 41 (ARM) | PASS | SKIPPED | SKIPPED | SKIPPED |
+------------------------+----------------+------------------------------+---------------------------+--------------+
| CentOS Stream 9 (ARM) | PEND | SKIPPED | SKIPPED | SKIPPED |
+------------------------+----------------+------------------------------+---------------------------+--------------+
| Fedora 40 (ARM) | PEND | SKIPPED | SKIPPED | SKIPPED |
+------------------------+----------------+------------------------------+---------------------------+--------------+
| CentOS Stream 10 (ARM) | PEND | SKIPPED | SKIPPED | SKIPPED |
+------------------------+----------------+------------------------------+---------------------------+--------------+
| Fedora 40 (ARM Clang) | PEND | SKIPPED | SKIPPED | SKIPPED |
+------------------------+----------------+------------------------------+---------------------------+--------------+
| Fedora 41 (ARM Clang) | PEND | SKIPPED | SKIPPED | SKIPPED |
+------------------------+----------------+------------------------------+---------------------------+--------------+
| Debian 12 (arm) | PEND | PEND | PEND | SKIPPED |
+------------------------+----------------+------------------------------+---------------------------+--------------+
| Ubuntu 22.04 (ARM) | PEND | SKIPPED | SKIPPED | SKIPPED |
+------------------------+----------------+------------------------------+---------------------------+--------------+
| RHEL9 (ARM) | PEND | SKIPPED | SKIPPED | SKIPPED |
+------------------------+----------------+------------------------------+---------------------------+--------------+
| Ubuntu 24.04 (ARM) | PEND | SKIPPED | SKIPPED | SKIPPED |
+------------------------+----------------+------------------------------+---------------------------+--------------+
| Ubuntu 20.04 (ARM) | PEND | SKIPPED | SKIPPED | SKIPPED |
+------------------------+----------------+------------------------------+---------------------------+--------------+
| Ubuntu 20.04 ARM SVE | SKIPPED | SKIPPED | SKIPPED | PEND |
+------------------------+----------------+------------------------------+---------------------------+--------------+
Fedora 41 (ARM)
Kernel: Depends on container host
Compiler: gcc 14.2.1 20240912 (Red Hat 14.2.1-3)
CentOS Stream 9 (ARM)
Kernel: Depends on container host
Compiler: gcc 11.5.0 20240719 (Red Hat 11.5.0-2)
Fedora 40 (ARM)
Kernel: Depends on container host
Compiler: gcc 14.2.1 20240912 (Red Hat 14.2.1-3)
CentOS Stream 10 (ARM)
Kernel: Depends on container host
Compiler: gcc 14.2.1 20241104 (Red Hat 14.2.1-6)
Fedora 40 (ARM Clang)
Kernel: Depends on container host
Compiler: clang 18.1.8 (Fedora 18.1.8-1.fc40)
Fedora 41 (ARM Clang)
Kernel: Depends on container host
Compiler: clang 19.1.5 (Fedora 19.1.5-1.fc41)
Debian 12 (arm)
Kernel: Depends on container host
Compiler: gcc (Debian 12.2.0-14) 12.2.0
Ubuntu 22.04 (ARM)
Kernel: Depends on container host
Compiler: gcc (Ubuntu 11.4.0-1ubuntu1~22.04) 11.4.0
RHEL9 (ARM)
Kernel: Depends on container host
Compiler: gcc 11.5.0 20240719 (Red Hat 11.5.0-2)
Ubuntu 24.04 (ARM)
Kernel: Depends on container host
Compiler: gcc (Ubuntu 13.3.0-6ubuntu2~24.04) 13.3.0
Ubuntu 20.04 (ARM)
Kernel: Depends on container host
Compiler: gcc (Ubuntu 9.4.0-1ubuntu1~20.04.2) 9.4.0
Ubuntu 20.04 ARM SVE
Kernel: Depends on container host
Compiler: gcc (Ubuntu 10.5.0-1ubuntu1~20.04) 10.5.0
To view detailed results, visit:
https://lab.dpdk.org/results/dashboard/patchsets/33172/
UNH-IOL DPDK Community Lab
To manage your email subscriptions, visit:
https://lab.dpdk.org/results/dashboard/preferences/subscriptions/
^ permalink raw reply [flat|nested] 30+ messages in thread
* |SUCCESS| pw153439 [PATCH] net/intel: reduce size of common Tx queue
[not found] <20250514125733.1364644-1-shaiq.wani@intel.com>
` (11 preceding siblings ...)
2025-05-14 15:36 ` |PENDING| " dpdklab
@ 2025-05-14 15:37 ` dpdklab
2025-05-14 15:37 ` |FAILURE| " dpdklab
` (16 subsequent siblings)
29 siblings, 0 replies; 30+ messages in thread
From: dpdklab @ 2025-05-14 15:37 UTC (permalink / raw)
To: Test Report; +Cc: dpdk-test-reports
Test-Label: iol-intel-Functional
Test-Status: SUCCESS
http://dpdk.org/patch/153439
_Functional Testing PASS_
Submitter: Shaiq Wani <shaiq.wani@intel.com>
Date: Wednesday, May 14 2025 12:57:33
DPDK git baseline: Repo:dpdk
Branch: master
CommitID:5b3328195d3c7cc013eb0d7a0b99ab6791d46a77
153439 --> functional testing pass
Upstream job id: Template-DTS-Pipeline#225761
Test environment and result as below:
Ubuntu 24.04 LTS
Kernel: 6.8.0-44-generic
Compiler: gcc 13.2.0
NIC: Intel Corporation Ethernet Controller XL710 for 40GbE QSFP+ 40 Mbps
Aggregate Results by Test Suite
+----------------------+--------+
| Test Suite | Result |
+======================+========+
| TestBlocklist | PASS |
+----------------------+--------+
| TestMacFilter | PASS |
+----------------------+--------+
| TestDynamicConfig | PASS |
+----------------------+--------+
| TestDynamicQueueConf | PASS |
+----------------------+--------+
| TestPMDBufferScatter | PASS |
+----------------------+--------+
| TestPromiscSupport | PASS |
+----------------------+--------+
| TestUniPkt | PASS |
+----------------------+--------+
Ubuntu 24.04 LTS
Kernel: 6.8.0-55-generic
Compiler: gcc 13.3.0
NIC: Intel Corporation 4xxx Series QAT 0 Mbps
Aggregate Results by Test Suite
+----------------------------+--------+
| Test Suite | Result |
+============================+========+
| crypto_perf_cryptodev_perf | PASS |
+----------------------------+--------+
Arm Ampere Altra - Ubuntu 22.04
Kernel: 5.15.83+
Compiler: gcc 11.4
NIC: Intel Corporation QAT 8970 0 Mbps
Aggregate Results by Test Suite
+----------------------------+--------+
| Test Suite | Result |
+============================+========+
| crypto_perf_cryptodev_perf | PASS |
+----------------------------+--------+
Ubuntu 20.04
Kernel: 5.4.0-122-generic
Compiler: gcc 9.4.0
NIC: Intel Corporation Ethernet Converged Network Adapter XL710-QDA2 40000 Mbps
Aggregate Results by Test Suite
+-----------------------------+--------+
| Test Suite | Result |
+=============================+========+
| unit_tests_mbuf | PASS |
+-----------------------------+--------+
| vhost_virtio_user_interrupt | PASS |
+-----------------------------+--------+
| virtio_smoke | PASS |
+-----------------------------+--------+
Ubuntu 22.04
Kernel: 5.15.0-131-generic
Compiler: gcc (Ubuntu 11.4.0-1ubuntu1~22.04) 11.4.0
NIC: Intel Corporation Ethernet Converged Network Adapter 82599ES 10000 Mbps
Aggregate Results by Test Suite
+-----------------------------+--------+
| Test Suite | Result |
+=============================+========+
| unit_tests_mbuf | PASS |
+-----------------------------+--------+
| vhost_virtio_user_interrupt | PASS |
+-----------------------------+--------+
| virtio_smoke | PASS |
+-----------------------------+--------+
To view detailed results, visit:
https://lab.dpdk.org/results/dashboard/patchsets/33172/
UNH-IOL DPDK Community Lab
To manage your email subscriptions, visit:
https://lab.dpdk.org/results/dashboard/preferences/subscriptions/
^ permalink raw reply [flat|nested] 30+ messages in thread
* |FAILURE| pw153439 [PATCH] net/intel: reduce size of common Tx queue
[not found] <20250514125733.1364644-1-shaiq.wani@intel.com>
` (12 preceding siblings ...)
2025-05-14 15:37 ` |SUCCESS| " dpdklab
@ 2025-05-14 15:37 ` dpdklab
2025-05-14 15:38 ` dpdklab
` (15 subsequent siblings)
29 siblings, 0 replies; 30+ messages in thread
From: dpdklab @ 2025-05-14 15:37 UTC (permalink / raw)
To: Test Report; +Cc: dpdk-test-reports, Shaiq Wani
Test-Label: iol-unit-amd64-testing
Test-Status: FAILURE
http://dpdk.org/patch/153439
_Testing issues_
Submitter: Shaiq Wani <shaiq.wani@intel.com>
Date: Wednesday, May 14 2025 12:57:33
DPDK git baseline: Repo:dpdk
Branch: master
CommitID:5b3328195d3c7cc013eb0d7a0b99ab6791d46a77
153439 --> testing issues
Upstream job id: Generic-Unit-Test-DPDK#337747
Test environment and result as below:
+-------------------+----------------+
| Environment | dpdk_unit_test |
+===================+================+
| Debian 12 | PASS |
+-------------------+----------------+
| Fedora 41 | PEND |
+-------------------+----------------+
| CentOS Stream 10 | PEND |
+-------------------+----------------+
| CentOS Stream 9 | PEND |
+-------------------+----------------+
| Fedora 40 | PEND |
+-------------------+----------------+
| Fedora 41 (Clang) | PEND |
+-------------------+----------------+
| Fedora 40 (Clang) | WARN |
+-------------------+----------------+
| RHEL8 | PEND |
+-------------------+----------------+
| RHEL9 | PEND |
+-------------------+----------------+
| Ubuntu 22.04 | PEND |
+-------------------+----------------+
| Ubuntu 20.04 | PEND |
+-------------------+----------------+
| Ubuntu 24.04 | PEND |
+-------------------+----------------+
==== 20 line log output for Fedora 40 (Clang) (dpdk_unit_test): ====
[1805/3481] Compiling C object drivers/libtmp_rte_net_ice.a.p/net_intel_ice_ice_rxtx.c.o
[1806/3481] Compiling C object drivers/libtmp_rte_net_ice.a.p/net_intel_ice_ice_rxtx_vec_sse.c.o
[1807/3481] Compiling C object drivers/libtmp_rte_net_ice.a.p/net_intel_ice_ice_dcf.c.o
[1808/3481] Compiling C object drivers/libtmp_rte_net_ice.a.p/net_intel_ice_ice_dcf_vf_representor.c.o
[1809/3481] Generating rte_net_ice_map with a custom command
[1810/3481] Compiling C object drivers/libtmp_rte_net_ice.a.p/net_intel_ice_ice_dcf_parent.c.o
[1811/3481] Compiling C object drivers/libtmp_rte_net_ice.a.p/net_intel_ice_ice_dcf_sched.c.o
[1812/3481] Compiling C object drivers/libtmp_rte_net_ice.a.p/net_intel_ice_ice_dcf_ethdev.c.o
[1813/3481] Linking static target drivers/libtmp_rte_net_ice.a
[1814/3481] Compiling C object drivers/librte_net_idpf_avx512_lib.a.p/net_intel_idpf_idpf_common_rxtx_avx512.c.o
FAILED: drivers/librte_net_idpf_avx512_lib.a.p/net_intel_idpf_idpf_common_rxtx_avx512.c.o
clang -Idrivers/librte_net_idpf_avx512_lib.a.p -Idrivers -I../drivers -Idrivers/net/intel/idpf -I../drivers/net/intel/idpf -Idrivers/net/intel/idpf/base -I../drivers/net/intel/idpf/base -I../drivers/net/intel/iavf/base -Ilib/ethdev -I../lib/ethdev -Ilib/eal/common -I../lib/eal/common -I. -I.. -Iconfig -I../config -Ilib/eal/include -I../lib/eal/include -Ilib/eal/linux/include -I../lib/eal/linux/include -Ilib/eal/x86/include -I../lib/eal/x86/include -I../kernel/linux -Ilib/eal -I../lib/eal -Ilib/kvargs -I../lib/kvargs -Ilib/log -I../lib/log -Ilib/metrics -I../lib/metrics -Ilib/telemetry -I../lib/telemetry -Ilib/net -I../lib/net -Ilib/mbuf -I../lib/mbuf -Ilib/mempool -I../lib/mempool -Ilib/ring -I../lib/ring -Ilib/meter -I../lib/meter -Idrivers/bus/pci -I../drivers/bus/pci -I../drivers/bus/pci/linux -Ilib/pci -I../lib/pci -Idrivers/bus/vdev -I../drivers/bus/vdev -Xclang -fcolor-diagnostics -pipe -D_FILE_OFFSET_BITS=64 -Wall -Winvalid-pch -Wextra -Werror -std=c11 -O3 -include rte_config.
h -Wvla -Wcast-qual -Wdeprecated -Wformat -Wformat-nonliteral -Wformat-security -Wmissing-declarations -Wmissing-prototypes -Wnested-externs -Wold-style-definition -Wpointer-arith -Wsign-compare -Wstrict-prototypes -Wundef -Wwrite-strings -Wno-missing-field-initializers -D_GNU_SOURCE -fPIC -march=native -mrtm -DALLOW_EXPERIMENTAL_API -DALLOW_INTERNAL_API -Wno-format-truncation -Wno-address-of-packed-member -DRTE_LOG_DEFAULT_LOGTYPE=pmd.net.idpf -DRTE_ANNOTATE_LOCKS -Wthread-safety -DCC_AVX512_SUPPORT -mavx512f -mavx512vl -mavx512dq -mavx512bw -mavx512cd -MD -MQ drivers/librte_net_idpf_avx512_lib.a.p/net_intel_idpf_idpf_common_rxtx_avx512.c.o -MF drivers/librte_net_idpf_avx512_lib.a.p/net_intel_idpf_idpf_common_rxtx_avx512.c.o.d -o drivers/librte_net_idpf_avx512_lib.a.p/net_intel_idpf_idpf_common_rxtx_avx512.c.o -c ../drivers/net/intel/idpf/idpf_common_rxtx_avx512.c
../drivers/net/intel/idpf/idpf_common_rxtx_avx512.c:1373:1: error: unused function 'idpf_tx_release_mbufs_avx512' [-Werror,-Wunused-function]
1373 | idpf_tx_release_mbufs_avx512(struct ci_tx_queue *txq)
| ^~~~~~~~~~~~~~~~~~~~~~~~~~~~
1 error generated.
[1815/3481] Compiling C object drivers/librte_net_idpf_avx2_lib.a.p/net_intel_idpf_idpf_common_rxtx_avx2.c.o
[1816/3481] Compiling C object drivers/libtmp_rte_net_idpf.a.p/net_intel_idpf_idpf_common_device.c.o
[1817/3481] Generating rte_net_ice.pmd.c with a custom command
ninja: build stopped: subcommand failed.
==== End log output ====
Debian 12
Kernel: Depends on container host
Compiler: gcc (Debian 12.2.0-14) 12.2.0
Fedora 41
Kernel: Depends on container host
Compiler: gcc 14.2.1 20240912 (Red Hat 14.2.1-3)
CentOS Stream 10
Kernel: Depends on container host
Compiler: gcc 14.2.1 20241104 (Red Hat 14.2.1-6)
CentOS Stream 9
Kernel: Depends on container host
Compiler: gcc 11.5.0 20240719 (Red Hat 11.5.0-2)
Fedora 40
Kernel: Depends on container host
Compiler: gcc 14.2.1 20240912 (Red Hat 14.2.1-3)
Fedora 41 (Clang)
Kernel: Depends on container host
Compiler: clang 19.1.5 (Fedora 19.1.5-1.fc41)
Fedora 40 (Clang)
Kernel: Depends on container host
Compiler: clang 18.1.8 (Fedora 18.1.8-1.fc40)
RHEL8
Kernel: Depends on container host
Compiler: gcc 8.5.0 20210514 (Red Hat 8.5.0-22)
RHEL9
Kernel: Depends on container host
Compiler: gcc 11.5.0 20240719 (Red Hat 11.5.0-2)
Ubuntu 22.04
Kernel: Depends on container host
Compiler: gcc (Ubuntu 11.4.0-1ubuntu1~22.04) 11.4.0
Ubuntu 20.04
Kernel: Depends on container host
Compiler: gcc (Ubuntu 9.4.0-1ubuntu1~20.04.2) 9.4.0
Ubuntu 24.04
Kernel: Depends on container host
Compiler: gcc (Ubuntu 13.3.0-6ubuntu2~24.04) 13.3.0
To view detailed results, visit:
https://lab.dpdk.org/results/dashboard/patchsets/33172/
UNH-IOL DPDK Community Lab
To manage your email subscriptions, visit:
https://lab.dpdk.org/results/dashboard/preferences/subscriptions/
^ permalink raw reply [flat|nested] 30+ messages in thread
* |FAILURE| pw153439 [PATCH] net/intel: reduce size of common Tx queue
[not found] <20250514125733.1364644-1-shaiq.wani@intel.com>
` (13 preceding siblings ...)
2025-05-14 15:37 ` |FAILURE| " dpdklab
@ 2025-05-14 15:38 ` dpdklab
2025-05-14 15:51 ` |SUCCESS| " dpdklab
` (14 subsequent siblings)
29 siblings, 0 replies; 30+ messages in thread
From: dpdklab @ 2025-05-14 15:38 UTC (permalink / raw)
To: Test Report; +Cc: dpdk-test-reports, Shaiq Wani
Test-Label: iol-unit-amd64-testing
Test-Status: FAILURE
http://dpdk.org/patch/153439
_Testing issues_
Submitter: Shaiq Wani <shaiq.wani@intel.com>
Date: Wednesday, May 14 2025 12:57:33
DPDK git baseline: Repo:dpdk
Branch: master
CommitID:5b3328195d3c7cc013eb0d7a0b99ab6791d46a77
153439 --> testing issues
Upstream job id: Generic-Unit-Test-DPDK#337743
Test environment and result as below:
+-------------------+----------------+
| Environment | dpdk_unit_test |
+===================+================+
| Debian 12 | PASS |
+-------------------+----------------+
| Fedora 41 | PEND |
+-------------------+----------------+
| CentOS Stream 10 | PEND |
+-------------------+----------------+
| CentOS Stream 9 | PEND |
+-------------------+----------------+
| Fedora 40 | PEND |
+-------------------+----------------+
| Fedora 41 (Clang) | PEND |
+-------------------+----------------+
| Fedora 40 (Clang) | WARN |
+-------------------+----------------+
| RHEL8 | PEND |
+-------------------+----------------+
| RHEL9 | PEND |
+-------------------+----------------+
| Ubuntu 22.04 | PEND |
+-------------------+----------------+
| Ubuntu 20.04 | PEND |
+-------------------+----------------+
| Ubuntu 24.04 | PEND |
+-------------------+----------------+
==== 20 line log output for Fedora 40 (Clang) (dpdk_unit_test): ====
[1805/3481] Compiling C object drivers/libtmp_rte_net_ice.a.p/net_intel_ice_ice_rxtx.c.o
[1806/3481] Compiling C object drivers/libtmp_rte_net_ice.a.p/net_intel_ice_ice_rxtx_vec_sse.c.o
[1807/3481] Compiling C object drivers/libtmp_rte_net_ice.a.p/net_intel_ice_ice_dcf.c.o
[1808/3481] Compiling C object drivers/libtmp_rte_net_ice.a.p/net_intel_ice_ice_dcf_vf_representor.c.o
[1809/3481] Generating rte_net_ice_map with a custom command
[1810/3481] Compiling C object drivers/libtmp_rte_net_ice.a.p/net_intel_ice_ice_dcf_parent.c.o
[1811/3481] Compiling C object drivers/libtmp_rte_net_ice.a.p/net_intel_ice_ice_dcf_sched.c.o
[1812/3481] Compiling C object drivers/libtmp_rte_net_ice.a.p/net_intel_ice_ice_dcf_ethdev.c.o
[1813/3481] Linking static target drivers/libtmp_rte_net_ice.a
[1814/3481] Compiling C object drivers/librte_net_idpf_avx512_lib.a.p/net_intel_idpf_idpf_common_rxtx_avx512.c.o
FAILED: drivers/librte_net_idpf_avx512_lib.a.p/net_intel_idpf_idpf_common_rxtx_avx512.c.o
clang -Idrivers/librte_net_idpf_avx512_lib.a.p -Idrivers -I../drivers -Idrivers/net/intel/idpf -I../drivers/net/intel/idpf -Idrivers/net/intel/idpf/base -I../drivers/net/intel/idpf/base -I../drivers/net/intel/iavf/base -Ilib/ethdev -I../lib/ethdev -Ilib/eal/common -I../lib/eal/common -I. -I.. -Iconfig -I../config -Ilib/eal/include -I../lib/eal/include -Ilib/eal/linux/include -I../lib/eal/linux/include -Ilib/eal/x86/include -I../lib/eal/x86/include -I../kernel/linux -Ilib/eal -I../lib/eal -Ilib/kvargs -I../lib/kvargs -Ilib/log -I../lib/log -Ilib/metrics -I../lib/metrics -Ilib/telemetry -I../lib/telemetry -Ilib/net -I../lib/net -Ilib/mbuf -I../lib/mbuf -Ilib/mempool -I../lib/mempool -Ilib/ring -I../lib/ring -Ilib/meter -I../lib/meter -Idrivers/bus/pci -I../drivers/bus/pci -I../drivers/bus/pci/linux -Ilib/pci -I../lib/pci -Idrivers/bus/vdev -I../drivers/bus/vdev -Xclang -fcolor-diagnostics -pipe -D_FILE_OFFSET_BITS=64 -Wall -Winvalid-pch -Wextra -Werror -std=c11 -O3 -include rte_config.
h -Wvla -Wcast-qual -Wdeprecated -Wformat -Wformat-nonliteral -Wformat-security -Wmissing-declarations -Wmissing-prototypes -Wnested-externs -Wold-style-definition -Wpointer-arith -Wsign-compare -Wstrict-prototypes -Wundef -Wwrite-strings -Wno-missing-field-initializers -D_GNU_SOURCE -fPIC -march=native -mrtm -DALLOW_EXPERIMENTAL_API -DALLOW_INTERNAL_API -Wno-format-truncation -Wno-address-of-packed-member -DRTE_LOG_DEFAULT_LOGTYPE=pmd.net.idpf -DRTE_ANNOTATE_LOCKS -Wthread-safety -DCC_AVX512_SUPPORT -mavx512f -mavx512vl -mavx512dq -mavx512bw -mavx512cd -MD -MQ drivers/librte_net_idpf_avx512_lib.a.p/net_intel_idpf_idpf_common_rxtx_avx512.c.o -MF drivers/librte_net_idpf_avx512_lib.a.p/net_intel_idpf_idpf_common_rxtx_avx512.c.o.d -o drivers/librte_net_idpf_avx512_lib.a.p/net_intel_idpf_idpf_common_rxtx_avx512.c.o -c ../drivers/net/intel/idpf/idpf_common_rxtx_avx512.c
../drivers/net/intel/idpf/idpf_common_rxtx_avx512.c:1373:1: error: unused function 'idpf_tx_release_mbufs_avx512' [-Werror,-Wunused-function]
1373 | idpf_tx_release_mbufs_avx512(struct ci_tx_queue *txq)
| ^~~~~~~~~~~~~~~~~~~~~~~~~~~~
1 error generated.
[1815/3481] Compiling C object drivers/librte_net_idpf_avx2_lib.a.p/net_intel_idpf_idpf_common_rxtx_avx2.c.o
[1816/3481] Compiling C object drivers/libtmp_rte_net_idpf.a.p/net_intel_idpf_idpf_common_device.c.o
[1817/3481] Generating rte_net_ice.pmd.c with a custom command
ninja: build stopped: subcommand failed.
==== End log output ====
Debian 12
Kernel: Depends on container host
Compiler: gcc (Debian 12.2.0-14) 12.2.0
Fedora 41
Kernel: Depends on container host
Compiler: gcc 14.2.1 20240912 (Red Hat 14.2.1-3)
CentOS Stream 10
Kernel: Depends on container host
Compiler: gcc 14.2.1 20241104 (Red Hat 14.2.1-6)
CentOS Stream 9
Kernel: Depends on container host
Compiler: gcc 11.5.0 20240719 (Red Hat 11.5.0-2)
Fedora 40
Kernel: Depends on container host
Compiler: gcc 14.2.1 20240912 (Red Hat 14.2.1-3)
Fedora 41 (Clang)
Kernel: Depends on container host
Compiler: clang 19.1.5 (Fedora 19.1.5-1.fc41)
Fedora 40 (Clang)
Kernel: Depends on container host
Compiler: clang 18.1.8 (Fedora 18.1.8-1.fc40)
RHEL8
Kernel: Depends on container host
Compiler: gcc 8.5.0 20210514 (Red Hat 8.5.0-22)
RHEL9
Kernel: Depends on container host
Compiler: gcc 11.5.0 20240719 (Red Hat 11.5.0-2)
Ubuntu 22.04
Kernel: Depends on container host
Compiler: gcc (Ubuntu 11.4.0-1ubuntu1~22.04) 11.4.0
Ubuntu 20.04
Kernel: Depends on container host
Compiler: gcc (Ubuntu 9.4.0-1ubuntu1~20.04.2) 9.4.0
Ubuntu 24.04
Kernel: Depends on container host
Compiler: gcc (Ubuntu 13.3.0-6ubuntu2~24.04) 13.3.0
To view detailed results, visit:
https://lab.dpdk.org/results/dashboard/patchsets/33172/
UNH-IOL DPDK Community Lab
To manage your email subscriptions, visit:
https://lab.dpdk.org/results/dashboard/preferences/subscriptions/
^ permalink raw reply [flat|nested] 30+ messages in thread
* |SUCCESS| pw153439 [PATCH] net/intel: reduce size of common Tx queue
[not found] <20250514125733.1364644-1-shaiq.wani@intel.com>
` (14 preceding siblings ...)
2025-05-14 15:38 ` dpdklab
@ 2025-05-14 15:51 ` dpdklab
2025-05-14 15:51 ` |PENDING| " dpdklab
` (13 subsequent siblings)
29 siblings, 0 replies; 30+ messages in thread
From: dpdklab @ 2025-05-14 15:51 UTC (permalink / raw)
To: Test Report; +Cc: dpdk-test-reports
Test-Label: iol-sample-apps-testing
Test-Status: SUCCESS
http://dpdk.org/patch/153439
_Testing PASS_
Submitter: Shaiq Wani <shaiq.wani@intel.com>
Date: Wednesday, May 14 2025 12:57:33
DPDK git baseline: Repo:dpdk
Branch: master
CommitID:5b3328195d3c7cc013eb0d7a0b99ab6791d46a77
153439 --> testing pass
Upstream job id: Template-DTS-Pipeline#225766
Test environment and result as below:
+--------------------+----------------------+
| Environment | compressdev_zlib_pmd |
+====================+======================+
| Ubuntu 22.04 (ARM) | PASS |
+--------------------+----------------------+
| Ubuntu 22.04 | PASS |
+--------------------+----------------------+
Ubuntu 22.04 (ARM)
Kernel: 5.15.0-97-generic
Compiler: gcc gcc (Ubuntu 11.4.0-1ubuntu1~22.04) 11.4.0
Ubuntu 22.04
Kernel: 5.15.0-100-generic
Compiler: gcc gcc (Ubuntu 11.4.0-1ubuntu1~22.04) 11.4.0
To view detailed results, visit:
https://lab.dpdk.org/results/dashboard/patchsets/33172/
UNH-IOL DPDK Community Lab
To manage your email subscriptions, visit:
https://lab.dpdk.org/results/dashboard/preferences/subscriptions/
^ permalink raw reply [flat|nested] 30+ messages in thread
* |PENDING| pw153439 [PATCH] net/intel: reduce size of common Tx queue
[not found] <20250514125733.1364644-1-shaiq.wani@intel.com>
` (15 preceding siblings ...)
2025-05-14 15:51 ` |SUCCESS| " dpdklab
@ 2025-05-14 15:51 ` dpdklab
2025-05-14 15:54 ` |FAILURE| " dpdklab
` (12 subsequent siblings)
29 siblings, 0 replies; 30+ messages in thread
From: dpdklab @ 2025-05-14 15:51 UTC (permalink / raw)
To: Test Report; +Cc: dpdk-test-reports
Test-Label: iol-compile-amd64-testing
Test-Status: PENDING
http://dpdk.org/patch/153439
_Testing pending_
Submitter: Shaiq Wani <shaiq.wani@intel.com>
Date: Wednesday, May 14 2025 12:57:33
DPDK git baseline: Repo:dpdk
Branch: master
CommitID:5b3328195d3c7cc013eb0d7a0b99ab6791d46a77
153439 --> testing pending
Upstream job id: Generic-DPDK-Compile-Meson#387921
Test environment and result as below:
+-------------------+--------------------+-------------------+------------------+
| Environment | dpdk_meson_compile | dpdk_compile_spdk | dpdk_compile_ovs |
+===================+====================+===================+==================+
| CentOS Stream 9 | PEND | PEND | SKIPPED |
+-------------------+--------------------+-------------------+------------------+
| CentOS Stream 10 | PASS | SKIPPED | SKIPPED |
+-------------------+--------------------+-------------------+------------------+
| Debian 12 | PEND | PEND | SKIPPED |
+-------------------+--------------------+-------------------+------------------+
| Fedora 40 (Clang) | PEND | PEND | SKIPPED |
+-------------------+--------------------+-------------------+------------------+
| Fedora 41 (Clang) | PEND | PEND | PEND |
+-------------------+--------------------+-------------------+------------------+
| openSUSE Leap 15 | PEND | SKIPPED | SKIPPED |
+-------------------+--------------------+-------------------+------------------+
| RHEL8 | PEND | SKIPPED | SKIPPED |
+-------------------+--------------------+-------------------+------------------+
| RHEL9 | PEND | SKIPPED | SKIPPED |
+-------------------+--------------------+-------------------+------------------+
CentOS Stream 9
Kernel: Depends on container host
Compiler: gcc 11.5.0 20240719 (Red Hat 11.5.0-2)
CentOS Stream 10
Kernel: Depends on container host
Compiler: gcc 14.2.1 20241104 (Red Hat 14.2.1-6)
Debian 12
Kernel: Depends on container host
Compiler: gcc (Debian 12.2.0-14) 12.2.0
Fedora 40 (Clang)
Kernel: Depends on container host
Compiler: clang 18.1.8 (Fedora 18.1.8-1.fc40)
Fedora 41 (Clang)
Kernel: Depends on container host
Compiler: clang 19.1.5 (Fedora 19.1.5-1.fc41)
openSUSE Leap 15
Kernel: Depends on container host
Compiler: gcc (SUSE Linux) 7.5.0
RHEL8
Kernel: Depends on container host
Compiler: gcc 8.5.0 20210514 (Red Hat 8.5.0-22)
RHEL9
Kernel: Depends on container host
Compiler: gcc 11.5.0 20240719 (Red Hat 11.5.0-2)
To view detailed results, visit:
https://lab.dpdk.org/results/dashboard/patchsets/33172/
UNH-IOL DPDK Community Lab
To manage your email subscriptions, visit:
https://lab.dpdk.org/results/dashboard/preferences/subscriptions/
^ permalink raw reply [flat|nested] 30+ messages in thread
* |FAILURE| pw153439 [PATCH] net/intel: reduce size of common Tx queue
[not found] <20250514125733.1364644-1-shaiq.wani@intel.com>
` (16 preceding siblings ...)
2025-05-14 15:51 ` |PENDING| " dpdklab
@ 2025-05-14 15:54 ` dpdklab
2025-05-14 15:54 ` dpdklab
` (11 subsequent siblings)
29 siblings, 0 replies; 30+ messages in thread
From: dpdklab @ 2025-05-14 15:54 UTC (permalink / raw)
To: Test Report; +Cc: dpdk-test-reports, Shaiq Wani
Test-Label: iol-compile-amd64-testing
Test-Status: FAILURE
http://dpdk.org/patch/153439
_Testing issues_
Submitter: Shaiq Wani <shaiq.wani@intel.com>
Date: Wednesday, May 14 2025 12:57:33
DPDK git baseline: Repo:dpdk
Branch: master
CommitID:5b3328195d3c7cc013eb0d7a0b99ab6791d46a77
153439 --> testing issues
Upstream job id: Generic-DPDK-Compile-Meson#387920
Test environment and result as below:
+-----------------------------------+--------------------+-------------------+------------------+-------------------+
| Environment | dpdk_meson_compile | dpdk_compile_spdk | dpdk_compile_ovs | dpdk_msvc_compile |
+===================================+====================+===================+==================+===================+
| CentOS Stream 9 | PASS | PASS | SKIPPED | SKIPPED |
+-----------------------------------+--------------------+-------------------+------------------+-------------------+
| CentOS Stream 10 | PASS | SKIPPED | SKIPPED | SKIPPED |
+-----------------------------------+--------------------+-------------------+------------------+-------------------+
| Debian 12 | PEND | PEND | SKIPPED | SKIPPED |
+-----------------------------------+--------------------+-------------------+------------------+-------------------+
| Fedora 40 (Clang) | PEND | PEND | SKIPPED | SKIPPED |
+-----------------------------------+--------------------+-------------------+------------------+-------------------+
| Fedora 41 (Clang) | PEND | PEND | PEND | SKIPPED |
+-----------------------------------+--------------------+-------------------+------------------+-------------------+
| openSUSE Leap 15 | PEND | SKIPPED | SKIPPED | SKIPPED |
+-----------------------------------+--------------------+-------------------+------------------+-------------------+
| RHEL8 | PEND | SKIPPED | SKIPPED | SKIPPED |
+-----------------------------------+--------------------+-------------------+------------------+-------------------+
| RHEL9 | PEND | SKIPPED | SKIPPED | SKIPPED |
+-----------------------------------+--------------------+-------------------+------------------+-------------------+
| Ubuntu 20.04 | PASS | SKIPPED | SKIPPED | SKIPPED |
+-----------------------------------+--------------------+-------------------+------------------+-------------------+
| Ubuntu 24.04 | PEND | PEND | PEND | SKIPPED |
+-----------------------------------+--------------------+-------------------+------------------+-------------------+
| Ubuntu 22.04 | PEND | PEND | SKIPPED | SKIPPED |
+-----------------------------------+--------------------+-------------------+------------------+-------------------+
| Alpine | PEND | SKIPPED | SKIPPED | SKIPPED |
+-----------------------------------+--------------------+-------------------+------------------+-------------------+
| Ubuntu 24.04 32 Bit Cross Compile | PEND | SKIPPED | SKIPPED | SKIPPED |
+-----------------------------------+--------------------+-------------------+------------------+-------------------+
| FreeBSD 13.5 | FAIL | SKIPPED | SKIPPED | SKIPPED |
+-----------------------------------+--------------------+-------------------+------------------+-------------------+
| Windows Server 2022 | SKIPPED | SKIPPED | SKIPPED | PEND |
+-----------------------------------+--------------------+-------------------+------------------+-------------------+
==== 20 line log output for FreeBSD 13.5 (dpdk_meson_compile): ====
[1243/2102] Compiling C object drivers/libtmp_rte_net_ice.a.p/net_intel_ice_ice_tm.c.o
[1244/2102] Compiling C object drivers/libtmp_rte_net_ice.a.p/net_intel_ice_ice_dcf_parent.c.o
[1245/2102] Compiling C object drivers/libtmp_rte_net_ice.a.p/net_intel_ice_ice_dcf.c.o
[1246/2102] Compiling C object drivers/libtmp_rte_net_ice.a.p/net_intel_ice_ice_dcf_sched.c.o
[1247/2102] Generating drivers/rte_net_ice_map with a custom command
[1248/2102] Compiling C object drivers/libtmp_rte_net_ice.a.p/net_intel_ice_ice_dcf_vf_representor.c.o
[1249/2102] Compiling C object drivers/libtmp_rte_net_ice.a.p/net_intel_ice_ice_rxtx_vec_sse.c.o
[1250/2102] Compiling C object drivers/librte_net_idpf_avx512_lib.a.p/net_intel_idpf_idpf_common_rxtx_avx512.c.o
FAILED: drivers/librte_net_idpf_avx512_lib.a.p/net_intel_idpf_idpf_common_rxtx_avx512.c.o
ccache cc -Idrivers/librte_net_idpf_avx512_lib.a.p -Idrivers -I../drivers -Idrivers/net/intel/idpf -I../drivers/net/intel/idpf -Idrivers/net/intel/idpf/base -I../drivers/net/intel/idpf/base -I../drivers/net/intel/iavf/base -Ilib/ethdev -I../lib/ethdev -Ilib/eal/common -I../lib/eal/common -I. -I.. -Iconfig -I../config -Ilib/eal/include -I../lib/eal/include -Ilib/eal/freebsd/include -I../lib/eal/freebsd/include -Ilib/eal/x86/include -I../lib/eal/x86/include -Ilib/eal -I../lib/eal -Ilib/kvargs -I../lib/kvargs -Ilib/log -I../lib/log -Ilib/metrics -I../lib/metrics -Ilib/telemetry -I../lib/telemetry -Ilib/net -I../lib/net -Ilib/mbuf -I../lib/mbuf -Ilib/mempool -I../lib/mempool -Ilib/ring -I../lib/ring -Ilib/meter -I../lib/meter -Idrivers/bus/pci -I../drivers/bus/pci -I../drivers/bus/pci/bsd -Ilib/pci -I../lib/pci -Idrivers/bus/vdev -I../drivers/bus/vdev -I/usr/local/include -fdiagnostics-color=always -D_FILE_OFFSET_BITS=64 -Wall -Winvalid-pch -Wextra -Werror -std=c11 -O3 -include rte_confi
g.h -Wvla -Wcast-qual -Wdeprecated -Wformat -Wformat-nonliteral -Wformat-security -Wmissing-declarations -Wmissing-prototypes -Wnested-externs -Wold-style-definition -Wpointer-arith -Wsign-compare -Wstrict-prototypes -Wundef -Wwrite-strings -Wno-missing-field-initializers -D_GNU_SOURCE -D__BSD_VISIBLE -fPIC -march=native -mrtm -DALLOW_EXPERIMENTAL_API -DALLOW_INTERNAL_API -Wno-format-truncation -Wno-address-of-packed-member -DRTE_LOG_DEFAULT_LOGTYPE=pmd.net.idpf -DRTE_ANNOTATE_LOCKS -Wthread-safety -DCC_AVX512_SUPPORT -mavx512f -mavx512vl -mavx512dq -mavx512bw -mavx512cd -MD -MQ drivers/librte_net_idpf_avx512_lib.a.p/net_intel_idpf_idpf_common_rxtx_avx512.c.o -MF drivers/librte_net_idpf_avx512_lib.a.p/net_intel_idpf_idpf_common_rxtx_avx512.c.o.d -o drivers/librte_net_idpf_avx512_lib.a.p/net_intel_idpf_idpf_common_rxtx_avx512.c.o -c ../drivers/net/intel/idpf/idpf_common_rxtx_avx512.c
../drivers/net/intel/idpf/idpf_common_rxtx_avx512.c:1373:1: error: unused function 'idpf_tx_release_mbufs_avx512' [-Werror,-Wunused-function]
1373 | idpf_tx_release_mbufs_avx512(struct ci_tx_queue *txq)
| ^~~~~~~~~~~~~~~~~~~~~~~~~~~~
1 error generated.
[1251/2102] Compiling C object drivers/libtmp_rte_net_ice.a.p/net_intel_ice_ice_rxtx.c.o
[1252/2102] Compiling C object drivers/libtmp_rte_net_idpf.a.p/net_intel_idpf_idpf_common_device.c.o
[1253/2102] Compiling C object drivers/libtmp_rte_net_ice.a.p/net_intel_ice_ice_dcf_ethdev.c.o
[1254/2102] Compiling C object drivers/librte_net_idpf_avx2_lib.a.p/net_intel_idpf_idpf_common_rxtx_avx2.c.o
[1255/2102] Compiling C object drivers/libtmp_rte_net_idpf.a.p/net_intel_idpf_idpf_common_rxtx.c.o
ninja: build stopped: subcommand failed.
==== End log output ====
CentOS Stream 9
Kernel: Depends on container host
Compiler: gcc 11.5.0 20240719 (Red Hat 11.5.0-2)
CentOS Stream 10
Kernel: Depends on container host
Compiler: gcc 14.2.1 20241104 (Red Hat 14.2.1-6)
Debian 12
Kernel: Depends on container host
Compiler: gcc (Debian 12.2.0-14) 12.2.0
Fedora 40 (Clang)
Kernel: Depends on container host
Compiler: clang 18.1.8 (Fedora 18.1.8-1.fc40)
Fedora 41 (Clang)
Kernel: Depends on container host
Compiler: clang 19.1.5 (Fedora 19.1.5-1.fc41)
openSUSE Leap 15
Kernel: Depends on container host
Compiler: gcc (SUSE Linux) 7.5.0
RHEL8
Kernel: Depends on container host
Compiler: gcc 8.5.0 20210514 (Red Hat 8.5.0-22)
RHEL9
Kernel: Depends on container host
Compiler: gcc 11.5.0 20240719 (Red Hat 11.5.0-2)
Ubuntu 20.04
Kernel: Depends on container host
Compiler: gcc (Ubuntu 9.4.0-1ubuntu1~20.04.2) 9.4.0
Ubuntu 24.04
Kernel: Depends on container host
Compiler: gcc (Ubuntu 13.3.0-6ubuntu2~24.04) 13.3.0
Ubuntu 22.04
Kernel: Depends on container host
Compiler: gcc (Ubuntu 11.4.0-1ubuntu1~22.04) 11.4.0
Alpine
Kernel: Depends on container host
Compiler: gcc (Alpine 14.2.0) 14.2.0
Ubuntu 24.04 32 Bit Cross Compile
Kernel: Depends on container host
Compiler: gcc (Ubuntu 13.3.0-6ubuntu2~24.04) 13.3.0
FreeBSD 13.5
Kernel: 13.5-RELEASE
Compiler: clang 19.1.7
Windows Server 2022
Kernel: 10.0.20348.2031
Compiler: clang 15.0.7, gcc 14.1.0 (MinGW), and MSVC VS 19.39.33521
To view detailed results, visit:
https://lab.dpdk.org/results/dashboard/patchsets/33172/
UNH-IOL DPDK Community Lab
To manage your email subscriptions, visit:
https://lab.dpdk.org/results/dashboard/preferences/subscriptions/
^ permalink raw reply [flat|nested] 30+ messages in thread
* |FAILURE| pw153439 [PATCH] net/intel: reduce size of common Tx queue
[not found] <20250514125733.1364644-1-shaiq.wani@intel.com>
` (17 preceding siblings ...)
2025-05-14 15:54 ` |FAILURE| " dpdklab
@ 2025-05-14 15:54 ` dpdklab
2025-05-14 15:58 ` dpdklab
` (10 subsequent siblings)
29 siblings, 0 replies; 30+ messages in thread
From: dpdklab @ 2025-05-14 15:54 UTC (permalink / raw)
To: Test Report; +Cc: dpdk-test-reports, Shaiq Wani
Test-Label: iol-compile-amd64-testing
Test-Status: FAILURE
http://dpdk.org/patch/153439
_Testing issues_
Submitter: Shaiq Wani <shaiq.wani@intel.com>
Date: Wednesday, May 14 2025 12:57:33
DPDK git baseline: Repo:dpdk
Branch: master
CommitID:5b3328195d3c7cc013eb0d7a0b99ab6791d46a77
153439 --> testing issues
Upstream job id: Generic-VM-DPDK-Compile-Meson#35412
Test environment and result as below:
+-----------------------------------+--------------------+-------------------+------------------+-------------------+
| Environment | dpdk_meson_compile | dpdk_compile_spdk | dpdk_compile_ovs | dpdk_msvc_compile |
+===================================+====================+===================+==================+===================+
| CentOS Stream 9 | PASS | PASS | SKIPPED | SKIPPED |
+-----------------------------------+--------------------+-------------------+------------------+-------------------+
| CentOS Stream 10 | PASS | SKIPPED | SKIPPED | SKIPPED |
+-----------------------------------+--------------------+-------------------+------------------+-------------------+
| Debian 12 | PEND | PEND | SKIPPED | SKIPPED |
+-----------------------------------+--------------------+-------------------+------------------+-------------------+
| Fedora 40 (Clang) | PEND | PEND | SKIPPED | SKIPPED |
+-----------------------------------+--------------------+-------------------+------------------+-------------------+
| Fedora 41 (Clang) | PEND | PEND | PEND | SKIPPED |
+-----------------------------------+--------------------+-------------------+------------------+-------------------+
| openSUSE Leap 15 | PEND | SKIPPED | SKIPPED | SKIPPED |
+-----------------------------------+--------------------+-------------------+------------------+-------------------+
| RHEL8 | PEND | SKIPPED | SKIPPED | SKIPPED |
+-----------------------------------+--------------------+-------------------+------------------+-------------------+
| RHEL9 | PEND | SKIPPED | SKIPPED | SKIPPED |
+-----------------------------------+--------------------+-------------------+------------------+-------------------+
| Ubuntu 20.04 | PASS | SKIPPED | SKIPPED | SKIPPED |
+-----------------------------------+--------------------+-------------------+------------------+-------------------+
| Ubuntu 24.04 | PEND | PEND | PEND | SKIPPED |
+-----------------------------------+--------------------+-------------------+------------------+-------------------+
| Ubuntu 22.04 | PEND | PEND | SKIPPED | SKIPPED |
+-----------------------------------+--------------------+-------------------+------------------+-------------------+
| Alpine | PEND | SKIPPED | SKIPPED | SKIPPED |
+-----------------------------------+--------------------+-------------------+------------------+-------------------+
| Ubuntu 24.04 32 Bit Cross Compile | PEND | SKIPPED | SKIPPED | SKIPPED |
+-----------------------------------+--------------------+-------------------+------------------+-------------------+
| FreeBSD 13.5 | FAIL | SKIPPED | SKIPPED | SKIPPED |
+-----------------------------------+--------------------+-------------------+------------------+-------------------+
| Windows Server 2022 | SKIPPED | SKIPPED | SKIPPED | PEND |
+-----------------------------------+--------------------+-------------------+------------------+-------------------+
==== 20 line log output for FreeBSD 13.5 (dpdk_meson_compile): ====
[1243/2102] Compiling C object drivers/libtmp_rte_net_ice.a.p/net_intel_ice_ice_tm.c.o
[1244/2102] Compiling C object drivers/libtmp_rte_net_ice.a.p/net_intel_ice_ice_dcf_parent.c.o
[1245/2102] Compiling C object drivers/libtmp_rte_net_ice.a.p/net_intel_ice_ice_dcf.c.o
[1246/2102] Compiling C object drivers/libtmp_rte_net_ice.a.p/net_intel_ice_ice_dcf_sched.c.o
[1247/2102] Generating drivers/rte_net_ice_map with a custom command
[1248/2102] Compiling C object drivers/libtmp_rte_net_ice.a.p/net_intel_ice_ice_dcf_vf_representor.c.o
[1249/2102] Compiling C object drivers/libtmp_rte_net_ice.a.p/net_intel_ice_ice_rxtx_vec_sse.c.o
[1250/2102] Compiling C object drivers/librte_net_idpf_avx512_lib.a.p/net_intel_idpf_idpf_common_rxtx_avx512.c.o
FAILED: drivers/librte_net_idpf_avx512_lib.a.p/net_intel_idpf_idpf_common_rxtx_avx512.c.o
ccache cc -Idrivers/librte_net_idpf_avx512_lib.a.p -Idrivers -I../drivers -Idrivers/net/intel/idpf -I../drivers/net/intel/idpf -Idrivers/net/intel/idpf/base -I../drivers/net/intel/idpf/base -I../drivers/net/intel/iavf/base -Ilib/ethdev -I../lib/ethdev -Ilib/eal/common -I../lib/eal/common -I. -I.. -Iconfig -I../config -Ilib/eal/include -I../lib/eal/include -Ilib/eal/freebsd/include -I../lib/eal/freebsd/include -Ilib/eal/x86/include -I../lib/eal/x86/include -Ilib/eal -I../lib/eal -Ilib/kvargs -I../lib/kvargs -Ilib/log -I../lib/log -Ilib/metrics -I../lib/metrics -Ilib/telemetry -I../lib/telemetry -Ilib/net -I../lib/net -Ilib/mbuf -I../lib/mbuf -Ilib/mempool -I../lib/mempool -Ilib/ring -I../lib/ring -Ilib/meter -I../lib/meter -Idrivers/bus/pci -I../drivers/bus/pci -I../drivers/bus/pci/bsd -Ilib/pci -I../lib/pci -Idrivers/bus/vdev -I../drivers/bus/vdev -I/usr/local/include -fdiagnostics-color=always -D_FILE_OFFSET_BITS=64 -Wall -Winvalid-pch -Wextra -Werror -std=c11 -O3 -include rte_confi
g.h -Wvla -Wcast-qual -Wdeprecated -Wformat -Wformat-nonliteral -Wformat-security -Wmissing-declarations -Wmissing-prototypes -Wnested-externs -Wold-style-definition -Wpointer-arith -Wsign-compare -Wstrict-prototypes -Wundef -Wwrite-strings -Wno-missing-field-initializers -D_GNU_SOURCE -D__BSD_VISIBLE -fPIC -march=native -mrtm -DALLOW_EXPERIMENTAL_API -DALLOW_INTERNAL_API -Wno-format-truncation -Wno-address-of-packed-member -DRTE_LOG_DEFAULT_LOGTYPE=pmd.net.idpf -DRTE_ANNOTATE_LOCKS -Wthread-safety -DCC_AVX512_SUPPORT -mavx512f -mavx512vl -mavx512dq -mavx512bw -mavx512cd -MD -MQ drivers/librte_net_idpf_avx512_lib.a.p/net_intel_idpf_idpf_common_rxtx_avx512.c.o -MF drivers/librte_net_idpf_avx512_lib.a.p/net_intel_idpf_idpf_common_rxtx_avx512.c.o.d -o drivers/librte_net_idpf_avx512_lib.a.p/net_intel_idpf_idpf_common_rxtx_avx512.c.o -c ../drivers/net/intel/idpf/idpf_common_rxtx_avx512.c
../drivers/net/intel/idpf/idpf_common_rxtx_avx512.c:1373:1: error: unused function 'idpf_tx_release_mbufs_avx512' [-Werror,-Wunused-function]
1373 | idpf_tx_release_mbufs_avx512(struct ci_tx_queue *txq)
| ^~~~~~~~~~~~~~~~~~~~~~~~~~~~
1 error generated.
[1251/2102] Compiling C object drivers/libtmp_rte_net_ice.a.p/net_intel_ice_ice_rxtx.c.o
[1252/2102] Compiling C object drivers/libtmp_rte_net_idpf.a.p/net_intel_idpf_idpf_common_device.c.o
[1253/2102] Compiling C object drivers/libtmp_rte_net_ice.a.p/net_intel_ice_ice_dcf_ethdev.c.o
[1254/2102] Compiling C object drivers/librte_net_idpf_avx2_lib.a.p/net_intel_idpf_idpf_common_rxtx_avx2.c.o
[1255/2102] Compiling C object drivers/libtmp_rte_net_idpf.a.p/net_intel_idpf_idpf_common_rxtx.c.o
ninja: build stopped: subcommand failed.
==== End log output ====
CentOS Stream 9
Kernel: Depends on container host
Compiler: gcc 11.5.0 20240719 (Red Hat 11.5.0-2)
CentOS Stream 10
Kernel: Depends on container host
Compiler: gcc 14.2.1 20241104 (Red Hat 14.2.1-6)
Debian 12
Kernel: Depends on container host
Compiler: gcc (Debian 12.2.0-14) 12.2.0
Fedora 40 (Clang)
Kernel: Depends on container host
Compiler: clang 18.1.8 (Fedora 18.1.8-1.fc40)
Fedora 41 (Clang)
Kernel: Depends on container host
Compiler: clang 19.1.5 (Fedora 19.1.5-1.fc41)
openSUSE Leap 15
Kernel: Depends on container host
Compiler: gcc (SUSE Linux) 7.5.0
RHEL8
Kernel: Depends on container host
Compiler: gcc 8.5.0 20210514 (Red Hat 8.5.0-22)
RHEL9
Kernel: Depends on container host
Compiler: gcc 11.5.0 20240719 (Red Hat 11.5.0-2)
Ubuntu 20.04
Kernel: Depends on container host
Compiler: gcc (Ubuntu 9.4.0-1ubuntu1~20.04.2) 9.4.0
Ubuntu 24.04
Kernel: Depends on container host
Compiler: gcc (Ubuntu 13.3.0-6ubuntu2~24.04) 13.3.0
Ubuntu 22.04
Kernel: Depends on container host
Compiler: gcc (Ubuntu 11.4.0-1ubuntu1~22.04) 11.4.0
Alpine
Kernel: Depends on container host
Compiler: gcc (Alpine 14.2.0) 14.2.0
Ubuntu 24.04 32 Bit Cross Compile
Kernel: Depends on container host
Compiler: gcc (Ubuntu 13.3.0-6ubuntu2~24.04) 13.3.0
FreeBSD 13.5
Kernel: 13.5-RELEASE
Compiler: clang 19.1.7
Windows Server 2022
Kernel: 10.0.20348.2031
Compiler: clang 15.0.7, gcc 14.1.0 (MinGW), and MSVC VS 19.39.33521
To view detailed results, visit:
https://lab.dpdk.org/results/dashboard/patchsets/33172/
UNH-IOL DPDK Community Lab
To manage your email subscriptions, visit:
https://lab.dpdk.org/results/dashboard/preferences/subscriptions/
^ permalink raw reply [flat|nested] 30+ messages in thread
* |FAILURE| pw153439 [PATCH] net/intel: reduce size of common Tx queue
[not found] <20250514125733.1364644-1-shaiq.wani@intel.com>
` (18 preceding siblings ...)
2025-05-14 15:54 ` dpdklab
@ 2025-05-14 15:58 ` dpdklab
2025-05-14 16:03 ` |PENDING| " dpdklab
` (9 subsequent siblings)
29 siblings, 0 replies; 30+ messages in thread
From: dpdklab @ 2025-05-14 15:58 UTC (permalink / raw)
To: Test Report; +Cc: dpdk-test-reports, Shaiq Wani
Test-Label: iol-compile-amd64-testing
Test-Status: FAILURE
http://dpdk.org/patch/153439
_Testing issues_
Submitter: Shaiq Wani <shaiq.wani@intel.com>
Date: Wednesday, May 14 2025 12:57:33
DPDK git baseline: Repo:dpdk
Branch: master
CommitID:5b3328195d3c7cc013eb0d7a0b99ab6791d46a77
153439 --> testing issues
Upstream job id: Generic-VM-DPDK-Compile-Meson#35413
Test environment and result as below:
+-----------------------------------+--------------------+-------------------+------------------+-------------------+
| Environment | dpdk_meson_compile | dpdk_compile_spdk | dpdk_compile_ovs | dpdk_msvc_compile |
+===================================+====================+===================+==================+===================+
| CentOS Stream 9 | PASS | PASS | SKIPPED | SKIPPED |
+-----------------------------------+--------------------+-------------------+------------------+-------------------+
| CentOS Stream 10 | PASS | SKIPPED | SKIPPED | SKIPPED |
+-----------------------------------+--------------------+-------------------+------------------+-------------------+
| Debian 12 | PEND | PEND | SKIPPED | SKIPPED |
+-----------------------------------+--------------------+-------------------+------------------+-------------------+
| Fedora 40 (Clang) | PEND | PEND | SKIPPED | SKIPPED |
+-----------------------------------+--------------------+-------------------+------------------+-------------------+
| Fedora 41 (Clang) | PEND | PEND | PEND | SKIPPED |
+-----------------------------------+--------------------+-------------------+------------------+-------------------+
| openSUSE Leap 15 | PEND | SKIPPED | SKIPPED | SKIPPED |
+-----------------------------------+--------------------+-------------------+------------------+-------------------+
| RHEL8 | PEND | SKIPPED | SKIPPED | SKIPPED |
+-----------------------------------+--------------------+-------------------+------------------+-------------------+
| RHEL9 | PEND | SKIPPED | SKIPPED | SKIPPED |
+-----------------------------------+--------------------+-------------------+------------------+-------------------+
| Ubuntu 20.04 | PASS | SKIPPED | SKIPPED | SKIPPED |
+-----------------------------------+--------------------+-------------------+------------------+-------------------+
| Ubuntu 24.04 | PEND | PEND | PEND | SKIPPED |
+-----------------------------------+--------------------+-------------------+------------------+-------------------+
| Ubuntu 22.04 | PEND | PEND | SKIPPED | SKIPPED |
+-----------------------------------+--------------------+-------------------+------------------+-------------------+
| Alpine | PEND | SKIPPED | SKIPPED | SKIPPED |
+-----------------------------------+--------------------+-------------------+------------------+-------------------+
| Ubuntu 24.04 32 Bit Cross Compile | PEND | SKIPPED | SKIPPED | SKIPPED |
+-----------------------------------+--------------------+-------------------+------------------+-------------------+
| FreeBSD 13.5 | FAIL | SKIPPED | SKIPPED | SKIPPED |
+-----------------------------------+--------------------+-------------------+------------------+-------------------+
| FreeBSD 14.2 | PEND | SKIPPED | SKIPPED | SKIPPED |
+-----------------------------------+--------------------+-------------------+------------------+-------------------+
| Windows Server 2022 | SKIPPED | SKIPPED | SKIPPED | PEND |
+-----------------------------------+--------------------+-------------------+------------------+-------------------+
==== 20 line log output for FreeBSD 13.5 (dpdk_meson_compile): ====
[1243/2102] Compiling C object drivers/libtmp_rte_net_ice.a.p/net_intel_ice_ice_tm.c.o
[1244/2102] Compiling C object drivers/libtmp_rte_net_ice.a.p/net_intel_ice_ice_dcf_parent.c.o
[1245/2102] Compiling C object drivers/libtmp_rte_net_ice.a.p/net_intel_ice_ice_dcf.c.o
[1246/2102] Compiling C object drivers/libtmp_rte_net_ice.a.p/net_intel_ice_ice_dcf_sched.c.o
[1247/2102] Generating drivers/rte_net_ice_map with a custom command
[1248/2102] Compiling C object drivers/libtmp_rte_net_ice.a.p/net_intel_ice_ice_dcf_vf_representor.c.o
[1249/2102] Compiling C object drivers/libtmp_rte_net_ice.a.p/net_intel_ice_ice_rxtx_vec_sse.c.o
[1250/2102] Compiling C object drivers/librte_net_idpf_avx512_lib.a.p/net_intel_idpf_idpf_common_rxtx_avx512.c.o
FAILED: drivers/librte_net_idpf_avx512_lib.a.p/net_intel_idpf_idpf_common_rxtx_avx512.c.o
ccache cc -Idrivers/librte_net_idpf_avx512_lib.a.p -Idrivers -I../drivers -Idrivers/net/intel/idpf -I../drivers/net/intel/idpf -Idrivers/net/intel/idpf/base -I../drivers/net/intel/idpf/base -I../drivers/net/intel/iavf/base -Ilib/ethdev -I../lib/ethdev -Ilib/eal/common -I../lib/eal/common -I. -I.. -Iconfig -I../config -Ilib/eal/include -I../lib/eal/include -Ilib/eal/freebsd/include -I../lib/eal/freebsd/include -Ilib/eal/x86/include -I../lib/eal/x86/include -Ilib/eal -I../lib/eal -Ilib/kvargs -I../lib/kvargs -Ilib/log -I../lib/log -Ilib/metrics -I../lib/metrics -Ilib/telemetry -I../lib/telemetry -Ilib/net -I../lib/net -Ilib/mbuf -I../lib/mbuf -Ilib/mempool -I../lib/mempool -Ilib/ring -I../lib/ring -Ilib/meter -I../lib/meter -Idrivers/bus/pci -I../drivers/bus/pci -I../drivers/bus/pci/bsd -Ilib/pci -I../lib/pci -Idrivers/bus/vdev -I../drivers/bus/vdev -I/usr/local/include -fdiagnostics-color=always -D_FILE_OFFSET_BITS=64 -Wall -Winvalid-pch -Wextra -Werror -std=c11 -O3 -include rte_confi
g.h -Wvla -Wcast-qual -Wdeprecated -Wformat -Wformat-nonliteral -Wformat-security -Wmissing-declarations -Wmissing-prototypes -Wnested-externs -Wold-style-definition -Wpointer-arith -Wsign-compare -Wstrict-prototypes -Wundef -Wwrite-strings -Wno-missing-field-initializers -D_GNU_SOURCE -D__BSD_VISIBLE -fPIC -march=native -mrtm -DALLOW_EXPERIMENTAL_API -DALLOW_INTERNAL_API -Wno-format-truncation -Wno-address-of-packed-member -DRTE_LOG_DEFAULT_LOGTYPE=pmd.net.idpf -DRTE_ANNOTATE_LOCKS -Wthread-safety -DCC_AVX512_SUPPORT -mavx512f -mavx512vl -mavx512dq -mavx512bw -mavx512cd -MD -MQ drivers/librte_net_idpf_avx512_lib.a.p/net_intel_idpf_idpf_common_rxtx_avx512.c.o -MF drivers/librte_net_idpf_avx512_lib.a.p/net_intel_idpf_idpf_common_rxtx_avx512.c.o.d -o drivers/librte_net_idpf_avx512_lib.a.p/net_intel_idpf_idpf_common_rxtx_avx512.c.o -c ../drivers/net/intel/idpf/idpf_common_rxtx_avx512.c
../drivers/net/intel/idpf/idpf_common_rxtx_avx512.c:1373:1: error: unused function 'idpf_tx_release_mbufs_avx512' [-Werror,-Wunused-function]
1373 | idpf_tx_release_mbufs_avx512(struct ci_tx_queue *txq)
| ^~~~~~~~~~~~~~~~~~~~~~~~~~~~
1 error generated.
[1251/2102] Compiling C object drivers/libtmp_rte_net_ice.a.p/net_intel_ice_ice_rxtx.c.o
[1252/2102] Compiling C object drivers/libtmp_rte_net_idpf.a.p/net_intel_idpf_idpf_common_device.c.o
[1253/2102] Compiling C object drivers/libtmp_rte_net_ice.a.p/net_intel_ice_ice_dcf_ethdev.c.o
[1254/2102] Compiling C object drivers/librte_net_idpf_avx2_lib.a.p/net_intel_idpf_idpf_common_rxtx_avx2.c.o
[1255/2102] Compiling C object drivers/libtmp_rte_net_idpf.a.p/net_intel_idpf_idpf_common_rxtx.c.o
ninja: build stopped: subcommand failed.
==== End log output ====
CentOS Stream 9
Kernel: Depends on container host
Compiler: gcc 11.5.0 20240719 (Red Hat 11.5.0-2)
CentOS Stream 10
Kernel: Depends on container host
Compiler: gcc 14.2.1 20241104 (Red Hat 14.2.1-6)
Debian 12
Kernel: Depends on container host
Compiler: gcc (Debian 12.2.0-14) 12.2.0
Fedora 40 (Clang)
Kernel: Depends on container host
Compiler: clang 18.1.8 (Fedora 18.1.8-1.fc40)
Fedora 41 (Clang)
Kernel: Depends on container host
Compiler: clang 19.1.5 (Fedora 19.1.5-1.fc41)
openSUSE Leap 15
Kernel: Depends on container host
Compiler: gcc (SUSE Linux) 7.5.0
RHEL8
Kernel: Depends on container host
Compiler: gcc 8.5.0 20210514 (Red Hat 8.5.0-22)
RHEL9
Kernel: Depends on container host
Compiler: gcc 11.5.0 20240719 (Red Hat 11.5.0-2)
Ubuntu 20.04
Kernel: Depends on container host
Compiler: gcc (Ubuntu 9.4.0-1ubuntu1~20.04.2) 9.4.0
Ubuntu 24.04
Kernel: Depends on container host
Compiler: gcc (Ubuntu 13.3.0-6ubuntu2~24.04) 13.3.0
Ubuntu 22.04
Kernel: Depends on container host
Compiler: gcc (Ubuntu 11.4.0-1ubuntu1~22.04) 11.4.0
Alpine
Kernel: Depends on container host
Compiler: gcc (Alpine 14.2.0) 14.2.0
Ubuntu 24.04 32 Bit Cross Compile
Kernel: Depends on container host
Compiler: gcc (Ubuntu 13.3.0-6ubuntu2~24.04) 13.3.0
FreeBSD 13.5
Kernel: 13.5-RELEASE
Compiler: clang 19.1.7
FreeBSD 14.2
Kernel: 14.2-RELEASE
Compiler: clang 18.1.6
Windows Server 2022
Kernel: 10.0.20348.2031
Compiler: clang 15.0.7, gcc 14.1.0 (MinGW), and MSVC VS 19.39.33521
To view detailed results, visit:
https://lab.dpdk.org/results/dashboard/patchsets/33172/
UNH-IOL DPDK Community Lab
To manage your email subscriptions, visit:
https://lab.dpdk.org/results/dashboard/preferences/subscriptions/
^ permalink raw reply [flat|nested] 30+ messages in thread
* |PENDING| pw153439 [PATCH] net/intel: reduce size of common Tx queue
[not found] <20250514125733.1364644-1-shaiq.wani@intel.com>
` (19 preceding siblings ...)
2025-05-14 15:58 ` dpdklab
@ 2025-05-14 16:03 ` dpdklab
2025-05-14 16:04 ` |WARNING| " dpdklab
` (8 subsequent siblings)
29 siblings, 0 replies; 30+ messages in thread
From: dpdklab @ 2025-05-14 16:03 UTC (permalink / raw)
To: Test Report; +Cc: dpdk-test-reports
Test-Label: iol-compile-arm64-testing
Test-Status: PENDING
http://dpdk.org/patch/153439
_Testing pending_
Submitter: Shaiq Wani <shaiq.wani@intel.com>
Date: Wednesday, May 14 2025 12:57:33
DPDK git baseline: Repo:dpdk
Branch: master
CommitID:5b3328195d3c7cc013eb0d7a0b99ab6791d46a77
153439 --> testing pending
Upstream job id: Generic-DPDK-Compile-Meson#387937
Test environment and result as below:
+------------------------------------+--------------------+
| Environment | dpdk_meson_compile |
+====================================+====================+
| RHEL9 (ARM) | PEND |
+------------------------------------+--------------------+
| Ubuntu 20.04 ARM GCC Cross Compile | PEND |
+------------------------------------+--------------------+
| Ubuntu 20.04 ARM SVE | PASS |
+------------------------------------+--------------------+
| Fedora 40 (ARM) | PEND |
+------------------------------------+--------------------+
| Debian 12 with MUSDK | PEND |
+------------------------------------+--------------------+
| Fedora 40 (ARM Clang) | PEND |
+------------------------------------+--------------------+
| Fedora 41 (ARM) | PEND |
+------------------------------------+--------------------+
| Fedora 41 (ARM Clang) | PEND |
+------------------------------------+--------------------+
RHEL9 (ARM)
Kernel: Depends on container host
Compiler: gcc 11.5.0 20240719 (Red Hat 11.5.0-2)
Ubuntu 20.04 ARM GCC Cross Compile
Kernel: Depends on container host
Compiler: aarch64-linux-gnu-gcc (Ubuntu 9.4.0-1ubuntu1~20.04.2) 9.4.0
Ubuntu 20.04 ARM SVE
Kernel: Depends on container host
Compiler: gcc (Ubuntu 10.5.0-1ubuntu1~20.04) 10.5.0
Fedora 40 (ARM)
Kernel: Depends on container host
Compiler: gcc 14.2.1 20240912 (Red Hat 14.2.1-3)
Debian 12 with MUSDK
Kernel: Depends on container host
Compiler: gcc (Debian 12.2.0-14) 12.2.0
Fedora 40 (ARM Clang)
Kernel: Depends on container host
Compiler: clang 18.1.8 (Fedora 18.1.8-1.fc40)
Fedora 41 (ARM)
Kernel: Depends on container host
Compiler: gcc 14.2.1 20240912 (Red Hat 14.2.1-3)
Fedora 41 (ARM Clang)
Kernel: Depends on container host
Compiler: clang 19.1.5 (Fedora 19.1.5-1.fc41)
To view detailed results, visit:
https://lab.dpdk.org/results/dashboard/patchsets/33172/
UNH-IOL DPDK Community Lab
To manage your email subscriptions, visit:
https://lab.dpdk.org/results/dashboard/preferences/subscriptions/
^ permalink raw reply [flat|nested] 30+ messages in thread
* |WARNING| pw153439 [PATCH] net/intel: reduce size of common Tx queue
[not found] <20250514125733.1364644-1-shaiq.wani@intel.com>
` (20 preceding siblings ...)
2025-05-14 16:03 ` |PENDING| " dpdklab
@ 2025-05-14 16:04 ` dpdklab
2025-05-14 16:28 ` |SUCCESS| " dpdklab
` (7 subsequent siblings)
29 siblings, 0 replies; 30+ messages in thread
From: dpdklab @ 2025-05-14 16:04 UTC (permalink / raw)
To: Test Report; +Cc: dpdk-test-reports
Test-Label: iol-unit-amd64-testing
Test-Status: WARNING
http://dpdk.org/patch/153439
_Testing issues_
Submitter: Shaiq Wani <shaiq.wani@intel.com>
Date: Wednesday, May 14 2025 12:57:33
DPDK git baseline: Repo:dpdk
Branch: master
CommitID:5b3328195d3c7cc013eb0d7a0b99ab6791d46a77
153439 --> testing issues
Upstream job id: Generic-Unit-Test-DPDK#337761
Test environment and result as below:
+-------------------+----------------+
| Environment | dpdk_unit_test |
+===================+================+
| Debian 12 | PASS |
+-------------------+----------------+
| Fedora 41 | PASS |
+-------------------+----------------+
| CentOS Stream 10 | PASS |
+-------------------+----------------+
| CentOS Stream 9 | PASS |
+-------------------+----------------+
| Fedora 40 | PASS |
+-------------------+----------------+
| Fedora 41 (Clang) | WARN |
+-------------------+----------------+
| Fedora 40 (Clang) | WARN |
+-------------------+----------------+
| RHEL8 | PASS |
+-------------------+----------------+
| RHEL9 | PASS |
+-------------------+----------------+
| Ubuntu 22.04 | PASS |
+-------------------+----------------+
| Ubuntu 20.04 | PASS |
+-------------------+----------------+
| Ubuntu 24.04 | PASS |
+-------------------+----------------+
==== 20 line log output for Fedora 40 (Clang) (dpdk_unit_test): ====
[1805/3481] Compiling C object drivers/libtmp_rte_net_ice.a.p/net_intel_ice_ice_rxtx.c.o
[1806/3481] Compiling C object drivers/libtmp_rte_net_ice.a.p/net_intel_ice_ice_rxtx_vec_sse.c.o
[1807/3481] Compiling C object drivers/libtmp_rte_net_ice.a.p/net_intel_ice_ice_dcf.c.o
[1808/3481] Compiling C object drivers/libtmp_rte_net_ice.a.p/net_intel_ice_ice_dcf_vf_representor.c.o
[1809/3481] Generating rte_net_ice_map with a custom command
[1810/3481] Compiling C object drivers/libtmp_rte_net_ice.a.p/net_intel_ice_ice_dcf_parent.c.o
[1811/3481] Compiling C object drivers/libtmp_rte_net_ice.a.p/net_intel_ice_ice_dcf_sched.c.o
[1812/3481] Compiling C object drivers/libtmp_rte_net_ice.a.p/net_intel_ice_ice_dcf_ethdev.c.o
[1813/3481] Linking static target drivers/libtmp_rte_net_ice.a
[1814/3481] Compiling C object drivers/librte_net_idpf_avx512_lib.a.p/net_intel_idpf_idpf_common_rxtx_avx512.c.o
FAILED: drivers/librte_net_idpf_avx512_lib.a.p/net_intel_idpf_idpf_common_rxtx_avx512.c.o
clang -Idrivers/librte_net_idpf_avx512_lib.a.p -Idrivers -I../drivers -Idrivers/net/intel/idpf -I../drivers/net/intel/idpf -Idrivers/net/intel/idpf/base -I../drivers/net/intel/idpf/base -I../drivers/net/intel/iavf/base -Ilib/ethdev -I../lib/ethdev -Ilib/eal/common -I../lib/eal/common -I. -I.. -Iconfig -I../config -Ilib/eal/include -I../lib/eal/include -Ilib/eal/linux/include -I../lib/eal/linux/include -Ilib/eal/x86/include -I../lib/eal/x86/include -I../kernel/linux -Ilib/eal -I../lib/eal -Ilib/kvargs -I../lib/kvargs -Ilib/log -I../lib/log -Ilib/metrics -I../lib/metrics -Ilib/telemetry -I../lib/telemetry -Ilib/net -I../lib/net -Ilib/mbuf -I../lib/mbuf -Ilib/mempool -I../lib/mempool -Ilib/ring -I../lib/ring -Ilib/meter -I../lib/meter -Idrivers/bus/pci -I../drivers/bus/pci -I../drivers/bus/pci/linux -Ilib/pci -I../lib/pci -Idrivers/bus/vdev -I../drivers/bus/vdev -Xclang -fcolor-diagnostics -pipe -D_FILE_OFFSET_BITS=64 -Wall -Winvalid-pch -Wextra -Werror -std=c11 -O3 -include rte_config.
h -Wvla -Wcast-qual -Wdeprecated -Wformat -Wformat-nonliteral -Wformat-security -Wmissing-declarations -Wmissing-prototypes -Wnested-externs -Wold-style-definition -Wpointer-arith -Wsign-compare -Wstrict-prototypes -Wundef -Wwrite-strings -Wno-missing-field-initializers -D_GNU_SOURCE -fPIC -march=native -mrtm -DALLOW_EXPERIMENTAL_API -DALLOW_INTERNAL_API -Wno-format-truncation -Wno-address-of-packed-member -DRTE_LOG_DEFAULT_LOGTYPE=pmd.net.idpf -DRTE_ANNOTATE_LOCKS -Wthread-safety -DCC_AVX512_SUPPORT -mavx512f -mavx512vl -mavx512dq -mavx512bw -mavx512cd -MD -MQ drivers/librte_net_idpf_avx512_lib.a.p/net_intel_idpf_idpf_common_rxtx_avx512.c.o -MF drivers/librte_net_idpf_avx512_lib.a.p/net_intel_idpf_idpf_common_rxtx_avx512.c.o.d -o drivers/librte_net_idpf_avx512_lib.a.p/net_intel_idpf_idpf_common_rxtx_avx512.c.o -c ../drivers/net/intel/idpf/idpf_common_rxtx_avx512.c
../drivers/net/intel/idpf/idpf_common_rxtx_avx512.c:1373:1: error: unused function 'idpf_tx_release_mbufs_avx512' [-Werror,-Wunused-function]
1373 | idpf_tx_release_mbufs_avx512(struct ci_tx_queue *txq)
| ^~~~~~~~~~~~~~~~~~~~~~~~~~~~
1 error generated.
[1815/3481] Compiling C object drivers/librte_net_idpf_avx2_lib.a.p/net_intel_idpf_idpf_common_rxtx_avx2.c.o
[1816/3481] Compiling C object drivers/libtmp_rte_net_idpf.a.p/net_intel_idpf_idpf_common_device.c.o
[1817/3481] Generating rte_net_ice.pmd.c with a custom command
ninja: build stopped: subcommand failed.
==== End log output ====
Debian 12
Kernel: Depends on container host
Compiler: gcc (Debian 12.2.0-14) 12.2.0
Fedora 41
Kernel: Depends on container host
Compiler: gcc 14.2.1 20240912 (Red Hat 14.2.1-3)
CentOS Stream 10
Kernel: Depends on container host
Compiler: gcc 14.2.1 20241104 (Red Hat 14.2.1-6)
CentOS Stream 9
Kernel: Depends on container host
Compiler: gcc 11.5.0 20240719 (Red Hat 11.5.0-2)
Fedora 40
Kernel: Depends on container host
Compiler: gcc 14.2.1 20240912 (Red Hat 14.2.1-3)
Fedora 41 (Clang)
Kernel: Depends on container host
Compiler: clang 19.1.5 (Fedora 19.1.5-1.fc41)
Fedora 40 (Clang)
Kernel: Depends on container host
Compiler: clang 18.1.8 (Fedora 18.1.8-1.fc40)
RHEL8
Kernel: Depends on container host
Compiler: gcc 8.5.0 20210514 (Red Hat 8.5.0-22)
RHEL9
Kernel: Depends on container host
Compiler: gcc 11.5.0 20240719 (Red Hat 11.5.0-2)
Ubuntu 22.04
Kernel: Depends on container host
Compiler: gcc (Ubuntu 11.4.0-1ubuntu1~22.04) 11.4.0
Ubuntu 20.04
Kernel: Depends on container host
Compiler: gcc (Ubuntu 9.4.0-1ubuntu1~20.04.2) 9.4.0
Ubuntu 24.04
Kernel: Depends on container host
Compiler: gcc (Ubuntu 13.3.0-6ubuntu2~24.04) 13.3.0
To view detailed results, visit:
https://lab.dpdk.org/results/dashboard/patchsets/33172/
UNH-IOL DPDK Community Lab
To manage your email subscriptions, visit:
https://lab.dpdk.org/results/dashboard/preferences/subscriptions/
^ permalink raw reply [flat|nested] 30+ messages in thread
* |SUCCESS| pw153439 [PATCH] net/intel: reduce size of common Tx queue
[not found] <20250514125733.1364644-1-shaiq.wani@intel.com>
` (21 preceding siblings ...)
2025-05-14 16:04 ` |WARNING| " dpdklab
@ 2025-05-14 16:28 ` dpdklab
2025-05-14 16:33 ` dpdklab
` (6 subsequent siblings)
29 siblings, 0 replies; 30+ messages in thread
From: dpdklab @ 2025-05-14 16:28 UTC (permalink / raw)
To: Test Report; +Cc: dpdk-test-reports
Test-Label: iol-abi-testing
Test-Status: SUCCESS
http://dpdk.org/patch/153439
_Testing PASS_
Submitter: Shaiq Wani <shaiq.wani@intel.com>
Date: Wednesday, May 14 2025 12:57:33
DPDK git baseline: Repo:dpdk
Branch: master
CommitID:5b3328195d3c7cc013eb0d7a0b99ab6791d46a77
153439 --> testing pass
Upstream job id: Generic-DPDK-Compile-ABI#126361
Test environment and result as below:
+-------------------+----------+
| Environment | abi_test |
+===================+==========+
| CentOS Stream 9 | PASS |
+-------------------+----------+
| CentOS Stream 10 | PASS |
+-------------------+----------+
| Debian 12 | PASS |
+-------------------+----------+
| Fedora 41 (Clang) | PASS |
+-------------------+----------+
| Fedora 40 (Clang) | PASS |
+-------------------+----------+
| Fedora 40 | PASS |
+-------------------+----------+
| openSUSE Leap 15 | PASS |
+-------------------+----------+
| Fedora 41 | PASS |
+-------------------+----------+
| RHEL8 | PASS |
+-------------------+----------+
| RHEL9 | PASS |
+-------------------+----------+
| Ubuntu 24.04 | PASS |
+-------------------+----------+
| Ubuntu 22.04 | PASS |
+-------------------+----------+
CentOS Stream 9
Kernel: Depends on container host
Compiler: gcc 11.5.0 20240719 (Red Hat 11.5.0-2)
CentOS Stream 10
Kernel: Depends on container host
Compiler: gcc 14.2.1 20241104 (Red Hat 14.2.1-6)
Debian 12
Kernel: Depends on container host
Compiler: gcc (Debian 12.2.0-14) 12.2.0
Fedora 41 (Clang)
Kernel: Depends on container host
Compiler: clang 19.1.5 (Fedora 19.1.5-1.fc41)
Fedora 40 (Clang)
Kernel: Depends on container host
Compiler: clang 18.1.8 (Fedora 18.1.8-1.fc40)
Fedora 40
Kernel: Depends on container host
Compiler: gcc 14.2.1 20240912 (Red Hat 14.2.1-3)
openSUSE Leap 15
Kernel: Depends on container host
Compiler: gcc (SUSE Linux) 7.5.0
Fedora 41
Kernel: Depends on container host
Compiler: gcc 14.2.1 20240912 (Red Hat 14.2.1-3)
RHEL8
Kernel: Depends on container host
Compiler: gcc 8.5.0 20210514 (Red Hat 8.5.0-22)
RHEL9
Kernel: Depends on container host
Compiler: gcc 11.5.0 20240719 (Red Hat 11.5.0-2)
Ubuntu 24.04
Kernel: Depends on container host
Compiler: gcc (Ubuntu 13.3.0-6ubuntu2~24.04) 13.3.0
Ubuntu 22.04
Kernel: Depends on container host
Compiler: gcc (Ubuntu 11.4.0-1ubuntu1~22.04) 11.4.0
To view detailed results, visit:
https://lab.dpdk.org/results/dashboard/patchsets/33172/
UNH-IOL DPDK Community Lab
To manage your email subscriptions, visit:
https://lab.dpdk.org/results/dashboard/preferences/subscriptions/
^ permalink raw reply [flat|nested] 30+ messages in thread
* |SUCCESS| pw153439 [PATCH] net/intel: reduce size of common Tx queue
[not found] <20250514125733.1364644-1-shaiq.wani@intel.com>
` (22 preceding siblings ...)
2025-05-14 16:28 ` |SUCCESS| " dpdklab
@ 2025-05-14 16:33 ` dpdklab
2025-05-14 16:49 ` |FAILURE| " dpdklab
` (5 subsequent siblings)
29 siblings, 0 replies; 30+ messages in thread
From: dpdklab @ 2025-05-14 16:33 UTC (permalink / raw)
To: Test Report; +Cc: dpdk-test-reports
Test-Label: iol-unit-arm64-testing
Test-Status: SUCCESS
http://dpdk.org/patch/153439
_Testing PASS_
Submitter: Shaiq Wani <shaiq.wani@intel.com>
Date: Wednesday, May 14 2025 12:57:33
DPDK git baseline: Repo:dpdk
Branch: master
CommitID:5b3328195d3c7cc013eb0d7a0b99ab6791d46a77
153439 --> testing pass
Upstream job id: Aarch32-Unit-Test#6224
Test environment and result as below:
+-----------------------------+----------------+------------------------------+---------------------------+--------------+
| Environment | dpdk_unit_test | cryptodev_sw_snow3g_autotest | cryptodev_sw_zuc_autotest | lpm_autotest |
+=============================+================+==============================+===========================+==============+
| Fedora 41 (ARM) | PASS | SKIPPED | SKIPPED | SKIPPED |
+-----------------------------+----------------+------------------------------+---------------------------+--------------+
| CentOS Stream 9 (ARM) | PASS | SKIPPED | SKIPPED | SKIPPED |
+-----------------------------+----------------+------------------------------+---------------------------+--------------+
| Fedora 40 (ARM) | PASS | SKIPPED | SKIPPED | SKIPPED |
+-----------------------------+----------------+------------------------------+---------------------------+--------------+
| CentOS Stream 10 (ARM) | PASS | SKIPPED | SKIPPED | SKIPPED |
+-----------------------------+----------------+------------------------------+---------------------------+--------------+
| Fedora 40 (ARM Clang) | PASS | SKIPPED | SKIPPED | SKIPPED |
+-----------------------------+----------------+------------------------------+---------------------------+--------------+
| Fedora 41 (ARM Clang) | PASS | SKIPPED | SKIPPED | SKIPPED |
+-----------------------------+----------------+------------------------------+---------------------------+--------------+
| Debian 12 (arm) | PASS | PASS | PASS | SKIPPED |
+-----------------------------+----------------+------------------------------+---------------------------+--------------+
| Ubuntu 22.04 (ARM) | PASS | SKIPPED | SKIPPED | SKIPPED |
+-----------------------------+----------------+------------------------------+---------------------------+--------------+
| RHEL9 (ARM) | PASS | SKIPPED | SKIPPED | SKIPPED |
+-----------------------------+----------------+------------------------------+---------------------------+--------------+
| Ubuntu 24.04 (ARM) | PASS | SKIPPED | SKIPPED | SKIPPED |
+-----------------------------+----------------+------------------------------+---------------------------+--------------+
| Ubuntu 20.04 (ARM) | PASS | SKIPPED | SKIPPED | SKIPPED |
+-----------------------------+----------------+------------------------------+---------------------------+--------------+
| 32-bit Ubuntu 22.04.4 (ARM) | PASS | SKIPPED | SKIPPED | SKIPPED |
+-----------------------------+----------------+------------------------------+---------------------------+--------------+
| Ubuntu 20.04 ARM SVE | SKIPPED | SKIPPED | SKIPPED | PASS |
+-----------------------------+----------------+------------------------------+---------------------------+--------------+
Fedora 41 (ARM)
Kernel: Depends on container host
Compiler: gcc 14.2.1 20240912 (Red Hat 14.2.1-3)
CentOS Stream 9 (ARM)
Kernel: Depends on container host
Compiler: gcc 11.5.0 20240719 (Red Hat 11.5.0-2)
Fedora 40 (ARM)
Kernel: Depends on container host
Compiler: gcc 14.2.1 20240912 (Red Hat 14.2.1-3)
CentOS Stream 10 (ARM)
Kernel: Depends on container host
Compiler: gcc 14.2.1 20241104 (Red Hat 14.2.1-6)
Fedora 40 (ARM Clang)
Kernel: Depends on container host
Compiler: clang 18.1.8 (Fedora 18.1.8-1.fc40)
Fedora 41 (ARM Clang)
Kernel: Depends on container host
Compiler: clang 19.1.5 (Fedora 19.1.5-1.fc41)
Debian 12 (arm)
Kernel: Depends on container host
Compiler: gcc (Debian 12.2.0-14) 12.2.0
Ubuntu 22.04 (ARM)
Kernel: Depends on container host
Compiler: gcc (Ubuntu 11.4.0-1ubuntu1~22.04) 11.4.0
RHEL9 (ARM)
Kernel: Depends on container host
Compiler: gcc 11.5.0 20240719 (Red Hat 11.5.0-2)
Ubuntu 24.04 (ARM)
Kernel: Depends on container host
Compiler: gcc (Ubuntu 13.3.0-6ubuntu2~24.04) 13.3.0
Ubuntu 20.04 (ARM)
Kernel: Depends on container host
Compiler: gcc (Ubuntu 9.4.0-1ubuntu1~20.04.2) 9.4.0
32-bit Ubuntu 22.04.4 (ARM)
Kernel: 5.15.83+ aarch64
Compiler: gcc (Ubuntu 11.4.0-1ubuntu1~22.04) 11.4.0
Ubuntu 20.04 ARM SVE
Kernel: Depends on container host
Compiler: gcc (Ubuntu 10.5.0-1ubuntu1~20.04) 10.5.0
To view detailed results, visit:
https://lab.dpdk.org/results/dashboard/patchsets/33172/
UNH-IOL DPDK Community Lab
To manage your email subscriptions, visit:
https://lab.dpdk.org/results/dashboard/preferences/subscriptions/
^ permalink raw reply [flat|nested] 30+ messages in thread
* |FAILURE| pw153439 [PATCH] net/intel: reduce size of common Tx queue
[not found] <20250514125733.1364644-1-shaiq.wani@intel.com>
` (23 preceding siblings ...)
2025-05-14 16:33 ` dpdklab
@ 2025-05-14 16:49 ` dpdklab
2025-05-14 16:50 ` dpdklab
` (4 subsequent siblings)
29 siblings, 0 replies; 30+ messages in thread
From: dpdklab @ 2025-05-14 16:49 UTC (permalink / raw)
To: Test Report; +Cc: dpdk-test-reports, Shaiq Wani
Test-Label: iol-compile-amd64-testing
Test-Status: FAILURE
http://dpdk.org/patch/153439
_Testing issues_
Submitter: Shaiq Wani <shaiq.wani@intel.com>
Date: Wednesday, May 14 2025 12:57:33
DPDK git baseline: Repo:dpdk
Branch: master
CommitID:5b3328195d3c7cc013eb0d7a0b99ab6791d46a77
153439 --> testing issues
Upstream job id: Windows-Compile-DPDK-Native#28395
Test environment and result as below:
+-----------------------------------+--------------------+-------------------+------------------+-------------------+-------------------------+----------------------+
| Environment | dpdk_meson_compile | dpdk_compile_spdk | dpdk_compile_ovs | dpdk_msvc_compile | dpdk_llvm_clang_compile | dpdk_mingw64_compile |
+===================================+====================+===================+==================+===================+=========================+======================+
| CentOS Stream 9 | PASS | PASS | SKIPPED | SKIPPED | SKIPPED | SKIPPED |
+-----------------------------------+--------------------+-------------------+------------------+-------------------+-------------------------+----------------------+
| CentOS Stream 10 | PASS | SKIPPED | SKIPPED | SKIPPED | SKIPPED | SKIPPED |
+-----------------------------------+--------------------+-------------------+------------------+-------------------+-------------------------+----------------------+
| Debian 12 | PASS | PASS | SKIPPED | SKIPPED | SKIPPED | SKIPPED |
+-----------------------------------+--------------------+-------------------+------------------+-------------------+-------------------------+----------------------+
| Fedora 40 (Clang) | FAIL | WARN | SKIPPED | SKIPPED | SKIPPED | SKIPPED |
+-----------------------------------+--------------------+-------------------+------------------+-------------------+-------------------------+----------------------+
| Fedora 41 (Clang) | FAIL | WARN | WARN | SKIPPED | SKIPPED | SKIPPED |
+-----------------------------------+--------------------+-------------------+------------------+-------------------+-------------------------+----------------------+
| openSUSE Leap 15 | PASS | SKIPPED | SKIPPED | SKIPPED | SKIPPED | SKIPPED |
+-----------------------------------+--------------------+-------------------+------------------+-------------------+-------------------------+----------------------+
| RHEL8 | PASS | SKIPPED | SKIPPED | SKIPPED | SKIPPED | SKIPPED |
+-----------------------------------+--------------------+-------------------+------------------+-------------------+-------------------------+----------------------+
| RHEL9 | PASS | SKIPPED | SKIPPED | SKIPPED | SKIPPED | SKIPPED |
+-----------------------------------+--------------------+-------------------+------------------+-------------------+-------------------------+----------------------+
| Ubuntu 20.04 | PASS | SKIPPED | SKIPPED | SKIPPED | SKIPPED | SKIPPED |
+-----------------------------------+--------------------+-------------------+------------------+-------------------+-------------------------+----------------------+
| Ubuntu 24.04 | PASS | PASS | PASS | SKIPPED | SKIPPED | SKIPPED |
+-----------------------------------+--------------------+-------------------+------------------+-------------------+-------------------------+----------------------+
| Ubuntu 22.04 | PASS | PASS | SKIPPED | SKIPPED | SKIPPED | SKIPPED |
+-----------------------------------+--------------------+-------------------+------------------+-------------------+-------------------------+----------------------+
| Alpine | PASS | SKIPPED | SKIPPED | SKIPPED | SKIPPED | SKIPPED |
+-----------------------------------+--------------------+-------------------+------------------+-------------------+-------------------------+----------------------+
| Ubuntu 24.04 32 Bit Cross Compile | PASS | SKIPPED | SKIPPED | SKIPPED | SKIPPED | SKIPPED |
+-----------------------------------+--------------------+-------------------+------------------+-------------------+-------------------------+----------------------+
| FreeBSD 13.5 | FAIL | SKIPPED | SKIPPED | SKIPPED | SKIPPED | SKIPPED |
+-----------------------------------+--------------------+-------------------+------------------+-------------------+-------------------------+----------------------+
| FreeBSD 14.2 | FAIL | SKIPPED | SKIPPED | SKIPPED | SKIPPED | SKIPPED |
+-----------------------------------+--------------------+-------------------+------------------+-------------------+-------------------------+----------------------+
| Fedora 40 | PASS | PASS | SKIPPED | SKIPPED | SKIPPED | SKIPPED |
+-----------------------------------+--------------------+-------------------+------------------+-------------------+-------------------------+----------------------+
| Fedora 41 | PASS | PASS | PASS | SKIPPED | SKIPPED | SKIPPED |
+-----------------------------------+--------------------+-------------------+------------------+-------------------+-------------------------+----------------------+
| Windows Server 2022 | SKIPPED | SKIPPED | SKIPPED | PASS | PASS | PASS |
+-----------------------------------+--------------------+-------------------+------------------+-------------------+-------------------------+----------------------+
==== 20 line log output for FreeBSD 14.2 (dpdk_meson_compile): ====
[1243/2096] Compiling C object drivers/libtmp_rte_net_ice.a.p/net_intel_ice_ice_dcf.c.o
[1244/2096] Compiling C object drivers/libtmp_rte_net_ice.a.p/net_intel_ice_ice_switch_filter.c.o
[1245/2096] Compiling C object drivers/libtmp_rte_net_ice.a.p/net_intel_ice_ice_dcf_vf_representor.c.o
[1246/2096] Generating rte_net_ice_map with a custom command
[1247/2096] Compiling C object drivers/libtmp_rte_net_ice.a.p/net_intel_ice_ice_rxtx.c.o
[1248/2096] Compiling C object drivers/libtmp_rte_net_ice.a.p/net_intel_ice_ice_dcf_parent.c.o
[1249/2096] Compiling C object drivers/libtmp_rte_net_ice.a.p/net_intel_ice_ice_dcf_ethdev.c.o
[1250/2096] Compiling C object drivers/librte_net_idpf_avx512_lib.a.p/net_intel_idpf_idpf_common_rxtx_avx512.c.o
FAILED: drivers/librte_net_idpf_avx512_lib.a.p/net_intel_idpf_idpf_common_rxtx_avx512.c.o
cc -Idrivers/librte_net_idpf_avx512_lib.a.p -Idrivers -I../drivers -Idrivers/net/intel/idpf -I../drivers/net/intel/idpf -Idrivers/net/intel/idpf/base -I../drivers/net/intel/idpf/base -I../drivers/net/intel/iavf/base -Ilib/ethdev -I../lib/ethdev -Ilib/eal/common -I../lib/eal/common -I. -I.. -Iconfig -I../config -Ilib/eal/include -I../lib/eal/include -Ilib/eal/freebsd/include -I../lib/eal/freebsd/include -Ilib/eal/x86/include -I../lib/eal/x86/include -Ilib/eal -I../lib/eal -Ilib/kvargs -I../lib/kvargs -Ilib/log -I../lib/log -Ilib/metrics -I../lib/metrics -Ilib/telemetry -I../lib/telemetry -Ilib/net -I../lib/net -Ilib/mbuf -I../lib/mbuf -Ilib/mempool -I../lib/mempool -Ilib/ring -I../lib/ring -Ilib/meter -I../lib/meter -Idrivers/bus/pci -I../drivers/bus/pci -I../drivers/bus/pci/bsd -Ilib/pci -I../lib/pci -Idrivers/bus/vdev -I../drivers/bus/vdev -Xclang -fcolor-diagnostics -pipe -D_FILE_OFFSET_BITS=64 -Wall -Winvalid-pch -Wextra -Werror -std=c11 -O3 -include rte_config.h -Wvla -Wcast-qual
-Wdeprecated -Wformat -Wformat-nonliteral -Wformat-security -Wmissing-declarations -Wmissing-prototypes -Wnested-externs -Wold-style-definition -Wpointer-arith -Wsign-compare -Wstrict-prototypes -Wundef -Wwrite-strings -Wno-missing-field-initializers -D_GNU_SOURCE -D__BSD_VISIBLE -fPIC -march=native -mrtm -DALLOW_EXPERIMENTAL_API -DALLOW_INTERNAL_API -Wno-format-truncation -Wno-address-of-packed-member -DRTE_LOG_DEFAULT_LOGTYPE=pmd.net.idpf -DRTE_ANNOTATE_LOCKS -Wthread-safety -DCC_AVX512_SUPPORT -mavx512f -mavx512vl -mavx512dq -mavx512bw -mavx512cd -MD -MQ drivers/librte_net_idpf_avx512_lib.a.p/net_intel_idpf_idpf_common_rxtx_avx512.c.o -MF drivers/librte_net_idpf_avx512_lib.a.p/net_intel_idpf_idpf_common_rxtx_avx512.c.o.d -o drivers/librte_net_idpf_avx512_lib.a.p/net_intel_idpf_idpf_common_rxtx_avx512.c.o -c ../drivers/net/intel/idpf/idpf_common_rxtx_avx512.c
../drivers/net/intel/idpf/idpf_common_rxtx_avx512.c:1373:1: error: unused function 'idpf_tx_release_mbufs_avx512' [-Werror,-Wunused-function]
1373 | idpf_tx_release_mbufs_avx512(struct ci_tx_queue *txq)
| ^~~~~~~~~~~~~~~~~~~~~~~~~~~~
1 error generated.
[1251/2096] Compiling C object drivers/libtmp_rte_net_ice.a.p/net_intel_ice_ice_dcf_sched.c.o
[1252/2096] Compiling C object drivers/librte_net_idpf_avx2_lib.a.p/net_intel_idpf_idpf_common_rxtx_avx2.c.o
[1253/2096] Compiling C object drivers/libtmp_rte_net_idpf.a.p/net_intel_idpf_idpf_common_device.c.o
[1254/2096] Compiling C object drivers/libtmp_rte_net_idpf.a.p/net_intel_idpf_idpf_common_rxtx.c.o
[1255/2096] Compiling C object drivers/libtmp_rte_net_idpf.a.p/net_intel_idpf_idpf_common_virtchnl.c.o
ninja: build stopped: subcommand failed.
==== End log output ====
CentOS Stream 9
Kernel: Depends on container host
Compiler: gcc 11.5.0 20240719 (Red Hat 11.5.0-2)
CentOS Stream 10
Kernel: Depends on container host
Compiler: gcc 14.2.1 20241104 (Red Hat 14.2.1-6)
Debian 12
Kernel: Depends on container host
Compiler: gcc (Debian 12.2.0-14) 12.2.0
Fedora 40 (Clang)
Kernel: Depends on container host
Compiler: clang 18.1.8 (Fedora 18.1.8-1.fc40)
Fedora 41 (Clang)
Kernel: Depends on container host
Compiler: clang 19.1.5 (Fedora 19.1.5-1.fc41)
openSUSE Leap 15
Kernel: Depends on container host
Compiler: gcc (SUSE Linux) 7.5.0
RHEL8
Kernel: Depends on container host
Compiler: gcc 8.5.0 20210514 (Red Hat 8.5.0-22)
RHEL9
Kernel: Depends on container host
Compiler: gcc 11.5.0 20240719 (Red Hat 11.5.0-2)
Ubuntu 20.04
Kernel: Depends on container host
Compiler: gcc (Ubuntu 9.4.0-1ubuntu1~20.04.2) 9.4.0
Ubuntu 24.04
Kernel: Depends on container host
Compiler: gcc (Ubuntu 13.3.0-6ubuntu2~24.04) 13.3.0
Ubuntu 22.04
Kernel: Depends on container host
Compiler: gcc (Ubuntu 11.4.0-1ubuntu1~22.04) 11.4.0
Alpine
Kernel: Depends on container host
Compiler: gcc (Alpine 14.2.0) 14.2.0
Ubuntu 24.04 32 Bit Cross Compile
Kernel: Depends on container host
Compiler: gcc (Ubuntu 13.3.0-6ubuntu2~24.04) 13.3.0
FreeBSD 13.5
Kernel: 13.5-RELEASE
Compiler: clang 19.1.7
FreeBSD 14.2
Kernel: 14.2-RELEASE
Compiler: clang 18.1.6
Fedora 40
Kernel: Depends on container host
Compiler: gcc 14.2.1 20240912 (Red Hat 14.2.1-3)
Fedora 41
Kernel: Depends on container host
Compiler: gcc 14.2.1 20240912 (Red Hat 14.2.1-3)
Windows Server 2022
Kernel: 10.0.20348.2031
Compiler: clang 15.0.7, gcc 14.1.0 (MinGW), and MSVC VS 19.39.33521
To view detailed results, visit:
https://lab.dpdk.org/results/dashboard/patchsets/33172/
UNH-IOL DPDK Community Lab
To manage your email subscriptions, visit:
https://lab.dpdk.org/results/dashboard/preferences/subscriptions/
^ permalink raw reply [flat|nested] 30+ messages in thread
* |FAILURE| pw153439 [PATCH] net/intel: reduce size of common Tx queue
[not found] <20250514125733.1364644-1-shaiq.wani@intel.com>
` (24 preceding siblings ...)
2025-05-14 16:49 ` |FAILURE| " dpdklab
@ 2025-05-14 16:50 ` dpdklab
2025-05-14 16:57 ` |SUCCESS| " dpdklab
` (3 subsequent siblings)
29 siblings, 0 replies; 30+ messages in thread
From: dpdklab @ 2025-05-14 16:50 UTC (permalink / raw)
To: Test Report; +Cc: dpdk-test-reports, Shaiq Wani
Test-Label: iol-compile-amd64-testing
Test-Status: FAILURE
http://dpdk.org/patch/153439
_Testing issues_
Submitter: Shaiq Wani <shaiq.wani@intel.com>
Date: Wednesday, May 14 2025 12:57:33
DPDK git baseline: Repo:dpdk
Branch: master
CommitID:5b3328195d3c7cc013eb0d7a0b99ab6791d46a77
153439 --> testing issues
Upstream job id: Generic-DPDK-Compile-Meson#387930
Test environment and result as below:
+-----------------------------------+--------------------+-------------------+------------------+-------------------+-------------------------+----------------------+
| Environment | dpdk_meson_compile | dpdk_compile_spdk | dpdk_compile_ovs | dpdk_msvc_compile | dpdk_llvm_clang_compile | dpdk_mingw64_compile |
+===================================+====================+===================+==================+===================+=========================+======================+
| CentOS Stream 9 | PASS | PASS | SKIPPED | SKIPPED | SKIPPED | SKIPPED |
+-----------------------------------+--------------------+-------------------+------------------+-------------------+-------------------------+----------------------+
| CentOS Stream 10 | PASS | SKIPPED | SKIPPED | SKIPPED | SKIPPED | SKIPPED |
+-----------------------------------+--------------------+-------------------+------------------+-------------------+-------------------------+----------------------+
| Debian 12 | PASS | PASS | SKIPPED | SKIPPED | SKIPPED | SKIPPED |
+-----------------------------------+--------------------+-------------------+------------------+-------------------+-------------------------+----------------------+
| Fedora 40 (Clang) | FAIL | WARN | SKIPPED | SKIPPED | SKIPPED | SKIPPED |
+-----------------------------------+--------------------+-------------------+------------------+-------------------+-------------------------+----------------------+
| Fedora 41 (Clang) | FAIL | WARN | WARN | SKIPPED | SKIPPED | SKIPPED |
+-----------------------------------+--------------------+-------------------+------------------+-------------------+-------------------------+----------------------+
| openSUSE Leap 15 | PASS | SKIPPED | SKIPPED | SKIPPED | SKIPPED | SKIPPED |
+-----------------------------------+--------------------+-------------------+------------------+-------------------+-------------------------+----------------------+
| RHEL8 | PASS | SKIPPED | SKIPPED | SKIPPED | SKIPPED | SKIPPED |
+-----------------------------------+--------------------+-------------------+------------------+-------------------+-------------------------+----------------------+
| RHEL9 | PASS | SKIPPED | SKIPPED | SKIPPED | SKIPPED | SKIPPED |
+-----------------------------------+--------------------+-------------------+------------------+-------------------+-------------------------+----------------------+
| Ubuntu 20.04 | PASS | SKIPPED | SKIPPED | SKIPPED | SKIPPED | SKIPPED |
+-----------------------------------+--------------------+-------------------+------------------+-------------------+-------------------------+----------------------+
| Ubuntu 24.04 | PASS | PASS | PASS | SKIPPED | SKIPPED | SKIPPED |
+-----------------------------------+--------------------+-------------------+------------------+-------------------+-------------------------+----------------------+
| Ubuntu 22.04 | PASS | PASS | SKIPPED | SKIPPED | SKIPPED | SKIPPED |
+-----------------------------------+--------------------+-------------------+------------------+-------------------+-------------------------+----------------------+
| Alpine | PASS | SKIPPED | SKIPPED | SKIPPED | SKIPPED | SKIPPED |
+-----------------------------------+--------------------+-------------------+------------------+-------------------+-------------------------+----------------------+
| Ubuntu 24.04 32 Bit Cross Compile | PASS | SKIPPED | SKIPPED | SKIPPED | SKIPPED | SKIPPED |
+-----------------------------------+--------------------+-------------------+------------------+-------------------+-------------------------+----------------------+
| FreeBSD 13.5 | FAIL | SKIPPED | SKIPPED | SKIPPED | SKIPPED | SKIPPED |
+-----------------------------------+--------------------+-------------------+------------------+-------------------+-------------------------+----------------------+
| FreeBSD 14.2 | FAIL | SKIPPED | SKIPPED | SKIPPED | SKIPPED | SKIPPED |
+-----------------------------------+--------------------+-------------------+------------------+-------------------+-------------------------+----------------------+
| Fedora 40 | PASS | PASS | SKIPPED | SKIPPED | SKIPPED | SKIPPED |
+-----------------------------------+--------------------+-------------------+------------------+-------------------+-------------------------+----------------------+
| Fedora 41 | PASS | PASS | PASS | SKIPPED | SKIPPED | SKIPPED |
+-----------------------------------+--------------------+-------------------+------------------+-------------------+-------------------------+----------------------+
| Windows Server 2022 | SKIPPED | SKIPPED | SKIPPED | PASS | PASS | PASS |
+-----------------------------------+--------------------+-------------------+------------------+-------------------+-------------------------+----------------------+
==== 20 line log output for FreeBSD 14.2 (dpdk_meson_compile): ====
[1243/2096] Compiling C object drivers/libtmp_rte_net_ice.a.p/net_intel_ice_ice_dcf.c.o
[1244/2096] Compiling C object drivers/libtmp_rte_net_ice.a.p/net_intel_ice_ice_switch_filter.c.o
[1245/2096] Compiling C object drivers/libtmp_rte_net_ice.a.p/net_intel_ice_ice_dcf_vf_representor.c.o
[1246/2096] Generating rte_net_ice_map with a custom command
[1247/2096] Compiling C object drivers/libtmp_rte_net_ice.a.p/net_intel_ice_ice_rxtx.c.o
[1248/2096] Compiling C object drivers/libtmp_rte_net_ice.a.p/net_intel_ice_ice_dcf_parent.c.o
[1249/2096] Compiling C object drivers/libtmp_rte_net_ice.a.p/net_intel_ice_ice_dcf_ethdev.c.o
[1250/2096] Compiling C object drivers/librte_net_idpf_avx512_lib.a.p/net_intel_idpf_idpf_common_rxtx_avx512.c.o
FAILED: drivers/librte_net_idpf_avx512_lib.a.p/net_intel_idpf_idpf_common_rxtx_avx512.c.o
cc -Idrivers/librte_net_idpf_avx512_lib.a.p -Idrivers -I../drivers -Idrivers/net/intel/idpf -I../drivers/net/intel/idpf -Idrivers/net/intel/idpf/base -I../drivers/net/intel/idpf/base -I../drivers/net/intel/iavf/base -Ilib/ethdev -I../lib/ethdev -Ilib/eal/common -I../lib/eal/common -I. -I.. -Iconfig -I../config -Ilib/eal/include -I../lib/eal/include -Ilib/eal/freebsd/include -I../lib/eal/freebsd/include -Ilib/eal/x86/include -I../lib/eal/x86/include -Ilib/eal -I../lib/eal -Ilib/kvargs -I../lib/kvargs -Ilib/log -I../lib/log -Ilib/metrics -I../lib/metrics -Ilib/telemetry -I../lib/telemetry -Ilib/net -I../lib/net -Ilib/mbuf -I../lib/mbuf -Ilib/mempool -I../lib/mempool -Ilib/ring -I../lib/ring -Ilib/meter -I../lib/meter -Idrivers/bus/pci -I../drivers/bus/pci -I../drivers/bus/pci/bsd -Ilib/pci -I../lib/pci -Idrivers/bus/vdev -I../drivers/bus/vdev -Xclang -fcolor-diagnostics -pipe -D_FILE_OFFSET_BITS=64 -Wall -Winvalid-pch -Wextra -Werror -std=c11 -O3 -include rte_config.h -Wvla -Wcast-qual
-Wdeprecated -Wformat -Wformat-nonliteral -Wformat-security -Wmissing-declarations -Wmissing-prototypes -Wnested-externs -Wold-style-definition -Wpointer-arith -Wsign-compare -Wstrict-prototypes -Wundef -Wwrite-strings -Wno-missing-field-initializers -D_GNU_SOURCE -D__BSD_VISIBLE -fPIC -march=native -mrtm -DALLOW_EXPERIMENTAL_API -DALLOW_INTERNAL_API -Wno-format-truncation -Wno-address-of-packed-member -DRTE_LOG_DEFAULT_LOGTYPE=pmd.net.idpf -DRTE_ANNOTATE_LOCKS -Wthread-safety -DCC_AVX512_SUPPORT -mavx512f -mavx512vl -mavx512dq -mavx512bw -mavx512cd -MD -MQ drivers/librte_net_idpf_avx512_lib.a.p/net_intel_idpf_idpf_common_rxtx_avx512.c.o -MF drivers/librte_net_idpf_avx512_lib.a.p/net_intel_idpf_idpf_common_rxtx_avx512.c.o.d -o drivers/librte_net_idpf_avx512_lib.a.p/net_intel_idpf_idpf_common_rxtx_avx512.c.o -c ../drivers/net/intel/idpf/idpf_common_rxtx_avx512.c
../drivers/net/intel/idpf/idpf_common_rxtx_avx512.c:1373:1: error: unused function 'idpf_tx_release_mbufs_avx512' [-Werror,-Wunused-function]
1373 | idpf_tx_release_mbufs_avx512(struct ci_tx_queue *txq)
| ^~~~~~~~~~~~~~~~~~~~~~~~~~~~
1 error generated.
[1251/2096] Compiling C object drivers/libtmp_rte_net_ice.a.p/net_intel_ice_ice_dcf_sched.c.o
[1252/2096] Compiling C object drivers/librte_net_idpf_avx2_lib.a.p/net_intel_idpf_idpf_common_rxtx_avx2.c.o
[1253/2096] Compiling C object drivers/libtmp_rte_net_idpf.a.p/net_intel_idpf_idpf_common_device.c.o
[1254/2096] Compiling C object drivers/libtmp_rte_net_idpf.a.p/net_intel_idpf_idpf_common_rxtx.c.o
[1255/2096] Compiling C object drivers/libtmp_rte_net_idpf.a.p/net_intel_idpf_idpf_common_virtchnl.c.o
ninja: build stopped: subcommand failed.
==== End log output ====
CentOS Stream 9
Kernel: Depends on container host
Compiler: gcc 11.5.0 20240719 (Red Hat 11.5.0-2)
CentOS Stream 10
Kernel: Depends on container host
Compiler: gcc 14.2.1 20241104 (Red Hat 14.2.1-6)
Debian 12
Kernel: Depends on container host
Compiler: gcc (Debian 12.2.0-14) 12.2.0
Fedora 40 (Clang)
Kernel: Depends on container host
Compiler: clang 18.1.8 (Fedora 18.1.8-1.fc40)
Fedora 41 (Clang)
Kernel: Depends on container host
Compiler: clang 19.1.5 (Fedora 19.1.5-1.fc41)
openSUSE Leap 15
Kernel: Depends on container host
Compiler: gcc (SUSE Linux) 7.5.0
RHEL8
Kernel: Depends on container host
Compiler: gcc 8.5.0 20210514 (Red Hat 8.5.0-22)
RHEL9
Kernel: Depends on container host
Compiler: gcc 11.5.0 20240719 (Red Hat 11.5.0-2)
Ubuntu 20.04
Kernel: Depends on container host
Compiler: gcc (Ubuntu 9.4.0-1ubuntu1~20.04.2) 9.4.0
Ubuntu 24.04
Kernel: Depends on container host
Compiler: gcc (Ubuntu 13.3.0-6ubuntu2~24.04) 13.3.0
Ubuntu 22.04
Kernel: Depends on container host
Compiler: gcc (Ubuntu 11.4.0-1ubuntu1~22.04) 11.4.0
Alpine
Kernel: Depends on container host
Compiler: gcc (Alpine 14.2.0) 14.2.0
Ubuntu 24.04 32 Bit Cross Compile
Kernel: Depends on container host
Compiler: gcc (Ubuntu 13.3.0-6ubuntu2~24.04) 13.3.0
FreeBSD 13.5
Kernel: 13.5-RELEASE
Compiler: clang 19.1.7
FreeBSD 14.2
Kernel: 14.2-RELEASE
Compiler: clang 18.1.6
Fedora 40
Kernel: Depends on container host
Compiler: gcc 14.2.1 20240912 (Red Hat 14.2.1-3)
Fedora 41
Kernel: Depends on container host
Compiler: gcc 14.2.1 20240912 (Red Hat 14.2.1-3)
Windows Server 2022
Kernel: 10.0.20348.2031
Compiler: clang 15.0.7, gcc 14.1.0 (MinGW), and MSVC VS 19.39.33521
To view detailed results, visit:
https://lab.dpdk.org/results/dashboard/patchsets/33172/
UNH-IOL DPDK Community Lab
To manage your email subscriptions, visit:
https://lab.dpdk.org/results/dashboard/preferences/subscriptions/
^ permalink raw reply [flat|nested] 30+ messages in thread
* |SUCCESS| pw153439 [PATCH] net/intel: reduce size of common Tx queue
[not found] <20250514125733.1364644-1-shaiq.wani@intel.com>
` (25 preceding siblings ...)
2025-05-14 16:50 ` dpdklab
@ 2025-05-14 16:57 ` dpdklab
2025-05-14 17:01 ` |WARNING| " dpdklab
` (2 subsequent siblings)
29 siblings, 0 replies; 30+ messages in thread
From: dpdklab @ 2025-05-14 16:57 UTC (permalink / raw)
To: Test Report; +Cc: dpdk-test-reports
Test-Label: iol-sample-apps-testing
Test-Status: SUCCESS
http://dpdk.org/patch/153439
_Testing PASS_
Submitter: Shaiq Wani <shaiq.wani@intel.com>
Date: Wednesday, May 14 2025 12:57:33
DPDK git baseline: Repo:dpdk
Branch: master
CommitID:5b3328195d3c7cc013eb0d7a0b99ab6791d46a77
153439 --> testing pass
Upstream job id: ACVP-FIPS-testing#9808
Test environment and result as below:
+--------------------+----------------------+----------------------+
| Environment | compressdev_zlib_pmd | dpdk_fips_validation |
+====================+======================+======================+
| Ubuntu 22.04 (ARM) | PASS | SKIPPED |
+--------------------+----------------------+----------------------+
| Ubuntu 22.04 | PASS | SKIPPED |
+--------------------+----------------------+----------------------+
| Ubuntu 20.04 | SKIPPED | PASS |
+--------------------+----------------------+----------------------+
Ubuntu 22.04 (ARM)
Kernel: 5.15.0-97-generic
Compiler: gcc gcc (Ubuntu 11.4.0-1ubuntu1~22.04) 11.4.0
Ubuntu 22.04
Kernel: 5.15.0-100-generic
Compiler: gcc gcc (Ubuntu 11.4.0-1ubuntu1~22.04) 11.4.0
Ubuntu 20.04
Kernel: Depends on container host
Compiler: gcc (Ubuntu 9.4.0-1ubuntu1~20.04.2) 9.4.0
To view detailed results, visit:
https://lab.dpdk.org/results/dashboard/patchsets/33172/
UNH-IOL DPDK Community Lab
To manage your email subscriptions, visit:
https://lab.dpdk.org/results/dashboard/preferences/subscriptions/
^ permalink raw reply [flat|nested] 30+ messages in thread
* |WARNING| pw153439 [PATCH] net/intel: reduce size of common Tx queue
[not found] <20250514125733.1364644-1-shaiq.wani@intel.com>
` (26 preceding siblings ...)
2025-05-14 16:57 ` |SUCCESS| " dpdklab
@ 2025-05-14 17:01 ` dpdklab
2025-05-14 17:09 ` dpdklab
2025-05-14 17:36 ` |SUCCESS| " dpdklab
29 siblings, 0 replies; 30+ messages in thread
From: dpdklab @ 2025-05-14 17:01 UTC (permalink / raw)
To: Test Report; +Cc: dpdk-test-reports
Test-Label: iol-unit-amd64-testing
Test-Status: WARNING
http://dpdk.org/patch/153439
_Testing issues_
Submitter: Shaiq Wani <shaiq.wani@intel.com>
Date: Wednesday, May 14 2025 12:57:33
DPDK git baseline: Repo:dpdk
Branch: master
CommitID:5b3328195d3c7cc013eb0d7a0b99ab6791d46a77
153439 --> testing issues
Upstream job id: Generic-VM-Unit-Test-DPDK#28515
Test environment and result as below:
+---------------------+----------------+
| Environment | dpdk_unit_test |
+=====================+================+
| Debian 12 | PASS |
+---------------------+----------------+
| Fedora 41 | PASS |
+---------------------+----------------+
| CentOS Stream 10 | PASS |
+---------------------+----------------+
| CentOS Stream 9 | PASS |
+---------------------+----------------+
| Fedora 40 | PASS |
+---------------------+----------------+
| Fedora 41 (Clang) | WARN |
+---------------------+----------------+
| Fedora 40 (Clang) | WARN |
+---------------------+----------------+
| RHEL8 | PASS |
+---------------------+----------------+
| RHEL9 | PASS |
+---------------------+----------------+
| Ubuntu 22.04 | PASS |
+---------------------+----------------+
| Ubuntu 20.04 | PASS |
+---------------------+----------------+
| Ubuntu 24.04 | PASS |
+---------------------+----------------+
| Windows Server 2022 | PASS |
+---------------------+----------------+
==== 20 line log output for Fedora 40 (Clang) (dpdk_unit_test): ====
[1805/3481] Compiling C object drivers/libtmp_rte_net_ice.a.p/net_intel_ice_ice_rxtx.c.o
[1806/3481] Compiling C object drivers/libtmp_rte_net_ice.a.p/net_intel_ice_ice_rxtx_vec_sse.c.o
[1807/3481] Compiling C object drivers/libtmp_rte_net_ice.a.p/net_intel_ice_ice_dcf.c.o
[1808/3481] Compiling C object drivers/libtmp_rte_net_ice.a.p/net_intel_ice_ice_dcf_vf_representor.c.o
[1809/3481] Generating rte_net_ice_map with a custom command
[1810/3481] Compiling C object drivers/libtmp_rte_net_ice.a.p/net_intel_ice_ice_dcf_parent.c.o
[1811/3481] Compiling C object drivers/libtmp_rte_net_ice.a.p/net_intel_ice_ice_dcf_sched.c.o
[1812/3481] Compiling C object drivers/libtmp_rte_net_ice.a.p/net_intel_ice_ice_dcf_ethdev.c.o
[1813/3481] Linking static target drivers/libtmp_rte_net_ice.a
[1814/3481] Compiling C object drivers/librte_net_idpf_avx512_lib.a.p/net_intel_idpf_idpf_common_rxtx_avx512.c.o
FAILED: drivers/librte_net_idpf_avx512_lib.a.p/net_intel_idpf_idpf_common_rxtx_avx512.c.o
clang -Idrivers/librte_net_idpf_avx512_lib.a.p -Idrivers -I../drivers -Idrivers/net/intel/idpf -I../drivers/net/intel/idpf -Idrivers/net/intel/idpf/base -I../drivers/net/intel/idpf/base -I../drivers/net/intel/iavf/base -Ilib/ethdev -I../lib/ethdev -Ilib/eal/common -I../lib/eal/common -I. -I.. -Iconfig -I../config -Ilib/eal/include -I../lib/eal/include -Ilib/eal/linux/include -I../lib/eal/linux/include -Ilib/eal/x86/include -I../lib/eal/x86/include -I../kernel/linux -Ilib/eal -I../lib/eal -Ilib/kvargs -I../lib/kvargs -Ilib/log -I../lib/log -Ilib/metrics -I../lib/metrics -Ilib/telemetry -I../lib/telemetry -Ilib/net -I../lib/net -Ilib/mbuf -I../lib/mbuf -Ilib/mempool -I../lib/mempool -Ilib/ring -I../lib/ring -Ilib/meter -I../lib/meter -Idrivers/bus/pci -I../drivers/bus/pci -I../drivers/bus/pci/linux -Ilib/pci -I../lib/pci -Idrivers/bus/vdev -I../drivers/bus/vdev -Xclang -fcolor-diagnostics -pipe -D_FILE_OFFSET_BITS=64 -Wall -Winvalid-pch -Wextra -Werror -std=c11 -O3 -include rte_config.
h -Wvla -Wcast-qual -Wdeprecated -Wformat -Wformat-nonliteral -Wformat-security -Wmissing-declarations -Wmissing-prototypes -Wnested-externs -Wold-style-definition -Wpointer-arith -Wsign-compare -Wstrict-prototypes -Wundef -Wwrite-strings -Wno-missing-field-initializers -D_GNU_SOURCE -fPIC -march=native -mrtm -DALLOW_EXPERIMENTAL_API -DALLOW_INTERNAL_API -Wno-format-truncation -Wno-address-of-packed-member -DRTE_LOG_DEFAULT_LOGTYPE=pmd.net.idpf -DRTE_ANNOTATE_LOCKS -Wthread-safety -DCC_AVX512_SUPPORT -mavx512f -mavx512vl -mavx512dq -mavx512bw -mavx512cd -MD -MQ drivers/librte_net_idpf_avx512_lib.a.p/net_intel_idpf_idpf_common_rxtx_avx512.c.o -MF drivers/librte_net_idpf_avx512_lib.a.p/net_intel_idpf_idpf_common_rxtx_avx512.c.o.d -o drivers/librte_net_idpf_avx512_lib.a.p/net_intel_idpf_idpf_common_rxtx_avx512.c.o -c ../drivers/net/intel/idpf/idpf_common_rxtx_avx512.c
../drivers/net/intel/idpf/idpf_common_rxtx_avx512.c:1373:1: error: unused function 'idpf_tx_release_mbufs_avx512' [-Werror,-Wunused-function]
1373 | idpf_tx_release_mbufs_avx512(struct ci_tx_queue *txq)
| ^~~~~~~~~~~~~~~~~~~~~~~~~~~~
1 error generated.
[1815/3481] Compiling C object drivers/librte_net_idpf_avx2_lib.a.p/net_intel_idpf_idpf_common_rxtx_avx2.c.o
[1816/3481] Compiling C object drivers/libtmp_rte_net_idpf.a.p/net_intel_idpf_idpf_common_device.c.o
[1817/3481] Generating rte_net_ice.pmd.c with a custom command
ninja: build stopped: subcommand failed.
==== End log output ====
Debian 12
Kernel: Depends on container host
Compiler: gcc (Debian 12.2.0-14) 12.2.0
Fedora 41
Kernel: Depends on container host
Compiler: gcc 14.2.1 20240912 (Red Hat 14.2.1-3)
CentOS Stream 10
Kernel: Depends on container host
Compiler: gcc 14.2.1 20241104 (Red Hat 14.2.1-6)
CentOS Stream 9
Kernel: Depends on container host
Compiler: gcc 11.5.0 20240719 (Red Hat 11.5.0-2)
Fedora 40
Kernel: Depends on container host
Compiler: gcc 14.2.1 20240912 (Red Hat 14.2.1-3)
Fedora 41 (Clang)
Kernel: Depends on container host
Compiler: clang 19.1.5 (Fedora 19.1.5-1.fc41)
Fedora 40 (Clang)
Kernel: Depends on container host
Compiler: clang 18.1.8 (Fedora 18.1.8-1.fc40)
RHEL8
Kernel: Depends on container host
Compiler: gcc 8.5.0 20210514 (Red Hat 8.5.0-22)
RHEL9
Kernel: Depends on container host
Compiler: gcc 11.5.0 20240719 (Red Hat 11.5.0-2)
Ubuntu 22.04
Kernel: Depends on container host
Compiler: gcc (Ubuntu 11.4.0-1ubuntu1~22.04) 11.4.0
Ubuntu 20.04
Kernel: Depends on container host
Compiler: gcc (Ubuntu 9.4.0-1ubuntu1~20.04.2) 9.4.0
Ubuntu 24.04
Kernel: Depends on container host
Compiler: gcc (Ubuntu 13.3.0-6ubuntu2~24.04) 13.3.0
Windows Server 2022
Kernel: 10.0.20348.2031
Compiler: clang 15.0.7, gcc 14.1.0 (MinGW), and MSVC VS 19.39.33521
To view detailed results, visit:
https://lab.dpdk.org/results/dashboard/patchsets/33172/
UNH-IOL DPDK Community Lab
To manage your email subscriptions, visit:
https://lab.dpdk.org/results/dashboard/preferences/subscriptions/
^ permalink raw reply [flat|nested] 30+ messages in thread
* |WARNING| pw153439 [PATCH] net/intel: reduce size of common Tx queue
[not found] <20250514125733.1364644-1-shaiq.wani@intel.com>
` (27 preceding siblings ...)
2025-05-14 17:01 ` |WARNING| " dpdklab
@ 2025-05-14 17:09 ` dpdklab
2025-05-14 17:36 ` |SUCCESS| " dpdklab
29 siblings, 0 replies; 30+ messages in thread
From: dpdklab @ 2025-05-14 17:09 UTC (permalink / raw)
To: Test Report; +Cc: dpdk-test-reports
Test-Label: iol-unit-amd64-testing
Test-Status: WARNING
http://dpdk.org/patch/153439
_Testing issues_
Submitter: Shaiq Wani <shaiq.wani@intel.com>
Date: Wednesday, May 14 2025 12:57:33
DPDK git baseline: Repo:dpdk
Branch: master
CommitID:5b3328195d3c7cc013eb0d7a0b99ab6791d46a77
153439 --> testing issues
Upstream job id: Generic-VM-Unit-Test-DPDK#28516
Test environment and result as below:
+---------------------+----------------+
| Environment | dpdk_unit_test |
+=====================+================+
| Debian 12 | PASS |
+---------------------+----------------+
| Fedora 41 | PASS |
+---------------------+----------------+
| CentOS Stream 10 | PASS |
+---------------------+----------------+
| CentOS Stream 9 | PASS |
+---------------------+----------------+
| Fedora 40 | PASS |
+---------------------+----------------+
| Fedora 41 (Clang) | WARN |
+---------------------+----------------+
| Fedora 40 (Clang) | WARN |
+---------------------+----------------+
| RHEL8 | PASS |
+---------------------+----------------+
| RHEL9 | PASS |
+---------------------+----------------+
| Ubuntu 22.04 | PASS |
+---------------------+----------------+
| Ubuntu 20.04 | PASS |
+---------------------+----------------+
| Ubuntu 24.04 | PASS |
+---------------------+----------------+
| Windows Server 2022 | PASS |
+---------------------+----------------+
==== 20 line log output for Fedora 40 (Clang) (dpdk_unit_test): ====
[1805/3481] Compiling C object drivers/libtmp_rte_net_ice.a.p/net_intel_ice_ice_rxtx.c.o
[1806/3481] Compiling C object drivers/libtmp_rte_net_ice.a.p/net_intel_ice_ice_rxtx_vec_sse.c.o
[1807/3481] Compiling C object drivers/libtmp_rte_net_ice.a.p/net_intel_ice_ice_dcf.c.o
[1808/3481] Compiling C object drivers/libtmp_rte_net_ice.a.p/net_intel_ice_ice_dcf_vf_representor.c.o
[1809/3481] Generating rte_net_ice_map with a custom command
[1810/3481] Compiling C object drivers/libtmp_rte_net_ice.a.p/net_intel_ice_ice_dcf_parent.c.o
[1811/3481] Compiling C object drivers/libtmp_rte_net_ice.a.p/net_intel_ice_ice_dcf_sched.c.o
[1812/3481] Compiling C object drivers/libtmp_rte_net_ice.a.p/net_intel_ice_ice_dcf_ethdev.c.o
[1813/3481] Linking static target drivers/libtmp_rte_net_ice.a
[1814/3481] Compiling C object drivers/librte_net_idpf_avx512_lib.a.p/net_intel_idpf_idpf_common_rxtx_avx512.c.o
FAILED: drivers/librte_net_idpf_avx512_lib.a.p/net_intel_idpf_idpf_common_rxtx_avx512.c.o
clang -Idrivers/librte_net_idpf_avx512_lib.a.p -Idrivers -I../drivers -Idrivers/net/intel/idpf -I../drivers/net/intel/idpf -Idrivers/net/intel/idpf/base -I../drivers/net/intel/idpf/base -I../drivers/net/intel/iavf/base -Ilib/ethdev -I../lib/ethdev -Ilib/eal/common -I../lib/eal/common -I. -I.. -Iconfig -I../config -Ilib/eal/include -I../lib/eal/include -Ilib/eal/linux/include -I../lib/eal/linux/include -Ilib/eal/x86/include -I../lib/eal/x86/include -I../kernel/linux -Ilib/eal -I../lib/eal -Ilib/kvargs -I../lib/kvargs -Ilib/log -I../lib/log -Ilib/metrics -I../lib/metrics -Ilib/telemetry -I../lib/telemetry -Ilib/net -I../lib/net -Ilib/mbuf -I../lib/mbuf -Ilib/mempool -I../lib/mempool -Ilib/ring -I../lib/ring -Ilib/meter -I../lib/meter -Idrivers/bus/pci -I../drivers/bus/pci -I../drivers/bus/pci/linux -Ilib/pci -I../lib/pci -Idrivers/bus/vdev -I../drivers/bus/vdev -Xclang -fcolor-diagnostics -pipe -D_FILE_OFFSET_BITS=64 -Wall -Winvalid-pch -Wextra -Werror -std=c11 -O3 -include rte_config.
h -Wvla -Wcast-qual -Wdeprecated -Wformat -Wformat-nonliteral -Wformat-security -Wmissing-declarations -Wmissing-prototypes -Wnested-externs -Wold-style-definition -Wpointer-arith -Wsign-compare -Wstrict-prototypes -Wundef -Wwrite-strings -Wno-missing-field-initializers -D_GNU_SOURCE -fPIC -march=native -mrtm -DALLOW_EXPERIMENTAL_API -DALLOW_INTERNAL_API -Wno-format-truncation -Wno-address-of-packed-member -DRTE_LOG_DEFAULT_LOGTYPE=pmd.net.idpf -DRTE_ANNOTATE_LOCKS -Wthread-safety -DCC_AVX512_SUPPORT -mavx512f -mavx512vl -mavx512dq -mavx512bw -mavx512cd -MD -MQ drivers/librte_net_idpf_avx512_lib.a.p/net_intel_idpf_idpf_common_rxtx_avx512.c.o -MF drivers/librte_net_idpf_avx512_lib.a.p/net_intel_idpf_idpf_common_rxtx_avx512.c.o.d -o drivers/librte_net_idpf_avx512_lib.a.p/net_intel_idpf_idpf_common_rxtx_avx512.c.o -c ../drivers/net/intel/idpf/idpf_common_rxtx_avx512.c
../drivers/net/intel/idpf/idpf_common_rxtx_avx512.c:1373:1: error: unused function 'idpf_tx_release_mbufs_avx512' [-Werror,-Wunused-function]
1373 | idpf_tx_release_mbufs_avx512(struct ci_tx_queue *txq)
| ^~~~~~~~~~~~~~~~~~~~~~~~~~~~
1 error generated.
[1815/3481] Compiling C object drivers/librte_net_idpf_avx2_lib.a.p/net_intel_idpf_idpf_common_rxtx_avx2.c.o
[1816/3481] Compiling C object drivers/libtmp_rte_net_idpf.a.p/net_intel_idpf_idpf_common_device.c.o
[1817/3481] Generating rte_net_ice.pmd.c with a custom command
ninja: build stopped: subcommand failed.
==== End log output ====
Debian 12
Kernel: Depends on container host
Compiler: gcc (Debian 12.2.0-14) 12.2.0
Fedora 41
Kernel: Depends on container host
Compiler: gcc 14.2.1 20240912 (Red Hat 14.2.1-3)
CentOS Stream 10
Kernel: Depends on container host
Compiler: gcc 14.2.1 20241104 (Red Hat 14.2.1-6)
CentOS Stream 9
Kernel: Depends on container host
Compiler: gcc 11.5.0 20240719 (Red Hat 11.5.0-2)
Fedora 40
Kernel: Depends on container host
Compiler: gcc 14.2.1 20240912 (Red Hat 14.2.1-3)
Fedora 41 (Clang)
Kernel: Depends on container host
Compiler: clang 19.1.5 (Fedora 19.1.5-1.fc41)
Fedora 40 (Clang)
Kernel: Depends on container host
Compiler: clang 18.1.8 (Fedora 18.1.8-1.fc40)
RHEL8
Kernel: Depends on container host
Compiler: gcc 8.5.0 20210514 (Red Hat 8.5.0-22)
RHEL9
Kernel: Depends on container host
Compiler: gcc 11.5.0 20240719 (Red Hat 11.5.0-2)
Ubuntu 22.04
Kernel: Depends on container host
Compiler: gcc (Ubuntu 11.4.0-1ubuntu1~22.04) 11.4.0
Ubuntu 20.04
Kernel: Depends on container host
Compiler: gcc (Ubuntu 9.4.0-1ubuntu1~20.04.2) 9.4.0
Ubuntu 24.04
Kernel: Depends on container host
Compiler: gcc (Ubuntu 13.3.0-6ubuntu2~24.04) 13.3.0
Windows Server 2022
Kernel: 10.0.20348.2031
Compiler: clang 15.0.7, gcc 14.1.0 (MinGW), and MSVC VS 19.39.33521
To view detailed results, visit:
https://lab.dpdk.org/results/dashboard/patchsets/33172/
UNH-IOL DPDK Community Lab
To manage your email subscriptions, visit:
https://lab.dpdk.org/results/dashboard/preferences/subscriptions/
^ permalink raw reply [flat|nested] 30+ messages in thread
* |SUCCESS| pw153439 [PATCH] net/intel: reduce size of common Tx queue
[not found] <20250514125733.1364644-1-shaiq.wani@intel.com>
` (28 preceding siblings ...)
2025-05-14 17:09 ` dpdklab
@ 2025-05-14 17:36 ` dpdklab
29 siblings, 0 replies; 30+ messages in thread
From: dpdklab @ 2025-05-14 17:36 UTC (permalink / raw)
To: Test Report; +Cc: dpdk-test-reports
Test-Label: iol-compile-arm64-testing
Test-Status: SUCCESS
http://dpdk.org/patch/153439
_Testing PASS_
Submitter: Shaiq Wani <shaiq.wani@intel.com>
Date: Wednesday, May 14 2025 12:57:33
DPDK git baseline: Repo:dpdk
Branch: master
CommitID:5b3328195d3c7cc013eb0d7a0b99ab6791d46a77
153439 --> testing pass
Upstream job id: Generic-DPDK-Compile-Meson#387942
Test environment and result as below:
+----------------------------------------+--------------------+
| Environment | dpdk_meson_compile |
+========================================+====================+
| RHEL9 (ARM) | PASS |
+----------------------------------------+--------------------+
| Ubuntu 20.04 ARM GCC Cross Compile | PASS |
+----------------------------------------+--------------------+
| Ubuntu 20.04 ARM SVE | PASS |
+----------------------------------------+--------------------+
| Fedora 40 (ARM) | PASS |
+----------------------------------------+--------------------+
| Debian 12 with MUSDK | PASS |
+----------------------------------------+--------------------+
| Fedora 40 (ARM Clang) | PASS |
+----------------------------------------+--------------------+
| Fedora 41 (ARM) | PASS |
+----------------------------------------+--------------------+
| Fedora 41 (ARM Clang) | PASS |
+----------------------------------------+--------------------+
| Ubuntu 20.04 (ARM) | PASS |
+----------------------------------------+--------------------+
| Ubuntu 22.04 (ARM) | PASS |
+----------------------------------------+--------------------+
| Ubuntu 24.04 (ARM) | PASS |
+----------------------------------------+--------------------+
| CentOS Stream 9 (ARM) | PASS |
+----------------------------------------+--------------------+
| CentOS Stream 10 (ARM) | PASS |
+----------------------------------------+--------------------+
| Debian 12 (arm) | PASS |
+----------------------------------------+--------------------+
| Ubuntu 20.04 ARM Clang Cross Compile | PASS |
+----------------------------------------+--------------------+
| Ubuntu 20.04 aarch32 GCC Cross Compile | PASS |
+----------------------------------------+--------------------+
RHEL9 (ARM)
Kernel: Depends on container host
Compiler: gcc 11.5.0 20240719 (Red Hat 11.5.0-2)
Ubuntu 20.04 ARM GCC Cross Compile
Kernel: Depends on container host
Compiler: aarch64-linux-gnu-gcc (Ubuntu 9.4.0-1ubuntu1~20.04.2) 9.4.0
Ubuntu 20.04 ARM SVE
Kernel: Depends on container host
Compiler: gcc (Ubuntu 10.5.0-1ubuntu1~20.04) 10.5.0
Fedora 40 (ARM)
Kernel: Depends on container host
Compiler: gcc 14.2.1 20240912 (Red Hat 14.2.1-3)
Debian 12 with MUSDK
Kernel: Depends on container host
Compiler: gcc (Debian 12.2.0-14) 12.2.0
Fedora 40 (ARM Clang)
Kernel: Depends on container host
Compiler: clang 18.1.8 (Fedora 18.1.8-1.fc40)
Fedora 41 (ARM)
Kernel: Depends on container host
Compiler: gcc 14.2.1 20240912 (Red Hat 14.2.1-3)
Fedora 41 (ARM Clang)
Kernel: Depends on container host
Compiler: clang 19.1.5 (Fedora 19.1.5-1.fc41)
Ubuntu 20.04 (ARM)
Kernel: Depends on container host
Compiler: gcc (Ubuntu 9.4.0-1ubuntu1~20.04.2) 9.4.0
Ubuntu 22.04 (ARM)
Kernel: Depends on container host
Compiler: gcc (Ubuntu 11.4.0-1ubuntu1~22.04) 11.4.0
Ubuntu 24.04 (ARM)
Kernel: Depends on container host
Compiler: gcc (Ubuntu 13.3.0-6ubuntu2~24.04) 13.3.0
CentOS Stream 9 (ARM)
Kernel: Depends on container host
Compiler: gcc 11.5.0 20240719 (Red Hat 11.5.0-2)
CentOS Stream 10 (ARM)
Kernel: Depends on container host
Compiler: gcc 14.2.1 20241104 (Red Hat 14.2.1-6)
Debian 12 (arm)
Kernel: Depends on container host
Compiler: gcc (Debian 12.2.0-14) 12.2.0
Ubuntu 20.04 ARM Clang Cross Compile
Kernel: Depends on container host
Compiler: clang 10.0.0-4ubuntu1
Ubuntu 20.04 aarch32 GCC Cross Compile
Kernel: Depends on container host
Compiler: gcc 9.4.0
To view detailed results, visit:
https://lab.dpdk.org/results/dashboard/patchsets/33172/
UNH-IOL DPDK Community Lab
To manage your email subscriptions, visit:
https://lab.dpdk.org/results/dashboard/preferences/subscriptions/
^ permalink raw reply [flat|nested] 30+ messages in thread